000
CDUS45 KPSR 190014
CLINYL

CLIMATE REPORT
NATIONAL WEATHER SERVICE PHOENIX AZ
513 PM MST FRI APR 18 2014


...................................

...THE YUMA AZ CLIMATE SUMMARY FOR APRIL 18 2014...
VALID TODAY AS OF 0500 PM LOCAL TIME.

CLIMATE NORMAL PERIOD 1981 TO 2010
CLIMATE RECORD PERIOD 1876 TO 2014


WEATHER ITEM   OBSERVED TIME   RECORD YEAR NORMAL DEPARTURE LAST
                VALUE   (LST)  VALUE       VALUE  FROM      YEAR
                                                  NORMAL
..................................................................
TEMPERATURE (F)
 TODAY
  MAXIMUM         86    207 PM 107    1954  87     -1       78
  MINIMUM         68   1216 AM  40    1878  60      8       56
  AVERAGE         77                        74      3       67

PRECIPITATION (IN)
  TODAY            0.00          0.05 1933   0.01  -0.01     0.00
  MONTH TO DATE    0.00                      0.12  -0.12      T
  SINCE OCT 1      1.18                      2.15  -0.97     1.74
  SINCE JAN 1      0.07                      1.21  -1.14     1.11

DEGREE DAYS
 HEATING
  TODAY            0                         0      0        0
  MONTH TO DATE    5                        12     -7        0
  SINCE MAR 1      9                        62    -53       16
  SINCE JUL 1    370                       685   -315      705

 COOLING
  TODAY           12                         9      3        2
  MONTH TO DATE  170                       126     44      143
  SINCE MAR 1    355                       243    112      341
  SINCE JAN 1    469                       279    190      352
..................................................................


WIND (MPH)
  RESULTANT WIND SPEED  13   RESULTANT WIND DIRECTION  SE (150)
  HIGHEST WIND SPEED    28   HIGHEST WIND DIRECTION    SE (150)
  HIGHEST GUST SPEED    33   HIGHEST GUST DIRECTION    SE (150)
  AVERAGE WIND SPEED    13.5


SKY COVER
  AVERAGE SKY COVER 0.7


WEATHER CONDITIONS
 THE FOLLOWING WEATHER WAS RECORDED TODAY.
  NO SIGNIFICANT WEATHER WAS OBSERVED.


RELATIVE HUMIDITY (PERCENT)
 HIGHEST    49
 LOWEST     20
 AVERAGE    35

..........................................................


THE YUMA AZ CLIMATE NORMALS FOR TOMORROW
                         NORMAL    RECORD    YEAR
 MAXIMUM TEMPERATURE (F)   87       106      1980
 MINIMUM TEMPERATURE (F)   60        40      1933


SUNRISE AND SUNSET
APRIL 18 2014.........SUNRISE   605 AM MST   SUNSET   711 PM MST
APRIL 19 2014.........SUNRISE   604 AM MST   SUNSET   711 PM MST


-  INDICATES NEGATIVE NUMBERS.
R  INDICATES RECORD WAS SET OR TIED.
MM INDICATES DATA IS MISSING.
T  INDICATES TRACE AMOUNT.

$$
