000
CDUS45 KPSR 270817 RRA
CLINYL

CDUS45 KPSR DDHHMM
CLINYL

CLIMATE REPORT
NATIONAL WEATHER SERVICE PHOENIX AZ
116 AM MST MON FEB 27 2017


...................................

...THE YUMA AZ CLIMATE SUMMARY FOR FEBRUARY 26 2017...

CLIMATE NORMAL PERIOD 1981 TO 2010
CLIMATE RECORD PERIOD 1876 TO 2017


WEATHER ITEM   OBSERVED TIME   RECORD YEAR NORMAL DEPARTURE LAST
                VALUE   (LST)  VALUE       VALUE  FROM      YEAR
                                                  NORMAL
..................................................................
TEMPERATURE (F)
 YESTERDAY
  MAXIMUM         71    325 PM  96    1986  76     -5       88
  MINIMUM         53    727 AM  32    1912  52      1       52
  AVERAGE         62                        64     -2       70

PRECIPITATION (IN)
  YESTERDAY        0.00          0.26 1987   0.01  -0.01     0.00
  MONTH TO DATE    0.86                      0.36   0.50     0.00
  SINCE OCT 1      2.12                      1.67   0.45     0.63
  SINCE JAN 1      1.17                      0.73   0.44     0.49

DEGREE DAYS
 HEATING
  YESTERDAY        3                         3      0        0
  MONTH TO DATE   52                       108    -56       54
  SINCE DEC 1    457                       548    -91      506
  SINCE JUL 1    503                       616   -113      576

 COOLING
  YESTERDAY        0                         2     -2        5
  MONTH TO DATE   41                        30     11      112
  SINCE DEC 1     50                        38     12      116
  SINCE JAN 1     41                        36      5      114
..................................................................


WIND (MPH)
  HIGHEST WIND SPEED    21   HIGHEST WIND DIRECTION     W (270)
  HIGHEST GUST SPEED    29   HIGHEST GUST DIRECTION     W (280)
  AVERAGE WIND SPEED     9.1


SKY COVER
  AVERAGE SKY COVER 0.1


WEATHER CONDITIONS
 THE FOLLOWING WEATHER WAS RECORDED YESTERDAY.
  NO SIGNIFICANT WEATHER WAS OBSERVED.


RELATIVE HUMIDITY (PERCENT)
 HIGHEST    55
 LOWEST     31
 AVERAGE    43

..........................................................


THE YUMA AZ CLIMATE NORMALS FOR TODAY
                         NORMAL    RECORD    YEAR
 MAXIMUM TEMPERATURE (F)   76        95      1986
 MINIMUM TEMPERATURE (F)   52        33      1964


SUNRISE AND SUNSET
FEBRUARY 27 2017......SUNRISE   708 AM MST   SUNSET   634 PM MST
FEBRUARY 28 2017......SUNRISE   707 AM MST   SUNSET   635 PM MST


-  INDICATES NEGATIVE NUMBERS.
R  INDICATES RECORD WAS SET OR TIED.
MM INDICATES DATA IS MISSING.
T  INDICATES TRACE AMOUNT.

$$
