000
CDUS45 KPSR 180821
CLINYL

CLIMATE REPORT
NATIONAL WEATHER SERVICE PHOENIX AZ
119 AM MST THU DEC 18 2014


...................................

...THE YUMA AZ CLIMATE SUMMARY FOR DECEMBER 17 2014...

CLIMATE NORMAL PERIOD 1981 TO 2010
CLIMATE RECORD PERIOD 1876 TO 2014


WEATHER ITEM   OBSERVED TIME   RECORD YEAR NORMAL DEPARTURE LAST
                VALUE   (LST)  VALUE       VALUE  FROM      YEAR
                                                  NORMAL
..................................................................
TEMPERATURE (F)
 YESTERDAY
  MAXIMUM         MM        MM  84    1980  68     MM       79
  MINIMUM         MM        MM  28    1897  46     MM       52
  AVERAGE         MM                        57     MM       66

PRECIPITATION (IN)
  YESTERDAY        0.01          0.61 1987   0.02  -0.01     0.00
  MONTH TO DATE    0.38                      0.27   0.11     0.00
  SINCE OCT 1      0.43                      0.70  -0.27     1.00
  SINCE JAN 1      2.71                      3.32  -0.61     3.31

DEGREE DAYS
 HEATING
  YESTERDAY       MM                         8     MM        0
  MONTH TO DATE   MM                       120     MM      126
  SINCE DEC 1     MM                       120     MM      126
  SINCE JUL 1     15                       188   -173      165

 COOLING
  YESTERDAY       MM                         0     MM        1
  MONTH TO DATE   MM                         0     MM        1
  SINCE DEC 1     MM                         0     MM        1
  SINCE JAN 1   5292                      4649    643     4806
..................................................................


WIND (MPH)
  HIGHEST WIND SPEED     8   HIGHEST WIND DIRECTION     E (110)
  HIGHEST GUST SPEED    MM   HIGHEST GUST DIRECTION    MM
  AVERAGE WIND SPEED     3.3


SKY COVER
  AVERAGE SKY COVER 0.5


WEATHER CONDITIONS
 THE FOLLOWING WEATHER WAS RECORDED YESTERDAY.
  LIGHT RAIN


RELATIVE HUMIDITY (PERCENT)
 HIGHEST    MM
 LOWEST     MM
 AVERAGE    MM

..........................................................


THE YUMA AZ CLIMATE NORMALS FOR TODAY
                         NORMAL    RECORD    YEAR
 MAXIMUM TEMPERATURE (F)   68        81      1980
                                             1950
 MINIMUM TEMPERATURE (F)   46        28      1909


SUNRISE AND SUNSET
DECEMBER 18 2014......SUNRISE   735 AM MST   SUNSET   535 PM MST
DECEMBER 19 2014......SUNRISE   735 AM MST   SUNSET   536 PM MST


-  INDICATES NEGATIVE NUMBERS.
R  INDICATES RECORD WAS SET OR TIED.
MM INDICATES DATA IS MISSING.
T  INDICATES TRACE AMOUNT.

$$
