000
CDUS45 KPSR 070836
CLINYL

CLIMATE REPORT
NATIONAL WEATHER SERVICE PHOENIX AZ
135 AM MST SUN FEB 7 2016


...................................

...THE YUMA AZ CLIMATE SUMMARY FOR FEBRUARY 6 2016...

CLIMATE NORMAL PERIOD 1981 TO 2010
CLIMATE RECORD PERIOD 1876 TO 2016


WEATHER ITEM   OBSERVED TIME   RECORD YEAR NORMAL DEPARTURE LAST
                VALUE   (LST)  VALUE       VALUE  FROM      YEAR
                                                  NORMAL
..................................................................
TEMPERATURE (F)
 YESTERDAY
  MAXIMUM         73    432 PM  91    1963  72      1       85
  MINIMUM         50    716 AM  32    1936  49      1       55
                                      1899
  AVERAGE         62                        61      1       70

PRECIPITATION (IN)
  YESTERDAY        0.00          0.44 1992   0.02  -0.02     0.00
  MONTH TO DATE    0.00                      0.08  -0.08     0.00
  SINCE OCT 1      0.63                      1.39  -0.76     0.63
  SINCE JAN 1      0.49                      0.45   0.04     0.19

DEGREE DAYS
 HEATING
  YESTERDAY        3                         5     -2        0
  MONTH TO DATE   54                        30     24        0
  SINCE DEC 1    506                       470     36       39
  SINCE JUL 1    576                       538     38       54

 COOLING
  YESTERDAY        0                         1     -1        5
  MONTH TO DATE    0                         5     -5       16
  SINCE DEC 1      4                        13     -9       18
  SINCE JAN 1      2                        11     -9       18
..................................................................


WIND (MPH)
  HIGHEST WIND SPEED    18   HIGHEST WIND DIRECTION     N (10)
  HIGHEST GUST SPEED    25   HIGHEST GUST DIRECTION     N (350)
  AVERAGE WIND SPEED    10.9


SKY COVER
  AVERAGE SKY COVER 0.0


WEATHER CONDITIONS
 THE FOLLOWING WEATHER WAS RECORDED YESTERDAY.
  NO SIGNIFICANT WEATHER WAS OBSERVED.


RELATIVE HUMIDITY (PERCENT)
 HIGHEST    35
 LOWEST     12
 AVERAGE    24

..........................................................


THE YUMA AZ CLIMATE NORMALS FOR TODAY
                         NORMAL    RECORD    YEAR
 MAXIMUM TEMPERATURE (F)   72        91      1963
 MINIMUM TEMPERATURE (F)   49        28      1899


SUNRISE AND SUNSET
FEBRUARY  7 2016......SUNRISE   729 AM MST   SUNSET   617 PM MST
FEBRUARY  8 2016......SUNRISE   728 AM MST   SUNSET   618 PM MST


-  INDICATES NEGATIVE NUMBERS.
R  INDICATES RECORD WAS SET OR TIED.
MM INDICATES DATA IS MISSING.
T  INDICATES TRACE AMOUNT.

$$
