000
CDUS45 KPSR 170017 RRA
CLINYL

CLIMATE REPORT
NATIONAL WEATHER SERVICE PHOENIX AZ
514 PM MST MON JAN 16 2017


...................................

...THE YUMA AZ CLIMATE SUMMARY FOR JANUARY 16 2017...
VALID TODAY AS OF 0500 PM LOCAL TIME.

CLIMATE NORMAL PERIOD 1981 TO 2010
CLIMATE RECORD PERIOD 1876 TO 2017


WEATHER ITEM   OBSERVED TIME   RECORD YEAR NORMAL DEPARTURE LAST
                VALUE   (LST)  VALUE       VALUE  FROM      YEAR
                                                  NORMAL
..................................................................
TEMPERATURE (F)
 TODAY
  MAXIMUM         69    329 PM  83    1961  70     -1       70
  MINIMUM         51    703 AM  31    1964  48      3       47
  AVERAGE         60                        59      1       59

PRECIPITATION (IN)
  TODAY            0.00          1.21 1979   0.01  -0.01     0.00
  MONTH TO DATE    0.16                      0.22  -0.06     0.49
  SINCE OCT 1      1.11                      1.16  -0.05     0.63
  SINCE JAN 1      0.16                      0.22  -0.06     0.49

DEGREE DAYS
 HEATING
  TODAY            5                         7     -2        6
  MONTH TO DATE  101                       116    -15      151
  SINCE DEC 1    286                       352    -66      408
  SINCE JUL 1    332                       420    -88      478

 COOLING
  TODAY            0                         0      0        0
  MONTH TO DATE    0                         0      0        0
  SINCE DEC 1      9                         2      7        2
  SINCE JAN 1      0                         0      0        0
..................................................................


WIND (MPH)
  HIGHEST WIND SPEED    15   HIGHEST WIND DIRECTION    NE (40)
  HIGHEST GUST SPEED    18   HIGHEST GUST DIRECTION    NE (50)
  AVERAGE WIND SPEED     6.8


SKY COVER
  AVERAGE SKY COVER 0.5


WEATHER CONDITIONS
 THE FOLLOWING WEATHER WAS RECORDED TODAY.
  NO SIGNIFICANT WEATHER WAS OBSERVED.


RELATIVE HUMIDITY (PERCENT)
 HIGHEST    89
 LOWEST     22
 AVERAGE    56

..........................................................


THE YUMA AZ CLIMATE NORMALS FOR TOMORROW
                         NORMAL    RECORD    YEAR
 MAXIMUM TEMPERATURE (F)   70        86      2011
 MINIMUM TEMPERATURE (F)   48        31      1898


SUNRISE AND SUNSET
JANUARY 16 2017.......SUNRISE   740 AM MST   SUNSET   557 PM MST
JANUARY 17 2017.......SUNRISE   740 AM MST   SUNSET   558 PM MST


-  INDICATES NEGATIVE NUMBERS.
R  INDICATES RECORD WAS SET OR TIED.
MM INDICATES DATA IS MISSING.
T  INDICATES TRACE AMOUNT.

$$
