000
CDUS45 KPSR 230815
CLINYL

CLIMATE REPORT
NATIONAL WEATHER SERVICE PHOENIX AZ
114 AM MST SUN APR 23 2017


...................................

...THE YUMA AZ CLIMATE SUMMARY FOR APRIL 22 2017...

CLIMATE NORMAL PERIOD 1981 TO 2010
CLIMATE RECORD PERIOD 1876 TO 2017


WEATHER ITEM   OBSERVED TIME   RECORD YEAR NORMAL DEPARTURE LAST
                VALUE   (LST)  VALUE       VALUE  FROM      YEAR
                                                  NORMAL
..................................................................
TEMPERATURE (F)
 YESTERDAY
  MAXIMUM         99    455 PM 106    2012  88     11       95
  MINIMUM         64    533 AM  41    1878  61      3       65
  AVERAGE         82                        75      7       80

PRECIPITATION (IN)
  YESTERDAY        0.00          0.27 1914   0.00   0.00     0.00
  MONTH TO DATE    0.00                      0.13  -0.13     0.31
  SINCE OCT 1      2.51                      2.16   0.35     0.94
  SINCE JAN 1      1.56                      1.22   0.34     0.80

DEGREE DAYS
 HEATING
  YESTERDAY        0                         0      0        0
  MONTH TO DATE    0                        12    -12        1
  SINCE MAR 1     13                        62    -49       22
  SINCE JUL 1    526                       685   -159      598

 COOLING
  YESTERDAY       17                        10      7       15
  MONTH TO DATE  231                       164     67      219
  SINCE MAR 1    461                       281    180      399
  SINCE JAN 1    502                       317    185      535
..................................................................


WIND (MPH)
  HIGHEST WIND SPEED    18   HIGHEST WIND DIRECTION     N (360)
  HIGHEST GUST SPEED    23   HIGHEST GUST DIRECTION     N (350)
  AVERAGE WIND SPEED     7.0


SKY COVER
  AVERAGE SKY COVER 0.0


WEATHER CONDITIONS
 THE FOLLOWING WEATHER WAS RECORDED YESTERDAY.
  NO SIGNIFICANT WEATHER WAS OBSERVED.


RELATIVE HUMIDITY (PERCENT)
 HIGHEST    30
 LOWEST      6
 AVERAGE    18

..........................................................


THE YUMA AZ CLIMATE NORMALS FOR TODAY
                         NORMAL    RECORD    YEAR
 MAXIMUM TEMPERATURE (F)   88       105      1910
 MINIMUM TEMPERATURE (F)   61        44      1923


SUNRISE AND SUNSET
APRIL 23 2017.........SUNRISE   559 AM MST   SUNSET   714 PM MST
APRIL 24 2017.........SUNRISE   558 AM MST   SUNSET   715 PM MST


-  INDICATES NEGATIVE NUMBERS.
R  INDICATES RECORD WAS SET OR TIED.
MM INDICATES DATA IS MISSING.
T  INDICATES TRACE AMOUNT.

$$
