000
CDUS45 KPSR 220811
CLINYL

CLIMATE REPORT
NATIONAL WEATHER SERVICE PHOENIX AZ
110 AM MST TUE JUL 22 2014


...................................

...THE YUMA AZ CLIMATE SUMMARY FOR JULY 21 2014...

CLIMATE NORMAL PERIOD 1981 TO 2010
CLIMATE RECORD PERIOD 1876 TO 2014


WEATHER ITEM   OBSERVED TIME   RECORD YEAR NORMAL DEPARTURE LAST
                VALUE   (LST)  VALUE       VALUE  FROM      YEAR
                                                  NORMAL
..................................................................
TEMPERATURE (F)
 YESTERDAY
  MAXIMUM        109        MM 118    2006 107      2       90
  MINIMUM         80        MM  68    1924  83     -3       76
  AVERAGE         95                        95      0       83

PRECIPITATION (IN)
  YESTERDAY        0.00          1.41 1984   0.02  -0.02     0.47
  MONTH TO DATE    0.23                      0.14   0.09     0.47
  SINCE OCT 1      1.41                      2.41  -1.00     2.21
  SINCE JAN 1      0.30                      1.47  -1.17     1.58

DEGREE DAYS
 HEATING
  YESTERDAY        0                         0      0        0
  MONTH TO DATE    0                         0      0        0
  SINCE JUN 1      0                         0      0        0
  SINCE JUL 1      0                         0      0        0

 COOLING
  YESTERDAY       30                        30      0       18
  MONTH TO DATE  642                       614     28      641
  SINCE JUN 1   1451                      1335    116     1446
  SINCE JAN 1   2613                      2247    366     2507
..................................................................


WIND (MPH)
  HIGHEST WIND SPEED    14   HIGHEST WIND DIRECTION     S (190)
  HIGHEST GUST SPEED    MM   HIGHEST GUST DIRECTION    MM
  AVERAGE WIND SPEED     7.0


SKY COVER
  AVERAGE SKY COVER 0.1


WEATHER CONDITIONS
 THE FOLLOWING WEATHER WAS RECORDED YESTERDAY.
  NO SIGNIFICANT WEATHER WAS OBSERVED.


RELATIVE HUMIDITY (PERCENT)
 HIGHEST    65
 LOWEST      6
 AVERAGE    36

..........................................................


THE YUMA AZ CLIMATE NORMALS FOR TODAY
                         NORMAL    RECORD    YEAR
 MAXIMUM TEMPERATURE (F)  107       116      2006
 MINIMUM TEMPERATURE (F)   83        67      1924


SUNRISE AND SUNSET
JULY 22 2014..........SUNRISE   546 AM MST   SUNSET   744 PM MST
JULY 23 2014..........SUNRISE   547 AM MST   SUNSET   743 PM MST


-  INDICATES NEGATIVE NUMBERS.
R  INDICATES RECORD WAS SET OR TIED.
MM INDICATES DATA IS MISSING.
T  INDICATES TRACE AMOUNT.

$$
