294
CDUS46 KMTR 240028
CLIOAK


CLIMATE REPORT
NATIONAL WEATHER SERVICE SAN FRANCISCO BAY AREA
527 PM PDT FRI JUN 23 2017


...................................

...THE OAKLAND AIRPORT CLIMATE SUMMARY FOR JUNE 23 2017...
VALID TODAY AS OF 0500 PM LOCAL TIME.

CLIMATE NORMAL PERIOD 1981 TO 2010
CLIMATE RECORD PERIOD 1948 TO 2017


WEATHER ITEM   OBSERVED TIME   RECORD YEAR NORMAL DEPARTURE LAST
                VALUE   (LST)  VALUE       VALUE  FROM      YEAR
                                                  NORMAL
..................................................................
TEMPERATURE (F)
 TODAY
  MAXIMUM         72    223 PM  93    1957  71      1       73
  MINIMUM         59    530 AM  48    1955  55      4       55
  AVERAGE         66                        63      3       64

PRECIPITATION (IN)
  TODAY            0.00          T    2013   0.00   0.00     0.00
  MONTH TO DATE    0.03                      0.17  -0.14      T
  SINCE OCT 1     28.48                     20.52   7.96    16.56
  SINCE JAN 1     20.05                     13.21   6.84    11.34

SNOWFALL (IN)
  TODAY            0.0           0.0  1985
  MONTH TO DATE    0.0
  SINCE JUN 1      0.0
  SINCE JUL 1      0.0

DEGREE DAYS
 HEATING
  TODAY            0                         3     -3        1
  MONTH TO DATE   32                        85    -53       24
  SINCE JUN 1     32                        85    -53       24
  SINCE JUL 1   2021                      2855   -834     1916

 COOLING
  TODAY            1                         1      0        0
  MONTH TO DATE   50                        12     38       27
  SINCE JUN 1     50                        12     38       27
  SINCE JAN 1     86                        28     58       61
..................................................................


WIND (MPH)
  RESULTANT WIND SPEED  11   RESULTANT WIND DIRECTION  NW (310)
  HIGHEST WIND SPEED    22   HIGHEST WIND DIRECTION     W (290)
  HIGHEST GUST SPEED    26   HIGHEST GUST DIRECTION     W (290)
  AVERAGE WIND SPEED    11.4


SKY COVER
  POSSIBLE SUNSHINE  MM
  AVERAGE SKY COVER 0.4


WEATHER CONDITIONS
 THE FOLLOWING WEATHER WAS RECORDED TODAY.
  NO SIGNIFICANT WEATHER WAS OBSERVED.


RELATIVE HUMIDITY (PERCENT)
 HIGHEST    93           300 AM
 LOWEST     61          1000 AM
 AVERAGE    77

..........................................................


THE OAKLAND AIRPORT CLIMATE NORMALS FOR TOMORROW
                         NORMAL    RECORD    YEAR
 MAXIMUM TEMPERATURE (F)   71        99      1957
 MINIMUM TEMPERATURE (F)   55        47      1950


SUNRISE AND SUNSET
JUNE 23 2017..........SUNRISE   548 AM PDT   SUNSET   834 PM PDT
JUNE 24 2017..........SUNRISE   548 AM PDT   SUNSET   835 PM PDT


-  INDICATES NEGATIVE NUMBERS.
R  INDICATES RECORD WAS SET OR TIED.
MM INDICATES DATA IS MISSING.
T  INDICATES TRACE AMOUNT.




$$
