000
CDUS46 KMTR 010826
CLIOAK


CLIMATE REPORT
NATIONAL WEATHER SERVICE SAN FRANCISCO BAY AREA
126 AM PDT FRI AUG 1 2014


...................................

...THE OAKLAND AIRPORT CLIMATE SUMMARY FOR JULY 31 2014...

CLIMATE NORMAL PERIOD 1981 TO 2010
CLIMATE RECORD PERIOD 1948 TO 2014


WEATHER ITEM   OBSERVED TIME   RECORD YEAR NORMAL DEPARTURE LAST
                VALUE   (LST)  VALUE       VALUE  FROM      YEAR
                                                  NORMAL
..................................................................
TEMPERATURE (F)
 YESTERDAY
  MAXIMUM         71    355 PM  86    1966  70      1       68
  MINIMUM         59    256 AM  53    2012  56      3       56
                                      1955
  AVERAGE         65                        63      2       62

PRECIPITATION (IN)
  YESTERDAY        0.00          0.03 1985   0.00   0.00     0.00
  MONTH TO DATE    0.01                      0.01   0.00      T
  SINCE JUL 1      0.01                      0.01   0.00      T
  SINCE JAN 1      7.99                     13.23  -5.24     2.82

SNOWFALL (IN)
  YESTERDAY        0.0                                       0.0
  MONTH TO DATE    0.0                                       0.0
  SINCE JUN 1      0.0                                       0.0
  SINCE JUL 1      0.0                                       0.0

DEGREE DAYS
 HEATING
  YESTERDAY        0                         3     -3        3
  MONTH TO DATE   21                        93    -72       44
  SINCE JUN 1     92                       186    -94      104
  SINCE JUL 1     21                        83    -62       44

 COOLING
  YESTERDAY        0                         0      0        0
  MONTH TO DATE   69                        18     51       29
  SINCE JUN 1     89                        36     53       64
  SINCE JAN 1    133                        52     81      105
..................................................................


WIND (MPH)
  RESULTANT WIND SPEED   9   RESULTANT WIND DIRECTION  NW (300)
  HIGHEST WIND SPEED    17   HIGHEST WIND DIRECTION     W (290)
  HIGHEST GUST SPEED    22   HIGHEST GUST DIRECTION    NW (300)
  AVERAGE WIND SPEED     8.8


SKY COVER
  POSSIBLE SUNSHINE  MM
  AVERAGE SKY COVER 0.7


WEATHER CONDITIONS
 THE FOLLOWING WEATHER WAS RECORDED YESTERDAY.
  NO SIGNIFICANT WEATHER WAS OBSERVED.


RELATIVE HUMIDITY (PERCENT)
 HIGHEST    87          1200 AM
 LOWEST     57           200 PM
 AVERAGE    72

..........................................................


THE OAKLAND AIRPORT CLIMATE NORMALS FOR TODAY
                         NORMAL    RECORD    YEAR
 MAXIMUM TEMPERATURE (F)   70        86      1957
 MINIMUM TEMPERATURE (F)   56        52      2012
                                             1956


SUNRISE AND SUNSET
AUGUST  1 2014........SUNRISE   613 AM PDT   SUNSET   817 PM PDT
AUGUST  2 2014........SUNRISE   613 AM PDT   SUNSET   816 PM PDT


-  INDICATES NEGATIVE NUMBERS.
R  INDICATES RECORD WAS SET OR TIED.
MM INDICATES DATA IS MISSING.
T  INDICATES TRACE AMOUNT.




$$
