000
CDUS46 KMTR 190826
CLIOAK


CLIMATE REPORT
NATIONAL WEATHER SERVICE SAN FRANCISCO BAY AREA
126 AM PDT THU OCT 19 2017


...................................

...THE OAKLAND AIRPORT CLIMATE SUMMARY FOR OCTOBER 18 2017...

CLIMATE NORMAL PERIOD 1981 TO 2010
CLIMATE RECORD PERIOD 1948 TO 2017


WEATHER ITEM   OBSERVED TIME   RECORD YEAR NORMAL DEPARTURE LAST
                VALUE   (LST)  VALUE       VALUE  FROM      YEAR
                                                  NORMAL
..................................................................
TEMPERATURE (F)
 YESTERDAY
  MAXIMUM         63    132 PM  87    2012  69     -6       69
  MINIMUM         42    550 AM  38    1949  51     -9       51
  AVERAGE         53                        60     -7       60

PRECIPITATION (IN)
  YESTERDAY        0.00          0.17 1958   0.03  -0.03     0.00
  MONTH TO DATE    0.00                      0.50  -0.50     1.62
  SINCE OCT 1      0.00                      0.50  -0.50     1.62
  SINCE JAN 1     20.12                     14.00   6.12    12.96

SNOWFALL (IN)
  YESTERDAY        0.0                                       0.0
  MONTH TO DATE    0.0                                       0.0
  SINCE SEP 1      0.0                                       0.0
  SINCE JUL 1      0.0                                       0.0

DEGREE DAYS
 HEATING
  YESTERDAY       12                         5      7        5
  MONTH TO DATE   62                        72    -10       44
  SINCE SEP 1     83                       132    -49       81
  SINCE JUL 1    135                       272   -137      137

 COOLING
  YESTERDAY        0                         0      0        0
  MONTH TO DATE    1                        12    -11        7
  SINCE SEP 1    123                        57     66       63
  SINCE JAN 1    291                       137    154      161
..................................................................


WIND (MPH)
  RESULTANT WIND SPEED   6   RESULTANT WIND DIRECTION   W (290)
  HIGHEST WIND SPEED    21   HIGHEST WIND DIRECTION     W (280)
  HIGHEST GUST SPEED    24   HIGHEST GUST DIRECTION     W (280)
  AVERAGE WIND SPEED     7.4


SKY COVER
  POSSIBLE SUNSHINE  MM
  AVERAGE SKY COVER 0.4


WEATHER CONDITIONS
 THE FOLLOWING WEATHER WAS RECORDED YESTERDAY.
  FOG
  HAZE


RELATIVE HUMIDITY (PERCENT)
 HIGHEST   100           100 AM
 LOWEST     67           100 PM
 AVERAGE    84

..........................................................


THE OAKLAND AIRPORT CLIMATE NORMALS FOR TODAY
                         NORMAL    RECORD    YEAR
 MAXIMUM TEMPERATURE (F)   69        89      1998
 MINIMUM TEMPERATURE (F)   51        43      1949


SUNRISE AND SUNSET
OCTOBER 19 2017.......SUNRISE   721 AM PDT   SUNSET   626 PM PDT
OCTOBER 20 2017.......SUNRISE   722 AM PDT   SUNSET   624 PM PDT


-  INDICATES NEGATIVE NUMBERS.
R  INDICATES RECORD WAS SET OR TIED.
MM INDICATES DATA IS MISSING.
T  INDICATES TRACE AMOUNT.




$$
