000
CDUS46 KMTR 210037
CLIOAK


CLIMATE REPORT
NATIONAL WEATHER SERVICE SAN FRANCISCO BAY AREA
537 PM PDT SUN APR 20 2014


...................................

...THE OAKLAND AIRPORT CLIMATE SUMMARY FOR APRIL 20 2014...
VALID TODAY AS OF 0500 PM LOCAL TIME.

CLIMATE NORMAL PERIOD 1981 TO 2010
CLIMATE RECORD PERIOD 1948 TO 2014


WEATHER ITEM   OBSERVED TIME   RECORD YEAR NORMAL DEPARTURE LAST
                VALUE   (LST)  VALUE       VALUE  FROM      YEAR
                                                  NORMAL
..................................................................
TEMPERATURE (F)
 TODAY
  MAXIMUM         76    255 PM  91    2009  67      9       77
  MINIMUM         50    559 AM  41    1961  49      1       51
  AVERAGE         63                        58      5       64

PRECIPITATION (IN)
  TODAY            0.00          0.55 2010   0.05  -0.05     0.00
  MONTH TO DATE    1.01                      0.97   0.04     1.33
  SINCE JUL 1      9.43                     19.58 -10.15    13.62
  SINCE JAN 1      7.36                     11.99  -4.63     2.63

SNOWFALL (IN)
  TODAY            0.0           0.0  1985
  MONTH TO DATE    0.0
  SINCE MAR 1      0.0
  SINCE JUL 1      0.0

DEGREE DAYS
 HEATING
  TODAY            2                         7     -5        1
  MONTH TO DATE  120                       164    -44       83
  SINCE MAR 1    305                       495   -190      334
  SINCE JUL 1   2126                      2517   -391     2240

 COOLING
  TODAY            0                         0      0        0
  MONTH TO DATE    2                         0      2        4
  SINCE MAR 1      3                         1      2        4
  SINCE JAN 1      3                         1      2        4
..................................................................


WIND (MPH)
  RESULTANT WIND SPEED   4   RESULTANT WIND DIRECTION   W (260)
  HIGHEST WIND SPEED    18   HIGHEST WIND DIRECTION     W (280)
  HIGHEST GUST SPEED    31   HIGHEST GUST DIRECTION     W (270)
  AVERAGE WIND SPEED     5.0


SKY COVER
  POSSIBLE SUNSHINE  MM
  AVERAGE SKY COVER 0.4


WEATHER CONDITIONS
 THE FOLLOWING WEATHER WAS RECORDED TODAY.
  NO SIGNIFICANT WEATHER WAS OBSERVED.


RELATIVE HUMIDITY (PERCENT)
 HIGHEST    86           400 AM
 LOWEST     33           300 PM
 AVERAGE    60

..........................................................


THE OAKLAND AIRPORT CLIMATE NORMALS FOR TOMORROW
                         NORMAL    RECORD    YEAR
 MAXIMUM TEMPERATURE (F)   67        86      2009
 MINIMUM TEMPERATURE (F)   49        38      1963


SUNRISE AND SUNSET
APRIL 20 2014.........SUNRISE   627 AM PDT   SUNSET   749 PM PDT
APRIL 21 2014.........SUNRISE   626 AM PDT   SUNSET   750 PM PDT


-  INDICATES NEGATIVE NUMBERS.
R  INDICATES RECORD WAS SET OR TIED.
MM INDICATES DATA IS MISSING.
T  INDICATES TRACE AMOUNT.




$$
