000
CDUS43 KOAX 170639
CLIOAX


CLIMATE REPORT
NATIONAL WEATHER SERVICE OMAHA NEBRASKA
1237 AM CST WED JAN 17 2018


...................................

...THE VALLEY  NWS, NEBRASKA CLIMATE SUMMARY FOR JANUARY 16 2018...

CLIMATE NORMAL PERIOD 1981 TO 2010
CLIMATE RECORD PERIOD 1997 TO 2018


WEATHER ITEM   OBSERVED TIME   NORMAL DEPARTURE LAST
                VALUE   (LST)  VALUE  FROM      YEAR
                                      NORMAL
......................................................
TEMPERATURE (F)
 YESTERDAY
  MAXIMUM         13    328 PM  32    -19       33
  MINIMUM         -3    541 AM  14    -17       31
  AVERAGE          5            23    -18       32

PRECIPITATION (IN)
  YESTERDAY        0.00          0.03  -0.03     0.49
  MONTH TO DATE    0.08          0.37  -0.29     0.79
  SINCE DEC 1      0.46          1.48  -1.02     2.10
  SINCE JAN 1      0.08          0.37  -0.29     0.79

SNOWFALL (IN)
  YESTERDAY        0.0                           0.0
  MONTH TO DATE    1.1                           0.5
  SINCE JUL 1      4.4                           3.1
  SNOW DEPTH       T

DEGREE DAYS
 HEATING
  YESTERDAY       60            42     18       33
  MONTH TO DATE  769           672     97      698
  SINCE DEC 1   1922          1882     40     1876
  SINCE JUL 1   2997          3152   -155     2665

 COOLING
  YESTERDAY        0             0      0        0
  MONTH TO DATE    0             0      0        0
  SINCE DEC 1      0             0      0        0
  SINCE JAN 1      0             0      0        0
......................................................


WIND (MPH)
  HIGHEST WIND SPEED    MM   HIGHEST WIND DIRECTION    MM
  HIGHEST GUST SPEED    30   HIGHEST GUST DIRECTION    MM


SKY COVER
  POSSIBLE SUNSHINE  MM


WEATHER CONDITIONS
 THE FOLLOWING WEATHER WAS RECORDED YESTERDAY.
  NO SIGNIFICANT WEATHER WAS OBSERVED.


..........................................................


THE VALLEY  NWS, NEBRASKA CLIMATE NORMALS FOR TODAY
                         NORMAL
 MAXIMUM TEMPERATURE (F)   32
 MINIMUM TEMPERATURE (F)   14


SUNRISE AND SUNSET
JANUARY 17 2018.......SUNRISE   748 AM CST   SUNSET   524 PM CST
JANUARY 18 2018.......SUNRISE   748 AM CST   SUNSET   525 PM CST


-  INDICATES NEGATIVE NUMBERS.
R  INDICATES RECORD WAS SET OR TIED.
MM INDICATES DATA IS MISSING.
T  INDICATES TRACE AMOUNT.




$$
