000
CDUS43 KOAX 020607
CLIOAX


CLIMATE REPORT
NATIONAL WEATHER SERVICE OMAHA NEBRASKA
106 AM CDT SUN AUG 2 2015


...................................

...THE VALLEY  NWS, NEBRASKA CLIMATE SUMMARY FOR AUGUST 1 2015...

CLIMATE NORMAL PERIOD 1981 TO 2010
CLIMATE RECORD PERIOD 1997 TO 2015


WEATHER ITEM   OBSERVED TIME   NORMAL DEPARTURE LAST
                VALUE   (LST)  VALUE  FROM      YEAR
                                      NORMAL
......................................................
TEMPERATURE (F)
 YESTERDAY
  MAXIMUM         84    537 PM  86     -2       83
  MINIMUM         64    451 AM  67     -3       63
  AVERAGE         74            76     -2       73

PRECIPITATION (IN)
  YESTERDAY        T             0.12  -0.12     0.00
  MONTH TO DATE    T             0.12  -0.12     0.00
  SINCE JUN 1      8.07          9.66  -1.59    12.57
  SINCE JAN 1     19.92         20.98  -1.06    21.48

SNOWFALL (IN)
  YESTERDAY        0.0                           0.0
  MONTH TO DATE    0.0                           0.0
  SINCE JUL 1      0.0                           0.0
  SNOW DEPTH       0

DEGREE DAYS
 HEATING
  YESTERDAY        0             0      0        0
  MONTH TO DATE    0             0      0        0
  SINCE JUN 1      1            17    -16        5
  SINCE JUL 1      0             1     -1        1

 COOLING
  YESTERDAY        9            11     -2        8
  MONTH TO DATE    9            11     -2        8
  SINCE JUN 1    586           604    -18      495
  SINCE JAN 1    617           676    -59      625
......................................................


WIND (MPH)
  HIGHEST WIND SPEED    MM   HIGHEST WIND DIRECTION    MM
  HIGHEST GUST SPEED    28   HIGHEST GUST DIRECTION    MM


SKY COVER
  POSSIBLE SUNSHINE  MM


WEATHER CONDITIONS
 THE FOLLOWING WEATHER WAS RECORDED YESTERDAY.
  LIGHT RAIN
  FOG


..........................................................


THE VALLEY  NWS, NEBRASKA CLIMATE NORMALS FOR TODAY
                         NORMAL
 MAXIMUM TEMPERATURE (F)   86
 MINIMUM TEMPERATURE (F)   67


SUNRISE AND SUNSET
AUGUST  2 2015........SUNRISE   621 AM CDT   SUNSET   841 PM CDT
AUGUST  3 2015........SUNRISE   622 AM CDT   SUNSET   840 PM CDT


-  INDICATES NEGATIVE NUMBERS.
R  INDICATES RECORD WAS SET OR TIED.
MM INDICATES DATA IS MISSING.
T  INDICATES TRACE AMOUNT.




$$
