109
CDUS43 KOAX 090644
CLIOAX


CLIMATE REPORT
NATIONAL WEATHER SERVICE OMAHA NEBRASKA
1244 AM CST TUE FEB 9 2016


...................................

...THE VALLEY  NWS, NEBRASKA CLIMATE SUMMARY FOR FEBRUARY 8 2016...

CLIMATE NORMAL PERIOD 1981 TO 2010
CLIMATE RECORD PERIOD 1997 TO 2016


WEATHER ITEM   OBSERVED TIME   NORMAL DEPARTURE LAST
                VALUE   (LST)  VALUE  FROM      YEAR
                                      NORMAL
......................................................
TEMPERATURE (F)
 YESTERDAY
  MAXIMUM         32    104 AM  35     -3       52
  MINIMUM         24   1158 PM  16      8       34
  AVERAGE         28            25      3       43

PRECIPITATION (IN)
  YESTERDAY        T             0.03  -0.03      T
  MONTH TO DATE    0.92          0.25   0.67     0.76
  SINCE DEC 1      6.78          2.15   4.63     3.38
  SINCE JAN 1      1.67          1.04   0.63     1.48

SNOWFALL (IN)
  YESTERDAY        T                             0.0
  MONTH TO DATE    8.9                           9.0
  SINCE JUL 1     27.7                          18.6
  SNOW DEPTH      MM

DEGREE DAYS
 HEATING
  YESTERDAY       37            40     -3       22
  MONTH TO DATE  299           322    -23      343
  SINCE DEC 1   2505          2826   -321     2533
  SINCE JUL 1   3390          4096   -706     3850

 COOLING
  YESTERDAY        0             0      0        0
  MONTH TO DATE    0             0      0        0
  SINCE DEC 1      0             0      0        0
  SINCE JAN 1      0             0      0        0
......................................................


WIND (MPH)
  HIGHEST WIND SPEED    MM   HIGHEST WIND DIRECTION    MM
  HIGHEST GUST SPEED    45   HIGHEST GUST DIRECTION    MM


SKY COVER
  POSSIBLE SUNSHINE  MM


WEATHER CONDITIONS
 THE FOLLOWING WEATHER WAS RECORDED YESTERDAY.
  LIGHT SNOW


..........................................................


THE VALLEY  NWS, NEBRASKA CLIMATE NORMALS FOR TODAY
                         NORMAL
 MAXIMUM TEMPERATURE (F)   35
 MINIMUM TEMPERATURE (F)   16


SUNRISE AND SUNSET
FEBRUARY  9 2016......SUNRISE   728 AM CST   SUNSET   551 PM CST
FEBRUARY 10 2016......SUNRISE   727 AM CST   SUNSET   553 PM CST


-  INDICATES NEGATIVE NUMBERS.
R  INDICATES RECORD WAS SET OR TIED.
MM INDICATES DATA IS MISSING.
T  INDICATES TRACE AMOUNT.




$$
