000
CDUS43 KOAX 270635
CLIOAX


CLIMATE REPORT
NATIONAL WEATHER SERVICE OMAHA NEBRASKA
134 AM CDT SAT MAY 27 2017


...................................

...THE VALLEY  NWS, NEBRASKA CLIMATE SUMMARY FOR MAY 26 2017...

CLIMATE NORMAL PERIOD 1981 TO 2010
CLIMATE RECORD PERIOD 1997 TO 2017


WEATHER ITEM   OBSERVED TIME   NORMAL DEPARTURE LAST
                VALUE   (LST)  VALUE  FROM      YEAR
                                      NORMAL
......................................................
TEMPERATURE (F)
 YESTERDAY
  MAXIMUM         81    415 PM  76      5       82
  MINIMUM         60   1159 PM  56      4       59
  AVERAGE         71            66      5       71

PRECIPITATION (IN)
  YESTERDAY        0.01          0.14  -0.13     0.21
  MONTH TO DATE    7.24          3.80   3.44     6.75
  SINCE MAR 1     13.63          8.83   4.80    14.54
  SINCE JAN 1     15.34         10.54   4.80    16.28

SNOWFALL (IN)
  YESTERDAY        0.0                           0.0
  MONTH TO DATE    T                             0.0
  SINCE JUL 1     11.8                          28.7
  SNOW DEPTH       0

DEGREE DAYS
 HEATING
  YESTERDAY        0             2     -2        0
  MONTH TO DATE  131           141    -10      129
  SINCE MAR 1   1169          1408   -239     1011
  SINCE JUL 1   5046          6239  -1193     4999

 COOLING
  YESTERDAY        6             3      3        6
  MONTH TO DATE   57            46     11       30
  SINCE MAR 1     60            53      7       30
  SINCE JAN 1     60            53      7       30
......................................................


WIND (MPH)
  HIGHEST WIND SPEED    MM   HIGHEST WIND DIRECTION    MM
  HIGHEST GUST SPEED    24   HIGHEST GUST DIRECTION    MM


SKY COVER
  POSSIBLE SUNSHINE  MM


WEATHER CONDITIONS
 THE FOLLOWING WEATHER WAS RECORDED YESTERDAY.
  LIGHT RAIN


..........................................................


THE VALLEY  NWS, NEBRASKA CLIMATE NORMALS FOR TODAY
                         NORMAL
 MAXIMUM TEMPERATURE (F)   77
 MINIMUM TEMPERATURE (F)   56


SUNRISE AND SUNSET
MAY 27 2017...........SUNRISE   557 AM CDT   SUNSET   849 PM CDT
MAY 28 2017...........SUNRISE   557 AM CDT   SUNSET   850 PM CDT


-  INDICATES NEGATIVE NUMBERS.
R  INDICATES RECORD WAS SET OR TIED.
MM INDICATES DATA IS MISSING.
T  INDICATES TRACE AMOUNT.




$$
