000
CDUS43 KGID 280632
CLIODX


CLIMATE REPORT
NATIONAL WEATHER SERVICE HASTINGS NE
130 AM CDT MON JUL 28 2014


...................................

...THE ORD NE CLIMATE SUMMARY FOR JULY 27 2014...

CLIMATE NORMAL PERIOD 1981 TO 2010
CLIMATE RECORD PERIOD 1895 TO 2014


WEATHER ITEM   OBSERVED TIME   NORMAL DEPARTURE LAST
                VALUE   (LST)  VALUE  FROM      YEAR
                                      NORMAL
......................................................
TEMPERATURE (F)
 YESTERDAY
  MAXIMUM         85    328 PM  88     -3       75
  MINIMUM         57    538 AM  62     -5       53
  AVERAGE         71            75     -4       64

PRECIPITATION (IN)
  YESTERDAY        0.00          0.12  -0.12      T
  MONTH TO DATE    1.97          2.32  -0.35     3.34
  SINCE JUN 1     10.05          6.44   3.61     5.27
  SINCE JAN 1     12.27         15.10  -2.83    15.41

DEGREE DAYS
 HEATING
  YESTERDAY        0             0      0        1
  MONTH TO DATE   19             0     19        2
  SINCE JUN 1     51            37     14       49
  SINCE JUL 1     19             0     19        2

 COOLING
  YESTERDAY        6            10     -4        0
  MONTH TO DATE  170           257    -87      260
  SINCE JUN 1    316           419   -103      426
  SINCE JAN 1    385           460    -75      473
......................................................


WIND (MPH)
  HIGHEST WIND SPEED    22   HIGHEST WIND DIRECTION    NW (330)
  HIGHEST GUST SPEED    28   HIGHEST GUST DIRECTION    NW (330)
  AVERAGE WIND SPEED     9.0


SKY COVER
  AVERAGE SKY COVER 0.0


WEATHER CONDITIONS
 THE FOLLOWING WEATHER WAS RECORDED YESTERDAY.
  NO SIGNIFICANT WEATHER WAS OBSERVED.


RELATIVE HUMIDITY (PERCENT)
 HIGHEST    93           100 AM
 LOWEST     34           100 PM
 AVERAGE    64

..........................................................


THE ORD NE CLIMATE NORMALS FOR TODAY
                         NORMAL
 MAXIMUM TEMPERATURE (F)   88
 MINIMUM TEMPERATURE (F)   62


SUNRISE AND SUNSET
JULY 28 2014..........SUNRISE   626 AM CDT   SUNSET   858 PM CDT
JULY 29 2014..........SUNRISE   627 AM CDT   SUNSET   857 PM CDT


-  INDICATES NEGATIVE NUMBERS.
R  INDICATES RECORD WAS SET OR TIED.
MM INDICATES DATA IS MISSING.
T  INDICATES TRACE AMOUNT.

$$

HALBLAUB
