000
CDUS43 KGID 030626
CLIODX


CLIMATE REPORT
NATIONAL WEATHER SERVICE HASTINGS NE
1225 AM CST SAT DEC 3 2016


...................................

...THE ORD NE CLIMATE SUMMARY FOR DECEMBER 2 2016...

CLIMATE NORMAL PERIOD 1981 TO 2010
CLIMATE RECORD PERIOD 1895 TO 2016


WEATHER ITEM   OBSERVED TIME   NORMAL DEPARTURE LAST
                VALUE   (LST)  VALUE  FROM      YEAR
                                      NORMAL
......................................................
TEMPERATURE (F)
 YESTERDAY
  MAXIMUM         43    325 PM  40      3       38
  MINIMUM         15    800 AM  17     -2       12
  AVERAGE         29            28      1       25

PRECIPITATION (IN)
  YESTERDAY        0.00          0.05  -0.05      T
  MONTH TO DATE    0.00          0.11  -0.11      T
  SINCE DEC 1      0.00          0.11  -0.11      T
  SINCE JAN 1     30.21         24.46   5.75    22.65

DEGREE DAYS
 HEATING
  YESTERDAY       36            37     -1       40
  MONTH TO DATE   68            73     -5       80
  SINCE DEC 1     68            73     -5       80
  SINCE JUL 1   1184          1554   -370     1219

 COOLING
  YESTERDAY        0             0      0        0
  MONTH TO DATE    0             0      0        0
  SINCE DEC 1      0             0      0        0
  SINCE JAN 1    887           845     42      818
......................................................


WIND (MPH)
  HIGHEST WIND SPEED     8   HIGHEST WIND DIRECTION    NW (330)
  HIGHEST GUST SPEED    12   HIGHEST GUST DIRECTION     N (340)
  AVERAGE WIND SPEED     2.4


SKY COVER
  AVERAGE SKY COVER 0.2


WEATHER CONDITIONS
 THE FOLLOWING WEATHER WAS RECORDED YESTERDAY.
  NO SIGNIFICANT WEATHER WAS OBSERVED.


RELATIVE HUMIDITY (PERCENT)
 HIGHEST    91           100 AM
 LOWEST     43           300 PM
 AVERAGE    67

..........................................................


THE ORD NE CLIMATE NORMALS FOR TODAY
                         NORMAL
 MAXIMUM TEMPERATURE (F)   40
 MINIMUM TEMPERATURE (F)   16


SUNRISE AND SUNSET
DECEMBER  3 2016......SUNRISE   746 AM CST   SUNSET   506 PM CST
DECEMBER  4 2016......SUNRISE   747 AM CST   SUNSET   506 PM CST


-  INDICATES NEGATIVE NUMBERS.
R  INDICATES RECORD WAS SET OR TIED.
MM INDICATES DATA IS MISSING.
T  INDICATES TRACE AMOUNT.




$$
