000
CDUS43 KGID 210633
CLIODX


CLIMATE REPORT
NATIONAL WEATHER SERVICE HASTINGS NE
132 AM CDT FRI JUL 21 2017


...................................

...THE ORD NE CLIMATE SUMMARY FOR JULY 20 2017...

CLIMATE NORMAL PERIOD 1981 TO 2010
CLIMATE RECORD PERIOD 1895 TO 2017


WEATHER ITEM   OBSERVED TIME   NORMAL DEPARTURE LAST
                VALUE   (LST)  VALUE  FROM      YEAR
                                      NORMAL
......................................................
TEMPERATURE (F)
 YESTERDAY
  MAXIMUM         92    535 PM  88      4       94
  MINIMUM         70    550 AM  62      8       68
  AVERAGE         81            75      6       81

PRECIPITATION (IN)
  YESTERDAY        T             0.09  -0.09     0.00
  MONTH TO DATE    1.43          1.67  -0.24     3.20
  SINCE JUN 1      2.02          5.79  -3.77     6.72
  SINCE JAN 1     13.14         14.45  -1.31    23.26

DEGREE DAYS
 HEATING
  YESTERDAY        0             0      0        0
  MONTH TO DATE    0             0      0        8
  SINCE JUN 1     10            37    -27       10
  SINCE JUL 1      0             0      0        8

 COOLING
  YESTERDAY       16            10      6       16
  MONTH TO DATE  258           187     71      172
  SINCE JUN 1    471           349    122      437
  SINCE JAN 1    485           390     95      459
......................................................


WIND (MPH)
  HIGHEST WIND SPEED    16   HIGHEST WIND DIRECTION     E (70)
  HIGHEST GUST SPEED    22   HIGHEST GUST DIRECTION    NE (60)
  AVERAGE WIND SPEED     6.3


SKY COVER
  AVERAGE SKY COVER 0.1


WEATHER CONDITIONS
 THE FOLLOWING WEATHER WAS RECORDED YESTERDAY.
  LIGHT RAIN


RELATIVE HUMIDITY (PERCENT)
 HIGHEST    87          1100 PM
 LOWEST     46           100 PM
 AVERAGE    67

..........................................................


THE ORD NE CLIMATE NORMALS FOR TODAY
                         NORMAL
 MAXIMUM TEMPERATURE (F)   88
 MINIMUM TEMPERATURE (F)   62


SUNRISE AND SUNSET
JULY 21 2017..........SUNRISE   620 AM CDT   SUNSET   904 PM CDT
JULY 22 2017..........SUNRISE   621 AM CDT   SUNSET   903 PM CDT


-  INDICATES NEGATIVE NUMBERS.
R  INDICATES RECORD WAS SET OR TIED.
MM INDICATES DATA IS MISSING.
T  INDICATES TRACE AMOUNT.

$$

KELLEY
