000
CDUS43 KGID 200623
CLIODX


CLIMATE REPORT
NATIONAL WEATHER SERVICE HASTINGS NE
122 AM CDT WED SEP 20 2017


...................................

...THE ORD NE CLIMATE SUMMARY FOR SEPTEMBER 19 2017...

CLIMATE NORMAL PERIOD 1981 TO 2010
CLIMATE RECORD PERIOD 1895 TO 2017


WEATHER ITEM   OBSERVED TIME   NORMAL DEPARTURE LAST
                VALUE   (LST)  VALUE  FROM      YEAR
                                      NORMAL
......................................................
TEMPERATURE (F)
 YESTERDAY
  MAXIMUM         86    526 PM  77      9       83
  MINIMUM         53   1230 AM  47      6       50
  AVERAGE         70            62      8       67

PRECIPITATION (IN)
  YESTERDAY        0.00          0.09  -0.09     0.00
  MONTH TO DATE    0.63          1.66  -1.03     1.70
  SINCE SEP 1      0.63          1.66  -1.03     1.70
  SINCE JAN 1     20.80         20.57   0.23    28.86

DEGREE DAYS
 HEATING
  YESTERDAY        0             5     -5        0
  MONTH TO DATE   45            46     -1       35
  SINCE SEP 1     45            46     -1       35
  SINCE JUL 1     53            60     -7       49

 COOLING
  YESTERDAY        5             2      3        2
  MONTH TO DATE   74            69      5       48
  SINCE SEP 1     74            69      5       48
  SINCE JAN 1    818           826     -8      854
......................................................


WIND (MPH)
  HIGHEST WIND SPEED    33   HIGHEST WIND DIRECTION    NW (330)
  HIGHEST GUST SPEED    43   HIGHEST GUST DIRECTION    NW (330)
  AVERAGE WIND SPEED    10.8


SKY COVER
  AVERAGE SKY COVER 0.4


WEATHER CONDITIONS
 THE FOLLOWING WEATHER WAS RECORDED YESTERDAY.
  FOG
  FOG W/VISIBILITY <= 1/4 MILE


RELATIVE HUMIDITY (PERCENT)
 HIGHEST   100           100 AM
 LOWEST     45           500 PM
 AVERAGE    73

..........................................................


THE ORD NE CLIMATE NORMALS FOR TODAY
                         NORMAL
 MAXIMUM TEMPERATURE (F)   77
 MINIMUM TEMPERATURE (F)   47


SUNRISE AND SUNSET
SEPTEMBER 20 2017.....SUNRISE   721 AM CDT   SUNSET   736 PM CDT
SEPTEMBER 21 2017.....SUNRISE   722 AM CDT   SUNSET   734 PM CDT


-  INDICATES NEGATIVE NUMBERS.
R  INDICATES RECORD WAS SET OR TIED.
MM INDICATES DATA IS MISSING.
T  INDICATES TRACE AMOUNT.




$$
