000
CDUS43 KGID 240629
CLIODX


CLIMATE REPORT
NATIONAL WEATHER SERVICE HASTINGS NE
1226 AM CST FRI NOV 24 2017


...................................

...THE ORD NE CLIMATE SUMMARY FOR NOVEMBER 23 2017...

CLIMATE NORMAL PERIOD 1981 TO 2010
CLIMATE RECORD PERIOD 1895 TO 2017


WEATHER ITEM   OBSERVED TIME   NORMAL DEPARTURE LAST
                VALUE   (LST)  VALUE  FROM      YEAR
                                      NORMAL
......................................................
TEMPERATURE (F)
 YESTERDAY
  MAXIMUM         73    346 PM  45     28       38
  MINIMUM         28    754 AM  21      7       32
  AVERAGE         51            33     18       35

PRECIPITATION (IN)
  YESTERDAY        0.00          0.03  -0.03     0.00
  MONTH TO DATE    0.21          0.87  -0.66     0.91
  SINCE SEP 1      8.47          5.24   3.23     2.70
  SINCE JAN 1     28.64         24.15   4.49    29.86

DEGREE DAYS
 HEATING
  YESTERDAY       14            32    -18       30
  MONTH TO DATE  622           619      3      467
  SINCE SEP 1   1182          1225    -43      898
  SINCE JUL 1   1190          1239    -49      912

 COOLING
  YESTERDAY        0             0      0        0
  MONTH TO DATE    0             0      0        0
  SINCE SEP 1     96            88      8       81
  SINCE JAN 1    840           845     -5      887
......................................................


WIND (MPH)
  HIGHEST WIND SPEED    16   HIGHEST WIND DIRECTION    SW (230)
  HIGHEST GUST SPEED    22   HIGHEST GUST DIRECTION    SW (230)
  AVERAGE WIND SPEED     6.1


SKY COVER
  AVERAGE SKY COVER 0.0


WEATHER CONDITIONS
 THE FOLLOWING WEATHER WAS RECORDED YESTERDAY.
  NO SIGNIFICANT WEATHER WAS OBSERVED.


RELATIVE HUMIDITY (PERCENT)
 HIGHEST   100           500 AM
 LOWEST     29           300 PM
 AVERAGE    65

..........................................................


THE ORD NE CLIMATE NORMALS FOR TODAY
                         NORMAL
 MAXIMUM TEMPERATURE (F)   44
 MINIMUM TEMPERATURE (F)   20


SUNRISE AND SUNSET
NOVEMBER 24 2017......SUNRISE   736 AM CST   SUNSET   509 PM CST
NOVEMBER 25 2017......SUNRISE   737 AM CST   SUNSET   509 PM CST


-  INDICATES NEGATIVE NUMBERS.
R  INDICATES RECORD WAS SET OR TIED.
MM INDICATES DATA IS MISSING.
T  INDICATES TRACE AMOUNT.




$$

Thies
