422
CDUS43 KGID 222222
CLIODX


CLIMATE REPORT
NATIONAL WEATHER SERVICE HASTINGS NE
522 PM CDT SAT APR 22 2017


...................................

...THE ORD NE CLIMATE SUMMARY FOR APRIL 22 2017...
VALID TODAY AS OF 0500 PM LOCAL TIME.

CLIMATE NORMAL PERIOD 1981 TO 2010
CLIMATE RECORD PERIOD 1895 TO 2017


WEATHER ITEM   OBSERVED TIME   NORMAL DEPARTURE LAST
                VALUE   (LST)  VALUE  FROM      YEAR
                                      NORMAL
......................................................
TEMPERATURE (F)
 TODAY
  MAXIMUM         64    318 PM  64      0       69
  MINIMUM         34    607 AM  38     -4       32
  AVERAGE         49            51     -2       51

PRECIPITATION (IN)
  TODAY            0.00          0.10  -0.10     0.00
  MONTH TO DATE    1.67          1.75  -0.08     4.23
  SINCE MAR 1      3.50          3.20   0.30     5.58
  SINCE JAN 1      5.44          4.01   1.43     6.73

DEGREE DAYS
 HEATING
  TODAY           16            14      2       14
  MONTH TO DATE  280           386   -106      327
  SINCE MAR 1   1009          1232   -223     1008
  SINCE JUL 1   5520          6249   -729     5357

 COOLING
  TODAY            0             0      0        0
  MONTH TO DATE    0             0      0        0
  SINCE MAR 1      0             0      0        0
  SINCE JAN 1      0             0      0        0
......................................................


WIND (MPH)
  HIGHEST WIND SPEED    10   HIGHEST WIND DIRECTION     N (20)
  HIGHEST GUST SPEED    15   HIGHEST GUST DIRECTION     N (360)
  AVERAGE WIND SPEED     4.1


SKY COVER
  AVERAGE SKY COVER 0.2


WEATHER CONDITIONS
 THE FOLLOWING WEATHER WAS RECORDED TODAY.
  NO SIGNIFICANT WEATHER WAS OBSERVED.


RELATIVE HUMIDITY (PERCENT)
 HIGHEST    92           600 AM
 LOWEST     30           200 PM
 AVERAGE    61

..........................................................


THE ORD NE CLIMATE NORMALS FOR TOMORROW
                         NORMAL
 MAXIMUM TEMPERATURE (F)   64
 MINIMUM TEMPERATURE (F)   39


SUNRISE AND SUNSET
APRIL 22 2017.........SUNRISE   645 AM CDT   SUNSET   824 PM CDT
APRIL 23 2017.........SUNRISE   643 AM CDT   SUNSET   825 PM CDT


-  INDICATES NEGATIVE NUMBERS.
R  INDICATES RECORD WAS SET OR TIED.
MM INDICATES DATA IS MISSING.
T  INDICATES TRACE AMOUNT.




$$
