000
CDUS43 KGID 300633
CLIODX


CLIMATE REPORT
NATIONAL WEATHER SERVICE HASTINGS NE
130 AM CDT TUE MAY 30 2017


...................................

...THE ORD NE CLIMATE SUMMARY FOR MAY 29 2017...

CLIMATE NORMAL PERIOD 1981 TO 2010
CLIMATE RECORD PERIOD 1895 TO 2017


WEATHER ITEM   OBSERVED TIME   NORMAL DEPARTURE LAST
                VALUE   (LST)  VALUE  FROM      YEAR
                                      NORMAL
......................................................
TEMPERATURE (F)
 YESTERDAY
  MAXIMUM         71    408 PM  76     -5       82
  MINIMUM         45   1159 PM  52     -7       51
  AVERAGE         58            64     -6       67

PRECIPITATION (IN)
  YESTERDAY        0.00          0.15  -0.15     0.03
  MONTH TO DATE    3.06          3.51  -0.45     5.02
  SINCE MAR 1      9.14          7.55   1.59    15.36
  SINCE JAN 1     11.08          8.36   2.72    16.51

DEGREE DAYS
 HEATING
  YESTERDAY        7             3      4        0
  MONTH TO DATE  243           210     33      219
  SINCE MAR 1   1421          1546   -125     1337
  SINCE JUL 1   5932          6563   -631     5686

 COOLING
  YESTERDAY        0             2     -2        2
  MONTH TO DATE   14            35    -21       17
  SINCE MAR 1     14            37    -23       17
  SINCE JAN 1     14            37    -23       17
......................................................


WIND (MPH)
  HIGHEST WIND SPEED    26   HIGHEST WIND DIRECTION    NW (320)
  HIGHEST GUST SPEED    37   HIGHEST GUST DIRECTION    NW (330)
  AVERAGE WIND SPEED    11.0


SKY COVER
  AVERAGE SKY COVER 0.0


WEATHER CONDITIONS
 THE FOLLOWING WEATHER WAS RECORDED YESTERDAY.
  NO SIGNIFICANT WEATHER WAS OBSERVED.


RELATIVE HUMIDITY (PERCENT)
 HIGHEST    86           500 AM
 LOWEST     27           300 PM
 AVERAGE    57

..........................................................


THE ORD NE CLIMATE NORMALS FOR TODAY
                         NORMAL
 MAXIMUM TEMPERATURE (F)   76
 MINIMUM TEMPERATURE (F)   52


SUNRISE AND SUNSET
MAY 30 2017...........SUNRISE   605 AM CDT   SUNSET   902 PM CDT
MAY 31 2017...........SUNRISE   604 AM CDT   SUNSET   903 PM CDT


-  INDICATES NEGATIVE NUMBERS.
R  INDICATES RECORD WAS SET OR TIED.
MM INDICATES DATA IS MISSING.
T  INDICATES TRACE AMOUNT.




$$
