000
CDUS43 KGID 270625
CLIODX


CLIMATE REPORT
NATIONAL WEATHER SERVICE HASTINGS NE
123 AM CDT SAT AUG 27 2016


...................................

...THE ORD NE CLIMATE SUMMARY FOR AUGUST 26 2016...

CLIMATE NORMAL PERIOD 1981 TO 2010
CLIMATE RECORD PERIOD 1895 TO 2016


WEATHER ITEM   OBSERVED TIME   NORMAL DEPARTURE LAST
                VALUE   (LST)  VALUE  FROM      YEAR
                                      NORMAL
......................................................
TEMPERATURE (F)
 YESTERDAY
  MAXIMUM         74    242 PM  84    -10       88
  MINIMUM         50    642 AM  59     -9       56
  AVERAGE         62            71     -9       72

PRECIPITATION (IN)
  YESTERDAY        T             0.10  -0.10     0.00
  MONTH TO DATE    0.44          2.74  -2.30     2.13
  SINCE JUN 1     10.62          9.83   0.79     8.08
  SINCE JAN 1     27.16         18.49   8.67    14.54

DEGREE DAYS
 HEATING
  YESTERDAY        3             0      3        0
  MONTH TO DATE    6             0      6       18
  SINCE JUN 1     16            42    -26       29
  SINCE JUL 1     14             5      9       23

 COOLING
  YESTERDAY        0             7     -7        7
  MONTH TO DATE  195           227    -32      160
  SINCE JUN 1    749           686     63      620
  SINCE JAN 1    771           727     44      629
......................................................


WIND (MPH)
  HIGHEST WIND SPEED    12   HIGHEST WIND DIRECTION     E (110)
  HIGHEST GUST SPEED    15   HIGHEST GUST DIRECTION    SE (130)
  AVERAGE WIND SPEED     5.3


SKY COVER
  AVERAGE SKY COVER 0.4


WEATHER CONDITIONS
 THE FOLLOWING WEATHER WAS RECORDED YESTERDAY.
  LIGHT RAIN


RELATIVE HUMIDITY (PERCENT)
 HIGHEST    89           200 AM
 LOWEST     46           100 PM
 AVERAGE    68

..........................................................


THE ORD NE CLIMATE NORMALS FOR TODAY
                         NORMAL
 MAXIMUM TEMPERATURE (F)   84
 MINIMUM TEMPERATURE (F)   58


SUNRISE AND SUNSET
AUGUST 27 2016........SUNRISE   657 AM CDT   SUNSET   816 PM CDT
AUGUST 28 2016........SUNRISE   658 AM CDT   SUNSET   815 PM CDT


-  INDICATES NEGATIVE NUMBERS.
R  INDICATES RECORD WAS SET OR TIED.
MM INDICATES DATA IS MISSING.
T  INDICATES TRACE AMOUNT.




$$
