000
CDUS43 KGID 302223
CLIODX


CLIMATE REPORT
NATIONAL WEATHER SERVICE HASTINGS NE
522 PM CDT SAT JUL 30 2016


...................................

...THE ORD NE CLIMATE SUMMARY FOR JULY 30 2016...
VALID TODAY AS OF 0500 PM LOCAL TIME.

CLIMATE NORMAL PERIOD 1981 TO 2010
CLIMATE RECORD PERIOD 1895 TO 2016


WEATHER ITEM   OBSERVED TIME   NORMAL DEPARTURE LAST
                VALUE   (LST)  VALUE  FROM      YEAR
                                      NORMAL
......................................................
TEMPERATURE (F)
 TODAY
  MAXIMUM         82    359 PM  88     -6       91
  MINIMUM         60    504 AM  62     -2       54
  AVERAGE         71            75     -4       73

PRECIPITATION (IN)
  TODAY            2.59          0.16   2.43     0.00
  MONTH TO DATE    6.60          2.78   3.82     2.16
  SINCE JUN 1     10.12          6.90   3.22     5.43
  SINCE JAN 1     26.66         15.56  11.10    11.89

DEGREE DAYS
 HEATING
  TODAY            0             0      0        0
  MONTH TO DATE    8             0      8        5
  SINCE JUN 1     10            37    -27       11
  SINCE JUL 1      8             0      8        5

 COOLING
  TODAY            6            10     -4        8
  MONTH TO DATE  276           287    -11      287
  SINCE JUN 1    541           449     92      447
  SINCE JAN 1    563           490     73      456
......................................................


WIND (MPH)
  HIGHEST WIND SPEED    24   HIGHEST WIND DIRECTION     S (190)
  HIGHEST GUST SPEED    31   HIGHEST GUST DIRECTION    SW (210)
  AVERAGE WIND SPEED     7.3


SKY COVER
  AVERAGE SKY COVER 0.5


WEATHER CONDITIONS
 THE FOLLOWING WEATHER WAS RECORDED TODAY.
  THUNDERSTORM
  HEAVY RAIN
  RAIN
  LIGHT RAIN
  FOG


RELATIVE HUMIDITY (PERCENT)
 HIGHEST    93           400 AM
 LOWEST     55           300 PM
 AVERAGE    74

..........................................................


THE ORD NE CLIMATE NORMALS FOR TOMORROW
                         NORMAL
 MAXIMUM TEMPERATURE (F)   87
 MINIMUM TEMPERATURE (F)   62


SUNRISE AND SUNSET
JULY 30 2016..........SUNRISE   629 AM CDT   SUNSET   855 PM CDT
JULY 31 2016..........SUNRISE   630 AM CDT   SUNSET   854 PM CDT


-  INDICATES NEGATIVE NUMBERS.
R  INDICATES RECORD WAS SET OR TIED.
MM INDICATES DATA IS MISSING.
T  INDICATES TRACE AMOUNT.




$$
