000
CDUS43 KOAX 092155
CLIOFK


CLIMATE REPORT
NATIONAL WEATHER SERVICE OMAHA NEBRASKA
453 PM CDT WED JUL 9 2014


...................................

...THE NORFOLK, NEBRASKA CLIMATE SUMMARY FOR JULY 9 2014...
VALID TODAY AS OF 0400 PM LOCAL TIME.

CLIMATE NORMAL PERIOD 1981 TO 2010
CLIMATE RECORD PERIOD 1888 TO 2014


WEATHER ITEM   OBSERVED TIME   RECORD YEAR NORMAL DEPARTURE LAST
                VALUE   (LST)  VALUE       VALUE  FROM      YEAR
                                                  NORMAL
..................................................................
TEMPERATURE (F)
 TODAY
  MAXIMUM         82    103 PM 111    1930  87     -5       91
  MINIMUM         54    454 AM  44    1905  64    -10       69
  AVERAGE         68                        75     -7       80

PRECIPITATION (IN)
  TODAY            0.00          1.47 1911   0.10  -0.10     0.16
  MONTH TO DATE    0.01                      1.03  -1.02     0.39
  SINCE JUN 1     11.40                      5.29   6.11     2.57
  SINCE JAN 1     16.89                     14.99   1.90    13.99

SNOWFALL (IN)
  TODAY            0.0                       0.0    0.0      0.0
  MONTH TO DATE    0.0                       0.0    0.0      0.0
  SINCE JUL 1      0.0                       0.0    0.0      0.0
  SNOW DEPTH       0

DEGREE DAYS
 HEATING
  TODAY            0                         0      0        0
  MONTH TO DATE    3                         0      3        0
  SINCE JUN 1     28                        30     -2       42
  SINCE JUL 1      3                         0      3        0

 COOLING
  TODAY            3                        10     -7       15
  MONTH TO DATE   51                        88    -37       91
  SINCE JUN 1    245                       274    -29      274
  SINCE JAN 1    342                       335      7      338
..................................................................


WIND (MPH)
  HIGHEST WIND SPEED    17   HIGHEST WIND DIRECTION    SW (230)
  HIGHEST GUST SPEED    21   HIGHEST GUST DIRECTION    SW (240)
  AVERAGE WIND SPEED     4.2


SKY COVER
  POSSIBLE SUNSHINE  MM
  AVERAGE SKY COVER 0.1


WEATHER CONDITIONS
 THE FOLLOWING WEATHER WAS RECORDED TODAY.
  FOG
  HAZE


RELATIVE HUMIDITY (PERCENT)
 HIGHEST    86           300 AM
 LOWEST     42           100 PM
 AVERAGE    64

..........................................................


THE NORFOLK, NEBRASKA CLIMATE NORMALS FOR TOMORROW
                         NORMAL    RECORD    YEAR
 MAXIMUM TEMPERATURE (F)   87       109      1930
 MINIMUM TEMPERATURE (F)   64        45      1905


SUNRISE AND SUNSET
JULY  9 2014..........SUNRISE   603 AM CDT   SUNSET   907 PM CDT
JULY 10 2014..........SUNRISE   604 AM CDT   SUNSET   906 PM CDT


-  INDICATES NEGATIVE NUMBERS.
R  INDICATES RECORD WAS SET OR TIED.
MM INDICATES DATA IS MISSING.
T  INDICATES TRACE AMOUNT.




$$
