000
CDUS43 KOAX 310644
CLIOFK


CLIMATE REPORT
NATIONAL WEATHER SERVICE OMAHA NEBRASKA
143 AM CDT TUE MAY 31 2016


...................................

...THE NORFOLK, NEBRASKA CLIMATE SUMMARY FOR MAY 30 2016...

CLIMATE NORMAL PERIOD 1981 TO 2010
CLIMATE RECORD PERIOD 1888 TO 2016


WEATHER ITEM   OBSERVED TIME   RECORD YEAR NORMAL DEPARTURE LAST
                VALUE   (LST)  VALUE       VALUE  FROM      YEAR
                                                  NORMAL
..................................................................
TEMPERATURE (F)
 YESTERDAY
  MAXIMUM         84    402 PM 105    1934  77      7       68
  MINIMUM         59   1159 PM  35    1947  53      6       43
                                      1897
  AVERAGE         72                        65      7       56

PRECIPITATION (IN)
  YESTERDAY        0.50          1.96 1961   0.14   0.36      T
  MONTH TO DATE    6.54                      3.78   2.76     3.32
  SINCE MAR 1     14.16                      8.20   5.96     6.08
  SINCE JAN 1     16.31                      9.55   6.76     6.96

SNOWFALL (IN)
  YESTERDAY        0.0                       0.0    0.0      0.0
  MONTH TO DATE    0.0                       0.3   -0.3      0.0
  SINCE JUL 1     53.0                      30.8   22.2     20.7
  SNOW DEPTH       0

DEGREE DAYS
 HEATING
  YESTERDAY        0                         3     -3        9
  MONTH TO DATE  193                       186      7      179
  SINCE MAR 1   1275                      1516   -241     1233
  SINCE JUL 1   5576                      6609  -1033     6279

 COOLING
  YESTERDAY        7                         3      4        0
  MONTH TO DATE   37                        47    -10       28
  SINCE MAR 1     37                        59    -22       33
  SINCE JAN 1     37                        59    -22       33
..................................................................


WIND (MPH)
  HIGHEST WIND SPEED    29   HIGHEST WIND DIRECTION     W (280)
  HIGHEST GUST SPEED    36   HIGHEST GUST DIRECTION     W (270)
  AVERAGE WIND SPEED    10.3


SKY COVER
  POSSIBLE SUNSHINE  MM
  AVERAGE SKY COVER 0.1


WEATHER CONDITIONS
 THE FOLLOWING WEATHER WAS RECORDED YESTERDAY.
  THUNDERSTORM
  HEAVY RAIN
  LIGHT RAIN
  FOG


RELATIVE HUMIDITY (PERCENT)
 HIGHEST    78           100 AM
 LOWEST     37           400 PM
 AVERAGE    58

..........................................................


THE NORFOLK, NEBRASKA CLIMATE NORMALS FOR TODAY
                         NORMAL    RECORD    YEAR
 MAXIMUM TEMPERATURE (F)   77       101      1934
 MINIMUM TEMPERATURE (F)   54        36      1964


SUNRISE AND SUNSET
MAY 31 2016...........SUNRISE   557 AM CDT   SUNSET   858 PM CDT
JUNE  1 2016..........SUNRISE   557 AM CDT   SUNSET   859 PM CDT


-  INDICATES NEGATIVE NUMBERS.
R  INDICATES RECORD WAS SET OR TIED.
MM INDICATES DATA IS MISSING.
T  INDICATES TRACE AMOUNT.




$$
