000
CDUS43 KOAX 242247
CLIOFK


CLIMATE REPORT
NATIONAL WEATHER SERVICE OMAHA NEBRASKA
446 PM CST FRI FEB 24 2017


...................................

...THE NORFOLK, NEBRASKA CLIMATE SUMMARY FOR FEBRUARY 24 2017...
VALID TODAY AS OF 400 PM LOCAL TIME.

CLIMATE NORMAL PERIOD 1981 TO 2010
CLIMATE RECORD PERIOD 1888 TO 2017


WEATHER ITEM   OBSERVED TIME   RECORD YEAR NORMAL DEPARTURE LAST
                VALUE   (LST)  VALUE       VALUE  FROM      YEAR
                                                  NORMAL
..................................................................
TEMPERATURE (F)
 TODAY
  MAXIMUM         28    124 AM  70    1981  40    -12       45
  MINIMUM         20   1132 AM -17    1965  19      1       21
  AVERAGE         24                        30     -6       33

PRECIPITATION (IN)
  TODAY            0.23          0.78 2007   0.03   0.20     0.02
  MONTH TO DATE    0.99                      0.63   0.36     1.58
  SINCE DEC 1      3.08                      1.97   1.11     4.42
  SINCE JAN 1      2.24                      1.22   1.02     2.15

SNOWFALL (IN)
  TODAY            2.0                       0.2    1.8      0.2
  MONTH TO DATE    9.5                       4.8    4.7     16.5
  SINCE JUL 1     26.6                      22.1    4.5     41.0
  SNOW DEPTH       5

DEGREE DAYS
 HEATING
  TODAY           41                        35      6       32
  MONTH TO DATE  710                       931   -221      810
  SINCE DEC 1   3263                      3508   -245     3153
  SINCE JUL 1   4308                      4953   -645     4174

 COOLING
  TODAY            0                         0      0        0
  MONTH TO DATE    0                         0      0        0
  SINCE DEC 1      0                         0      0        0
  SINCE JAN 1      0                         0      0        0
..................................................................


WIND (MPH)
  HIGHEST WIND SPEED    29   HIGHEST WIND DIRECTION     N (360)
  HIGHEST GUST SPEED    40   HIGHEST GUST DIRECTION    NW (320)
  AVERAGE WIND SPEED    19.3


SKY COVER
  POSSIBLE SUNSHINE  MM
  AVERAGE SKY COVER 0.9


WEATHER CONDITIONS
 THE FOLLOWING WEATHER WAS RECORDED TODAY.
  SNOW
  LIGHT SNOW
  FOG
  HAZE


RELATIVE HUMIDITY (PERCENT)
 HIGHEST    92           200 AM
 LOWEST     62           200 PM
 AVERAGE    77

..........................................................


THE NORFOLK, NEBRASKA CLIMATE NORMALS FOR TOMORROW
                         NORMAL    RECORD    YEAR
 MAXIMUM TEMPERATURE (F)   40        74      1995
 MINIMUM TEMPERATURE (F)   20        -7      1924


SUNRISE AND SUNSET
FEBRUARY 24 2017......SUNRISE   712 AM CST   SUNSET   614 PM CST
FEBRUARY 25 2017......SUNRISE   711 AM CST   SUNSET   615 PM CST


-  INDICATES NEGATIVE NUMBERS.
R  INDICATES RECORD WAS SET OR TIED.
MM INDICATES DATA IS MISSING.
T  INDICATES TRACE AMOUNT.




$$

Klish
