000
CDUS43 KOAX 170651
CLIOFK


CLIMATE REPORT
NATIONAL WEATHER SERVICE OMAHA NEBRASKA
1251 AM CST WED DEC 17 2014


...................................

...THE NORFOLK, NEBRASKA CLIMATE SUMMARY FOR DECEMBER 16 2014...

CLIMATE NORMAL PERIOD 1981 TO 2010
CLIMATE RECORD PERIOD 1888 TO 2014


WEATHER ITEM   OBSERVED TIME   RECORD YEAR NORMAL DEPARTURE LAST
                VALUE   (LST)  VALUE       VALUE  FROM      YEAR
                                                  NORMAL
..................................................................
TEMPERATURE (F)
 YESTERDAY
  MAXIMUM         24   1253 AM  71    1962  33     -9       48
  MINIMUM         20   1159 PM -22    1914  14      6       11
  AVERAGE         22                        24     -2       30

PRECIPITATION (IN)
  YESTERDAY        T             0.41 1961   0.03  -0.03     0.00
  MONTH TO DATE    0.62                      0.44   0.18     0.13
  SINCE DEC 1      0.62                      0.44   0.18     0.13
  SINCE JAN 1     29.13                     27.10   2.03    24.92

SNOWFALL (IN)
  YESTERDAY        T                         0.2   -0.2      0.0
  MONTH TO DATE    T                         3.3   -3.3      2.1
  SINCE JUL 1      3.7                       8.2   -4.5      3.0
  SNOW DEPTH       T

DEGREE DAYS
 HEATING
  YESTERDAY       43                        41      2       35
  MONTH TO DATE  514                       629   -115      745
  SINCE DEC 1    514                       629   -115      745
  SINCE JUL 1   2007                      2074    -67     2131

 COOLING
  YESTERDAY        0                         0      0        0
  MONTH TO DATE    0                         0      0        0
  SINCE DEC 1      0                         0      0        0
  SINCE JAN 1    812                       915   -103     1005
..................................................................


WIND (MPH)
  HIGHEST WIND SPEED    38   HIGHEST WIND DIRECTION    NW (330)
  HIGHEST GUST SPEED    48   HIGHEST GUST DIRECTION    NW (320)
  AVERAGE WIND SPEED    17.1


SKY COVER
  POSSIBLE SUNSHINE  MM
  AVERAGE SKY COVER 1.0


WEATHER CONDITIONS
 THE FOLLOWING WEATHER WAS RECORDED YESTERDAY.
  LIGHT SNOW
  FOG


RELATIVE HUMIDITY (PERCENT)
 HIGHEST    88           100 AM
 LOWEST     77          1000 AM
 AVERAGE    83

..........................................................


THE NORFOLK, NEBRASKA CLIMATE NORMALS FOR TODAY
                         NORMAL    RECORD    YEAR
 MAXIMUM TEMPERATURE (F)   33        66      1980
 MINIMUM TEMPERATURE (F)   14       -15      1981


SUNRISE AND SUNSET
DECEMBER 17 2014......SUNRISE   752 AM CST   SUNSET   500 PM CST
DECEMBER 18 2014......SUNRISE   753 AM CST   SUNSET   500 PM CST


-  INDICATES NEGATIVE NUMBERS.
R  INDICATES RECORD WAS SET OR TIED.
MM INDICATES DATA IS MISSING.
T  INDICATES TRACE AMOUNT.




$$
