000
CDUS43 KOAX 292149
CLIOFK


CLIMATE REPORT
NATIONAL WEATHER SERVICE OMAHA NEBRASKA
449 PM CDT TUE JUL 29 2014


...................................

...THE NORFOLK, NEBRASKA CLIMATE SUMMARY FOR JULY 29 2014...
VALID TODAY AS OF 400 PM LOCAL TIME.

CLIMATE NORMAL PERIOD 1981 TO 2010
CLIMATE RECORD PERIOD 1888 TO 2014


WEATHER ITEM   OBSERVED TIME   RECORD YEAR NORMAL DEPARTURE LAST
                VALUE   (LST)  VALUE       VALUE  FROM      YEAR
                                                  NORMAL
..................................................................
TEMPERATURE (F)
 TODAY
  MAXIMUM         79    136 PM 109    1947  86     -7       64
  MINIMUM         52    423 AM  48    1971  64    -12       58
  AVERAGE         66                        75     -9       61

PRECIPITATION (IN)
  TODAY            0.00          2.24 1922   0.11  -0.11     0.17
  MONTH TO DATE    1.13                      3.12  -1.99     1.23
  SINCE JUN 1     12.52                      7.38   5.14     3.41
  SINCE JAN 1     18.01                     17.08   0.93    14.83

SNOWFALL (IN)
  TODAY            0.0                       0.0    0.0      0.0
  MONTH TO DATE    0.0                       0.0    0.0      0.0
  SINCE JUL 1      0.0                       0.0    0.0      0.0
  SNOW DEPTH       0

DEGREE DAYS
 HEATING
  TODAY            0                         0      0        4
  MONTH TO DATE   12                         0     12       13
  SINCE JUN 1     37                        30      7       55
  SINCE JUL 1     12                         0     12       13

 COOLING
  TODAY            1                        10     -9        0
  MONTH TO DATE  188                       288   -100      279
  SINCE JUN 1    382                       474    -92      462
  SINCE JAN 1    479                       535    -56      526
..................................................................


WIND (MPH)
  HIGHEST WIND SPEED    14   HIGHEST WIND DIRECTION     N (010)
  HIGHEST GUST SPEED    16   HIGHEST GUST DIRECTION     N (360)
  AVERAGE WIND SPEED     4.1


SKY COVER
  POSSIBLE SUNSHINE  MM
  AVERAGE SKY COVER 0.1


WEATHER CONDITIONS
 THE FOLLOWING WEATHER WAS RECORDED TODAY.
  NO SIGNIFICANT WEATHER WAS OBSERVED.


RELATIVE HUMIDITY (PERCENT)
 HIGHEST    93          1200 AM
 LOWEST     39           100 PM
 AVERAGE    66

..........................................................


THE NORFOLK, NEBRASKA CLIMATE NORMALS FOR TOMORROW
                         NORMAL    RECORD    YEAR
 MAXIMUM TEMPERATURE (F)   86       104      1935
 MINIMUM TEMPERATURE (F)   64        42      1971


SUNRISE AND SUNSET
JULY 29 2014..........SUNRISE   620 AM CDT   SUNSET   851 PM CDT
JULY 30 2014..........SUNRISE   621 AM CDT   SUNSET   850 PM CDT


-  INDICATES NEGATIVE NUMBERS.
R  INDICATES RECORD WAS SET OR TIED.
MM INDICATES DATA IS MISSING.
T  INDICATES TRACE AMOUNT.




$$

KLISH
