000
CDUS43 KOAX 200711
CLIOFK


CLIMATE REPORT
NATIONAL WEATHER SERVICE OMAHA NEBRASKA
110 AM CST TUE FEB 20 2018


...................................

...THE NORFOLK, NEBRASKA CLIMATE SUMMARY FOR FEBRUARY 19 2018...

CLIMATE NORMAL PERIOD 1981 TO 2010
CLIMATE RECORD PERIOD 1888 TO 2018


WEATHER ITEM   OBSERVED TIME   RECORD YEAR NORMAL DEPARTURE LAST
                VALUE   (LST)  VALUE       VALUE  FROM      YEAR
                                                  NORMAL
..................................................................
TEMPERATURE (F)
 YESTERDAY
  MAXIMUM         26   1258 AM  72    1930  38    -12       70
  MINIMUM         15   1159 PM -25    1936  18     -3       39
  AVERAGE         21                        28     -7       55

PRECIPITATION (IN)
  YESTERDAY        T             0.64 1971   0.02  -0.02     0.00
  MONTH TO DATE    0.41                      0.48  -0.07     0.45
  SINCE DEC 1      1.80                      1.82  -0.02     2.54
  SINCE JAN 1      1.48                      1.07   0.41     1.70

SNOWFALL (IN)
  YESTERDAY        T                         0.2   -0.2      0.0
  MONTH TO DATE    4.4                       3.9    0.5      5.0
  SINCE JUL 1     25.8                      21.2    4.6     22.1
  SNOW DEPTH       0

DEGREE DAYS
 HEATING
  YESTERDAY       44                        37      7       10
  MONTH TO DATE  908                       750    158      595
  SINCE DEC 1   3516                      3327    189     3148
  SINCE JUL 1   4822                      4772     50     4193

 COOLING
  YESTERDAY        0                         0      0        0
  MONTH TO DATE    0                         0      0        0
  SINCE DEC 1      0                         0      0        0
  SINCE JAN 1      0                         0      0        0
..................................................................


WIND (MPH)
  HIGHEST WIND SPEED    25   HIGHEST WIND DIRECTION     N (360)
  HIGHEST GUST SPEED    44   HIGHEST GUST DIRECTION     N (350)
  AVERAGE WIND SPEED    14.2


SKY COVER
  POSSIBLE SUNSHINE  MM
  AVERAGE SKY COVER 1.0


WEATHER CONDITIONS
 THE FOLLOWING WEATHER WAS RECORDED YESTERDAY.
  LT FREEZING RAIN
  LIGHT SNOW
  FOG


RELATIVE HUMIDITY (PERCENT)
 HIGHEST    92           300 AM
 LOWEST     80           300 PM
 AVERAGE    86

..........................................................


THE NORFOLK, NEBRASKA CLIMATE NORMALS FOR TODAY
                         NORMAL    RECORD    YEAR
 MAXIMUM TEMPERATURE (F)   38        66      1930
 MINIMUM TEMPERATURE (F)   18       -16      1918


SUNRISE AND SUNSET
FEBRUARY 20 2018......SUNRISE   718 AM CST   SUNSET   609 PM CST
FEBRUARY 21 2018......SUNRISE   717 AM CST   SUNSET   610 PM CST


-  INDICATES NEGATIVE NUMBERS.
R  INDICATES RECORD WAS SET OR TIED.
MM INDICATES DATA IS MISSING.
T  INDICATES TRACE AMOUNT.




$$
