000
CDUS43 KOAX 280628
CLIOFK


CLIMATE REPORT
NATIONAL WEATHER SERVICE OMAHA NEBRASKA
128 AM CDT FRI JUL 28 2017


...................................

...THE NORFOLK, NEBRASKA CLIMATE SUMMARY FOR JULY 27 2017...

CLIMATE NORMAL PERIOD 1981 TO 2010
CLIMATE RECORD PERIOD 1888 TO 2017


WEATHER ITEM   OBSERVED TIME   RECORD YEAR NORMAL DEPARTURE LAST
                VALUE   (LST)  VALUE       VALUE  FROM      YEAR
                                                  NORMAL
..................................................................
TEMPERATURE (F)
 YESTERDAY
  MAXIMUM         83    500 PM 108    1935  86     -3       86
                                      1930
  MINIMUM         60    540 AM  47    2005  64     -4       67
  AVERAGE         72                        75     -3       77

PRECIPITATION (IN)
  YESTERDAY        0.00          1.55 1961   0.10  -0.10     0.06
  MONTH TO DATE    2.10                      2.91  -0.81     2.75
  SINCE JUN 1      4.57                      7.17  -2.60     5.96
  SINCE JAN 1     16.18                     16.87  -0.69    22.41

SNOWFALL (IN)
  YESTERDAY        0.0                       0.0    0.0      0.0
  MONTH TO DATE    0.0                       0.0    0.0      0.0
  SINCE JUL 1      0.0                       0.0    0.0      0.0
  SNOW DEPTH       0

DEGREE DAYS
 HEATING
  YESTERDAY        0                         0      0        0
  MONTH TO DATE    0                         0      0        7
  SINCE JUN 1     12                        30    -18       10
  SINCE JUL 1      0                         0      0        7

 COOLING
  YESTERDAY        7                        10     -3       12
  MONTH TO DATE  345                       268     77      267
  SINCE JUN 1    582                       454    128      543
  SINCE JAN 1    610                       515     95      581
..................................................................


WIND (MPH)
  HIGHEST WIND SPEED    14   HIGHEST WIND DIRECTION    NE (30)
  HIGHEST GUST SPEED    17   HIGHEST GUST DIRECTION    NE (30)
  AVERAGE WIND SPEED     6.4


SKY COVER
  POSSIBLE SUNSHINE  MM
  AVERAGE SKY COVER 0.1


WEATHER CONDITIONS
 THE FOLLOWING WEATHER WAS RECORDED YESTERDAY.
  NO SIGNIFICANT WEATHER WAS OBSERVED.


RELATIVE HUMIDITY (PERCENT)
 HIGHEST    97           500 AM
 LOWEST     43           200 PM
 AVERAGE    70

..........................................................


THE NORFOLK, NEBRASKA CLIMATE NORMALS FOR TODAY
                         NORMAL    RECORD    YEAR
 MAXIMUM TEMPERATURE (F)   86       105      1935
 MINIMUM TEMPERATURE (F)   64        44      2013


SUNRISE AND SUNSET
JULY 28 2017..........SUNRISE   620 AM CDT   SUNSET   852 PM CDT
JULY 29 2017..........SUNRISE   621 AM CDT   SUNSET   851 PM CDT


-  INDICATES NEGATIVE NUMBERS.
R  INDICATES RECORD WAS SET OR TIED.
MM INDICATES DATA IS MISSING.
T  INDICATES TRACE AMOUNT.




$$
