000
CDUS43 KOAX 020647
CLIOFK


CLIMATE REPORT
NATIONAL WEATHER SERVICE OMAHA NEBRASKA
146 AM CDT THU JUL 2 2015


...................................

...THE NORFOLK, NEBRASKA CLIMATE SUMMARY FOR JULY 1 2015...

CLIMATE NORMAL PERIOD 1981 TO 2010
CLIMATE RECORD PERIOD 1888 TO 2015


WEATHER ITEM   OBSERVED TIME   RECORD YEAR NORMAL DEPARTURE LAST
                VALUE   (LST)  VALUE       VALUE  FROM      YEAR
                                                  NORMAL
..................................................................
TEMPERATURE (F)
 YESTERDAY
  MAXIMUM         82    338 PM 102    1925  86     -4       74
  MINIMUM         64    514 AM  44    1995  63      1       57
  AVERAGE         73                        74     -1       66

PRECIPITATION (IN)
  YESTERDAY        0.00          1.40 1949   0.12  -0.12     0.00
  MONTH TO DATE    0.00                      0.12  -0.12     0.00
  SINCE JUN 1      4.60                      4.38   0.22    11.39
  SINCE JAN 1     11.56                     14.08  -2.52    16.88

SNOWFALL (IN)
  YESTERDAY        0.0                       0.0    0.0      0.0
  MONTH TO DATE    0.0                       0.0    0.0      0.0
  SINCE JUL 1      0.0                       0.0    0.0      0.0
  SNOW DEPTH       0

DEGREE DAYS
 HEATING
  YESTERDAY        0                         0      0        0
  MONTH TO DATE    0                         0      0        0
  SINCE JUN 1      3                        30    -27       25
  SINCE JUL 1      0                         0      0        0

 COOLING
  YESTERDAY        8                         9     -1        1
  MONTH TO DATE    8                         9     -1        1
  SINCE JUN 1    194                       195     -1      195
  SINCE JAN 1    227                       256    -29      292
..................................................................


WIND (MPH)
  HIGHEST WIND SPEED    15   HIGHEST WIND DIRECTION     E (090)
  HIGHEST GUST SPEED    21   HIGHEST GUST DIRECTION     E (070)
  AVERAGE WIND SPEED     8.4


SKY COVER
  POSSIBLE SUNSHINE  MM
  AVERAGE SKY COVER 0.4


WEATHER CONDITIONS
 THE FOLLOWING WEATHER WAS RECORDED YESTERDAY.
  FOG
  HAZE


RELATIVE HUMIDITY (PERCENT)
 HIGHEST   100           300 AM
 LOWEST     62           300 PM
 AVERAGE    81

..........................................................


THE NORFOLK, NEBRASKA CLIMATE NORMALS FOR TODAY
                         NORMAL    RECORD    YEAR
 MAXIMUM TEMPERATURE (F)   86       104      1990
 MINIMUM TEMPERATURE (F)   63        44      1924


SUNRISE AND SUNSET
JULY  2 2015..........SUNRISE   558 AM CDT   SUNSET   909 PM CDT
JULY  3 2015..........SUNRISE   559 AM CDT   SUNSET   909 PM CDT


-  INDICATES NEGATIVE NUMBERS.
R  INDICATES RECORD WAS SET OR TIED.
MM INDICATES DATA IS MISSING.
T  INDICATES TRACE AMOUNT.




$$
