000
CDUS43 KOAX 260653
CLIOFK


CLIMATE REPORT
NATIONAL WEATHER SERVICE OMAHA NEBRASKA
152 AM CDT THU MAR 26 2015


...................................

...THE NORFOLK, NEBRASKA CLIMATE SUMMARY FOR MARCH 25 2015...

CLIMATE NORMAL PERIOD 1981 TO 2010
CLIMATE RECORD PERIOD 1888 TO 2015


WEATHER ITEM   OBSERVED TIME   RECORD YEAR NORMAL DEPARTURE LAST
                VALUE   (LST)  VALUE       VALUE  FROM      YEAR
                                                  NORMAL
..................................................................
TEMPERATURE (F)
 YESTERDAY
  MAXIMUM         48    442 PM  83    1910  53     -5       38
  MINIMUM         31   1149 PM  -1    1894  29      2       19
  AVERAGE         40                        41     -1       29

PRECIPITATION (IN)
  YESTERDAY        0.00          1.43 1995   0.07  -0.07     0.00
  MONTH TO DATE    0.68                      1.32  -0.64     0.34
  SINCE MAR 1      0.68                      1.32  -0.64     0.34
  SINCE JAN 1      1.56                      2.67  -1.11     0.90

SNOWFALL (IN)
  YESTERDAY        0.0                       0.2   -0.2      0.0
  MONTH TO DATE    T                         4.2   -4.2      4.0
  SINCE JUL 1     20.3                      27.0   -6.7     15.4
  SNOW DEPTH       0

DEGREE DAYS
 HEATING
  YESTERDAY       25                        24      1       36
  MONTH TO DATE  557                       720   -163      808
  SINCE MAR 1    557                       720   -163      808
  SINCE JUL 1   5603                      5813   -210     6158

 COOLING
  YESTERDAY        0                         0      0        0
  MONTH TO DATE    0                         0      0        0
  SINCE MAR 1      0                         0      0        0
  SINCE JAN 1      0                         0      0        0
..................................................................


WIND (MPH)
  HIGHEST WIND SPEED    28   HIGHEST WIND DIRECTION    NW (330)
  HIGHEST GUST SPEED    33   HIGHEST GUST DIRECTION    NW (330)
  AVERAGE WIND SPEED    15.0


SKY COVER
  POSSIBLE SUNSHINE  MM
  AVERAGE SKY COVER 0.4


WEATHER CONDITIONS
 THE FOLLOWING WEATHER WAS RECORDED YESTERDAY.
  FOG


RELATIVE HUMIDITY (PERCENT)
 HIGHEST   100           100 AM
 LOWEST     45           300 PM
 AVERAGE    73

..........................................................


THE NORFOLK, NEBRASKA CLIMATE NORMALS FOR TODAY
                         NORMAL    RECORD    YEAR
 MAXIMUM TEMPERATURE (F)   53        86      2012
 MINIMUM TEMPERATURE (F)   30        -4      1965


SUNRISE AND SUNSET
MARCH 26 2015.........SUNRISE   723 AM CDT   SUNSET   748 PM CDT
MARCH 27 2015.........SUNRISE   721 AM CDT   SUNSET   750 PM CDT


-  INDICATES NEGATIVE NUMBERS.
R  INDICATES RECORD WAS SET OR TIED.
MM INDICATES DATA IS MISSING.
T  INDICATES TRACE AMOUNT.




$$
