589
CDUS42 KCAE 052251
CLIOGB


CLIMATE REPORT
NATIONAL WEATHER SERVICE COLUMBIA SC
549 PM EST MON DEC 5 2016


...................................

...THE ORANGEBURG AIRPORT SC CLIMATE SUMMARY FOR DECEMBER 5 2016...
VALID TODAY AS OF 0500 PM LOCAL TIME.

CLIMATE NORMAL PERIOD 1981 TO 2010
CLIMATE RECORD PERIOD 9999 TO 9999


WEATHER ITEM   OBSERVED TIME   NORMAL DEPARTURE LAST
                VALUE   (LST)  VALUE  FROM      YEAR
                                      NORMAL
......................................................
TEMPERATURE (F)
 TODAY
  MAXIMUM         60    245 PM  62     -2       65
  MINIMUM         46    844 AM  39      7       44
  AVERAGE         53            50      3       55

PRECIPITATION (IN)
  TODAY            0.31          0.13   0.18     0.00
  MONTH TO DATE    0.58          0.67  -0.09     1.03
  SINCE DEC 1      0.58          0.67  -0.09     1.03
  SINCE JAN 1     41.98         44.08  -2.10    51.74

DEGREE DAYS
 HEATING
  TODAY           12            15     -3       10
  MONTH TO DATE   72            72      0       35
  SINCE DEC 1     72            72      0       35
  SINCE JUL 1    377           441    -64      256

 COOLING
  TODAY            0             0      0        0
  MONTH TO DATE    0             0      0        0
  SINCE DEC 1      0             0      0        0
  SINCE JAN 1   2558          2102    456     2432
......................................................


WIND (MPH)
  HIGHEST WIND SPEED    14   HIGHEST WIND DIRECTION     N (340)
  HIGHEST GUST SPEED    20   HIGHEST GUST DIRECTION     N (350)
  AVERAGE WIND SPEED     4.1


SKY COVER
  AVERAGE SKY COVER 0.9


WEATHER CONDITIONS
 THE FOLLOWING WEATHER WAS RECORDED TODAY.
  RAIN
  LIGHT RAIN
  FOG


RELATIVE HUMIDITY (PERCENT)
 HIGHEST    93          1200 AM
 LOWEST     75           300 PM

..........................................................


THE ORANGEBURG AIRPORT SC CLIMATE NORMALS FOR TOMORROW
                         NORMAL
 MAXIMUM TEMPERATURE (F)   61
 MINIMUM TEMPERATURE (F)   39


SUNRISE AND SUNSET
DECEMBER  5 2016......SUNRISE   713 AM EST   SUNSET   515 PM EST
DECEMBER  6 2016......SUNRISE   714 AM EST   SUNSET   515 PM EST


-  INDICATES NEGATIVE NUMBERS.
R  INDICATES RECORD WAS SET OR TIED.
MM INDICATES DATA IS MISSING.
T  INDICATES TRACE AMOUNT.




$$
