000
CDUS42 KCAE 170638
CLIOGB


CLIMATE REPORT
NATIONAL WEATHER SERVICE COLUMBIA SC
138 AM EST SUN DEC 17 2017


...................................

...THE ORANGEBURG AIRPORT SC CLIMATE SUMMARY FOR DECEMBER 16 2017...

CLIMATE NORMAL PERIOD 1981 TO 2010
CLIMATE RECORD PERIOD 9999 TO 9999


WEATHER ITEM   OBSERVED TIME   NORMAL DEPARTURE LAST
                VALUE   (LST)  VALUE  FROM      YEAR
                                      NORMAL
......................................................
TEMPERATURE (F)
 YESTERDAY
  MAXIMUM         54    355 PM  58     -4       39
  MINIMUM         28    737 AM  37     -9       29
  AVERAGE         41            48     -7       34

PRECIPITATION (IN)
  YESTERDAY        0.00          0.12  -0.12     0.00
  MONTH TO DATE    0.13          1.79  -1.66     3.65
  SINCE DEC 1      0.13          1.79  -1.66     3.65
  SINCE JAN 1     37.03         45.20  -8.17    45.05

DEGREE DAYS
 HEATING
  YESTERDAY       24            18      6       31
  MONTH TO DATE  257           253      4      267
  SINCE DEC 1    257           253      4      267
  SINCE JUL 1    621           622     -1      572

 COOLING
  YESTERDAY        0             0      0        0
  MONTH TO DATE    0             0      0        0
  SINCE DEC 1      0             0      0        0
  SINCE JAN 1   2410          2102    308     2558
......................................................


WIND (MPH)
  HIGHEST WIND SPEED    10   HIGHEST WIND DIRECTION     E (70)
  HIGHEST GUST SPEED    13   HIGHEST GUST DIRECTION     E (80)
  AVERAGE WIND SPEED     2.3


SKY COVER
  AVERAGE SKY COVER 0.0


WEATHER CONDITIONS
 THE FOLLOWING WEATHER WAS RECORDED YESTERDAY.
  FOG


RELATIVE HUMIDITY (PERCENT)
 HIGHEST    89           900 PM
 LOWEST     38           200 PM

..........................................................


THE ORANGEBURG AIRPORT SC CLIMATE NORMALS FOR TODAY
                         NORMAL    RECORD    YEAR
 MAXIMUM TEMPERATURE (F)   58        MM        MM
 MINIMUM TEMPERATURE (F)   37        MM        MM


SUNRISE AND SUNSET
DECEMBER 17 2017......SUNRISE   721 AM EST   SUNSET   518 PM EST
DECEMBER 18 2017......SUNRISE   722 AM EST   SUNSET   518 PM EST


-  INDICATES NEGATIVE NUMBERS.
R  INDICATES RECORD WAS SET OR TIED.
MM INDICATES DATA IS MISSING.
T  INDICATES TRACE AMOUNT.




$$
