000
CDUS42 KCAE 220532
CLIOGB


CLIMATE REPORT
NATIONAL WEATHER SERVICE COLUMBIA SC
1231 AM EST SUN JAN 22 2017


...................................

...THE ORANGEBURG AIRPORT SC CLIMATE SUMMARY FOR JANUARY 21 2017...

CLIMATE NORMAL PERIOD 1981 TO 2010
CLIMATE RECORD PERIOD 9999 TO 9999


WEATHER ITEM   OBSERVED TIME   NORMAL DEPARTURE LAST
                VALUE   (LST)  VALUE  FROM      YEAR
                                      NORMAL
......................................................
TEMPERATURE (F)
 YESTERDAY
  MAXIMUM         70    232 PM  57     13       51
  MINIMUM         58   1244 AM  36     22       35
  AVERAGE         64            46     18       43

PRECIPITATION (IN)
  YESTERDAY        1.50          0.13   1.37      T
  MONTH TO DATE    3.88          2.52   1.36     1.04
  SINCE DEC 1      8.28          5.84   2.44     5.83
  SINCE JAN 1      3.88          2.52   1.36     1.04

DEGREE DAYS
 HEATING
  YESTERDAY        1            19    -18       22
  MONTH TO DATE  214           411   -197      418
  SINCE DEC 1    661           946   -285      569
  SINCE JUL 1    966          1315   -349      790

 COOLING
  YESTERDAY        0             0      0        0
  MONTH TO DATE    7             0      7        0
  SINCE DEC 1     11             4      7       69
  SINCE JAN 1      7             0      7        0
......................................................


WIND (MPH)
  HIGHEST WIND SPEED    16   HIGHEST WIND DIRECTION    SE (130)
  HIGHEST GUST SPEED    26   HIGHEST GUST DIRECTION     E (70)
  AVERAGE WIND SPEED     5.3


SKY COVER
  AVERAGE SKY COVER 0.8


WEATHER CONDITIONS
 THE FOLLOWING WEATHER WAS RECORDED YESTERDAY.
  THUNDERSTORM
  HEAVY RAIN
  RAIN
  LIGHT RAIN
  FOG
  FOG W/VISIBILITY <= 1/4 MILE


RELATIVE HUMIDITY (PERCENT)
 HIGHEST   100           100 AM
 LOWEST     84           200 PM

..........................................................


THE ORANGEBURG AIRPORT SC CLIMATE NORMALS FOR TODAY
                         NORMAL    RECORD    YEAR
 MAXIMUM TEMPERATURE (F)   57        MM        MM
 MINIMUM TEMPERATURE (F)   36        MM        MM


SUNRISE AND SUNSET
JANUARY 22 2017.......SUNRISE   725 AM EST   SUNSET   545 PM EST
JANUARY 23 2017.......SUNRISE   725 AM EST   SUNSET   546 PM EST


-  INDICATES NEGATIVE NUMBERS.
R  INDICATES RECORD WAS SET OR TIED.
MM INDICATES DATA IS MISSING.
T  INDICATES TRACE AMOUNT.




$$
