000
CDHW42 PHFO 290226
CLIOGG


CLIMATE REPORT
NATIONAL WEATHER SERVICE HONOLULU HI
425 PM HST TUE JUL 28 2015


...................................

...THE KAHULUI HI CLIMATE SUMMARY FOR JULY 28 2015...
VALID TODAY AS OF 0400 PM LOCAL TIME.

CLIMATE NORMAL PERIOD 1981 TO 2010
CLIMATE RECORD PERIOD 1946 TO 2015


WEATHER ITEM   OBSERVED TIME   RECORD YEAR NORMAL DEPARTURE LAST
                VALUE   (LST)  VALUE       VALUE  FROM      YEAR
                                                  NORMAL
..................................................................
TEMPERATURE (F)
 TODAY
  MAXIMUM         95R   136 PM  95    1949  88      7       90
  MINIMUM         71    621 AM  61    1952  72     -1       70
  AVERAGE         83                        80      3       80

PRECIPITATION (IN)
  TODAY            0.01          0.12 2005   0.02  -0.01     0.00
  MONTH TO DATE    0.84                      0.44   0.40     0.89
  SINCE JUN 1      0.94                      0.64   0.30     1.18
  SINCE JAN 1     19.90                     10.14   9.76    15.14

SNOWFALL (IN)
  TODAY            0.0
  MONTH TO DATE    0.0
  SINCE JUN 1      0.0
  SINCE JUL 1      0.0
  SNOW DEPTH       0

DEGREE DAYS
 HEATING
  TODAY            0                         0      0        0
  MONTH TO DATE    0                         0      0        0
  SINCE JUN 1      0                         0      0        0
  SINCE JUL 1      0                         0      0        0

 COOLING
  TODAY           18                        15      3       15
  MONTH TO DATE  473                       394     79      439
  SINCE JUN 1    889                       782    107      858
  SINCE JAN 1   2216                      2041    175     2354
..................................................................


WIND (MPH)
  HIGHEST WIND SPEED    18   HIGHEST WIND DIRECTION    NE (50)
  HIGHEST GUST SPEED    22   HIGHEST GUST DIRECTION    NE (50)
  AVERAGE WIND SPEED     8.1


SKY COVER
  POSSIBLE SUNSHINE  MM
  AVERAGE SKY COVER 0.2


WEATHER CONDITIONS
 THE FOLLOWING WEATHER WAS RECORDED TODAY.
  NO SIGNIFICANT WEATHER WAS OBSERVED.


RELATIVE HUMIDITY (PERCENT)
 HIGHEST    84           100 AM
 LOWEST     44          1200 PM
 AVERAGE    64

..........................................................


THE KAHULUI HI CLIMATE NORMALS FOR TOMORROW
                         NORMAL    RECORD    YEAR
 MAXIMUM TEMPERATURE (F)   88        92      1997
                                             1980
                                             1953
 MINIMUM TEMPERATURE (F)   72        62      1965


SUNRISE AND SUNSET
JULY 28 2015..........SUNRISE   558 AM HST   SUNSET   706 PM HST
JULY 29 2015..........SUNRISE   559 AM HST   SUNSET   705 PM HST


-  INDICATES NEGATIVE NUMBERS.
R  INDICATES RECORD WAS SET OR TIED.
MM INDICATES DATA IS MISSING.
T  INDICATES TRACE AMOUNT.




$$
