000
CDHW42 PHFO 260238
CLIOGG


CLIMATE REPORT
NATIONAL WEATHER SERVICE HONOLULU HI
437 PM HST THU AUG 25 2016


...................................

...THE KAHULUI HI CLIMATE SUMMARY FOR AUGUST 25 2016...
VALID TODAY AS OF 0400 PM LOCAL TIME.

CLIMATE NORMAL PERIOD 1981 TO 2010
CLIMATE RECORD PERIOD 1946 TO 2016


WEATHER ITEM   OBSERVED TIME   RECORD YEAR NORMAL DEPARTURE LAST
                VALUE   (LST)  VALUE       VALUE  FROM      YEAR
                                                  NORMAL
..................................................................
TEMPERATURE (F)
 TODAY
  MAXIMUM         90    149 PM  94    1996  88      2       92
  MINIMUM         75    131 AM  62    1971  71      4       73
  AVERAGE         83                        80      3       83

PRECIPITATION (IN)
  TODAY            0.00          0.12 1957   0.01  -0.01      T
  MONTH TO DATE    0.34                      0.42  -0.08     0.64
  SINCE JUN 1      1.86                      1.12   0.74     1.60
  SINCE JAN 1      9.59                     10.62  -1.03    20.56

SNOWFALL (IN)
  TODAY            0.0
  MONTH TO DATE    0.0
  SINCE JUN 1      0.0
  SINCE JUL 1      0.0
  SNOW DEPTH       0

DEGREE DAYS
 HEATING
  TODAY            0                         0      0        0
  MONTH TO DATE    0                         0      0        0
  SINCE JUN 1      0                         0      0        0
  SINCE JUL 1      0                         0      0        0

 COOLING
  TODAY           18                        15      3       18
  MONTH TO DATE  401                       375     26      403
  SINCE JUN 1   1314                      1202    112     1313
  SINCE JAN 1   2803                      2461    342     2635
..................................................................


WIND (MPH)
  HIGHEST WIND SPEED    32   HIGHEST WIND DIRECTION    NE (30)
  HIGHEST GUST SPEED    36   HIGHEST GUST DIRECTION    NE (40)
  AVERAGE WIND SPEED    15.9


SKY COVER
  POSSIBLE SUNSHINE  MM
  AVERAGE SKY COVER 0.3


WEATHER CONDITIONS
 THE FOLLOWING WEATHER WAS RECORDED TODAY.
  NO SIGNIFICANT WEATHER WAS OBSERVED.


RELATIVE HUMIDITY (PERCENT)
 HIGHEST    82          1200 AM
 LOWEST     52          1200 PM
 AVERAGE    67

..........................................................


THE KAHULUI HI CLIMATE NORMALS FOR TOMORROW
                         NORMAL    RECORD    YEAR
 MAXIMUM TEMPERATURE (F)   88        93      1984
 MINIMUM TEMPERATURE (F)   71        62      1964


SUNRISE AND SUNSET
AUGUST 25 2016........SUNRISE   608 AM HST   SUNSET   647 PM HST
AUGUST 26 2016........SUNRISE   608 AM HST   SUNSET   646 PM HST


-  INDICATES NEGATIVE NUMBERS.
R  INDICATES RECORD WAS SET OR TIED.
MM INDICATES DATA IS MISSING.
T  INDICATES TRACE AMOUNT.




$$
