000
CDHW42 PHFO 230232
CLIOGG


CLIMATE REPORT
NATIONAL WEATHER SERVICE HONOLULU HI
430 PM HST WED MAR 22 2017


...................................

...THE KAHULUI HI CLIMATE SUMMARY FOR MARCH 22 2017...
VALID TODAY AS OF 0400 PM LOCAL TIME.

CLIMATE NORMAL PERIOD 1981 TO 2010
CLIMATE RECORD PERIOD 1946 TO 2017


WEATHER ITEM   OBSERVED TIME   RECORD YEAR NORMAL DEPARTURE LAST
                VALUE   (LST)  VALUE       VALUE  FROM      YEAR
                                                  NORMAL
..................................................................
TEMPERATURE (F)
 TODAY
  MAXIMUM         86    347 PM  88    1953  82      4       84
  MINIMUM         63    629 AM  55    2002  65     -2       65
  AVERAGE         75                        73      2       75

PRECIPITATION (IN)
  TODAY            0.00          2.94 1951   0.08  -0.08     0.00
  MONTH TO DATE    4.14                      1.71   2.43     0.57
  SINCE MAR 1      4.14                      1.71   2.43     0.57
  SINCE JAN 1      6.62                      6.47   0.15     2.12

SNOWFALL (IN)
  TODAY            0.0
  MONTH TO DATE    0.0
  SINCE MAR 1      0.0
  SINCE JUL 1      0.0
  SNOW DEPTH       0

DEGREE DAYS
 HEATING
  TODAY            0                         0      0        0
  MONTH TO DATE    0                         0      0        0
  SINCE MAR 1      0                         0      0        0
  SINCE JUL 1      0                         0      0        0

 COOLING
  TODAY           10                         8      2       10
  MONTH TO DATE  222                       168     54      191
  SINCE MAR 1    222                       168     54      191
  SINCE JAN 1    693                       577    116      659
..................................................................


WIND (MPH)
  HIGHEST WIND SPEED    21   HIGHEST WIND DIRECTION    NE (30)
  HIGHEST GUST SPEED    28   HIGHEST GUST DIRECTION    NE (50)
  AVERAGE WIND SPEED     9.9


SKY COVER
  POSSIBLE SUNSHINE  MM
  AVERAGE SKY COVER 0.2


WEATHER CONDITIONS
 THE FOLLOWING WEATHER WAS RECORDED TODAY.
  NO SIGNIFICANT WEATHER WAS OBSERVED.


RELATIVE HUMIDITY (PERCENT)
 HIGHEST    87           700 AM
 LOWEST     48           200 PM
 AVERAGE    68

..........................................................


THE KAHULUI HI CLIMATE NORMALS FOR TOMORROW
                         NORMAL    RECORD    YEAR
 MAXIMUM TEMPERATURE (F)   82        90      1952
 MINIMUM TEMPERATURE (F)   65        57      1990


SUNRISE AND SUNSET
MARCH 22 2017.........SUNRISE   628 AM HST   SUNSET   638 PM HST
MARCH 23 2017.........SUNRISE   627 AM HST   SUNSET   638 PM HST


-  INDICATES NEGATIVE NUMBERS.
R  INDICATES RECORD WAS SET OR TIED.
MM INDICATES DATA IS MISSING.
T  INDICATES TRACE AMOUNT.




$$
