000
CDHW42 PHFO 131245
CLIOGG


CLIMATE REPORT
NATIONAL WEATHER SERVICE HONOLULU HI
245 AM HST SAT FEB 13 2016


...................................

...THE KAHULUI HI CLIMATE SUMMARY FOR FEBRUARY 12 2016...

CLIMATE NORMAL PERIOD 1981 TO 2010
CLIMATE RECORD PERIOD 1946 TO 2016


WEATHER ITEM   OBSERVED TIME   RECORD YEAR NORMAL DEPARTURE LAST
                VALUE   (LST)  VALUE       VALUE  FROM      YEAR
                                                  NORMAL
..................................................................
TEMPERATURE (F)
 YESTERDAY
  MAXIMUM         85   1215 PM  89    1998  81      4       81
  MINIMUM         59    707 AM  52    1995  63     -4       61
                                      1970
  AVERAGE         72                        72      0       71

PRECIPITATION (IN)
  YESTERDAY        0.00          1.17 1959   0.06  -0.06     0.00
  MONTH TO DATE    0.27                      0.85  -0.58     0.50
  SINCE DEC 1      1.55                      7.07  -5.52     5.86
  SINCE JAN 1      0.82                      3.72  -2.90     1.62

SNOWFALL (IN)
  YESTERDAY        0.0
  MONTH TO DATE    0.0
  SINCE DEC 1      0.0
  SINCE JUL 1      0.0
  SNOW DEPTH       0

DEGREE DAYS
 HEATING
  YESTERDAY        0                         0      0        0
  MONTH TO DATE    0                         0      0        0
  SINCE DEC 1      0                         0      0        0
  SINCE JUL 1      0                         0      0        0

 COOLING
  YESTERDAY        7                         7      0        6
  MONTH TO DATE   84                        84      0       85
  SINCE DEC 1    632                       560     72      526
  SINCE JAN 1    317                       301     16      266
..................................................................


WIND (MPH)
  HIGHEST WIND SPEED    21   HIGHEST WIND DIRECTION     E (70)
  HIGHEST GUST SPEED    30   HIGHEST GUST DIRECTION    NE (50)
  AVERAGE WIND SPEED     6.7


SKY COVER
  POSSIBLE SUNSHINE  MM
  AVERAGE SKY COVER 0.2


WEATHER CONDITIONS
 THE FOLLOWING WEATHER WAS RECORDED YESTERDAY.
  NO SIGNIFICANT WEATHER WAS OBSERVED.


RELATIVE HUMIDITY (PERCENT)
 HIGHEST    90           600 AM
 LOWEST     45          1100 AM
 AVERAGE    68

..........................................................


THE KAHULUI HI CLIMATE NORMALS FOR TODAY
                         NORMAL    RECORD    YEAR
 MAXIMUM TEMPERATURE (F)   81        88      1994
 MINIMUM TEMPERATURE (F)   63        56      2008
                                             1970


SUNRISE AND SUNSET
FEBRUARY 13 2016......SUNRISE   657 AM HST   SUNSET   623 PM HST
FEBRUARY 14 2016......SUNRISE   657 AM HST   SUNSET   624 PM HST


-  INDICATES NEGATIVE NUMBERS.
R  INDICATES RECORD WAS SET OR TIED.
MM INDICATES DATA IS MISSING.
T  INDICATES TRACE AMOUNT.




$$
