908
CDHW42 PHFO 281245
CLIOGG


CLIMATE REPORT
NATIONAL WEATHER SERVICE HONOLULU HI
245 AM HST THU JUL 28 2016


...................................

...THE KAHULUI HI CLIMATE SUMMARY FOR JULY 27 2016...

CLIMATE NORMAL PERIOD 1981 TO 2010
CLIMATE RECORD PERIOD 1946 TO 2016


WEATHER ITEM   OBSERVED TIME   RECORD YEAR NORMAL DEPARTURE LAST
                VALUE   (LST)  VALUE       VALUE  FROM      YEAR
                                                  NORMAL
..................................................................
TEMPERATURE (F)
 YESTERDAY
  MAXIMUM         90    133 PM  96    1951  88      2       93
  MINIMUM         77    254 AM  59    1971  72      5       70
  AVERAGE         84                        80      4       82

PRECIPITATION (IN)
  YESTERDAY        0.00          0.28 1977   0.02  -0.02     0.00
  MONTH TO DATE    1.01                      0.42   0.59     0.83
  SINCE JUN 1      1.37                      0.62   0.75     0.93
  SINCE JAN 1      9.10                     10.12  -1.02    19.89

SNOWFALL (IN)
  YESTERDAY        0.0
  MONTH TO DATE    0.0
  SINCE JUN 1      0.0
  SINCE JUL 1      0.0
  SNOW DEPTH       0

DEGREE DAYS
 HEATING
  YESTERDAY        0                         0      0        0
  MONTH TO DATE    0                         0      0        0
  SINCE JUN 1      0                         0      0        0
  SINCE JUL 1      0                         0      0        0

 COOLING
  YESTERDAY       19                        15      4       17
  MONTH TO DATE  421                       379     42      421
  SINCE JUN 1    847                       767     80      837
  SINCE JAN 1   2336                      2026    310     2159
..................................................................


WIND (MPH)
  HIGHEST WIND SPEED    31   HIGHEST WIND DIRECTION    NE (40)
  HIGHEST GUST SPEED    40   HIGHEST GUST DIRECTION    NE (40)
  AVERAGE WIND SPEED    20.7


SKY COVER
  POSSIBLE SUNSHINE  MM
  AVERAGE SKY COVER 0.2


WEATHER CONDITIONS
 THE FOLLOWING WEATHER WAS RECORDED YESTERDAY.
  NO SIGNIFICANT WEATHER WAS OBSERVED.


RELATIVE HUMIDITY (PERCENT)
 HIGHEST    79          1200 AM
 LOWEST     51           400 PM
 AVERAGE    65

..........................................................


THE KAHULUI HI CLIMATE NORMALS FOR TODAY
                         NORMAL    RECORD    YEAR
 MAXIMUM TEMPERATURE (F)   88        95      2015
                                             1949
 MINIMUM TEMPERATURE (F)   72        61      1952


SUNRISE AND SUNSET
JULY 28 2016..........SUNRISE   559 AM HST   SUNSET   706 PM HST
JULY 29 2016..........SUNRISE   559 AM HST   SUNSET   705 PM HST


-  INDICATES NEGATIVE NUMBERS.
R  INDICATES RECORD WAS SET OR TIED.
MM INDICATES DATA IS MISSING.
T  INDICATES TRACE AMOUNT.




$$
