000
CDHW42 PHFO 221245
CLIOGG


CLIMATE REPORT
NATIONAL WEATHER SERVICE HONOLULU HI
245 AM HST TUE JUL 22 2014


...................................

...THE KAHULUI HI CLIMATE SUMMARY FOR JULY 21 2014...

CLIMATE NORMAL PERIOD 1981 TO 2010
CLIMATE RECORD PERIOD 1946 TO 2014


WEATHER ITEM   OBSERVED TIME   RECORD YEAR NORMAL DEPARTURE LAST
                VALUE   (LST)  VALUE       VALUE  FROM      YEAR
                                                  NORMAL
..................................................................
TEMPERATURE (F)
 YESTERDAY
  MAXIMUM         88    321 PM  95    2010  87      1       89
  MINIMUM         70    628 AM  64    2004  71     -1       72
                                      2002
                                      1975
  AVERAGE         79                        79      0       81

PRECIPITATION (IN)
  YESTERDAY        0.04          0.19 1997   0.02   0.02      T
  MONTH TO DATE    0.81                      0.31   0.50     0.06
  SINCE JUN 1      1.10                      0.51   0.59     0.33
  SINCE JAN 1     15.06                     10.01   5.05     7.32

SNOWFALL (IN)
  YESTERDAY        0.0
  MONTH TO DATE    0.0
  SINCE JUN 1      0.0
  SINCE JUL 1      0.0
  SNOW DEPTH       0

DEGREE DAYS
 HEATING
  YESTERDAY        0                         0      0        0
  MONTH TO DATE    0                         0      0        0
  SINCE JUN 1      0                         0      0        0
  SINCE JUL 1      0                         0      0        0

 COOLING
  YESTERDAY       14                        14      0       16
  MONTH TO DATE  332                       294     38      307
  SINCE JUN 1    751                       682     69      749
  SINCE JAN 1   2247                      1941    306     2133
..................................................................


WIND (MPH)
  HIGHEST WIND SPEED    15   HIGHEST WIND DIRECTION    NE (50)
  HIGHEST GUST SPEED    18   HIGHEST GUST DIRECTION    NE (60)
  AVERAGE WIND SPEED     4.6


SKY COVER
  POSSIBLE SUNSHINE  MM
  AVERAGE SKY COVER 0.5


WEATHER CONDITIONS
 THE FOLLOWING WEATHER WAS RECORDED YESTERDAY.
  NO SIGNIFICANT WEATHER WAS OBSERVED.


RELATIVE HUMIDITY (PERCENT)
 HIGHEST   100           500 AM
 LOWEST     68          1200 PM
 AVERAGE    84

..........................................................


THE KAHULUI HI CLIMATE NORMALS FOR TODAY
                         NORMAL    RECORD    YEAR
 MAXIMUM TEMPERATURE (F)   87        96      1951
 MINIMUM TEMPERATURE (F)   71        60      1972


SUNRISE AND SUNSET
JULY 22 2014..........SUNRISE   556 AM HST   SUNSET   708 PM HST
JULY 23 2014..........SUNRISE   556 AM HST   SUNSET   708 PM HST


-  INDICATES NEGATIVE NUMBERS.
R  INDICATES RECORD WAS SET OR TIED.
MM INDICATES DATA IS MISSING.
T  INDICATES TRACE AMOUNT.




$$
