589
CDHW42 PHFO 191245
CLIOGG


CLIMATE REPORT
NATIONAL WEATHER SERVICE HONOLULU HI
245 AM HST FRI JAN 19 2018


...................................

...THE KAHULUI HI CLIMATE SUMMARY FOR JANUARY 18 2018...

CLIMATE NORMAL PERIOD 1981 TO 2010
CLIMATE RECORD PERIOD 1946 TO 2018


WEATHER ITEM   OBSERVED TIME   RECORD YEAR NORMAL DEPARTURE LAST
                VALUE   (LST)  VALUE       VALUE  FROM      YEAR
                                                  NORMAL
..................................................................
TEMPERATURE (F)
 YESTERDAY
  MAXIMUM         81   1258 PM  90    2006  81      0       86
                                      1952
  MINIMUM         68    525 AM  54    2009  63      5       60
                                      1969
  AVERAGE         75                        72      3       73

PRECIPITATION (IN)
  YESTERDAY        T             2.64 1959   0.08  -0.08     0.00
  MONTH TO DATE    T                         1.72  -1.72     0.06
  SINCE DEC 1      7.92                      5.07   2.85     6.65
  SINCE JAN 1      T                         1.72  -1.72     0.06

SNOWFALL (IN)
  YESTERDAY        0.0
  MONTH TO DATE    0.0
  SINCE DEC 1      0.0
  SINCE JUL 1      0.0
  SNOW DEPTH      MM

DEGREE DAYS
 HEATING
  YESTERDAY        0                         0      0        0
  MONTH TO DATE    0                         0      0        0
  SINCE DEC 1      0                         0      0        0
  SINCE JUL 1      0                         0      0        0

 COOLING
  YESTERDAY       10                         7      3        8
  MONTH TO DATE  121                       126     -5      126
  SINCE DEC 1    344                       385    -41      421
  SINCE JAN 1    121                       126     -5      126
..................................................................


WIND (MPH)
  HIGHEST WIND SPEED    36   HIGHEST WIND DIRECTION    NE (60)
  HIGHEST GUST SPEED    49   HIGHEST GUST DIRECTION    NE (60)
  AVERAGE WIND SPEED    22.1


SKY COVER
  POSSIBLE SUNSHINE  MM
  AVERAGE SKY COVER  MM


WEATHER CONDITIONS
 THE FOLLOWING WEATHER WAS RECORDED YESTERDAY.
  FOG


RELATIVE HUMIDITY (PERCENT)
 HIGHEST    MM
 LOWEST     MM
 AVERAGE    MM

..........................................................


THE KAHULUI HI CLIMATE NORMALS FOR TODAY
                         NORMAL    RECORD    YEAR
 MAXIMUM TEMPERATURE (F)   81        88      2006
                                             1996
 MINIMUM TEMPERATURE (F)   63        53      2009
                                             1951


SUNRISE AND SUNSET
JANUARY 19 2018.......SUNRISE   705 AM HST   SUNSET   608 PM HST
JANUARY 20 2018.......SUNRISE   705 AM HST   SUNSET   609 PM HST


-  INDICATES NEGATIVE NUMBERS.
R  INDICATES RECORD WAS SET OR TIED.
MM INDICATES DATA IS MISSING.
T  INDICATES TRACE AMOUNT.




$$
