000
CDUS43 KEAX 290035
CLIOJC


CLIMATE REPORT
NATIONAL WEATHER SERVICE KANSAS CITY/PLEASANT HILL MO
731 PM CDT WED JUN 28 2017


...................................

...THE JOHNSON COUNTY EXECUTIVE KS CLIMATE SUMMARY FOR JUNE 28 2017...
VALID TODAY AS OF 0700 PM LOCAL TIME.

CLIMATE NORMAL PERIOD 1981 TO 2010
CLIMATE RECORD PERIOD 9999 TO 9999


WEATHER ITEM   OBSERVED TIME   NORMAL DEPARTURE LAST
                VALUE   (LST)  VALUE  FROM      YEAR
                                      NORMAL
......................................................
TEMPERATURE (F)
 TODAY
  MAXIMUM         87    413 PM  86      1       83
  MINIMUM         70    620 AM  67      3       69
  AVERAGE         79            76      3       76

PRECIPITATION (IN)
  TODAY            0.00          0.13  -0.13     0.01
  MONTH TO DATE    2.22          5.51  -3.29     1.42
  SINCE JUN 1      2.22          5.51  -3.29     1.42
  SINCE JAN 1     15.58         20.25  -4.67    16.82

DEGREE DAYS
 HEATING
  TODAY            0             0      0        0
  MONTH TO DATE    5             6     -1        0
  SINCE JUN 1      5             6     -1        0
  SINCE JUL 1   4023          4932   -909     4139

 COOLING
  TODAY           14            11      3       11
  MONTH TO DATE  253           235     18      368
  SINCE JUN 1    253           235     18      368
  SINCE JAN 1    349           339     10      422
......................................................


WIND (MPH)
  HIGHEST WIND SPEED    25   HIGHEST WIND DIRECTION     S (200)
  HIGHEST GUST SPEED    35   HIGHEST GUST DIRECTION     S (190)
  AVERAGE WIND SPEED    16.7


SKY COVER
  AVERAGE SKY COVER 0.3


WEATHER CONDITIONS
 THE FOLLOWING WEATHER WAS RECORDED TODAY.
  NO SIGNIFICANT WEATHER WAS OBSERVED.


RELATIVE HUMIDITY (PERCENT)
 HIGHEST    84           400 AM
 LOWEST     55           300 PM
 AVERAGE    70

..........................................................


THE JOHNSON COUNTY EXECUTIVE KS CLIMATE NORMALS FOR TOMORROW
                         NORMAL
 MAXIMUM TEMPERATURE (F)   86
 MINIMUM TEMPERATURE (F)   67


SUNRISE AND SUNSET
JUNE 28 2017..........SUNRISE   556 AM CDT   SUNSET   848 PM CDT
JUNE 29 2017..........SUNRISE   557 AM CDT   SUNSET   848 PM CDT


-  INDICATES NEGATIVE NUMBERS.
R  INDICATES RECORD WAS SET OR TIED.
MM INDICATES DATA IS MISSING.
T  INDICATES TRACE AMOUNT.




$$
