318
CDUS43 KEAX 240631
CLIOJC


CLIMATE REPORT
NATIONAL WEATHER SERVICE KANSAS CITY/PLEASANT HILL MO
131 AM CDT TUE MAY 24 2016


...................................

...THE JOHNSON COUNTY EXECUTIVE KS CLIMATE SUMMARY FOR MAY 23 2016...

CLIMATE NORMAL PERIOD 1981 TO 2010
CLIMATE RECORD PERIOD 9999 TO 9999


WEATHER ITEM   OBSERVED TIME   NORMAL DEPARTURE LAST
                VALUE   (LST)  VALUE  FROM      YEAR
                                      NORMAL
......................................................
TEMPERATURE (F)
 YESTERDAY
  MAXIMUM         69    606 PM  77     -8       66
  MINIMUM         60   1159 PM  57      3       56
  AVERAGE         65            67     -2       61

PRECIPITATION (IN)
  YESTERDAY        1.54          0.17   1.37     1.68
  MONTH TO DATE    4.57          4.10   0.47     8.94
  SINCE MAR 1     11.16         10.72   0.44    12.97
  SINCE JAN 1     12.41         13.41  -1.00    14.56

DEGREE DAYS
 HEATING
  YESTERDAY        0             2     -2        4
  MONTH TO DATE  131            83     48       78
  SINCE MAR 1    794          1021   -227      835
  SINCE JUL 1   4139          4914   -775     4870

 COOLING
  YESTERDAY        0             4     -4        0
  MONTH TO DATE   12            48    -36       48
  SINCE MAR 1     18            66    -48       57
  SINCE JAN 1     18            66    -48       57
......................................................


WIND (MPH)
  HIGHEST WIND SPEED    18   HIGHEST WIND DIRECTION     S (170)
  HIGHEST GUST SPEED    24   HIGHEST GUST DIRECTION     S (170)
  AVERAGE WIND SPEED     7.8


SKY COVER
  AVERAGE SKY COVER 0.4


WEATHER CONDITIONS
 THE FOLLOWING WEATHER WAS RECORDED YESTERDAY.
  THUNDERSTORM
  HEAVY RAIN
  RAIN
  LIGHT RAIN
  FOG


RELATIVE HUMIDITY (PERCENT)
 HIGHEST    97           900 PM
 LOWEST     63           800 AM
 AVERAGE    80

..........................................................


THE JOHNSON COUNTY EXECUTIVE KS CLIMATE NORMALS FOR TODAY
                         NORMAL
 MAXIMUM TEMPERATURE (F)   77
 MINIMUM TEMPERATURE (F)   58


SUNRISE AND SUNSET
MAY 24 2016...........SUNRISE   559 AM CDT   SUNSET   833 PM CDT
MAY 25 2016...........SUNRISE   559 AM CDT   SUNSET   833 PM CDT


-  INDICATES NEGATIVE NUMBERS.
R  INDICATES RECORD WAS SET OR TIED.
MM INDICATES DATA IS MISSING.
T  INDICATES TRACE AMOUNT.




$$
