000
CDUS43 KEAX 300642
CLIOJC


CLIMATE REPORT
NATIONAL WEATHER SERVICE KANSAS CITY/PLEASANT HILL MO
141 AM CDT SUN APR 30 2017


...................................

...THE JOHNSON COUNTY EXECUTIVE KS CLIMATE SUMMARY FOR APRIL 29 2017...

CLIMATE NORMAL PERIOD 1981 TO 2010
CLIMATE RECORD PERIOD 9999 TO 9999


WEATHER ITEM   OBSERVED TIME   NORMAL DEPARTURE LAST
                VALUE   (LST)  VALUE  FROM      YEAR
                                      NORMAL
......................................................
TEMPERATURE (F)
 YESTERDAY
  MAXIMUM         53   1145 PM  69    -16       59
  MINIMUM         43   1026 PM  50     -7       47
  AVERAGE         48            59    -11       53

PRECIPITATION (IN)
  YESTERDAY        2.59          0.19   2.40     0.28
  MONTH TO DATE    5.50          3.79   1.71     4.37
  SINCE MAR 1      7.81          6.42   1.39     6.46
  SINCE JAN 1      8.73          9.11  -0.38     7.71

DEGREE DAYS
 HEATING
  YESTERDAY       17             6     11       12
  MONTH TO DATE  246           308    -62      224
  SINCE MAR 1    763           932   -169      658
  SINCE JUL 1   3903          4825   -922     4003

 COOLING
  YESTERDAY        0             1     -1        0
  MONTH TO DATE   17            21     -4        6
  SINCE MAR 1     26            22      4        6
  SINCE JAN 1     26            22      4        6
......................................................


WIND (MPH)
  HIGHEST WIND SPEED    33   HIGHEST WIND DIRECTION    NE (60)
  HIGHEST GUST SPEED    48   HIGHEST GUST DIRECTION    NE (60)
  AVERAGE WIND SPEED    13.8


SKY COVER
  AVERAGE SKY COVER 1.0


WEATHER CONDITIONS
 THE FOLLOWING WEATHER WAS RECORDED YESTERDAY.
  THUNDERSTORM
  HEAVY RAIN
  RAIN
  LIGHT RAIN
  FOG


RELATIVE HUMIDITY (PERCENT)
 HIGHEST   100          1200 AM
 LOWEST    100          1200 AM
 AVERAGE   100

..........................................................


THE JOHNSON COUNTY EXECUTIVE KS CLIMATE NORMALS FOR TODAY
                         NORMAL
 MAXIMUM TEMPERATURE (F)   70
 MINIMUM TEMPERATURE (F)   50


SUNRISE AND SUNSET
APRIL 30 2017.........SUNRISE   622 AM CDT   SUNSET   811 PM CDT
MAY  1 2017...........SUNRISE   621 AM CDT   SUNSET   812 PM CDT


-  INDICATES NEGATIVE NUMBERS.
R  INDICATES RECORD WAS SET OR TIED.
MM INDICATES DATA IS MISSING.
T  INDICATES TRACE AMOUNT.




$$
