000
CDUS46 KSGX 070020
CLIOKB


CLIMATE REPORT
NATIONAL WEATHER SERVICE SAN DIEGO, CA
419 PM PST SAT FEB 6 2016


...................................

...THE OCEANSIDE AIRPORT CA CLIMATE SUMMARY FOR FEBRUARY 6 2016...
VALID TODAY AS OF 0400 PM LOCAL TIME.

CLIMATE NORMAL PERIOD 1981 TO 2010
CLIMATE RECORD PERIOD 1999 TO 2016


WEATHER ITEM   OBSERVED TIME   RECORD YEAR NORMAL DEPARTURE LAST
                VALUE   (LST)  VALUE       VALUE  FROM      YEAR
                                                  NORMAL
..................................................................
TEMPERATURE (F)
 TODAY
  MAXIMUM         78   1140 AM  79    2006  66     12       73
  MINIMUM         38    211 AM  29    2002  42     -4       45
  AVERAGE         58                        54      4       59

PRECIPITATION (IN)
  TODAY            0.00          0.54 2010   0.07  -0.07     0.00
  MONTH TO DATE    0.02                      0.37  -0.35     0.00
  SINCE OCT 1      4.80                      6.90  -2.10     4.89
  SINCE JAN 1      2.63                      3.02  -0.39     0.49

DEGREE DAYS
 HEATING
  TODAY            7                        11     -4        6
  MONTH TO DATE   76                        66     10       53
  SINCE DEC 1    816                       821     -5      605
  SINCE JUL 1   1047                      1171   -124      739

 COOLING
  TODAY            0                         0      0        0
  MONTH TO DATE    0                         0      0        0
  SINCE DEC 1      0                         0      0        0
  SINCE JAN 1      0                         0      0        0
..................................................................


WIND (MPH)
  RESULTANT WIND SPEED   2   RESULTANT WIND DIRECTION   N (340)
  HIGHEST WIND SPEED    18   HIGHEST WIND DIRECTION     W (290)
  HIGHEST GUST SPEED    23   HIGHEST GUST DIRECTION     W (290)
  AVERAGE WIND SPEED     5.8


SKY COVER
  POSSIBLE SUNSHINE  MM
  AVERAGE SKY COVER 0.0


WEATHER CONDITIONS
 THE FOLLOWING WEATHER WAS RECORDED TODAY.
  NO SIGNIFICANT WEATHER WAS OBSERVED.


RELATIVE HUMIDITY (PERCENT)
 HIGHEST    70           100 AM
 LOWEST     16          1100 AM
 AVERAGE    43

..........................................................


THE OCEANSIDE AIRPORT CA CLIMATE NORMALS FOR TOMORROW
                         NORMAL    RECORD    YEAR
 MAXIMUM TEMPERATURE (F)   66        76      2000
 MINIMUM TEMPERATURE (F)   42        31      2002


SUNRISE AND SUNSET
FEBRUARY  6 2016......SUNRISE   642 AM PST   SUNSET   526 PM PST
FEBRUARY  7 2016......SUNRISE   641 AM PST   SUNSET   527 PM PST


-  INDICATES NEGATIVE NUMBERS.
R  INDICATES RECORD WAS SET OR TIED.
MM INDICATES DATA IS MISSING.
T  INDICATES TRACE AMOUNT.




$$
