000
CDUS46 KSGX 231418
CLIOKB


CLIMATE REPORT
NATIONAL WEATHER SERVICE SAN DIEGO, CA
718 AM PDT WED JUL 23 2014


...................................

...THE OCEANSIDE AIRPORT CA CLIMATE SUMMARY FOR JULY 22 2014...

CLIMATE NORMAL PERIOD 1981 TO 2010
CLIMATE RECORD PERIOD 1999 TO 2014


WEATHER ITEM   OBSERVED TIME   RECORD YEAR NORMAL DEPARTURE LAST
                VALUE   (LST)  VALUE       VALUE  FROM      YEAR
                                                  NORMAL
..................................................................
TEMPERATURE (F)
 YESTERDAY
  MAXIMUM         78   1220 PM  94    2006  76      2       78
  MINIMUM         58R   403 AM  59    2010  62     -4       64
  AVERAGE         68                        69     -1       71

PRECIPITATION (IN)
  YESTERDAY        0.00          T    2006   0.00   0.00     0.00
  MONTH TO DATE    T                         0.10  -0.10      T
  SINCE JUL 1      T                         0.10  -0.10      T
  SINCE JAN 1      2.60                      9.37  -6.77     2.32

SNOWFALL (IN)
  YESTERDAY        0.0
  MONTH TO DATE    0.0
  SINCE JAN 1      0.0
  SINCE JUL 1      0.0
  SNOW DEPTH       0

DEGREE DAYS
 HEATING
  YESTERDAY        0                         0      0        0
  MONTH TO DATE    0                         0      0        0
  SINCE JUN 1      4                        27    -23        3
  SINCE JUL 1      0                         0      0        0

 COOLING
  YESTERDAY        3                         4     -1        6
  MONTH TO DATE   84                        77      7      133
  SINCE JUN 1    121                       115      6      193
  SINCE JAN 1    213                       125     88      222
..................................................................


WIND (MPH)
  RESULTANT WIND SPEED   4   RESULTANT WIND DIRECTION   W (270)
  HIGHEST WIND SPEED    17   HIGHEST WIND DIRECTION     W (290)
  HIGHEST GUST SPEED    22   HIGHEST GUST DIRECTION     W (290)
  AVERAGE WIND SPEED     5.1


SKY COVER
  POSSIBLE SUNSHINE  MM
  AVERAGE SKY COVER 0.1


WEATHER CONDITIONS
 THE FOLLOWING WEATHER WAS RECORDED YESTERDAY.
  FOG


RELATIVE HUMIDITY (PERCENT)
 HIGHEST    93           500 AM
 LOWEST     60           100 PM
 AVERAGE    77

..........................................................


THE OCEANSIDE AIRPORT CA CLIMATE NORMALS FOR TODAY
                         NORMAL    RECORD    YEAR
 MAXIMUM TEMPERATURE (F)   76        85      2006
 MINIMUM TEMPERATURE (F)   62        57      2002


SUNRISE AND SUNSET
JULY 23 2014..........SUNRISE   556 AM PDT   SUNSET   755 PM PDT
JULY 24 2014..........SUNRISE   557 AM PDT   SUNSET   754 PM PDT


-  INDICATES NEGATIVE NUMBERS.
R  INDICATES RECORD WAS SET OR TIED.
MM INDICATES DATA IS MISSING.
T  INDICATES TRACE AMOUNT.




$$
