000
CDUS46 KSGX 210017
CLIOKB


CLIMATE REPORT
NATIONAL WEATHER SERVICE SAN DIEGO, CA
517 PM PDT MON OCT 20 2014


...................................

...THE OCEANSIDE AIRPORT CA CLIMATE SUMMARY FOR OCTOBER 20 2014...
VALID TODAY AS OF 0500 PM LOCAL TIME.

CLIMATE NORMAL PERIOD 1981 TO 2010
CLIMATE RECORD PERIOD 1999 TO 2014


WEATHER ITEM   OBSERVED TIME   RECORD YEAR NORMAL DEPARTURE LAST
                VALUE   (LST)  VALUE       VALUE  FROM      YEAR
                                                  NORMAL
..................................................................
TEMPERATURE (F)
 TODAY
  MAXIMUM         75    158 PM  88    1999  73      2       70
  MINIMUM         58    309 AM  41    2013  51      7       41
  AVERAGE         67                        62      5       56

PRECIPITATION (IN)
  TODAY            0.00          1.62 2004   0.02  -0.02     0.00
  MONTH TO DATE    T                         0.36  -0.36     0.17
  SINCE JUL 1      0.14                      0.87  -0.73     0.18
  SINCE JAN 1      2.74                     10.14  -7.40     2.50

SNOWFALL (IN)
  TODAY            0.0
  MONTH TO DATE    0.0
  SINCE JAN 1      0.0
  SINCE JUL 1      0.0
  SNOW DEPTH       0

DEGREE DAYS
 HEATING
  TODAY            0                         3     -3        9
  MONTH TO DATE    0                        40    -40       60
  SINCE SEP 1      0                        50    -50       68
  SINCE JUL 1      0                        55    -55       68

 COOLING
  TODAY            2                         0      2        0
  MONTH TO DATE   78                        18     60       14
  SINCE SEP 1    332                       112    220      128
  SINCE JAN 1    839                       412    427      529
..................................................................


WIND (MPH)
  RESULTANT WIND SPEED   2   RESULTANT WIND DIRECTION   W (260)
  HIGHEST WIND SPEED    13   HIGHEST WIND DIRECTION    SW (240)
  HIGHEST GUST SPEED    17   HIGHEST GUST DIRECTION     W (250)
  AVERAGE WIND SPEED     4.0


SKY COVER
  POSSIBLE SUNSHINE  MM
  AVERAGE SKY COVER 0.8


WEATHER CONDITIONS
 THE FOLLOWING WEATHER WAS RECORDED TODAY.
  NO SIGNIFICANT WEATHER WAS OBSERVED.


RELATIVE HUMIDITY (PERCENT)
 HIGHEST    90           300 AM
 LOWEST     64          1200 PM
 AVERAGE    77

..........................................................


THE OCEANSIDE AIRPORT CA CLIMATE NORMALS FOR TOMORROW
                         NORMAL    RECORD    YEAR
 MAXIMUM TEMPERATURE (F)   73        90      1999
 MINIMUM TEMPERATURE (F)   51        44      2006


SUNRISE AND SUNSET
OCTOBER 20 2014.......SUNRISE   658 AM PDT   SUNSET   610 PM PDT
OCTOBER 21 2014.......SUNRISE   659 AM PDT   SUNSET   609 PM PDT


-  INDICATES NEGATIVE NUMBERS.
R  INDICATES RECORD WAS SET OR TIED.
MM INDICATES DATA IS MISSING.
T  INDICATES TRACE AMOUNT.




$$
