000
CDUS46 KSGX 251440
CLIOKB


CLIMATE REPORT
NATIONAL WEATHER SERVICE SAN DIEGO, CA
740 AM PDT MON JUL 25 2016


...................................

...THE OCEANSIDE AIRPORT CA CLIMATE SUMMARY FOR JULY 24 2016...

CLIMATE NORMAL PERIOD 1981 TO 2010
CLIMATE RECORD PERIOD 1999 TO 2016


WEATHER ITEM   OBSERVED TIME   RECORD YEAR NORMAL DEPARTURE LAST
                VALUE   (LST)  VALUE       VALUE  FROM      YEAR
                                                  NORMAL
..................................................................
TEMPERATURE (F)
 YESTERDAY
  MAXIMUM         83    348 PM  91    2006  76      7       81
  MINIMUM         64    519 AM  57    2012  62      2       68
  AVERAGE         74                        69      5       75

PRECIPITATION (IN)
  YESTERDAY        0.00          0.00 2006   0.00   0.00     0.00
  MONTH TO DATE    0.00                      0.10  -0.10     0.77
  SINCE OCT 1      7.12                     13.25  -6.13     8.17
  SINCE JAN 1      4.95                      9.37  -4.42     3.77

DEGREE DAYS
 HEATING
  YESTERDAY        0                         0      0        0
  MONTH TO DATE    0                         0      0        0
  SINCE JUN 1      2                        27    -25        4
  SINCE JUL 1      0                         0      0        0

 COOLING
  YESTERDAY        9                         4      5       10
  MONTH TO DATE  130                        85     45      163
  SINCE JUN 1    210                       123     87      262
  SINCE JAN 1    230                       133     97      301
..................................................................


WIND (MPH)
  RESULTANT WIND SPEED   5   RESULTANT WIND DIRECTION  SW (230)
  HIGHEST WIND SPEED    13   HIGHEST WIND DIRECTION    SW (240)
  HIGHEST GUST SPEED    19   HIGHEST GUST DIRECTION    SW (240)
  AVERAGE WIND SPEED     5.0


SKY COVER
  POSSIBLE SUNSHINE  MM
  AVERAGE SKY COVER 0.2


WEATHER CONDITIONS
 THE FOLLOWING WEATHER WAS RECORDED YESTERDAY.
  FOG
  HAZE


RELATIVE HUMIDITY (PERCENT)
 HIGHEST    87          1200 AM
 LOWEST     51           300 PM
 AVERAGE    69

..........................................................


THE OCEANSIDE AIRPORT CA CLIMATE NORMALS FOR TODAY
                         NORMAL    RECORD    YEAR
 MAXIMUM TEMPERATURE (F)   76        81      2015
                                             2014
 MINIMUM TEMPERATURE (F)   62        60      2012


SUNRISE AND SUNSET
JULY 25 2016..........SUNRISE   558 AM PDT   SUNSET   753 PM PDT
JULY 26 2016..........SUNRISE   559 AM PDT   SUNSET   753 PM PDT


-  INDICATES NEGATIVE NUMBERS.
R  INDICATES RECORD WAS SET OR TIED.
MM INDICATES DATA IS MISSING.
T  INDICATES TRACE AMOUNT.




$$
