000
CDUS46 KSGX 270021
CLIOKB


CLIMATE REPORT
NATIONAL WEATHER SERVICE SAN DIEGO, CA
420 PM PST MON JAN 26 2015


...................................

...THE OCEANSIDE AIRPORT CA CLIMATE SUMMARY FOR JANUARY 26 2015...
VALID TODAY AS OF 0400 PM LOCAL TIME.

CLIMATE NORMAL PERIOD 1981 TO 2010
CLIMATE RECORD PERIOD 1999 TO 2015


WEATHER ITEM   OBSERVED TIME   RECORD YEAR NORMAL DEPARTURE LAST
                VALUE   (LST)  VALUE       VALUE  FROM      YEAR
                                                  NORMAL
..................................................................
TEMPERATURE (F)
 TODAY
  MAXIMUM         73   1049 AM  84    2003  66      7       67
  MINIMUM         52    159 AM  33    2007  41     11       42
                                      2002
  AVERAGE         63                        54      9       55

PRECIPITATION (IN)
  TODAY            0.07          0.76 2001   0.02   0.05     0.00
  MONTH TO DATE    0.48                      2.32  -1.84     0.00
  SINCE OCT 1      4.88                      6.20  -1.32     1.59
  SINCE JAN 1      0.48                      2.32  -1.84     0.00

SNOWFALL (IN)
  TODAY            0.0
  MONTH TO DATE    0.0
  SINCE JAN 1      0.0
  SINCE JUL 1      0.0
  SNOW DEPTH       0

DEGREE DAYS
 HEATING
  TODAY            2                        11     -9       10
  MONTH TO DATE  249                       316    -67      230
  SINCE DEC 1    524                       700   -176      581
  SINCE JUL 1    658                      1050   -392      880

 COOLING
  TODAY            0                         0      0        0
  MONTH TO DATE    0                         0      0        0
  SINCE DEC 1      0                         0      0        0
  SINCE JAN 1      0                         0      0        0
..................................................................


WIND (MPH)
  RESULTANT WIND SPEED   2   RESULTANT WIND DIRECTION  NE (40)
  HIGHEST WIND SPEED    17   HIGHEST WIND DIRECTION     S (190)
  HIGHEST GUST SPEED    22   HIGHEST GUST DIRECTION    SW (210)
  AVERAGE WIND SPEED     2.1


SKY COVER
  POSSIBLE SUNSHINE  MM
  AVERAGE SKY COVER 0.4


WEATHER CONDITIONS
 THE FOLLOWING WEATHER WAS RECORDED TODAY.
  RAIN
  LIGHT RAIN


RELATIVE HUMIDITY (PERCENT)
 HIGHEST    66           100 AM
 LOWEST     34           600 AM
 AVERAGE    50

..........................................................


THE OCEANSIDE AIRPORT CA CLIMATE NORMALS FOR TOMORROW
                         NORMAL    RECORD    YEAR
 MAXIMUM TEMPERATURE (F)   66        82      2012
 MINIMUM TEMPERATURE (F)   41        36      2011
                                             2009
                                             2001


SUNRISE AND SUNSET
JANUARY 26 2015.......SUNRISE   649 AM PST   SUNSET   515 PM PST
JANUARY 27 2015.......SUNRISE   648 AM PST   SUNSET   516 PM PST


-  INDICATES NEGATIVE NUMBERS.
R  INDICATES RECORD WAS SET OR TIED.
MM INDICATES DATA IS MISSING.
T  INDICATES TRACE AMOUNT.




$$
