000
CDUS46 KSGX 290015
CLIOKB


CLIMATE REPORT
NATIONAL WEATHER SERVICE SAN DIEGO, CA
515 PM PDT THU APR 28 2016


...................................

...THE OCEANSIDE AIRPORT CA CLIMATE SUMMARY FOR APRIL 28 2016...
VALID TODAY AS OF 0500 PM LOCAL TIME.

CLIMATE NORMAL PERIOD 1981 TO 2010
CLIMATE RECORD PERIOD 1999 TO 2016


WEATHER ITEM   OBSERVED TIME   RECORD YEAR NORMAL DEPARTURE LAST
                VALUE   (LST)  VALUE       VALUE  FROM      YEAR
                                                  NORMAL
..................................................................
TEMPERATURE (F)
 TODAY
  MAXIMUM         67    146 PM  91    2008  69     -2       83
  MINIMUM         55    642 AM  42    2002  51      4       47
  AVERAGE         61                        60      1       65

PRECIPITATION (IN)
  TODAY            T             0.83 2005   0.03  -0.03     0.00
  MONTH TO DATE    0.46                      0.94  -0.48     0.04
  SINCE OCT 1      6.58                     12.75  -6.17     5.92
  SINCE JAN 1      4.41                      8.87  -4.46     1.52

DEGREE DAYS
 HEATING
  TODAY            4                         5     -1        0
  MONTH TO DATE  131                       186    -55      125
  SINCE MAR 1    352                       476   -124      249
  SINCE JUL 1   1520                      1884   -364     1123

 COOLING
  TODAY            0                         0      0        0
  MONTH TO DATE    4                         0      4        0
  SINCE MAR 1      4                         1      3       31
  SINCE JAN 1     10                         1      9       31
..................................................................


WIND (MPH)
  RESULTANT WIND SPEED   6   RESULTANT WIND DIRECTION  SW (240)
  HIGHEST WIND SPEED    16   HIGHEST WIND DIRECTION    SW (240)
  HIGHEST GUST SPEED    21   HIGHEST GUST DIRECTION     W (250)
  AVERAGE WIND SPEED     8.0


SKY COVER
  POSSIBLE SUNSHINE  MM
  AVERAGE SKY COVER 0.7


WEATHER CONDITIONS
 THE FOLLOWING WEATHER WAS RECORDED TODAY.
  HAZE


RELATIVE HUMIDITY (PERCENT)
 HIGHEST    77           600 AM
 LOWEST     52          1200 PM
 AVERAGE    65

..........................................................


THE OCEANSIDE AIRPORT CA CLIMATE NORMALS FOR TOMORROW
                         NORMAL    RECORD    YEAR
 MAXIMUM TEMPERATURE (F)   69        95      2014
 MINIMUM TEMPERATURE (F)   51        42      2002


SUNRISE AND SUNSET
APRIL 28 2016.........SUNRISE   604 AM PDT   SUNSET   730 PM PDT
APRIL 29 2016.........SUNRISE   603 AM PDT   SUNSET   731 PM PDT


-  INDICATES NEGATIVE NUMBERS.
R  INDICATES RECORD WAS SET OR TIED.
MM INDICATES DATA IS MISSING.
T  INDICATES TRACE AMOUNT.




$$
