000
CDUS44 KOUN 242318
CLIOKC

CLIMATE REPORT
NATIONAL WEATHER SERVICE NORMAN OK
517 PM CST TUE JAN 24 2017


...................................

...THE OKLAHOMA CITY CLIMATE SUMMARY FOR JANUARY 24 2017...
VALID TODAY AS OF 0500 PM LOCAL TIME.

CLIMATE NORMAL PERIOD 1981 TO 2010
CLIMATE RECORD PERIOD 1890 TO 2017


WEATHER ITEM   OBSERVED TIME   RECORD YEAR NORMAL DEPARTURE LAST
                VALUE   (LST)  VALUE       VALUE  FROM      YEAR
                                                  NORMAL
..................................................................
TEMPERATURE (F)
 TODAY
  MAXIMUM         75    227 PM  81    1950  50     25       61
  MINIMUM         42    832 AM  -8    1894  29     13       34
  AVERAGE         59                        40     19       48

PRECIPITATION (IN)
  TODAY            0.00          1.52 2012   0.05  -0.05     0.00
  MONTH TO DATE    1.57                      1.03   0.54     0.11
  SINCE JAN 1      1.57                      1.03   0.54     0.11

SNOWFALL (IN)
  TODAY            0.0           4.0  1948   0.1   -0.1      0.0
  MONTH TO DATE    1.7                       2.1   -0.4      0.6
  SINCE JUL 1      2.1                       4.6   -2.5      1.2
  SNOW DEPTH       0

DEGREE DAYS
 HEATING
  TODAY            6                        25    -19       17
  MONTH TO DATE  578                       622    -44      680
  SINCE JUL 1   1684                      1977   -293     1770
..................................................................


WIND (MPH)
  HIGHEST WIND SPEED    28   HIGHEST WIND DIRECTION    SW (230)
  HIGHEST GUST SPEED    36   HIGHEST GUST DIRECTION    SW (240)
  AVERAGE WIND SPEED    15.4


SKY COVER
  AVERAGE SKY COVER 0.4


WEATHER CONDITIONS
 THE FOLLOWING WEATHER WAS RECORDED TODAY.
  NO SIGNIFICANT WEATHER WAS OBSERVED.


RELATIVE HUMIDITY (PERCENT)
 HIGHEST    76           300 AM
 LOWEST     22           300 PM
 AVERAGE    49

..........................................................


THE OKLAHOMA CITY CLIMATE NORMALS FOR TOMORROW
                         NORMAL    RECORD    YEAR
 MAXIMUM TEMPERATURE (F)   51        77      1952
 MINIMUM TEMPERATURE (F)   29        -3      1894


SUNRISE AND SUNSET
JANUARY 24 2017.......SUNRISE   735 AM CST   SUNSET   551 PM CST
JANUARY 25 2017.......SUNRISE   734 AM CST   SUNSET   552 PM CST


-  INDICATES NEGATIVE NUMBERS.
R  INDICATES RECORD WAS SET OR TIED.
MM INDICATES DATA IS MISSING.
T  INDICATES TRACE AMOUNT.




$$
