000
CDUS44 KOUN 282221
CLIOKC

CLIMATE REPORT
NATIONAL WEATHER SERVICE NORMAN OK
521 PM CDT WED JUN 28 2017


...................................

...THE OKLAHOMA CITY CLIMATE SUMMARY FOR JUNE 28 2017...
VALID TODAY AS OF 0500 PM LOCAL TIME.

CLIMATE NORMAL PERIOD 1981 TO 2010
CLIMATE RECORD PERIOD 1890 TO 2017


WEATHER ITEM   OBSERVED TIME   RECORD YEAR NORMAL DEPARTURE LAST
                VALUE   (LST)  VALUE       VALUE  FROM      YEAR
                                                  NORMAL
..................................................................
TEMPERATURE (F)
 TODAY
  MAXIMUM         92    151 PM 105    1980  91      1       93
  MINIMUM         71    613 AM  56    1974  71      0       72
  AVERAGE         82                        81      1       83

PRECIPITATION (IN)
  TODAY            0.00          3.10 1988   0.13  -0.13      T
  MONTH TO DATE    0.09                      4.68  -4.59     3.30
  SINCE JUN 1      0.09                      4.68  -4.59     3.30
  SINCE JAN 1     14.75                     18.43  -3.68    15.71

SNOWFALL (IN)
  TODAY            0.0

DEGREE DAYS
 HEATING
  TODAY            0                         0      0        0
  MONTH TO DATE    0                         0      0        0
  SINCE JUN 1      0                         0      0        0
  SINCE JUL 1   2701                      3364   -663     2817

 COOLING
  TODAY           17                        16      1       18
  MONTH TO DATE  356                       357     -1      405
  SINCE JUN 1    356                       357     -1      405
  SINCE JAN 1    581                       607    -26      591
..................................................................


WIND (MPH)
  HIGHEST WIND SPEED    30   HIGHEST WIND DIRECTION     S (180)
  HIGHEST GUST SPEED    36   HIGHEST GUST DIRECTION     S (180)
  AVERAGE WIND SPEED    16.2


SKY COVER
  AVERAGE SKY COVER 0.3


WEATHER CONDITIONS
 THE FOLLOWING WEATHER WAS RECORDED TODAY.
  NO SIGNIFICANT WEATHER WAS OBSERVED.


RELATIVE HUMIDITY (PERCENT)
 HIGHEST    93           400 AM
 LOWEST     41           200 PM
 AVERAGE    67

..........................................................


THE OKLAHOMA CITY CLIMATE NORMALS FOR TOMORROW
                         NORMAL    RECORD    YEAR
 MAXIMUM TEMPERATURE (F)   92       103      1925
 MINIMUM TEMPERATURE (F)   71        54      1923


SUNRISE AND SUNSET
JUNE 28 2017..........SUNRISE   618 AM CDT   SUNSET   849 PM CDT
JUNE 29 2017..........SUNRISE   618 AM CDT   SUNSET   849 PM CDT


-  INDICATES NEGATIVE NUMBERS.
R  INDICATES RECORD WAS SET OR TIED.
MM INDICATES DATA IS MISSING.
T  INDICATES TRACE AMOUNT.




$$
