000
CDUS44 KOUN 230635
CLIOKC

CLIMATE REPORT
NATIONAL WEATHER SERVICE NORMAN OK
134 AM CDT TUE MAY 23 2017


...................................

...THE OKLAHOMA CITY CLIMATE SUMMARY FOR MAY 22 2017...

CLIMATE NORMAL PERIOD 1981 TO 2010
CLIMATE RECORD PERIOD 1890 TO 2017


WEATHER ITEM   OBSERVED TIME   RECORD YEAR NORMAL DEPARTURE LAST
                VALUE   (LST)  VALUE       VALUE  FROM      YEAR
                                                  NORMAL
..................................................................
TEMPERATURE (F)
 YESTERDAY
  MAXIMUM         70    928 AM  99    2005  82    -12       81
  MINIMUM         50    546 AM  42    2001  62    -12       65
                                      1931
                                      1892
  AVERAGE         60                        72    -12       73

PRECIPITATION (IN)
  YESTERDAY        0.07          2.62 1975   0.16  -0.09     0.00
  MONTH TO DATE    1.10                      3.22  -2.12     1.87
  SINCE MAR 1      9.97                      9.35   0.62    10.20
  SINCE JAN 1     14.66                     12.32   2.34    11.66

SNOWFALL (IN)
  YESTERDAY        0.0           0.0  2002   0.0    0.0      0.0
  MONTH TO DATE    0.0                       0.0    0.0      0.0
  SINCE MAR 1      T                         0.9   -0.9       T
  SINCE JUL 1      2.1                       7.6   -5.5      1.2
  SNOW DEPTH       0

DEGREE DAYS
 HEATING
  YESTERDAY        5                         1      4        0
  MONTH TO DATE   41                        30     11       60
  SINCE MAR 1    473                       612   -139      460
  SINCE JUL 1   2693                      3362   -669     2817

 COOLING
  YESTERDAY        0                         7     -7        8
  MONTH TO DATE   60                       109    -49       49
  SINCE MAR 1    151                       174    -23       87
  SINCE JAN 1    160                       175    -15       91
..................................................................


WIND (MPH)
  HIGHEST WIND SPEED    15   HIGHEST WIND DIRECTION     W (270)
  HIGHEST GUST SPEED    19   HIGHEST GUST DIRECTION     W (280)
  AVERAGE WIND SPEED     6.5


SKY COVER
  AVERAGE SKY COVER 0.8


WEATHER CONDITIONS
 THE FOLLOWING WEATHER WAS RECORDED YESTERDAY.
  THUNDERSTORM
  LIGHT RAIN


RELATIVE HUMIDITY (PERCENT)
 HIGHEST   100          1100 PM
 LOWEST     56           900 AM
 AVERAGE    78

..........................................................


THE OKLAHOMA CITY CLIMATE NORMALS FOR TODAY
                         NORMAL    RECORD    YEAR
 MAXIMUM TEMPERATURE (F)   82       100      2000
 MINIMUM TEMPERATURE (F)   62        42      1892


SUNRISE AND SUNSET
MAY 23 2017...........SUNRISE   620 AM CDT   SUNSET   834 PM CDT
MAY 24 2017...........SUNRISE   620 AM CDT   SUNSET   835 PM CDT


-  INDICATES NEGATIVE NUMBERS.
R  INDICATES RECORD WAS SET OR TIED.
MM INDICATES DATA IS MISSING.
T  INDICATES TRACE AMOUNT.




$$
