000
CDUS44 KOUN 020635
CLIOKC

CLIMATE REPORT
NATIONAL WEATHER SERVICE NORMAN OK
133 AM CDT WED SEP 2 2015


...................................

...THE OKLAHOMA CITY CLIMATE SUMMARY FOR SEPTEMBER 1 2015...

CLIMATE NORMAL PERIOD 1981 TO 2010
CLIMATE RECORD PERIOD 1890 TO 2015


WEATHER ITEM   OBSERVED TIME   RECORD YEAR NORMAL DEPARTURE LAST
                VALUE   (LST)  VALUE       VALUE  FROM      YEAR
                                                  NORMAL
..................................................................
TEMPERATURE (F)
 YESTERDAY
  MAXIMUM         93    357 PM 106    2000  90      3       98
  MINIMUM         66    514 AM  53    1956  69     -3       74
  AVERAGE         80                        79      1       86

PRECIPITATION (IN)
  YESTERDAY        0.00          2.53 1974   0.13  -0.13     0.00
  MONTH TO DATE    0.00                      0.13  -0.13     0.00
  SINCE JAN 1     42.91                     25.02  17.89    20.73

DEGREE DAYS
 COOLING
  YESTERDAY       15                        14      1       21
  MONTH TO DATE   15                        14      1       21
  SINCE JAN 1   1595                      1751   -156     1694
..................................................................


WIND (MPH)
  HIGHEST WIND SPEED    18   HIGHEST WIND DIRECTION     S (180)
  HIGHEST GUST SPEED    26   HIGHEST GUST DIRECTION     S (160)
  AVERAGE WIND SPEED    10.5


SKY COVER
  AVERAGE SKY COVER 0.1


WEATHER CONDITIONS
 THE FOLLOWING WEATHER WAS RECORDED YESTERDAY.
  NO SIGNIFICANT WEATHER WAS OBSERVED.


RELATIVE HUMIDITY (PERCENT)
 HIGHEST    93           600 AM
 LOWEST     38           500 PM
 AVERAGE    66

..........................................................


THE OKLAHOMA CITY CLIMATE NORMALS FOR TODAY
                         NORMAL    RECORD    YEAR
 MAXIMUM TEMPERATURE (F)   90       108      2000
 MINIMUM TEMPERATURE (F)   68        52      1974


SUNRISE AND SUNSET
SEPTEMBER  2 2015.....SUNRISE   703 AM CDT   SUNSET   756 PM CDT
SEPTEMBER  3 2015.....SUNRISE   704 AM CDT   SUNSET   755 PM CDT


-  INDICATES NEGATIVE NUMBERS.
R  INDICATES RECORD WAS SET OR TIED.
MM INDICATES DATA IS MISSING.
T  INDICATES TRACE AMOUNT.




$$
