000
CDUS44 KOUN 210634
CLIOKC

CLIMATE REPORT
NATIONAL WEATHER SERVICE NORMAN OK
130 AM CDT MON APR 21 2014


...................................

...THE OKLAHOMA CITY CLIMATE SUMMARY FOR APRIL 20 2014...

CLIMATE NORMAL PERIOD 1981 TO 2010
CLIMATE RECORD PERIOD 1890 TO 2014


WEATHER ITEM   OBSERVED TIME   RECORD YEAR NORMAL DEPARTURE LAST
                VALUE   (LST)  VALUE       VALUE  FROM      YEAR
                                                  NORMAL
..................................................................
TEMPERATURE (F)
 YESTERDAY
  MAXIMUM         75    159 PM  91    1961  74      1       70
  MINIMUM         54    341 AM  33    1966  51      3       42
                                      1953
  AVERAGE         65                        62      3       56

PRECIPITATION (IN)
  YESTERDAY        0.02          2.07 1937   0.11  -0.09     0.00
  MONTH TO DATE    0.59                      1.84  -1.25     6.59
  SINCE JAN 1      2.28                      7.87  -5.59    11.54

SNOWFALL (IN)
  YESTERDAY        0.0           0.0    MM   0.0    0.0      0.0
  MONTH TO DATE    T                         0.0    0.0       T
  SINCE JUL 1     10.2                       7.6    2.6      7.7
  SNOW DEPTH       0

DEGREE DAYS
 HEATING
  YESTERDAY        0                         5     -5        9
  MONTH TO DATE  136                       138     -2      237
  SINCE JUL 1   3738                      3297    441     3282

 COOLING
  YESTERDAY        0                         2     -2        0
  MONTH TO DATE   26                        28     -2       10
  SINCE JAN 1     37                        41     -4       14
..................................................................


WIND (MPH)
  HIGHEST WIND SPEED    24   HIGHEST WIND DIRECTION     S (190)
  HIGHEST GUST SPEED    30   HIGHEST GUST DIRECTION     S (190)
  AVERAGE WIND SPEED    11.5


SKY COVER
  AVERAGE SKY COVER 0.8


WEATHER CONDITIONS
 THE FOLLOWING WEATHER WAS RECORDED YESTERDAY.
  LIGHT RAIN


RELATIVE HUMIDITY (PERCENT)
 HIGHEST    87          1100 PM
 LOWEST     46           200 PM
 AVERAGE    67

..........................................................


THE OKLAHOMA CITY CLIMATE NORMALS FOR TODAY
                         NORMAL    RECORD    YEAR
 MAXIMUM TEMPERATURE (F)   74        90      1965
                                             1963
 MINIMUM TEMPERATURE (F)   51        34      1966
                                             1927
                                             1893


SUNRISE AND SUNSET
APRIL 21 2014.........SUNRISE   650 AM CDT   SUNSET   808 PM CDT
APRIL 22 2014.........SUNRISE   649 AM CDT   SUNSET   809 PM CDT


-  INDICATES NEGATIVE NUMBERS.
R  INDICATES RECORD WAS SET OR TIED.
MM INDICATES DATA IS MISSING.
T  INDICATES TRACE AMOUNT.




$$
