000
CDUS45 KGGW 240742
CLIOLF


CLIMATE REPORT
NATIONAL WEATHER SERVICE GLASGOW MT
141 AM MDT FRI OCT 24 2014


...................................

...THE WOLF POINT MT CLIMATE SUMMARY FOR OCTOBER 23 2014...

CLIMATE NORMAL PERIOD 1981 TO 2010
CLIMATE RECORD PERIOD 9999 TO 9999


WEATHER ITEM   OBSERVED RECORD YEAR NORMAL DEPARTURE
                VALUE   VALUE       VALUE  FROM
                                           NORMAL
........................................................
TEMPERATURE (F)
 YESTERDAY
  MAXIMUM         68     MM      MM  54
  MINIMUM         27     MM      MM  27
  AVERAGE         48

PRECIPITATION (IN)
  YESTERDAY        0.00  MM      MM   0.02  -0.02
  MONTH TO DATE    0.25               0.65  -0.40
  SINCE OCT 1      0.25               0.65  -0.40
  SINCE JAN 1     13.03              11.33   1.70

SNOWFALL (IN)
  YESTERDAY        0.0   MM      MM  MM
  MONTH TO DATE    0.0               MM
  SINCE SEP 1      0.0               MM
  SINCE JUL 1      0.0               MM

DEGREE DAYS
 HEATING
  YESTERDAY       17

 COOLING
  YESTERDAY        0
........................................................







THE WOLF POINT MT CLIMATE NORMALS FOR TODAY
                         NORMAL    RECORD    YEAR
 MAXIMUM TEMPERATURE (F)   54        MM        MM
 MINIMUM TEMPERATURE (F)   26        MM        MM


SUNRISE AND SUNSET
OCTOBER 24 2014.......SUNRISE   735 AM MDT   SUNSET   557 PM MDT
OCTOBER 25 2014.......SUNRISE   737 AM MDT   SUNSET   555 PM MDT


-  INDICATES NEGATIVE NUMBERS.
R  INDICATES RECORD WAS SET OR TIED.
MM INDICATES DATA IS MISSING.
T  INDICATES TRACE AMOUNT.




$$
