000
CDUS45 KGGW 110742
CLIOLF


CLIMATE REPORT
NATIONAL WEATHER SERVICE GLASGOW MT
1241 AM MST THU FEB 11 2016


...................................

...THE WOLF POINT MT CLIMATE SUMMARY FOR FEBRUARY 10 2016...

CLIMATE NORMAL PERIOD 1981 TO 2010
CLIMATE RECORD PERIOD 9999 TO 9999


WEATHER ITEM   OBSERVED RECORD YEAR NORMAL DEPARTURE
                VALUE   VALUE       VALUE  FROM
                                           NORMAL
........................................................
TEMPERATURE (F)
 YESTERDAY
  MAXIMUM         43     MM      MM  28
  MINIMUM         26     MM      MM   4
  AVERAGE         35

PRECIPITATION (IN)
  YESTERDAY        0.00  MM      MM   0.00   0.00
  MONTH TO DATE    0.02               0.05  -0.03
  SINCE OCT 1      1.79               1.86  -0.07
  SINCE JAN 1      0.12               0.36  -0.24

SNOWFALL (IN)
  YESTERDAY        0.0   MM      MM  MM
  MONTH TO DATE    0.0               MM
  SINCE DEC 1      0.0               MM
  SINCE JUL 1      0.0               MM

DEGREE DAYS
 HEATING
  YESTERDAY       30

 COOLING
  YESTERDAY        0
........................................................







THE WOLF POINT MT CLIMATE NORMALS FOR TODAY
                         NORMAL    RECORD    YEAR
 MAXIMUM TEMPERATURE (F)   29        MM        MM
 MINIMUM TEMPERATURE (F)    4        MM        MM


SUNRISE AND SUNSET
FEBRUARY 11 2016......SUNRISE   716 AM MST   SUNSET   518 PM MST
FEBRUARY 12 2016......SUNRISE   715 AM MST   SUNSET   519 PM MST


-  INDICATES NEGATIVE NUMBERS.
R  INDICATES RECORD WAS SET OR TIED.
MM INDICATES DATA IS MISSING.
T  INDICATES TRACE AMOUNT.




$$
