000
CDUS45 KGGW 271254
CLIOLF


CLIMATE REPORT
NATIONAL WEATHER SERVICE GLASGOW MT
654 AM MDT SAT AUG 27 2016


...................................

...THE WOLF POINT MT CLIMATE SUMMARY FOR AUGUST 27 2016...
VALID AS OF 0600 AM LOCAL TIME.

CLIMATE NORMAL PERIOD 1981 TO 2010
CLIMATE RECORD PERIOD 9999 TO 9999


WEATHER ITEM   OBSERVED RECORD YEAR NORMAL DEPARTURE
                VALUE   VALUE       VALUE  FROM
                                           NORMAL
........................................................
TEMPERATURE (F)
 TODAY
  MAXIMUM         49     MM      MM  83
  MINIMUM         41     MM      MM  49
  AVERAGE         45

PRECIPITATION (IN)
  TODAY            0.00  MM      MM   0.03  -0.03
  MONTH TO DATE    0.73               1.18  -0.45
  SINCE OCT 1     13.28              11.07   2.21
  SINCE JAN 1     11.61               9.57   2.04

SNOWFALL (IN)
  TODAY            0.0   MM      MM  MM
  MONTH TO DATE    0.0               MM
  SINCE JUN 1      0.0               MM
  SINCE JUL 1      0.0               MM

DEGREE DAYS
 HEATING
  TODAY           20

 COOLING
  TODAY            0
........................................................







THE WOLF POINT MT CLIMATE NORMALS FOR TOMORROW
                         NORMAL    RECORD    YEAR
 MAXIMUM TEMPERATURE (F)   82        MM        MM
 MINIMUM TEMPERATURE (F)   49        MM        MM


SUNRISE AND SUNSET
AUGUST 27 2016........SUNRISE   614 AM MDT   SUNSET   752 PM MDT
AUGUST 28 2016........SUNRISE   615 AM MDT   SUNSET   750 PM MDT


-  INDICATES NEGATIVE NUMBERS.
R  INDICATES RECORD WAS SET OR TIED.
MM INDICATES DATA IS MISSING.
T  INDICATES TRACE AMOUNT.




$$
