000
CDUS45 KGGW 191234
CLIOLF


CLIMATE REPORT
NATIONAL WEATHER SERVICE GLASGOW MT
633 AM MDT THU OCT 19 2017


...................................

...THE WOLF POINT MT CLIMATE SUMMARY FOR OCTOBER 19 2017...
VALID AS OF 0600 AM LOCAL TIME.

CLIMATE NORMAL PERIOD 1981 TO 2010
CLIMATE RECORD PERIOD 9999 TO 9999


WEATHER ITEM   OBSERVED RECORD YEAR NORMAL DEPARTURE
                VALUE   VALUE       VALUE  FROM
                                           NORMAL
........................................................
TEMPERATURE (F)
 TODAY
  MAXIMUM         38     MM      MM  57
  MINIMUM         35     MM      MM  28
  AVERAGE         37

PRECIPITATION (IN)
  TODAY            0.00  MM      MM   0.04  -0.04
  MONTH TO DATE    0.44               0.55  -0.11
  SINCE OCT 1      0.44               0.55  -0.11
  SINCE JAN 1      4.16              11.23  -7.07

SNOWFALL (IN)
  TODAY            0.0   MM      MM  MM
  MONTH TO DATE    0.0               MM
  SINCE SEP 1      0.0               MM
  SINCE JUL 1      0.0               MM

DEGREE DAYS
 HEATING
  TODAY           28

 COOLING
  TODAY            0
........................................................







THE WOLF POINT MT CLIMATE NORMALS FOR TOMORROW
                         NORMAL    RECORD    YEAR
 MAXIMUM TEMPERATURE (F)   56        MM        MM
 MINIMUM TEMPERATURE (F)   28        MM        MM


SUNRISE AND SUNSET
OCTOBER 19 2017.......SUNRISE   728 AM MDT   SUNSET   605 PM MDT
OCTOBER 20 2017.......SUNRISE   730 AM MDT   SUNSET   604 PM MDT


-  INDICATES NEGATIVE NUMBERS.
R  INDICATES RECORD WAS SET OR TIED.
MM INDICATES DATA IS MISSING.
T  INDICATES TRACE AMOUNT.




$$
