000
CDUS46 KSEW 240829
CLIOLM


CLIMATE REPORT
NATIONAL WEATHER SERVICE SEATTLE WA
1229 AM PST MON NOV 24 2014


...................................

...THE OLYMPIA WA AIRPORT CLIMATE SUMMARY FOR NOVEMBER 23 2014...

CLIMATE NORMAL PERIOD 1981 TO 2010
CLIMATE RECORD PERIOD 1948 TO 2014


WEATHER ITEM   OBSERVED TIME   RECORD YEAR NORMAL DEPARTURE LAST
                VALUE   (LST)  VALUE       VALUE  FROM      YEAR
                                                  NORMAL
..................................................................
TEMPERATURE (F)
 YESTERDAY
  MAXIMUM         54    255 PM  61    1957  48      6       47
  MINIMUM         40   1116 PM   0    1985  35      5       22
  AVERAGE         47                        42      5       35

PRECIPITATION (IN)
  YESTERDAY        0.59          3.39 1986   0.30   0.29     0.00
  MONTH TO DATE    3.66                      6.53  -2.87     4.51
  SINCE OCT 1     10.57                     11.13  -0.56     6.64
  SINCE JAN 1     46.05                     40.44   5.61    39.26

DEGREE DAYS
 HEATING
  YESTERDAY       18                        23     -5       30
  MONTH TO DATE  509                       480     29      492
  SINCE SEP 1    905                      1124   -219     1140
  SINCE JUL 1    958                      1274   -316     1217

 COOLING
  YESTERDAY        0                         0      0        0
  MONTH TO DATE    0                         0      0        0
  SINCE SEP 1      6                         7     -1       26
  SINCE JAN 1    187                       106     81      147
..................................................................


WIND (MPH)
  RESULTANT WIND SPEED   8   RESULTANT WIND DIRECTION  SW (210)
  HIGHEST WIND SPEED    22   HIGHEST WIND DIRECTION     S (190)
  HIGHEST GUST SPEED    28   HIGHEST GUST DIRECTION     S (180)
  AVERAGE WIND SPEED     8.5


SKY COVER
  AVERAGE SKY COVER 0.5


WEATHER CONDITIONS
 THE FOLLOWING WEATHER WAS RECORDED YESTERDAY.
  THUNDERSTORM
  HEAVY RAIN
  RAIN
  LIGHT RAIN
  FOG


RELATIVE HUMIDITY (PERCENT)
 HIGHEST    93           900 AM
 LOWEST     59           300 PM
 AVERAGE    76

..........................................................


THE OLYMPIA WA AIRPORT CLIMATE NORMALS FOR TODAY
                         NORMAL    RECORD    YEAR
 MAXIMUM TEMPERATURE (F)   48        60      1995
                                             1949
 MINIMUM TEMPERATURE (F)   35         0      1985


SUNRISE AND SUNSET
NOVEMBER 24 2014......SUNRISE   728 AM PST   SUNSET   429 PM PST
NOVEMBER 25 2014......SUNRISE   729 AM PST   SUNSET   428 PM PST


-  INDICATES NEGATIVE NUMBERS.
R  INDICATES RECORD WAS SET OR TIED.
MM INDICATES DATA IS MISSING.
T  INDICATES TRACE AMOUNT.




$$
