000
CDUS46 KSEW 200836
CLIOLM


CLIMATE REPORT
NATIONAL WEATHER SERVICE SEATTLE WA
1235 AM PST MON NOV 20 2017


...................................

...THE OLYMPIA WA AIRPORT CLIMATE SUMMARY FOR NOVEMBER 19 2017...

CLIMATE NORMAL PERIOD 1981 TO 2010
CLIMATE RECORD PERIOD 1948 TO 2017


WEATHER ITEM   OBSERVED TIME   RECORD YEAR NORMAL DEPARTURE LAST
                VALUE   (LST)  VALUE       VALUE  FROM      YEAR
                                                  NORMAL
..................................................................
TEMPERATURE (F)
 YESTERDAY
  MAXIMUM         47    302 PM  59    1968  49     -2       50
  MINIMUM         34    330 AM  18    2000  36     -2       41
                                      1977
  AVERAGE         41                        42     -1       46

PRECIPITATION (IN)
  YESTERDAY        0.78          4.33 1962   0.32   0.46     0.08
  MONTH TO DATE    7.23                      5.31   1.92     4.94
  SINCE OCT 1     13.81                      9.91   3.90    17.37
  SINCE JAN 1     49.48                     39.22  10.26    46.74

DEGREE DAYS
 HEATING
  YESTERDAY       24                        22      2       19
  MONTH TO DATE  419                       388     31      279
  SINCE SEP 1   1032                      1032      0      859
  SINCE JUL 1   1088                      1182    -94      969

 COOLING
  YESTERDAY        0                         0      0        0
  MONTH TO DATE    0                         0      0        0
  SINCE SEP 1     38                         7     31        0
  SINCE JAN 1    204                       106     98      145
..................................................................


WIND (MPH)
  RESULTANT WIND SPEED  10   RESULTANT WIND DIRECTION  SW (210)
  HIGHEST WIND SPEED    25   HIGHEST WIND DIRECTION     S (190)
  HIGHEST GUST SPEED    38   HIGHEST GUST DIRECTION    SW (210)
  AVERAGE WIND SPEED    12.0


SKY COVER
  AVERAGE SKY COVER 0.6


WEATHER CONDITIONS
 THE FOLLOWING WEATHER WAS RECORDED YESTERDAY.
  RAIN
  LIGHT RAIN
  FOG


RELATIVE HUMIDITY (PERCENT)
 HIGHEST   100           200 AM
 LOWEST     60           100 PM
 AVERAGE    80

..........................................................


THE OLYMPIA WA AIRPORT CLIMATE NORMALS FOR TODAY
                         NORMAL    RECORD    YEAR
 MAXIMUM TEMPERATURE (F)   49        63      1987
 MINIMUM TEMPERATURE (F)   36        14      1977


SUNRISE AND SUNSET
NOVEMBER 20 2017......SUNRISE   722 AM PST   SUNSET   432 PM PST
NOVEMBER 21 2017......SUNRISE   724 AM PST   SUNSET   431 PM PST


-  INDICATES NEGATIVE NUMBERS.
R  INDICATES RECORD WAS SET OR TIED.
MM INDICATES DATA IS MISSING.
T  INDICATES TRACE AMOUNT.




$$
