000
CDUS46 KSEW 240834
CLIOLM


CLIMATE REPORT
NATIONAL WEATHER SERVICE SEATTLE WA
1234 AM PST FRI FEB 24 2017


...................................

...THE OLYMPIA WA AIRPORT CLIMATE SUMMARY FOR FEBRUARY 23 2017...

CLIMATE NORMAL PERIOD 1981 TO 2010
CLIMATE RECORD PERIOD 1948 TO 2017


WEATHER ITEM   OBSERVED TIME   RECORD YEAR NORMAL DEPARTURE LAST
                VALUE   (LST)  VALUE       VALUE  FROM      YEAR
                                                  NORMAL
..................................................................
TEMPERATURE (F)
 YESTERDAY
  MAXIMUM         46    357 PM  64    1995  50     -4       57
  MINIMUM         31   1159 PM  20    2005  33     -2       33
  AVERAGE         39                        42     -3       45

PRECIPITATION (IN)
  YESTERDAY        0.11          2.37 1950   0.18  -0.07     0.00
  MONTH TO DATE    8.49                      4.38   4.11     5.63
  SINCE OCT 1     40.41                     32.91   7.50    47.10
  SINCE JAN 1     12.31                     12.22   0.09    14.10

DEGREE DAYS
 HEATING
  YESTERDAY       26                        23      3       20
  MONTH TO DATE  566                       552     14      467
  SINCE DEC 1   2394                      2158    236     1973
  SINCE JUL 1   3591                      3603    -12     3249

 COOLING
  YESTERDAY        0                         0      0        0
  MONTH TO DATE    0                         0      0        0
  SINCE DEC 1      0                         0      0        0
  SINCE JAN 1      0                         0      0        0
..................................................................


WIND (MPH)
  RESULTANT WIND SPEED   1   RESULTANT WIND DIRECTION  SW (240)
  HIGHEST WIND SPEED     9   HIGHEST WIND DIRECTION     W (250)
  HIGHEST GUST SPEED    11   HIGHEST GUST DIRECTION    NW (310)
  AVERAGE WIND SPEED     1.9


SKY COVER
  AVERAGE SKY COVER 0.8


WEATHER CONDITIONS
 THE FOLLOWING WEATHER WAS RECORDED YESTERDAY.
  LIGHT RAIN
  LIGHT SNOW
  FOG
  FOG W/VISIBILITY <= 1/4 MILE


RELATIVE HUMIDITY (PERCENT)
 HIGHEST   100          1200 AM
 LOWEST     70           200 PM
 AVERAGE    85

..........................................................


THE OLYMPIA WA AIRPORT CLIMATE NORMALS FOR TODAY
                         NORMAL    RECORD    YEAR
 MAXIMUM TEMPERATURE (F)   51        65      2005
 MINIMUM TEMPERATURE (F)   33        15      1962


SUNRISE AND SUNSET
FEBRUARY 24 2017......SUNRISE   700 AM PST   SUNSET   550 PM PST
FEBRUARY 25 2017......SUNRISE   658 AM PST   SUNSET   552 PM PST


-  INDICATES NEGATIVE NUMBERS.
R  INDICATES RECORD WAS SET OR TIED.
MM INDICATES DATA IS MISSING.
T  INDICATES TRACE AMOUNT.




$$
