810
CDUS46 KSEW 220835
CLIOLM


CLIMATE REPORT
NATIONAL WEATHER SERVICE SEATTLE WA
134 AM PDT WED MAR 22 2017


...................................

...THE OLYMPIA WA AIRPORT CLIMATE SUMMARY FOR MARCH 21 2017...

CLIMATE NORMAL PERIOD 1981 TO 2010
CLIMATE RECORD PERIOD 1948 TO 2017


WEATHER ITEM   OBSERVED TIME   RECORD YEAR NORMAL DEPARTURE LAST
                VALUE   (LST)  VALUE       VALUE  FROM      YEAR
                                                  NORMAL
..................................................................
TEMPERATURE (F)
 YESTERDAY
  MAXIMUM         59    310 PM  71    2004  55      4       55
  MINIMUM         43    335 AM  21    1966  36      7       42
  AVERAGE         51                        45      6       49

PRECIPITATION (IN)
  YESTERDAY        0.20          2.40 1948   0.17   0.03     0.31
  MONTH TO DATE    8.47                      3.69   4.78     7.65
  SINCE OCT 1     49.57                     37.49  12.08    55.79
  SINCE JAN 1     21.47                     16.80   4.67    22.79

DEGREE DAYS
 HEATING
  YESTERDAY       14                        20     -6       16
  MONTH TO DATE  452                       444      8      402
  SINCE MAR 1    452                       444      8      402
  SINCE JUL 1   4180                      4166     14     3760

 COOLING
  YESTERDAY        0                         0      0        0
  MONTH TO DATE    0                         0      0        0
  SINCE MAR 1      0                         0      0        0
  SINCE JAN 1      0                         0      0        0
..................................................................


WIND (MPH)
  RESULTANT WIND SPEED   1   RESULTANT WIND DIRECTION  SW (220)
  HIGHEST WIND SPEED    14   HIGHEST WIND DIRECTION     S (170)
  HIGHEST GUST SPEED    22   HIGHEST GUST DIRECTION    SW (210)
  AVERAGE WIND SPEED     2.4


SKY COVER
  AVERAGE SKY COVER 0.8


WEATHER CONDITIONS
 THE FOLLOWING WEATHER WAS RECORDED YESTERDAY.
  LIGHT RAIN
  FOG


RELATIVE HUMIDITY (PERCENT)
 HIGHEST   100          1200 AM
 LOWEST     72           300 PM
 AVERAGE    86

..........................................................


THE OLYMPIA WA AIRPORT CLIMATE NORMALS FOR TODAY
                         NORMAL    RECORD    YEAR
 MAXIMUM TEMPERATURE (F)   55        71      1979
 MINIMUM TEMPERATURE (F)   36        24      2014
                                             2001
                                             1952


SUNRISE AND SUNSET
MARCH 22 2017.........SUNRISE   710 AM PDT   SUNSET   728 PM PDT
MARCH 23 2017.........SUNRISE   708 AM PDT   SUNSET   729 PM PDT


-  INDICATES NEGATIVE NUMBERS.
R  INDICATES RECORD WAS SET OR TIED.
MM INDICATES DATA IS MISSING.
T  INDICATES TRACE AMOUNT.




$$
