000
CDUS46 KSEW 090829
CLIOLM


CLIMATE REPORT
NATIONAL WEATHER SERVICE SEATTLE WA
1228 AM PST TUE FEB 9 2016


...................................

...THE OLYMPIA WA AIRPORT CLIMATE SUMMARY FOR FEBRUARY 8 2016...

CLIMATE NORMAL PERIOD 1981 TO 2010
CLIMATE RECORD PERIOD 1948 TO 2016


WEATHER ITEM   OBSERVED TIME   RECORD YEAR NORMAL DEPARTURE LAST
                VALUE   (LST)  VALUE       VALUE  FROM      YEAR
                                                  NORMAL
..................................................................
TEMPERATURE (F)
 YESTERDAY
  MAXIMUM         57    426 PM  69    1963  49      8       53
  MINIMUM         30    753 AM   9    1989  33     -3       39
  AVERAGE         44                        41      3       46

PRECIPITATION (IN)
  YESTERDAY        0.00          2.75 1996   0.20  -0.20     0.42
  MONTH TO DATE    1.27                      1.63  -0.36     4.36
  SINCE OCT 1     42.74                     30.16  12.58    30.07
  SINCE JAN 1      9.74                      9.47   0.27    11.04

DEGREE DAYS
 HEATING
  YESTERDAY       21                        24     -3       19
  MONTH TO DATE  184                       193     -9      141
  SINCE DEC 1   1690                      1799   -109     1550
  SINCE JUL 1   2966                      3244   -278     2649

 COOLING
  YESTERDAY        0                         0      0        0
  MONTH TO DATE    0                         0      0        0
  SINCE DEC 1      0                         0      0        0
  SINCE JAN 1      0                         0      0        0
..................................................................


WIND (MPH)
  RESULTANT WIND SPEED   3   RESULTANT WIND DIRECTION  NE (30)
  HIGHEST WIND SPEED    14   HIGHEST WIND DIRECTION    NE (30)
  HIGHEST GUST SPEED    16   HIGHEST GUST DIRECTION    NE (30)
  AVERAGE WIND SPEED     3.0


SKY COVER
  AVERAGE SKY COVER 0.2


WEATHER CONDITIONS
 THE FOLLOWING WEATHER WAS RECORDED YESTERDAY.
  FOG
  FOG W/VISIBILITY <= 1/4 MILE
  HAZE


RELATIVE HUMIDITY (PERCENT)
 HIGHEST   100          1200 AM
 LOWEST     57           300 PM
 AVERAGE    79

..........................................................


THE OLYMPIA WA AIRPORT CLIMATE NORMALS FOR TODAY
                         NORMAL    RECORD    YEAR
 MAXIMUM TEMPERATURE (F)   49        63      1963
 MINIMUM TEMPERATURE (F)   33        12      1989


SUNRISE AND SUNSET
FEBRUARY  9 2016......SUNRISE   726 AM PST   SUNSET   526 PM PST
FEBRUARY 10 2016......SUNRISE   724 AM PST   SUNSET   528 PM PST


-  INDICATES NEGATIVE NUMBERS.
R  INDICATES RECORD WAS SET OR TIED.
MM INDICATES DATA IS MISSING.
T  INDICATES TRACE AMOUNT.




$$
