000
CDUS46 KSEW 290831
CLIOLM


CLIMATE REPORT
NATIONAL WEATHER SERVICE SEATTLE WA
131 AM PDT SAT AUG 29 2015


...................................

...THE OLYMPIA WA AIRPORT CLIMATE SUMMARY FOR AUGUST 28 2015...

CLIMATE NORMAL PERIOD 1981 TO 2010
CLIMATE RECORD PERIOD 1948 TO 2015


WEATHER ITEM   OBSERVED TIME   RECORD YEAR NORMAL DEPARTURE LAST
                VALUE   (LST)  VALUE       VALUE  FROM      YEAR
                                                  NORMAL
..................................................................
TEMPERATURE (F)
 YESTERDAY
  MAXIMUM         74    210 PM  98    1967  76     -2       76
  MINIMUM         58    620 AM  37    1985  49      9       54
  AVERAGE         66                        63      3       65

PRECIPITATION (IN)
  YESTERDAY        0.14          0.44 1953   0.05   0.09     0.00
  MONTH TO DATE    1.07                      0.80   0.27     0.85
  SINCE OCT 1     40.88                     48.15  -7.27    40.65
  SINCE JAN 1     21.85                     27.46  -5.61    31.81

DEGREE DAYS
 HEATING
  YESTERDAY        0                         3     -3        0
  MONTH TO DATE   21                        60    -39       14
  SINCE JUN 1    101                       328   -227      202
  SINCE JUL 1     38                       140   -102       47

 COOLING
  YESTERDAY        1                         1      0        0
  MONTH TO DATE   71                        44     27       83
  SINCE JUN 1    261                        98    163      180
  SINCE JAN 1    262                       101    161      181
..................................................................


WIND (MPH)
  RESULTANT WIND SPEED   3   RESULTANT WIND DIRECTION   W (250)
  HIGHEST WIND SPEED    16   HIGHEST WIND DIRECTION    SW (220)
  HIGHEST GUST SPEED    22   HIGHEST GUST DIRECTION    SW (220)
  AVERAGE WIND SPEED     5.8


SKY COVER
  AVERAGE SKY COVER 0.7


WEATHER CONDITIONS
 THE FOLLOWING WEATHER WAS RECORDED YESTERDAY.
  LIGHT RAIN
  FOG


RELATIVE HUMIDITY (PERCENT)
 HIGHEST   100           400 AM
 LOWEST     48          1200 AM
 AVERAGE    74

..........................................................


THE OLYMPIA WA AIRPORT CLIMATE NORMALS FOR TODAY
                         NORMAL    RECORD    YEAR
 MAXIMUM TEMPERATURE (F)   76        94      1996
 MINIMUM TEMPERATURE (F)   49        34      1969


SUNRISE AND SUNSET
AUGUST 29 2015........SUNRISE   627 AM PDT   SUNSET   757 PM PDT
AUGUST 30 2015........SUNRISE   628 AM PDT   SUNSET   755 PM PDT


-  INDICATES NEGATIVE NUMBERS.
R  INDICATES RECORD WAS SET OR TIED.
MM INDICATES DATA IS MISSING.
T  INDICATES TRACE AMOUNT.




$$
