000
CDUS46 KSEW 270829
CLIOLM


CLIMATE REPORT
NATIONAL WEATHER SERVICE SEATTLE WA
129 AM PDT FRI MAY 27 2016


...................................

...THE OLYMPIA WA AIRPORT CLIMATE SUMMARY FOR MAY 26 2016...

CLIMATE NORMAL PERIOD 1981 TO 2010
CLIMATE RECORD PERIOD 1948 TO 2016


WEATHER ITEM   OBSERVED TIME   RECORD YEAR NORMAL DEPARTURE LAST
                VALUE   (LST)  VALUE       VALUE  FROM      YEAR
                                                  NORMAL
..................................................................
TEMPERATURE (F)
 YESTERDAY
  MAXIMUM         62    119 PM  89    2005  67     -5       70
  MINIMUM         46    505 AM  32    1973  45      1       48
                                      1964
  AVERAGE         54                        56     -2       59

PRECIPITATION (IN)
  YESTERDAY        0.00          0.42 1969   0.07  -0.07     0.00
  MONTH TO DATE    0.11                      1.96  -1.85     0.67
  SINCE OCT 1     58.34                     44.59  13.75    39.52
  SINCE JAN 1     25.34                     23.90   1.44    20.49

DEGREE DAYS
 HEATING
  YESTERDAY       11                         9      2        6
  MONTH TO DATE  198                       295    -97      243
  SINCE MAR 1   1125                      1432   -307     1255
  SINCE JUL 1   4483                      5154   -671     4290

 COOLING
  YESTERDAY        0                         0      0        0
  MONTH TO DATE    0                         0      0        0
  SINCE MAR 1      1                         0      1        0
  SINCE JAN 1      1                         0      1        0
..................................................................


WIND (MPH)
  RESULTANT WIND SPEED   9   RESULTANT WIND DIRECTION  SW (220)
  HIGHEST WIND SPEED    17   HIGHEST WIND DIRECTION    SW (240)
  HIGHEST GUST SPEED    23   HIGHEST GUST DIRECTION    SW (230)
  AVERAGE WIND SPEED     9.3


SKY COVER
  AVERAGE SKY COVER 0.6


WEATHER CONDITIONS
 THE FOLLOWING WEATHER WAS RECORDED YESTERDAY.
  NO SIGNIFICANT WEATHER WAS OBSERVED.


RELATIVE HUMIDITY (PERCENT)
 HIGHEST    86           500 AM
 LOWEST     51           600 PM
 AVERAGE    69

..........................................................


THE OLYMPIA WA AIRPORT CLIMATE NORMALS FOR TODAY
                         NORMAL    RECORD    YEAR
 MAXIMUM TEMPERATURE (F)   67        92      2005
 MINIMUM TEMPERATURE (F)   45        34      1976
                                             1973
                                             1966


SUNRISE AND SUNSET
MAY 27 2016...........SUNRISE   524 AM PDT   SUNSET   855 PM PDT
MAY 28 2016...........SUNRISE   523 AM PDT   SUNSET   856 PM PDT


-  INDICATES NEGATIVE NUMBERS.
R  INDICATES RECORD WAS SET OR TIED.
MM INDICATES DATA IS MISSING.
T  INDICATES TRACE AMOUNT.




$$
