000
CDUS46 KSEW 230832
CLIOLM


CLIMATE REPORT
NATIONAL WEATHER SERVICE SEATTLE WA
1232 AM PST TUE JAN 23 2018


...................................

...THE OLYMPIA WA AIRPORT CLIMATE SUMMARY FOR JANUARY 22 2018...

CLIMATE NORMAL PERIOD 1981 TO 2010
CLIMATE RECORD PERIOD 1948 TO 2018


WEATHER ITEM   OBSERVED TIME   RECORD YEAR NORMAL DEPARTURE LAST
                VALUE   (LST)  VALUE       VALUE  FROM      YEAR
                                                  NORMAL
..................................................................
TEMPERATURE (F)
 YESTERDAY
  MAXIMUM         46   1257 PM  56    1995  47     -1       50
  MINIMUM         33   1025 PM   6    1969  34     -1       32
  AVERAGE         40                        40      0       41

PRECIPITATION (IN)
  YESTERDAY        0.47          2.03 1953   0.24   0.23     0.04
  MONTH TO DATE    5.62                      5.73  -0.11     3.78
  SINCE OCT 1     31.38                     26.42   4.96    31.88
  SINCE JAN 1      5.62                      5.73  -0.11     3.78

DEGREE DAYS
 HEATING
  YESTERDAY       25                        25      0       24
  MONTH TO DATE  491                       560    -69      682
  SINCE DEC 1   1351                      1385    -34     1594
  SINCE JUL 1   2653                      2830   -177     2791

 COOLING
  YESTERDAY        0                         0      0        0
  MONTH TO DATE    0                         0      0        0
  SINCE DEC 1      0                         0      0        0
  SINCE JAN 1      0                         0      0        0
..................................................................


WIND (MPH)
  RESULTANT WIND SPEED   2   RESULTANT WIND DIRECTION  SW (210)
  HIGHEST WIND SPEED    18   HIGHEST WIND DIRECTION     S (190)
  HIGHEST GUST SPEED    23   HIGHEST GUST DIRECTION    SW (210)
  AVERAGE WIND SPEED     5.5


SKY COVER
  AVERAGE SKY COVER 0.8


WEATHER CONDITIONS
 THE FOLLOWING WEATHER WAS RECORDED YESTERDAY.
  HEAVY RAIN
  RAIN
  LIGHT RAIN
  FOG
  FOG W/VISIBILITY <= 1/4 MILE


RELATIVE HUMIDITY (PERCENT)
 HIGHEST   100           500 PM
 LOWEST     89           900 AM
 AVERAGE    95

..........................................................


THE OLYMPIA WA AIRPORT CLIMATE NORMALS FOR TODAY
                         NORMAL    RECORD    YEAR
 MAXIMUM TEMPERATURE (F)   47        56      2007
                                             2005
 MINIMUM TEMPERATURE (F)   34         4      1969


SUNRISE AND SUNSET
JANUARY 23 2018.......SUNRISE   746 AM PST   SUNSET   501 PM PST
JANUARY 24 2018.......SUNRISE   745 AM PST   SUNSET   503 PM PST


-  INDICATES NEGATIVE NUMBERS.
R  INDICATES RECORD WAS SET OR TIED.
MM INDICATES DATA IS MISSING.
T  INDICATES TRACE AMOUNT.




$$
