000
CDUS46 KSEW 250829
CLIOLM


CLIMATE REPORT
NATIONAL WEATHER SERVICE SEATTLE WA
129 AM PDT THU AUG 25 2016


...................................

...THE OLYMPIA WA AIRPORT CLIMATE SUMMARY FOR AUGUST 24 2016...

CLIMATE NORMAL PERIOD 1981 TO 2010
CLIMATE RECORD PERIOD 1948 TO 2016


WEATHER ITEM   OBSERVED TIME   RECORD YEAR NORMAL DEPARTURE LAST
                VALUE   (LST)  VALUE       VALUE  FROM      YEAR
                                                  NORMAL
..................................................................
TEMPERATURE (F)
 YESTERDAY
  MAXIMUM         87    339 PM  94    1982  77     10       79
  MINIMUM         47    551 AM  38    2003  50     -3       46
  AVERAGE         67                        63      4       63

PRECIPITATION (IN)
  YESTERDAY        0.00          0.61 2004   0.04  -0.04     0.00
  MONTH TO DATE    0.21                      0.62  -0.41     0.93
  SINCE OCT 1     60.45                     47.97  12.48    40.74
  SINCE JAN 1     27.45                     27.28   0.17    21.71

DEGREE DAYS
 HEATING
  YESTERDAY        0                         2     -2        2
  MONTH TO DATE   38                        48    -10       16
  SINCE JUN 1    262                       316    -54       96
  SINCE JUL 1     96                       128    -32       33

 COOLING
  YESTERDAY        2                         1      1        0
  MONTH TO DATE   59                        40     19       64
  SINCE JUN 1    130                        94     36      254
  SINCE JAN 1    131                        97     34      255
..................................................................


WIND (MPH)
  RESULTANT WIND SPEED   6   RESULTANT WIND DIRECTION  NE (30)
  HIGHEST WIND SPEED    16   HIGHEST WIND DIRECTION     N (20)
  HIGHEST GUST SPEED    21   HIGHEST GUST DIRECTION     N (20)
  AVERAGE WIND SPEED     5.8


SKY COVER
  AVERAGE SKY COVER 0.0


WEATHER CONDITIONS
 THE FOLLOWING WEATHER WAS RECORDED YESTERDAY.
  NO SIGNIFICANT WEATHER WAS OBSERVED.


RELATIVE HUMIDITY (PERCENT)
 HIGHEST    93           400 AM
 LOWEST     21           300 PM
 AVERAGE    57

..........................................................


THE OLYMPIA WA AIRPORT CLIMATE NORMALS FOR TODAY
                         NORMAL    RECORD    YEAR
 MAXIMUM TEMPERATURE (F)   77        90      2010
                                             1982
 MINIMUM TEMPERATURE (F)   50        38      1973


SUNRISE AND SUNSET
AUGUST 25 2016........SUNRISE   623 AM PDT   SUNSET   803 PM PDT
AUGUST 26 2016........SUNRISE   624 AM PDT   SUNSET   801 PM PDT


-  INDICATES NEGATIVE NUMBERS.
R  INDICATES RECORD WAS SET OR TIED.
MM INDICATES DATA IS MISSING.
T  INDICATES TRACE AMOUNT.




$$
