000
CDUS43 KOAX 230626
CLIOMA


CLIMATE REPORT
NATIONAL WEATHER SERVICE OMAHA NEBRASKA
123 AM CDT THU MAR 23 2017


...................................

...THE OMAHA EPPLEY, NEBRASKA CLIMATE SUMMARY FOR MARCH 22 2017...

CLIMATE NORMAL PERIOD 1981 TO 2010
CLIMATE RECORD PERIOD 1871 TO 2017


WEATHER ITEM   OBSERVED TIME   RECORD YEAR NORMAL DEPARTURE LAST
                VALUE   (LST)  VALUE       VALUE  FROM      YEAR
                                                  NORMAL
..................................................................
TEMPERATURE (F)
 YESTERDAY
  MAXIMUM         51    507 PM  88    1910  54     -3       66
  MINIMUM         33    848 AM   7    1888  30      3       50
  AVERAGE         42                        42      0       58

PRECIPITATION (IN)
  YESTERDAY        T             1.41 1979   0.07  -0.07     0.00
  MONTH TO DATE    0.13                      1.27  -1.14     0.39
  SINCE MAR 1      0.13                      1.27  -1.14     0.39
  SINCE JAN 1      2.03                      2.84  -0.81     2.11

SNOWFALL (IN)
  YESTERDAY        T                         0.1   -0.1      0.0
  MONTH TO DATE    0.3                       3.3   -3.0       T
  SINCE JUL 1     11.4                      24.5  -13.1     27.4
  SNOW DEPTH       0

DEGREE DAYS
 HEATING
  YESTERDAY       23                        23      0        7
  MONTH TO DATE  509                       602    -93      378
  SINCE MAR 1    509                       602    -93      378
  SINCE JUL 1   4336                      5400  -1064     4344

 COOLING
  YESTERDAY        0                         0      0        0
  MONTH TO DATE    0                         0      0        2
  SINCE MAR 1      0                         0      0        2
  SINCE JAN 1      0                         0      0        2
..................................................................


WIND (MPH)
  HIGHEST WIND SPEED    24   HIGHEST WIND DIRECTION    SE (140)
  HIGHEST GUST SPEED    29   HIGHEST GUST DIRECTION    SE (130)
  AVERAGE WIND SPEED    15.0


SKY COVER
  POSSIBLE SUNSHINE  MM
  AVERAGE SKY COVER 0.9


WEATHER CONDITIONS
 THE FOLLOWING WEATHER WAS RECORDED YESTERDAY.
  RAIN
  LIGHT RAIN
  SLEET


RELATIVE HUMIDITY (PERCENT)
 HIGHEST    59          1200 AM
 LOWEST     26           200 PM
 AVERAGE    43

..........................................................


THE OMAHA EPPLEY, NEBRASKA CLIMATE NORMALS FOR TODAY
                         NORMAL    RECORD    YEAR
 MAXIMUM TEMPERATURE (F)   54        87      1910
 MINIMUM TEMPERATURE (F)   31        10      1965


SUNRISE AND SUNSET
MARCH 23 2017.........SUNRISE   721 AM CDT   SUNSET   739 PM CDT
MARCH 24 2017.........SUNRISE   720 AM CDT   SUNSET   740 PM CDT


-  INDICATES NEGATIVE NUMBERS.
R  INDICATES RECORD WAS SET OR TIED.
MM INDICATES DATA IS MISSING.
T  INDICATES TRACE AMOUNT.


$$

BCM
