088
CDUS43 KOAX 080625
CLIOMA


CLIMATE REPORT
NATIONAL WEATHER SERVICE OMAHA NEBRASKA
1223 AM CST THU DEC 8 2016


...................................

...THE OMAHA EPPLEY, NEBRASKA CLIMATE SUMMARY FOR DECEMBER 7 2016...

CLIMATE NORMAL PERIOD 1981 TO 2010
CLIMATE RECORD PERIOD 1871 TO 2016


WEATHER ITEM   OBSERVED TIME   RECORD YEAR NORMAL DEPARTURE LAST
                VALUE   (LST)  VALUE       VALUE  FROM      YEAR
                                                  NORMAL
..................................................................
TEMPERATURE (F)
 YESTERDAY
  MAXIMUM         26    232 PM  61    1918  37    -11       55
  MINIMUM         16   1159 PM -15    1882  19     -3       28
  AVERAGE         21                        28     -7       42

PRECIPITATION (IN)
  YESTERDAY        0.00          1.30 1892   0.04  -0.04     0.00
  MONTH TO DATE    0.48                      0.28   0.20     0.03
  SINCE DEC 1      0.48                      0.28   0.20     0.03
  SINCE JAN 1     33.65                     29.86   3.79    39.29

SNOWFALL (IN)
  YESTERDAY        0.0                       0.2   -0.2      0.0
  MONTH TO DATE    1.1                       1.4   -0.3      0.6
  SINCE JUL 1      1.1                       4.2   -3.1      2.5
  SNOW DEPTH       0

DEGREE DAYS
 HEATING
  YESTERDAY       44                        37      7       23
  MONTH TO DATE  229                       250    -21      189
  SINCE DEC 1    229                       250    -21      189
  SINCE JUL 1    980                      1520   -540     1067

 COOLING
  YESTERDAY        0                         0      0        0
  MONTH TO DATE    0                         0      0        0
  SINCE DEC 1      0                         0      0        0
  SINCE JAN 1   1476                      1113    363     1215
..................................................................


WIND (MPH)
  HIGHEST WIND SPEED    22   HIGHEST WIND DIRECTION    NW (300)
  HIGHEST GUST SPEED    29   HIGHEST GUST DIRECTION    NW (310)
  AVERAGE WIND SPEED    13.9


SKY COVER
  POSSIBLE SUNSHINE  MM
  AVERAGE SKY COVER 0.6


WEATHER CONDITIONS
 THE FOLLOWING WEATHER WAS RECORDED YESTERDAY.
  NO SIGNIFICANT WEATHER WAS OBSERVED.


RELATIVE HUMIDITY (PERCENT)
 HIGHEST    67           400 AM
 LOWEST     46           300 PM
 AVERAGE    57

..........................................................


THE OMAHA EPPLEY, NEBRASKA CLIMATE NORMALS FOR TODAY
                         NORMAL    RECORD    YEAR
 MAXIMUM TEMPERATURE (F)   37        68      1946
 MINIMUM TEMPERATURE (F)   19       -13      1917


SUNRISE AND SUNSET
DECEMBER  8 2016......SUNRISE   737 AM CST   SUNSET   454 PM CST
DECEMBER  9 2016......SUNRISE   738 AM CST   SUNSET   454 PM CST


-  INDICATES NEGATIVE NUMBERS.
R  INDICATES RECORD WAS SET OR TIED.
MM INDICATES DATA IS MISSING.
T  INDICATES TRACE AMOUNT.


$$

BCM
