000
CDUS43 KOAX 270634
CLIOMA


CLIMATE REPORT
NATIONAL WEATHER SERVICE OMAHA NEBRASKA
1230 AM CST SAT DEC 27 2014


...................................

...THE OMAHA EPPLEY, NEBRASKA CLIMATE SUMMARY FOR DECEMBER 26 2014...

CLIMATE NORMAL PERIOD 1981 TO 2010
CLIMATE RECORD PERIOD 1871 TO 2014


WEATHER ITEM   OBSERVED TIME   RECORD YEAR NORMAL DEPARTURE LAST
                VALUE   (LST)  VALUE       VALUE  FROM      YEAR
                                                  NORMAL
..................................................................
TEMPERATURE (F)
 YESTERDAY
  MAXIMUM         34    318 PM  62    1936  33      1       48
  MINIMUM         31   1159 PM -14    1892  14     17       19
  AVERAGE         33                        24      9       34

PRECIPITATION (IN)
  YESTERDAY        0.04          0.78 1886   0.03   0.01     0.00
  MONTH TO DATE    1.67                      0.91   0.76     0.20
  SINCE DEC 1      1.67                      0.91   0.76     0.20
  SINCE JAN 1     39.13                     30.49   8.64    29.00

SNOWFALL (IN)
  YESTERDAY        T                         0.2   -0.2      0.0
  MONTH TO DATE    0.3                       5.2   -4.9      3.1
  SINCE JUL 1      2.7                       8.0   -5.3      3.5
  SNOW DEPTH       0

DEGREE DAYS
 HEATING
  YESTERDAY       32                        41     -9       31
  MONTH TO DATE  783                      1003   -220     1120
  SINCE DEC 1    783                      1003   -220     1120
  SINCE JUL 1   2084                      2273   -189     2346

 COOLING
  YESTERDAY        0                         0      0        0
  MONTH TO DATE    0                         0      0        0
  SINCE DEC 1      0                         0      0        0
  SINCE JAN 1   1149                      1113     36     1294
..................................................................


WIND (MPH)
  HIGHEST WIND SPEED    24   HIGHEST WIND DIRECTION     N (350)
  HIGHEST GUST SPEED    30   HIGHEST GUST DIRECTION     N (340)
  AVERAGE WIND SPEED    12.6


SKY COVER
  POSSIBLE SUNSHINE  MM
  AVERAGE SKY COVER 0.9


WEATHER CONDITIONS
 THE FOLLOWING WEATHER WAS RECORDED YESTERDAY.
  LT FREEZING RAIN
  LIGHT SNOW
  FOG


RELATIVE HUMIDITY (PERCENT)
 HIGHEST    96           700 AM
 LOWEST     89           300 AM
 AVERAGE    93

..........................................................


THE OMAHA EPPLEY, NEBRASKA CLIMATE NORMALS FOR TODAY
                         NORMAL    RECORD    YEAR
 MAXIMUM TEMPERATURE (F)   33        61      2013
                                             1976
 MINIMUM TEMPERATURE (F)   14       -15      1886


SUNRISE AND SUNSET
DECEMBER 27 2014......SUNRISE   748 AM CST   SUNSET   501 PM CST
DECEMBER 28 2014......SUNRISE   749 AM CST   SUNSET   502 PM CST


-  INDICATES NEGATIVE NUMBERS.
R  INDICATES RECORD WAS SET OR TIED.
MM INDICATES DATA IS MISSING.
T  INDICATES TRACE AMOUNT.




$$
