000
CDUS43 KOAX 180810
CLIOMA


CLIMATE REPORT
NATIONAL WEATHER SERVICE OMAHA NEBRASKA
208 AM CST WED JAN 18 2017


...................................

...THE OMAHA EPPLEY, NEBRASKA CLIMATE SUMMARY FOR JANUARY 17 2017...

CLIMATE NORMAL PERIOD 1981 TO 2010
CLIMATE RECORD PERIOD 1871 TO 2017


WEATHER ITEM   OBSERVED TIME   RECORD YEAR NORMAL DEPARTURE LAST
                VALUE   (LST)  VALUE       VALUE  FROM      YEAR
                                                  NORMAL
..................................................................
TEMPERATURE (F)
 YESTERDAY
  MAXIMUM         34    454 PM  59    1989  33      1        7
  MINIMUM         25   1009 PM -16    1930  13     12       -5
  AVERAGE         30                        23      7        1

PRECIPITATION (IN)
  YESTERDAY        T             0.31 1930   0.02  -0.02      T
  MONTH TO DATE    0.69                      0.37   0.32     0.75
  SINCE DEC 1      2.16                      1.41   0.75     6.01
  SINCE JAN 1      0.69                      0.37   0.32     0.75

SNOWFALL (IN)
  YESTERDAY        0.0                       0.2   -0.2       T
  MONTH TO DATE    0.6                       3.3   -2.7      2.5
  SINCE JUL 1      3.8                      12.3   -8.5     16.7
  SNOW DEPTH       0

DEGREE DAYS
 HEATING
  YESTERDAY       35                        42     -7       64
  MONTH TO DATE  723                       714      9      721
  SINCE DEC 1   1896                      1923    -27     1668
  SINCE JUL 1   2647                      3193   -546     2546

 COOLING
  YESTERDAY        0                         0      0        0
  MONTH TO DATE    0                         0      0        0
  SINCE DEC 1      0                         0      0        0
  SINCE JAN 1      0                         0      0        0
..................................................................


WIND (MPH)
  HIGHEST WIND SPEED    20   HIGHEST WIND DIRECTION    NW (320)
  HIGHEST GUST SPEED    22   HIGHEST GUST DIRECTION    NW (310)
  AVERAGE WIND SPEED     8.7


SKY COVER
  POSSIBLE SUNSHINE  MM
  AVERAGE SKY COVER 0.7


WEATHER CONDITIONS
 THE FOLLOWING WEATHER WAS RECORDED YESTERDAY.
  LT FREEZING RAIN
  FOG
  HAZE


RELATIVE HUMIDITY (PERCENT)
 HIGHEST    89          1200 AM
 LOWEST     75           400 PM
 AVERAGE    82

..........................................................


THE OMAHA EPPLEY, NEBRASKA CLIMATE NORMALS FOR TODAY
                         NORMAL    RECORD    YEAR
 MAXIMUM TEMPERATURE (F)   33        63      1951
 MINIMUM TEMPERATURE (F)   13       -19      1940


SUNRISE AND SUNSET
JANUARY 18 2017.......SUNRISE   745 AM CST   SUNSET   523 PM CST
JANUARY 19 2017.......SUNRISE   745 AM CST   SUNSET   524 PM CST


-  INDICATES NEGATIVE NUMBERS.
R  INDICATES RECORD WAS SET OR TIED.
MM INDICATES DATA IS MISSING.
T  INDICATES TRACE AMOUNT.




$$
