000
CDUS43 KOAX 260626
CLIOMA


CLIMATE REPORT
NATIONAL WEATHER SERVICE OMAHA NEBRASKA
1225 AM CST WED NOV 26 2014


...................................

...THE OMAHA EPPLEY, NEBRASKA CLIMATE SUMMARY FOR NOVEMBER 25 2014...

CLIMATE NORMAL PERIOD 1981 TO 2010
CLIMATE RECORD PERIOD 1871 TO 2014


WEATHER ITEM   OBSERVED TIME   RECORD YEAR NORMAL DEPARTURE LAST
                VALUE   (LST)  VALUE       VALUE  FROM      YEAR
                                                  NORMAL
..................................................................
TEMPERATURE (F)
 YESTERDAY
  MAXIMUM         43    234 PM  72    1960  43      0       46
  MINIMUM         18    751 AM   3    1977  24     -6       27
  AVERAGE         31                        34     -3       37

PRECIPITATION (IN)
  YESTERDAY        T             0.80 1952   0.05  -0.05     0.00
                                      1944
  MONTH TO DATE    0.20                      1.41  -1.21     1.06
  SINCE SEP 1      8.79                      6.24   2.55     7.56
  SINCE JAN 1     37.44                     29.35   8.09    28.80

SNOWFALL (IN)
  YESTERDAY        0.0                       0.1   -0.1      0.0
  MONTH TO DATE    2.4                       1.7    0.7      0.4
  SINCE JUL 1      2.4                       2.0    0.4      0.4
  SNOW DEPTH       0

DEGREE DAYS
 HEATING
  YESTERDAY       34                        31      3       28
  MONTH TO DATE  758                       621    137      641
  SINCE SEP 1   1132                      1098     34     1043
  SINCE JUL 1   1136                      1106     30     1048

 COOLING
  YESTERDAY        0                         0      0        0
  MONTH TO DATE    0                         0      0        0
  SINCE SEP 1    126                       132     -6      228
  SINCE JAN 1   1149                      1112     37     1294
..................................................................


WIND (MPH)
  HIGHEST WIND SPEED    20   HIGHEST WIND DIRECTION     S (160)
  HIGHEST GUST SPEED    26   HIGHEST GUST DIRECTION     S (160)
  AVERAGE WIND SPEED    10.0


SKY COVER
  POSSIBLE SUNSHINE  MM
  AVERAGE SKY COVER 0.5


WEATHER CONDITIONS
 THE FOLLOWING WEATHER WAS RECORDED YESTERDAY.
  LIGHT RAIN


RELATIVE HUMIDITY (PERCENT)
 HIGHEST    67           600 AM
 LOWEST     39          1100 AM
 AVERAGE    53

..........................................................


THE OMAHA EPPLEY, NEBRASKA CLIMATE NORMALS FOR TODAY
                         NORMAL    RECORD    YEAR
 MAXIMUM TEMPERATURE (F)   43        67      1914
 MINIMUM TEMPERATURE (F)   24         1      1898
                                             1871


SUNRISE AND SUNSET
NOVEMBER 26 2014......SUNRISE   725 AM CST   SUNSET   457 PM CST
NOVEMBER 27 2014......SUNRISE   726 AM CST   SUNSET   457 PM CST


-  INDICATES NEGATIVE NUMBERS.
R  INDICATES RECORD WAS SET OR TIED.
MM INDICATES DATA IS MISSING.
T  INDICATES TRACE AMOUNT.


$$

BCM
