000
CDUS43 KOAX 270632
CLIOMA


CLIMATE REPORT
NATIONAL WEATHER SERVICE OMAHA NEBRASKA
131 AM CDT WED JUL 27 2016


...................................

...THE OMAHA EPPLEY, NEBRASKA CLIMATE SUMMARY FOR JULY 26 2016...

CLIMATE NORMAL PERIOD 1981 TO 2010
CLIMATE RECORD PERIOD 1871 TO 2016


WEATHER ITEM   OBSERVED TIME   RECORD YEAR NORMAL DEPARTURE LAST
                VALUE   (LST)  VALUE       VALUE  FROM      YEAR
                                                  NORMAL
..................................................................
TEMPERATURE (F)
 YESTERDAY
  MAXIMUM         87    441 PM 109    1936  87      0       91
  MINIMUM         64    454 AM  52    2004  66     -2       69
  AVERAGE         76                        77     -1       80

PRECIPITATION (IN)
  YESTERDAY        0.00          1.90 1966   0.12  -0.12     0.45
  MONTH TO DATE    6.60                      3.20   3.40     1.96
  SINCE JUN 1      7.54                      7.38   0.16     6.57
  SINCE JAN 1     20.53                     18.66   1.87    17.26

SNOWFALL (IN)
  YESTERDAY        0.0                       0.0    0.0      0.0
  MONTH TO DATE    T                         0.0    0.0      0.0
  SINCE JUL 1      T                         0.0    0.0      0.0
  SNOW DEPTH       0

DEGREE DAYS
 HEATING
  YESTERDAY        0                         0      0        0
  MONTH TO DATE    0                         0      0        1
  SINCE JUN 1      0                        17    -17        1
  SINCE JUL 1      0                         0      0        1

 COOLING
  YESTERDAY       11                        12     -1       15
  MONTH TO DATE  345                       308     37      307
  SINCE JUN 1    763                       538    225      569
  SINCE JAN 1    846                       620    226      615
..................................................................


WIND (MPH)
  HIGHEST WIND SPEED    14   HIGHEST WIND DIRECTION    SE (140)
  HIGHEST GUST SPEED    17   HIGHEST GUST DIRECTION    SE (140)
  AVERAGE WIND SPEED     5.5


SKY COVER
  POSSIBLE SUNSHINE  MM
  AVERAGE SKY COVER 0.3


WEATHER CONDITIONS
 THE FOLLOWING WEATHER WAS RECORDED YESTERDAY.
  FOG


RELATIVE HUMIDITY (PERCENT)
 HIGHEST    93           200 AM
 LOWEST     45           100 PM
 AVERAGE    69

..........................................................


THE OMAHA EPPLEY, NEBRASKA CLIMATE NORMALS FOR TODAY
                         NORMAL    RECORD    YEAR
 MAXIMUM TEMPERATURE (F)   87       109      1930
 MINIMUM TEMPERATURE (F)   66        53      2013
                                             2005


SUNRISE AND SUNSET
JULY 27 2016..........SUNRISE   615 AM CDT   SUNSET   845 PM CDT
JULY 28 2016..........SUNRISE   615 AM CDT   SUNSET   844 PM CDT


-  INDICATES NEGATIVE NUMBERS.
R  INDICATES RECORD WAS SET OR TIED.
MM INDICATES DATA IS MISSING.
T  INDICATES TRACE AMOUNT.




$$
