000
CDUS43 KOAX 230748
CLIOMA


CLIMATE REPORT
NATIONAL WEATHER SERVICE OMAHA NEBRASKA
229 AM CDT FRI JUN 23 2017


...................................

...THE OMAHA EPPLEY, NEBRASKA CLIMATE SUMMARY FOR JUNE 22 2017...

CLIMATE NORMAL PERIOD 1981 TO 2010
CLIMATE RECORD PERIOD 1871 TO 2017


WEATHER ITEM   OBSERVED TIME   RECORD YEAR NORMAL DEPARTURE LAST
                VALUE   (LST)  VALUE       VALUE  FROM      YEAR
                                                  NORMAL
..................................................................
TEMPERATURE (F)
 YESTERDAY
  MAXIMUM         92    536 PM 100    1930  85      7       95
  MINIMUM         73   1159 PM  46    1972  63     10       70
  AVERAGE         83                        74      9       83

PRECIPITATION (IN)
  YESTERDAY        T             4.07 1994   0.13  -0.13      T
  MONTH TO DATE    1.99                      3.16  -1.17     0.86
  SINCE JUN 1      1.99                      3.16  -1.17     0.86
  SINCE JAN 1     13.30                     14.44  -1.14    13.85

SNOWFALL (IN)
  YESTERDAY        0.0                       0.0    0.0      0.0
  MONTH TO DATE    0.0                       0.0    0.0      0.0
  SINCE JUL 1     11.4                      26.4  -15.0     27.4
  SNOW DEPTH       0

DEGREE DAYS
 HEATING
  YESTERDAY        0                         0      0        0
  MONTH TO DATE    0                        15    -15        0
  SINCE JUN 1      0                        15    -15        0
  SINCE JUL 1   4938                      6165  -1227     4927

 COOLING
  YESTERDAY       18                         9      9       18
  MONTH TO DATE  285                       147    138      307
  SINCE JUN 1    285                       147    138      307
  SINCE JAN 1    370                       229    141      390
..................................................................


WIND (MPH)
  HIGHEST WIND SPEED    25   HIGHEST WIND DIRECTION     N (360)
  HIGHEST GUST SPEED    31   HIGHEST GUST DIRECTION     N (10)
  AVERAGE WIND SPEED    13.2


SKY COVER
  POSSIBLE SUNSHINE  MM
  AVERAGE SKY COVER 0.7


WEATHER CONDITIONS
 THE FOLLOWING WEATHER WAS RECORDED YESTERDAY.
  THUNDERSTORM
  LIGHT RAIN


RELATIVE HUMIDITY (PERCENT)
 HIGHEST    67          1000 PM
 LOWEST     44           500 PM
 AVERAGE    56

..........................................................


THE OMAHA EPPLEY, NEBRASKA CLIMATE NORMALS FOR TODAY
                         NORMAL    RECORD    YEAR
 MAXIMUM TEMPERATURE (F)   85       104      1937
 MINIMUM TEMPERATURE (F)   63        48      1972


SUNRISE AND SUNSET
JUNE 23 2017..........SUNRISE   551 AM CDT   SUNSET   901 PM CDT
JUNE 24 2017..........SUNRISE   551 AM CDT   SUNSET   901 PM CDT


-  INDICATES NEGATIVE NUMBERS.
R  INDICATES RECORD WAS SET OR TIED.
MM INDICATES DATA IS MISSING.
T  INDICATES TRACE AMOUNT.




$$
