000
CDUS43 KOAX 180632
CLIOMA


CLIMATE REPORT
NATIONAL WEATHER SERVICE OMAHA NEBRASKA
1230 AM CST MON DEC 18 2017


...................................

...THE OMAHA EPPLEY, NEBRASKA CLIMATE SUMMARY FOR DECEMBER 17 2017...

CLIMATE NORMAL PERIOD 1981 TO 2010
CLIMATE RECORD PERIOD 1871 TO 2017


WEATHER ITEM   OBSERVED TIME   RECORD YEAR NORMAL DEPARTURE LAST
                VALUE   (LST)  VALUE       VALUE  FROM      YEAR
                                                  NORMAL
..................................................................
TEMPERATURE (F)
 YESTERDAY
  MAXIMUM         37    330 PM  68    1939  34      3       21
  MINIMUM         27   1159 PM  -9    1983  16     11       -7
                                      1981
  AVERAGE         32                        25      7        7

PRECIPITATION (IN)
  YESTERDAY        T             0.45 1897   0.03  -0.03     0.07
  MONTH TO DATE    0.01                      0.64  -0.63     0.57
  SINCE DEC 1      0.01                      0.64  -0.63     0.57
  SINCE JAN 1     25.99                     30.22  -4.23    33.74

SNOWFALL (IN)
  YESTERDAY        T                         0.2   -0.2      1.3
  MONTH TO DATE    0.1                       3.4   -3.3      2.7
  SINCE JUL 1      0.1                       6.2   -6.1      2.7
  SNOW DEPTH       0

DEGREE DAYS
 HEATING
  YESTERDAY       33                        40     -7       58
  MONTH TO DATE  486                       637   -151      697
  SINCE DEC 1    486                       637   -151      697
  SINCE JUL 1   1546                      1907   -361     1448

 COOLING
  YESTERDAY        0                         0      0        0
  MONTH TO DATE    0                         0      0        0
  SINCE DEC 1      0                         0      0        0
  SINCE JAN 1   1349                      1113    236     1476
..................................................................


WIND (MPH)
  HIGHEST WIND SPEED    16   HIGHEST WIND DIRECTION     N (010)
  HIGHEST GUST SPEED    19   HIGHEST GUST DIRECTION     N (010)
  AVERAGE WIND SPEED     6.6


SKY COVER
  POSSIBLE SUNSHINE  MM
  AVERAGE SKY COVER 0.8


WEATHER CONDITIONS
 THE FOLLOWING WEATHER WAS RECORDED YESTERDAY.
  LIGHT RAIN
  SNOW
  SLEET
  FOG
  HAZE


RELATIVE HUMIDITY (PERCENT)
 HIGHEST    85          1100 AM
 LOWEST     64           300 PM
 AVERAGE    75

..........................................................


THE OMAHA EPPLEY, NEBRASKA CLIMATE NORMALS FOR TODAY
                         NORMAL    RECORD    YEAR
 MAXIMUM TEMPERATURE (F)   34        69      1976
 MINIMUM TEMPERATURE (F)   16       -18      1983


SUNRISE AND SUNSET
DECEMBER 18 2017......SUNRISE   744 AM CST   SUNSET   456 PM CST
DECEMBER 19 2017......SUNRISE   745 AM CST   SUNSET   457 PM CST


-  INDICATES NEGATIVE NUMBERS.
R  INDICATES RECORD WAS SET OR TIED.
MM INDICATES DATA IS MISSING.
T  INDICATES TRACE AMOUNT.




$$
