000
CDUS43 KOAX 162131
CLIOMA


CLIMATE REPORT
NATIONAL WEATHER SERVICE OMAHA NEBRASKA
429 PM CDT TUE SEP 16 2014


...................................

...THE OMAHA EPPLEY, NEBRASKA CLIMATE SUMMARY FOR SEPTEMBER 16 2014...
VALID TODAY AS OF 0400 PM LOCAL TIME.

CLIMATE NORMAL PERIOD 1981 TO 2010
CLIMATE RECORD PERIOD 1871 TO 2014


WEATHER ITEM   OBSERVED TIME   RECORD YEAR NORMAL DEPARTURE LAST
                VALUE   (LST)  VALUE       VALUE  FROM      YEAR
                                                  NORMAL
..................................................................
TEMPERATURE (F)
 TODAY
  MAXIMUM         68    259 PM  97    1931  78    -10       69
  MINIMUM         42    506 AM  36    1903  54    -12       56
                                      1881
  AVERAGE         55                        66    -11       63

PRECIPITATION (IN)
  TODAY            0.00          2.06 1968   0.08  -0.08     0.01
  MONTH TO DATE    4.13                      1.53   2.60     1.88
  SINCE SEP 1      4.13                      1.53   2.60     1.88
  SINCE JAN 1     32.78                     24.64   8.14    23.12

SNOWFALL (IN)
  TODAY            0.0                       0.0    0.0      0.0
  MONTH TO DATE    0.0                       0.0    0.0      0.0
  SINCE JUL 1      0.0                       0.0    0.0      0.0
  SNOW DEPTH       0

DEGREE DAYS
 HEATING
  TODAY           10                         3      7        2
  MONTH TO DATE   69                        26     43        3
  SINCE SEP 1     69                        26     43        3
  SINCE JUL 1     73                        34     39        8

 COOLING
  TODAY            0                         4     -4        0
  MONTH TO DATE   55                        85    -30      149
  SINCE SEP 1     55                        85    -30      149
  SINCE JAN 1   1078                      1065     13     1215
..................................................................


WIND (MPH)
  HIGHEST WIND SPEED    14   HIGHEST WIND DIRECTION     S (170)
  HIGHEST GUST SPEED    18   HIGHEST GUST DIRECTION     S (170)
  AVERAGE WIND SPEED     5.2


SKY COVER
  POSSIBLE SUNSHINE  MM
  AVERAGE SKY COVER 0.2


WEATHER CONDITIONS
 THE FOLLOWING WEATHER WAS RECORDED TODAY.
  FOG
  FOG W/VISIBILITY <= 1/4 MILE


RELATIVE HUMIDITY (PERCENT)
 HIGHEST   100           500 AM
 LOWEST     49           300 PM
 AVERAGE    75

..........................................................


THE OMAHA EPPLEY, NEBRASKA CLIMATE NORMALS FOR TOMORROW
                         NORMAL    RECORD    YEAR
 MAXIMUM TEMPERATURE (F)   77       102      1895
 MINIMUM TEMPERATURE (F)   53        37      1973
                                             1903


SUNRISE AND SUNSET
SEPTEMBER 16 2014.....SUNRISE   705 AM CDT   SUNSET   731 PM CDT
SEPTEMBER 17 2014.....SUNRISE   706 AM CDT   SUNSET   729 PM CDT


-  INDICATES NEGATIVE NUMBERS.
R  INDICATES RECORD WAS SET OR TIED.
MM INDICATES DATA IS MISSING.
T  INDICATES TRACE AMOUNT.




$$
