000
CDUS43 KOAX 220629
CLIOMA


CLIMATE REPORT
NATIONAL WEATHER SERVICE OMAHA NEBRASKA
127 AM CDT SUN OCT 22 2017


...................................

...THE OMAHA EPPLEY, NEBRASKA CLIMATE SUMMARY FOR OCTOBER 21 2017...

CLIMATE NORMAL PERIOD 1981 TO 2010
CLIMATE RECORD PERIOD 1871 TO 2017


WEATHER ITEM   OBSERVED TIME   RECORD YEAR NORMAL DEPARTURE LAST
                VALUE   (LST)  VALUE       VALUE  FROM      YEAR
                                                  NORMAL
..................................................................
TEMPERATURE (F)
 YESTERDAY
  MAXIMUM         76    148 PM  90    1947  63     13       66
  MINIMUM         51    945 PM  20    1913  40     11       37
  AVERAGE         64                        51     13       52

PRECIPITATION (IN)
  YESTERDAY        0.08          1.18 1900   0.07   0.01     0.00
  MONTH TO DATE    4.06                      1.52   2.54     1.66
  SINCE SEP 1      6.65                      4.20   2.45     6.08
  SINCE JAN 1     25.62                     27.31  -1.69    32.40

SNOWFALL (IN)
  YESTERDAY        0.0                       0.0    0.0      0.0
  MONTH TO DATE    0.0                       0.1   -0.1      0.0
  SINCE JUL 1      0.0                       0.1   -0.1       T
  SNOW DEPTH       0

DEGREE DAYS
 HEATING
  YESTERDAY        1                        14    -13       13
  MONTH TO DATE  116                       221   -105      136
  SINCE SEP 1    143                       316   -173      163
  SINCE JUL 1    143                       324   -181      163

 COOLING
  YESTERDAY        0                         0      0        0
  MONTH TO DATE   17                        12      5       18
  SINCE SEP 1    220                       129     91      225
  SINCE JAN 1   1349                      1109    240     1472
..................................................................


WIND (MPH)
  HIGHEST WIND SPEED    29   HIGHEST WIND DIRECTION    NW (320)
  HIGHEST GUST SPEED    36   HIGHEST GUST DIRECTION     S (170)
  AVERAGE WIND SPEED    16.4


SKY COVER
  POSSIBLE SUNSHINE  MM
  AVERAGE SKY COVER 0.9


WEATHER CONDITIONS
 THE FOLLOWING WEATHER WAS RECORDED YESTERDAY.
  THUNDERSTORM
  HEAVY RAIN
  LIGHT RAIN


RELATIVE HUMIDITY (PERCENT)
 HIGHEST    84           200 AM
 LOWEST     51           500 PM
 AVERAGE    68

..........................................................


THE OMAHA EPPLEY, NEBRASKA CLIMATE NORMALS FOR TODAY
                         NORMAL    RECORD    YEAR
 MAXIMUM TEMPERATURE (F)   62        89      1975
 MINIMUM TEMPERATURE (F)   40        20      1976


SUNRISE AND SUNSET
OCTOBER 22 2017.......SUNRISE   744 AM CDT   SUNSET   632 PM CDT
OCTOBER 23 2017.......SUNRISE   745 AM CDT   SUNSET   630 PM CDT


-  INDICATES NEGATIVE NUMBERS.
R  INDICATES RECORD WAS SET OR TIED.
MM INDICATES DATA IS MISSING.
T  INDICATES TRACE AMOUNT.




$$
