000
CDAK49 PAOM 051200
CLIOME

CLIMATE REPORT
NATIONAL WEATHER SERVICE NOME, AK
4 AM AKDT SUN JUL 5 2015

...................................
...THE NOME WSO AP CLIMATE SUMMARY FOR JULY 4 2015...

CLIMATE NORMAL PERIOD  1981 TO  2010
CLIMATE RECORD PERIOD  1906 TO  2015

WEATHER ITEM   OBSERVED TIME    RECORD YEAR NORMAL DEPARTURE LAST
               VALUE    (LST)   VALUE       VALUE  FROM      YEAR
                                                   NORMAL
...................................................................
TEMPERATURE
YESTERDAY
 MAXIMUM            71  0753 PM    77  1992     59      12     49
 MINIMUM            47  0312 AM    30  1924     46       1     42
 AVERAGE            59                          52       7     46

PRECIPITATION
(INCHES)
 YESTERDAY        0.00           0.58  1920   0.05   -0.05   0.00
 MONTH TO DATE    0.02                        0.18   -0.16   0.49
 SINCE JUN 1      0.68                        1.16   -0.48   0.71
 SINCE JAN 1      5.12                        5.30   -0.18   5.18

SNOWFALL
(INCHES)
 YESTERDAY         0.0            0.0  2015    0.0     0.0    0.0
 MONTH TO DATE     0.0                         0.0     0.0    0.0
 SINCE JUN 1       0.0                         0.3    -0.3    0.0
 SINCE JUL 1       0.0                         0.0     0.0    0.0
 SNOW DEPTH (IN)     0                                          0

DEGREE DAYS
 HEATING
  YESTERDAY          6                          13      -7     19
  MONTH TO DATE     66                          52      14     77
  SINCE JUN 1      591                         568      23    645
  SINCE JUL 1       66                          52      14     77

 COOLING
  YESTERDAY          0                           0       0      0
  MONTH TO DATE      0                           0       0      0
  SINCE JUN 1        5                           0       5      0
  SINCE JAN 1        5                           0       5      0
...................................................................

WIND (MPH)
 HIGHEST WIND SPEED    23     HIGHEST WIND DIRECTION    120
 HIGHEST GUST SPEED    27     HIGHEST GUST DIRECTION     90
 AVERAGE WIND SPEED  10.7

SKY COVER
  POSSIBLE SUNSHINE    MM          AVERAGE SKY COVER     MM

WEATHER CONDITIONS
 THE FOLLOWING WEATHER WAS RECORDED YESTERDAY.
  HAZE

RELATIVE HUMIDITY
 HIGHEST RH     MM PERCENT       MM
 LOWEST  RH     MM PERCENT       MM
 AVERAGE RH     MM PERCENT       MM
...................................................................

THE NOME CLIMATE NORMALS FOR TODAY
                           NORMAL    RECORD   YEAR
 MAXIMUM TEMPERATURE (F)     59        83     2008
 MINIMUM TEMPERATURE (F)     46        31     1976

SUNRISE AND SUNSET
 JUL 5 2015..........SUNRISE  4:40 AM      SUNSET  1:31 AM
 JUL 6 2015..........SUNRISE  4:43 AM      SUNSET  1:29 AM

-  INDICATES NEGATIVE NUMBERS.
R  INDICATES RECORD HAS BEEN SET OR TIED.
MM INDICATES DATA IS MISSING.
T  INDICATES TRACE OF PRECIPITATION.

&&
-------------------------------------------------------------------

AMOUNT OF DAYLIGHT TODAY  (HOUR:MIN)........20 HOURS 51 MINUTES
GAIN/LOSS SINCE YESTERDAY (HOUR:MIN:SEC)....-0:04:35

NOME TIDAL INFORMATION FOR 5 JULY 2015
0149AM  -0.3
0902AM  +1.4
0157PM  +0.9
0715PM  +1.4

$$

CKC JUL 15
