808
CDAK49 PAFG 220146
CLIOME

CLIMATE REPORT
NATIONAL WEATHER SERVICE FAIRBANKS AK
446 PM AKST TUE NOV 21 2017


...................................

...THE NOME AK CLIMATE SUMMARY FOR NOVEMBER 21 2017...
VALID TODAY AS OF 0300 PM LOCAL TIME.

CLIMATE NORMAL PERIOD 1981 TO 2010
CLIMATE RECORD PERIOD 1906 TO 2017


WEATHER ITEM   OBSERVED TIME   RECORD YEAR NORMAL DEPARTURE LAST
                VALUE   (LST)  VALUE       VALUE  FROM      YEAR
                                                  NORMAL
..................................................................
TEMPERATURE (F)
 TODAY
  MAXIMUM         34    546 AM  44    1949  21     13       10
  MINIMUM         24    209 AM -27    1988   9     15       -4
  AVERAGE         29                        15     14        3

PRECIPITATION (IN)
  TODAY            0.04          0.93 2010   0.04   0.00     0.00
  MONTH TO DATE    1.90                      0.89   1.01     0.71
  SINCE SEP 1      7.72                      4.95   2.77     4.70
  SINCE JAN 1     17.45                     15.40   2.05    14.96

SNOWFALL (IN)
  TODAY            0.4           4.0  1973   0.4   MM        0.0
  MONTH TO DATE   21.3                       8.3   13.0      8.2
  SINCE SEP 1     30.7                      13.5   17.2      8.3
  SINCE JUL 1     30.7                      13.5   17.2      8.3
  SNOW DEPTH      11

DEGREE DAYS
 HEATING
  TODAY           36                        50    -14       62
  MONTH TO DATE  799                       982   -183      886
  SINCE SEP 1   2508                      2772   -264     2351
  SINCE JUL 1   3354                      3632   -278     3036

 COOLING
  TODAY            0                         0      0        0
  MONTH TO DATE    0                         0      0        0
  SINCE SEP 1      0                         0      0        0
  SINCE JAN 1      4                         3      1        0
..................................................................


WIND (MPH)
  HIGHEST GUST SPEED    58   HIGHEST GUST DIRECTION     W (250)


SKY COVER
  AVERAGE SKY COVER 1.0


WEATHER CONDITIONS
 THE FOLLOWING WEATHER WAS RECORDED TODAY.
  SNOW
  LIGHT SNOW
  FOG
  FOG W/VISIBILITY <= 1/4 MILE
  HAZE


RELATIVE HUMIDITY (PERCENT)
 HIGHEST   100
 LOWEST     78
 AVERAGE    89

..........................................................


THE NOME AK CLIMATE NORMALS FOR TOMORROW
                         NORMAL    RECORD    YEAR
 MAXIMUM TEMPERATURE (F)   21        44      1949
 MINIMUM TEMPERATURE (F)    8       -27      1988


SUNRISE AND SUNSET
NOVEMBER 21 2017......SUNRISE  1056 AM AKST  SUNSET   440 PM AKST
NOVEMBER 22 2017......SUNRISE  1059 AM AKST  SUNSET   437 PM AKST

-  INDICATES NEGATIVE NUMBERS.
R  INDICATES RECORD WAS SET OR TIED.
MM INDICATES DATA IS MISSING.
T  INDICATES TRACE AMOUNT.

&&

SNOW DEPTH IS MEASURED AT 3AM AKST/4AM AKDT.

----------------------------
AVAILABLE DAYLIGHT

AMOUNT OF DAYLIGHT TODAY  (HOUR:MIN)........5:43
GAIN/LOSS SINCE YESTERDAY (HOUR:MIN:SEC)....-0:06:00

NOME TIDAL INFORMATION FOR 22 NOVEMBER 2017
0544  +1.7
1246  +0.7
1958  +1.7

$$
CCC NOV 17
