000
CDAK49 PAOM 290909
CLIOME

CLIMATE REPORT
NATIONAL WEATHER SERVICE NOME, AK
109 AM AKDT WED JUL 29 2015

...................................
...THE NOME WSO AP CLIMATE SUMMARY FOR JULY 28 2015...

CLIMATE NORMAL PERIOD  1981 TO  2010
CLIMATE RECORD PERIOD  1906 TO  2015

WEATHER ITEM   OBSERVED TIME    RECORD YEAR NORMAL DEPARTURE LAST
               VALUE    (LST)   VALUE       VALUE  FROM      YEAR
                                                   NORMAL
...................................................................
TEMPERATURE
YESTERDAY
 MAXIMUM            62  1012 PM    75  1953     58       4     64
 MINIMUM            46  0702 AM    31  1973     46       0     46
 AVERAGE            54                          52       2     55

PRECIPITATION
(INCHES)
 YESTERDAY        0.00           1.13  2012   0.09   -0.09      T
 MONTH TO DATE    1.44                        1.82   -0.38   2.48
 SINCE JUN 1      2.10                        2.80   -0.70   2.70
 SINCE JAN 1      6.54                        6.94   -0.40   7.17

SNOWFALL
(INCHES)
 YESTERDAY         0.0            0.0  2015    0.0     0.0    0.0
 MONTH TO DATE     0.0                         0.0     0.0    0.0
 SINCE JUN 1       0.0                         0.3    -0.3    0.0
 SINCE JUL 1       0.0                         0.0     0.0    0.0
 SNOW DEPTH (IN)     0                                          0

DEGREE DAYS
 HEATING
  YESTERDAY         11                          13      -2     10
  MONTH TO DATE    268                         361     -93    388
  SINCE JUN 1      793                         877     -84    956
  SINCE JUL 1      268                         361     -93    388

 COOLING
  YESTERDAY          0                           0       0      0
  MONTH TO DATE      0                           0       0      2
  SINCE JUN 1        5                           0       5      2
  SINCE JAN 1        5                           0       5      2
...................................................................

WIND (MPH)
 HIGHEST WIND SPEED    12     HIGHEST WIND DIRECTION    210
 HIGHEST GUST SPEED    15     HIGHEST GUST DIRECTION    200
 AVERAGE WIND SPEED   5.1

SKY COVER
  POSSIBLE SUNSHINE    MM          AVERAGE SKY COVER     MM

WEATHER CONDITIONS
 THE FOLLOWING WEATHER WAS RECORDED YESTERDAY.
  NO SIGNIFICANT WEATHER WAS OBSERVED.

RELATIVE HUMIDITY
 HIGHEST RH     MM PERCENT       MM
 LOWEST  RH     MM PERCENT       MM
 AVERAGE RH     MM PERCENT       MM
...................................................................

THE NOME CLIMATE NORMALS FOR TODAY
                           NORMAL    RECORD   YEAR
 MAXIMUM TEMPERATURE (F)     57        72     1997
 MINIMUM TEMPERATURE (F)     46        32     1929

SUNRISE AND SUNSET
 JUL 29 2015..........SUNRISE  5:55 AM      SUNSET 12:20 AM
 JUL 30 2015..........SUNRISE  5:59 AM      SUNSET 12:16 AM

-  INDICATES NEGATIVE NUMBERS.
R  INDICATES RECORD HAS BEEN SET OR TIED.
MM INDICATES DATA IS MISSING.
T  INDICATES TRACE OF PRECIPITATION.

&&
-------------------------------------------------------------------

AMOUNT OF DAYLIGHT TODAY  (HOUR:MIN)........18 HOURS 25 MINUTES
GAIN/LOSS SINCE YESTERDAY (HOUR:MIN:SEC)....-0:06:41

TIDE INFORMATION FOR WEDNESDAY JULY 29 2015
 5:12 AM HIGH 1.0 FT
 8:18 AM LOW  0.9 FT
 2:05 PM HIGH 1.4 FT
10:24 PM LOW  0.0 FT

$$
RWM JUL 15
