000
CDAK49 PAFG 250941
CLIOME

CLIMATE REPORT
NATIONAL WEATHER SERVICE FAIRBANKS AK
1241 AM AKST SUN FEB 25 2018


...................................

...THE NOME AK CLIMATE SUMMARY FOR FEBRUARY 24 2018...

CLIMATE NORMAL PERIOD 1981 TO 2010
CLIMATE RECORD PERIOD 1906 TO 2018


WEATHER ITEM   OBSERVED TIME   RECORD YEAR NORMAL DEPARTURE LAST
                VALUE   (LST)  VALUE       VALUE  FROM      YEAR
                                                  NORMAL
..................................................................
TEMPERATURE (F)
 YESTERDAY
  MAXIMUM         13    658 PM  38    1928  17     -4       30
  MINIMUM          3    952 AM -39    1971   1      2       20
  AVERAGE          8                         9     -1       25

PRECIPITATION (IN)
  YESTERDAY        0.00          0.56 1907   0.03  -0.03     0.05
  MONTH TO DATE    1.43                      0.81   0.62     0.82
  SINCE DEC 1      3.45                      2.83   0.62     2.61
  SINCE JAN 1      1.89                      1.75   0.14     1.54

SNOWFALL (IN)
  YESTERDAY        0.0           6.1  1996   0.5   -0.5      0.6
  MONTH TO DATE   16.8                      10.5    6.3     14.8
  SINCE DEC 1     41.3                      37.7    3.6     41.2
  SINCE JUL 1     72.9                      55.0   17.9     49.8
  SNOW DEPTH      39

DEGREE DAYS
 HEATING
  YESTERDAY       57                        56      1       40
  MONTH TO DATE 1041                      1387   -346     1547
  SINCE DEC 1   4133                      4962   -829     4976
  SINCE JUL 1   7921                      9055  -1134     8591

 COOLING
  YESTERDAY        0                         0      0        0
  MONTH TO DATE    0                         0      0        0
  SINCE DEC 1      0                         0      0        0
  SINCE JAN 1      0                         0      0        0
..................................................................


WIND (MPH)
  HIGHEST GUST SPEED    18   HIGHEST GUST DIRECTION    NE (40)


SKY COVER
  AVERAGE SKY COVER 0.9


WEATHER CONDITIONS
 THE FOLLOWING WEATHER WAS RECORDED YESTERDAY.
  HAZE


RELATIVE HUMIDITY (PERCENT)
 HIGHEST    87
 LOWEST     73
 AVERAGE    80

..........................................................


THE NOME AK CLIMATE NORMALS FOR TODAY
                         NORMAL    RECORD    YEAR
 MAXIMUM TEMPERATURE (F)   17        39      1947
 MINIMUM TEMPERATURE (F)    1       -42      1971


SUNRISE AND SUNSET
FEBRUARY 25 2018......SUNRISE   924 AM AKST  SUNSET   708 PM AKST
FEBRUARY 26 2018......SUNRISE   920 AM AKST  SUNSET   711 PM AKST

-  INDICATES NEGATIVE NUMBERS.
R  INDICATES RECORD WAS SET OR TIED.
MM INDICATES DATA IS MISSING.
T  INDICATES TRACE AMOUNT.

&&

SNOW DEPTH IS MEASURED AT 3AM AKST/4AM AKDT.

----------------------------
AVAILABLE DAYLIGHT

AMOUNT OF DAYLIGHT TODAY  (HOUR:MIN)........9:44
GAIN/LOSS SINCE YESTERDAY (HOUR:MIN:SEC)....+0:06:41

NOME TIDAL INFORMATION FOR 25 FEBRUARY 2018
0603  +0.1
1255  +1.1
1756  +0.6
2321  +1.1

$$
SDB FEB 18
