000
CDAK49 PAOM 011028
CLIOME

CLIMATE REPORT
NATIONAL WEATHER SERVICE NOME, AK
228 AM AKDT WED OCT 1 2014

...................................
...THE NOME WSO AP CLIMATE SUMMARY FOR SEPTEMBER 30 2014...

CLIMATE NORMAL PERIOD  1981 TO  2010
CLIMATE RECORD PERIOD  1906 TO  2014

WEATHER ITEM   OBSERVED TIME    RECORD YEAR NORMAL DEPARTURE LAST
               VALUE    (LST)   VALUE       VALUE  FROM      YEAR
                                                   NORMAL
...................................................................
TEMPERATURE
YESTERDAY
 MAXIMUM            48  0207 PM    52  1969     42       6     39
 MINIMUM            31  0502 AM    16  1923     31       0     21
 AVERAGE            40                          36       4     30

PRECIPITATION
(INCHES)
 YESTERDAY        0.00           0.64  1931   0.07   -0.07   0.00
 MONTH TO DATE    2.58                        2.45    0.13   1.98
 SINCE SEP 1      2.58                        2.45    0.13   1.98
 SINCE JAN 1     11.60                       12.90   -1.30  15.09

SNOWFALL
(INCHES)
 YESTERDAY         0.0            0.8  1999    0.1    -0.1    0.0
 MONTH TO DATE     0.0                         0.6    -0.6    1.1
 SINCE SEP 1       0.0                         0.6    -0.6    1.1
 SINCE JUL 1       0.0                         0.6    -0.6    1.1
 SNOW DEPTH (IN)     0                                          0

DEGREE DAYS
 HEATING
  YESTERDAY         25                          29      -4     35
  MONTH TO DATE    583                         666     -83    746
  SINCE SEP 1      583                         666     -83    746
  SINCE JUL 1     1286                        1530    -244   1520

 COOLING
  YESTERDAY          0                           0       0      0
  MONTH TO DATE      0                           0       0      0
  SINCE SEP 1        0                           0       0      0
  SINCE JAN 1        3                           0       3      7
...................................................................

WIND (MPH)
 HIGHEST WIND SPEED    20     HIGHEST WIND DIRECTION    250
 HIGHEST GUST SPEED    24     HIGHEST GUST DIRECTION    240
 AVERAGE WIND SPEED  11.1

WEATHER CONDITIONS
 THE FOLLOWING WEATHER WAS RECORDED YESTERDAY.
  NO SIGNIFICANT WEATHER WAS OBSERVED.
...................................................................

THE NOME CLIMATE NORMALS FOR TODAY
                           NORMAL    RECORD   YEAR
 MAXIMUM TEMPERATURE (F)     42        59     1954
 MINIMUM TEMPERATURE (F)     30        16     1919

SUNRISE AND SUNSET
 OCT 1 2014..........SUNRISE  9:12 AM      SUNSET  8:30 PM
 OCT 2 2014..........SUNRISE  9:15 AM      SUNSET  8:26 PM

-  INDICATES NEGATIVE NUMBERS.
R  INDICATES RECORD HAS BEEN SET OR TIED.
MM INDICATES DATA IS MISSING.
T  INDICATES TRACE OF PRECIPITATION.

&&
-------------------------------------------------------------------

AMOUNT OF DAYLIGHT TODAY  (HOUR:MIN)........11 HOURS 18 MINUTES
GAIN/LOSS SINCE YESTERDAY (HOUR:MIN:SEC)....-0:06:32

$$
CRG OCT 14
