696
CDAK49 PAFG 210946
CLIOME

CLIMATE REPORT
NATIONAL WEATHER SERVICE FAIRBANKS AK
1246 AM AKST TUE FEB 21 2017


...................................

...THE NOME AK CLIMATE SUMMARY FOR FEBRUARY 20 2017...

CLIMATE NORMAL PERIOD 1981 TO 2010
CLIMATE RECORD PERIOD 1906 TO 2017


WEATHER ITEM   OBSERVED TIME   RECORD YEAR NORMAL DEPARTURE LAST
                VALUE   (LST)  VALUE       VALUE  FROM      YEAR
                                                  NORMAL
..................................................................
TEMPERATURE (F)
 YESTERDAY
  MAXIMUM         -7    409 PM  39    1957  16    -23       13
  MINIMUM        -24   1035 PM -39    1984   0    -24       -3
  AVERAGE        -15                         8    -23        5

PRECIPITATION (IN)
  YESTERDAY        T             0.34 1918   0.04  -0.04     0.00
  MONTH TO DATE    T                         0.68  -0.68     0.44
  SINCE DEC 1      1.79                      2.70  -0.91     0.97
  SINCE JAN 1      0.72                      1.62  -0.90     0.97

SNOWFALL (IN)
  YESTERDAY        0.1           6.4  2011   0.5   -0.4      0.0
  MONTH TO DATE    0.3                       8.7   -8.4      6.9
  SINCE DEC 1     26.7                      35.9   -9.2     15.1
  SINCE JUL 1     35.3                      53.2  -17.9     15.1
  SNOW DEPTH      21

DEGREE DAYS
 HEATING
  YESTERDAY       80                        57     23       60
  MONTH TO DATE 1309                      1162    147     1034
  SINCE DEC 1   4738                      4737      1     2414
  SINCE JUL 1   8353                      8830   -477     2414

 COOLING
  YESTERDAY        0                         0      0        0
  MONTH TO DATE    0                         0      0        0
  SINCE DEC 1      0                         0      0        0
  SINCE JAN 1      0                         0      0        0
..................................................................


WIND (MPH)
  HIGHEST GUST SPEED     9   HIGHEST GUST DIRECTION     N (350)


SKY COVER
  AVERAGE SKY COVER 0.5


WEATHER CONDITIONS
 THE FOLLOWING WEATHER WAS RECORDED YESTERDAY.
  LIGHT SNOW
  FOG
  HAZE


RELATIVE HUMIDITY (PERCENT)
 HIGHEST    87
 LOWEST     64
 AVERAGE    76

..........................................................


THE NOME AK CLIMATE NORMALS FOR TODAY
                         NORMAL    RECORD    YEAR
 MAXIMUM TEMPERATURE (F)   16        40      2015
 MINIMUM TEMPERATURE (F)    1       -35      1990
                                             1984


SUNRISE AND SUNSET
FEBRUARY 21 2017......SUNRISE   937 AM AKST  SUNSET   656 PM AKST
FEBRUARY 22 2017......SUNRISE   933 AM AKST  SUNSET   659 PM AKST

-  INDICATES NEGATIVE NUMBERS.
R  INDICATES RECORD WAS SET OR TIED.
MM INDICATES DATA IS MISSING.
T  INDICATES TRACE AMOUNT.

&&

SNOW DEPTH IS MEASURED AT 3AM AKST/4AM AKDT.

----------------------------
AVAILABLE DAYLIGHT

AMOUNT OF DAYLIGHT TODAY  (HOUR:MIN)........9:19
GAIN/LOSS SINCE YESTERDAY (HOUR:MIN:SEC)....+0:06:42

NOME TIDAL INFORMATION FOR 21 FEBRUARY 2017
0703  +0.3
1345  +1.0
1836  +0.8
2357  +0.9

$$
FEB 17
