000
CDAK49 PAFG 241006
CLIOME

CLIMATE REPORT
NATIONAL WEATHER SERVICE FAIRBANKS AK
206 AM AKDT MON JUL 24 2017


...................................

...THE NOME AK CLIMATE SUMMARY FOR JULY 23 2017...

CLIMATE NORMAL PERIOD 1981 TO 2010
CLIMATE RECORD PERIOD 1906 TO 2017


WEATHER ITEM   OBSERVED TIME   RECORD YEAR NORMAL DEPARTURE LAST
                VALUE   (LST)  VALUE       VALUE  FROM      YEAR
                                                  NORMAL
..................................................................
TEMPERATURE (F)
 YESTERDAY
  MAXIMUM         54    635 AM  75    1991  58     -4       58
  MINIMUM         50   1159 PM  34    1992  46      4       49
  AVERAGE         52                        52      0       54

PRECIPITATION (IN)
  YESTERDAY        1.74R         0.98 1979   0.08   1.66     0.26
  MONTH TO DATE    3.19                      1.40   1.79     2.20
  SINCE JUN 1      4.37                      2.38   1.99     2.54
  SINCE JAN 1      7.22                      6.52   0.70     5.63

SNOWFALL (IN)
  YESTERDAY        0.0           0.0    MM   0.0    0.0     MM
  MONTH TO DATE    0.0                       0.0    0.0      0.0
  SINCE JUN 1      0.0                       0.3   -0.3      0.0
  SINCE JUL 1      0.0                       0.0    0.0      0.0
  SNOW DEPTH       0

DEGREE DAYS
 HEATING
  YESTERDAY       13                        13      0       11
  MONTH TO DATE  266                       296    -30      275
  SINCE JUN 1    631                       813   -182      722
  SINCE JUL 1    266                       296    -30      275

 COOLING
  YESTERDAY        0                         0      0        0
  MONTH TO DATE    0                         0      0        0
  SINCE JUN 1      4                         1      3        0
  SINCE JAN 1      4                         1      3        0
..................................................................


WIND (MPH)
  HIGHEST GUST SPEED    34   HIGHEST GUST DIRECTION    SW (230)


SKY COVER
  AVERAGE SKY COVER 1.0


WEATHER CONDITIONS
 THE FOLLOWING WEATHER WAS RECORDED YESTERDAY.
  HEAVY RAIN
  RAIN
  LIGHT RAIN
  FOG


RELATIVE HUMIDITY (PERCENT)
 HIGHEST   100
 LOWEST     89
 AVERAGE    95

..........................................................


THE NOME AK CLIMATE NORMALS FOR TODAY
                         NORMAL    RECORD    YEAR
 MAXIMUM TEMPERATURE (F)   58        76      2006
 MINIMUM TEMPERATURE (F)   46        30      1914


SUNRISE AND SUNSET
JULY 24 2017..........SUNRISE   540 AM AKDT  SUNSET  1235 AM AKDT
JULY 25 2017..........SUNRISE   544 AM AKDT  SUNSET  1231 AM AKDT

-  INDICATES NEGATIVE NUMBERS.
R  INDICATES RECORD WAS SET OR TIED.
MM INDICATES DATA IS MISSING.
T  INDICATES TRACE AMOUNT.

&&

SNOW DEPTH IS MEASURED AT 3AM AKST/4AM AKDT.

----------------------------
AVAILABLE DAYLIGHT

AMOUNT OF DAYLIGHT TODAY  (HOUR:MIN)........18:58
GAIN/LOSS SINCE YESTERDAY (HOUR:MIN:SEC)....-0:06:35

NOME TIDAL INFORMATION FOR 24 JULY 2017
0711  +1.1
1135  +0.6
1733  +1.2

$$
JUL 17
