000
CDAK49 PAOM 230902
CLIOME

CLIMATE REPORT
NATIONAL WEATHER SERVICE NOME, AK
103 AM AKDT SAT JUL 23 2016

...................................
...THE NOME WSO AP CLIMATE SUMMARY FOR JULY 22 2016...

CLIMATE NORMAL PERIOD  1981 TO  2010
CLIMATE RECORD PERIOD  1906 TO  2016

WEATHER ITEM   OBSERVED TIME    RECORD YEAR NORMAL DEPARTURE LAST
               VALUE    (LST)   VALUE       VALUE  FROM      YEAR
                                                   NORMAL
...................................................................
TEMPERATURE
YESTERDAY
 MAXIMUM            58  0736 PM    78  1988     58       0     60
 MINIMUM            47  0713 AM    34  1999     47       0     50
 AVERAGE            53                          52       1     55

PRECIPITATION
(INCHES)
 YESTERDAY        0.03           1.58  1915   0.07   -0.04   0.07
 MONTH TO DATE    1.95                        1.32    0.63   1.44
 SINCE JUN 1      2.29                        2.30   -0.01   2.10
 SINCE JAN 1      5.38                        6.44   -1.06   6.54

SNOWFALL
(INCHES)
 YESTERDAY         0.0            0.0  2016    0.0     0.0    0.0
 MONTH TO DATE     0.0                         0.0     0.0    0.0
 SINCE JUN 1       0.0                         0.3    -0.3    0.0
 SINCE JUL 1       0.0                         0.0     0.0    0.0
 SNOW DEPTH (IN)     0                                          0

DEGREE DAYS
 HEATING
  YESTERDAY         12                          13      -1     10
  MONTH TO DATE    290                         283       7    198
  SINCE JUN 1      754                         799     -45    723
  SINCE JUL 1      290                         283       7    198

 COOLING
  YESTERDAY          0                           0       0      0
  MONTH TO DATE      0                           0       0      0
  SINCE JUN 1        0                           0       0      5
  SINCE JAN 1        0                           0       0      5
...................................................................

WIND (MPH)
 HIGHEST WIND SPEED    21     HIGHEST WIND DIRECTION    250
 HIGHEST GUST SPEED    25     HIGHEST GUST DIRECTION    250
 AVERAGE WIND SPEED  11.3

SKY COVER
  POSSIBLE SUNSHINE    MM          AVERAGE SKY COVER     MM

WEATHER CONDITIONS
 THE FOLLOWING WEATHER WAS RECORDED YESTERDAY.
  FOG
RAIN


RELATIVE HUMIDITY
 HIGHEST RH     MM PERCENT       MM
 LOWEST  RH     MM PERCENT       MM
 AVERAGE RH     MM PERCENT       MM
...................................................................

THE NOME CLIMATE NORMALS FOR TODAY
                           NORMAL    RECORD   YEAR
 MAXIMUM TEMPERATURE (F)     58        75     1991
 MINIMUM TEMPERATURE (F)     46        34     1992

SUNRISE AND SUNSET
 JUL 23 2016..........SUNRISE  5:38 AM      SUNSET 12:37 AM
 JUL 24 2016..........SUNRISE  5:41 AM      SUNSET 12:34 AM

-  INDICATES NEGATIVE NUMBERS.
R  INDICATES RECORD HAS BEEN SET OR TIED.
MM INDICATES DATA IS MISSING.
T  INDICATES TRACE OF PRECIPITATION.

&&
-------------------------------------------------------------------

AMOUNT OF DAYLIGHT TODAY  (HOUR:MIN)........18 HOURS 59 MINUTES
GAIN/LOSS SINCE YESTERDAY (HOUR:MIN:SEC)....-0:06:33

TIDE INFORMATION FOR SATURDAY JULY 23 2016
1:49 AM LOW -0.2 FT
9:12 AM HIGH 1.3 FT
1:57 PM LOW  0.8 FT
7:39 PM HIGH 1.2 FT

$$
RWM JUL 16
