000
CDUS46 KOTX 230827
CLIOMK


CLIMATE REPORT
NATIONAL WEATHER SERVICE SPOKANE, WA
1227 AM PST THU NOV 23 2017


...................................

...THE OMAK WA AIRPORT CLIMATE SUMMARY FOR NOVEMBER 22 2017...

CLIMATE NORMAL PERIOD 1981 TO 2010
CLIMATE RECORD PERIOD 9999 TO 9999


WEATHER ITEM   OBSERVED TIME   RECORD YEAR NORMAL DEPARTURE LAST
                VALUE   (LST)  VALUE       VALUE  FROM      YEAR
                                                  NORMAL
..................................................................
TEMPERATURE (F)
 YESTERDAY
  MAXIMUM         45   1006 PM  56    1968  40      5       42
  MINIMUM         39    845 AM  10    1961  26     13       35
  AVERAGE         42                        33      9       39

PRECIPITATION (IN)
  YESTERDAY        0.00                      0.05  -0.05      T
  MONTH TO DATE    0.93                      1.12  -0.19     0.82
  SINCE OCT 1      2.04                      2.20  -0.16     4.46
  SINCE JAN 1     12.53                     12.06   0.47    13.93

SNOWFALL (IN)
  YESTERDAY       MM

DEGREE DAYS
 HEATING
  YESTERDAY       23                        32     -9       26
  MONTH TO DATE  577                       604    -27      449
  SINCE SEP 1   1250                      1233     17     1033
  SINCE JUL 1   1250                      1264    -14     1041

 COOLING
  YESTERDAY        0                         0      0        0
  MONTH TO DATE    0                         0      0        0
  SINCE SEP 1     93                        59     34       11
  SINCE JAN 1    885                       665    220      637
..................................................................


WIND (MPH)
  HIGHEST WIND SPEED    15   HIGHEST WIND DIRECTION     S (170)
  HIGHEST GUST SPEED    18   HIGHEST GUST DIRECTION     S (170)
  AVERAGE WIND SPEED     6.1


SKY COVER
  POSSIBLE SUNSHINE  MM
  AVERAGE SKY COVER 1.0


WEATHER CONDITIONS
 THE FOLLOWING WEATHER WAS RECORDED YESTERDAY.
  FOG


RELATIVE HUMIDITY (PERCENT)
 HIGHEST   100          1200 AM
 LOWEST    100          1200 AM
 AVERAGE   100

..........................................................


THE OMAK WA AIRPORT CLIMATE NORMALS FOR TODAY
                         NORMAL    RECORD    YEAR
 MAXIMUM TEMPERATURE (F)   40        61      1933
 MINIMUM TEMPERATURE (F)   26        -1      2010


SUNRISE AND SUNSET
NOVEMBER 23 2017......SUNRISE   718 AM PST   SUNSET   411 PM PST
NOVEMBER 24 2017......SUNRISE   720 AM PST   SUNSET   410 PM PST


-  INDICATES NEGATIVE NUMBERS.
R  INDICATES RECORD WAS SET OR TIED.
MM INDICATES DATA IS MISSING.
T  INDICATES TRACE AMOUNT.




$$
