000
CDUS46 KOTX 220837
CLIOMK


CLIMATE REPORT
NATIONAL WEATHER SERVICE SPOKANE, WA
136 AM PDT FRI AUG 22 2014


...................................

...THE OMAK WA AIRPORT CLIMATE SUMMARY FOR AUGUST 21 2014...

CLIMATE NORMAL PERIOD 1981 TO 2010
CLIMATE RECORD PERIOD 9999 TO 9999


WEATHER ITEM   OBSERVED TIME   RECORD YEAR NORMAL DEPARTURE LAST
                VALUE   (LST)  VALUE       VALUE  FROM      YEAR
                                                  NORMAL
..................................................................
TEMPERATURE (F)
 YESTERDAY
  MAXIMUM         83    315 PM 100    2005  87     -4       88
  MINIMUM         57   1159 PM  34    1945  56      1       56
  AVERAGE         70                        72     -2       72

PRECIPITATION (IN)
  YESTERDAY        0.31          0.55 1993   0.01   0.30     0.00
  MONTH TO DATE    0.71                      0.34   0.37     1.11
  SINCE OCT 1      7.27                     14.35  -7.08    14.20
  SINCE JAN 1      6.10                      8.90  -2.80     7.21

SNOWFALL (IN)
  YESTERDAY       MM            MM      MM  MM     MM       MM
  MONTH TO DATE   MM                        MM     MM       MM
  SINCE JUN 1     MM                        MM     MM       MM
  SINCE JUL 1     MM                        MM     MM       MM
  SNOW DEPTH      MM

DEGREE DAYS
 HEATING
  YESTERDAY        0                         1     -1        0
  MONTH TO DATE    0                         1     -1        0
  SINCE JUN 1     40                        85    -45       67
  SINCE JUL 1      2                        16    -14        0

 COOLING
  YESTERDAY        5                         7     -2        7
  MONTH TO DATE  282                       188     94      205
  SINCE JUN 1    764                       526    238      618
  SINCE JAN 1    778                       549    229      641
..................................................................


WIND (MPH)
  HIGHEST WIND SPEED    28   HIGHEST WIND DIRECTION     N (20)
  HIGHEST GUST SPEED    38   HIGHEST GUST DIRECTION     N (10)
  AVERAGE WIND SPEED    11.5


SKY COVER
  POSSIBLE SUNSHINE  MM
  AVERAGE SKY COVER 0.6


WEATHER CONDITIONS
 THE FOLLOWING WEATHER WAS RECORDED YESTERDAY.
  THUNDERSTORM
  HEAVY RAIN
  LIGHT RAIN
  FOG


RELATIVE HUMIDITY (PERCENT)
 HIGHEST    93           900 PM
 LOWEST     33           200 PM
 AVERAGE    63

..........................................................


THE OMAK WA AIRPORT CLIMATE NORMALS FOR TODAY
                         NORMAL    RECORD    YEAR
 MAXIMUM TEMPERATURE (F)   87        98      1956
 MINIMUM TEMPERATURE (F)   56        41      2008
                                             1976


SUNRISE AND SUNSET
AUGUST 22 2014........SUNRISE   602 AM PDT   SUNSET   759 PM PDT
AUGUST 23 2014........SUNRISE   603 AM PDT   SUNSET   757 PM PDT


-  INDICATES NEGATIVE NUMBERS.
R  INDICATES RECORD WAS SET OR TIED.
MM INDICATES DATA IS MISSING.
T  INDICATES TRACE AMOUNT.




$$
