000
CDUS46 KOTX 260825
CLIOMK


CLIMATE REPORT
NATIONAL WEATHER SERVICE SPOKANE, WA
125 AM PDT MON SEP 26 2016


...................................

...THE OMAK WA AIRPORT CLIMATE SUMMARY FOR SEPTEMBER 25 2016...

CLIMATE NORMAL PERIOD 1981 TO 2010
CLIMATE RECORD PERIOD 9999 TO 9999


WEATHER ITEM   OBSERVED TIME   RECORD YEAR NORMAL DEPARTURE LAST
                VALUE   (LST)  VALUE       VALUE  FROM      YEAR
                                                  NORMAL
..................................................................
TEMPERATURE (F)
 YESTERDAY
  MAXIMUM         79    306 PM  90    2003  74      5       79
  MINIMUM         53   1159 PM  26    1970  44      9       57
  AVERAGE         66                        59      7       68

PRECIPITATION (IN)
  YESTERDAY        0.00                      0.02  -0.02      T
  MONTH TO DATE    T                         0.46  -0.46      T
  SINCE OCT 1     14.83                     14.63   0.20    11.62
  SINCE JAN 1      9.47                      9.74  -0.27     5.05

SNOWFALL (IN)
  YESTERDAY       MM

DEGREE DAYS
 HEATING
  YESTERDAY        0                         7     -7        0
  MONTH TO DATE  101                        91     10      104
  SINCE SEP 1    101                        91     10      104
  SINCE JUL 1    109                       122    -13      107

 COOLING
  YESTERDAY        1                         1      0        3
  MONTH TO DATE   11                        57    -46       47
  SINCE SEP 1     11                        57    -46       47
  SINCE JAN 1    637                       663    -26      998
..................................................................


WIND (MPH)
  HIGHEST WIND SPEED    13   HIGHEST WIND DIRECTION     S (180)
  HIGHEST GUST SPEED    18   HIGHEST GUST DIRECTION     S (180)
  AVERAGE WIND SPEED     5.4


SKY COVER
  POSSIBLE SUNSHINE  MM
  AVERAGE SKY COVER 0.3


WEATHER CONDITIONS
 THE FOLLOWING WEATHER WAS RECORDED YESTERDAY.
  NO SIGNIFICANT WEATHER WAS OBSERVED.


RELATIVE HUMIDITY (PERCENT)
 HIGHEST    61          1100 PM
 LOWEST     25           100 PM
 AVERAGE    43

..........................................................


THE OMAK WA AIRPORT CLIMATE NORMALS FOR TODAY
                         NORMAL    RECORD    YEAR
 MAXIMUM TEMPERATURE (F)   73        89      1994
 MINIMUM TEMPERATURE (F)   44        30      1970


SUNRISE AND SUNSET
SEPTEMBER 26 2016.....SUNRISE   651 AM PDT   SUNSET   646 PM PDT
SEPTEMBER 27 2016.....SUNRISE   653 AM PDT   SUNSET   644 PM PDT


-  INDICATES NEGATIVE NUMBERS.
R  INDICATES RECORD WAS SET OR TIED.
MM INDICATES DATA IS MISSING.
T  INDICATES TRACE AMOUNT.




$$
