000
CDUS46 KOTX 261245
CLIOMK


CLIMATE REPORT
NATIONAL WEATHER SERVICE SPOKANE, WA
545 AM PDT FRI AUG 26 2016


...................................

...THE OMAK WA AIRPORT CLIMATE SUMMARY FOR AUGUST 25 2016...

CLIMATE NORMAL PERIOD 1981 TO 2010
CLIMATE RECORD PERIOD 9999 TO 9999


WEATHER ITEM   OBSERVED TIME   RECORD YEAR NORMAL DEPARTURE LAST
                VALUE   (LST)  VALUE       VALUE  FROM      YEAR
                                                  NORMAL
..................................................................
TEMPERATURE (F)
 YESTERDAY
  MAXIMUM         90    358 PM  97    1996  86      4       88
  MINIMUM         56    332 AM  38    1959  55      1       55
  AVERAGE         73                        70      3       72

PRECIPITATION (IN)
  YESTERDAY        0.00                      0.02  -0.02     0.00
  MONTH TO DATE    T                         0.40  -0.40     0.08
  SINCE OCT 1     14.83                     14.08   0.75    11.53
  SINCE JAN 1      9.47                      9.19   0.28     4.96

SNOWFALL (IN)
  YESTERDAY       MM

DEGREE DAYS
 HEATING
  YESTERDAY        0                         1     -1        0
  MONTH TO DATE    3                         5     -2        1
  SINCE JUN 1     93                        89      4       16
  SINCE JUL 1      8                        20    -12        1

 COOLING
  YESTERDAY        8                         6      2        7
  MONTH TO DATE  216                       214      2      240
  SINCE JUN 1    565                       552     13      868
  SINCE JAN 1    590                       575     15      914
..................................................................


WIND (MPH)
  HIGHEST WIND SPEED    22   HIGHEST WIND DIRECTION     N (10)
  HIGHEST GUST SPEED    26   HIGHEST GUST DIRECTION     N (360)
  AVERAGE WIND SPEED    10.3


SKY COVER
  POSSIBLE SUNSHINE  MM
  AVERAGE SKY COVER 0.0


WEATHER CONDITIONS
 THE FOLLOWING WEATHER WAS RECORDED YESTERDAY.
  NO SIGNIFICANT WEATHER WAS OBSERVED.


RELATIVE HUMIDITY (PERCENT)
 HIGHEST    47           300 AM
 LOWEST     15           100 PM
 AVERAGE    31

..........................................................


THE OMAK WA AIRPORT CLIMATE NORMALS FOR TODAY
                         NORMAL    RECORD    YEAR
 MAXIMUM TEMPERATURE (F)   85        98      1996
 MINIMUM TEMPERATURE (F)   55        39      1976


SUNRISE AND SUNSET
AUGUST 26 2016........SUNRISE   608 AM PDT   SUNSET   750 PM PDT
AUGUST 27 2016........SUNRISE   609 AM PDT   SUNSET   749 PM PDT


-  INDICATES NEGATIVE NUMBERS.
R  INDICATES RECORD WAS SET OR TIED.
MM INDICATES DATA IS MISSING.
T  INDICATES TRACE AMOUNT.




$$
