000
CDUS46 KOTX 230830
CLIOMK


CLIMATE REPORT
NATIONAL WEATHER SERVICE SPOKANE, WA
1229 AM PST MON JAN 23 2017


...................................

...THE OMAK WA AIRPORT CLIMATE SUMMARY FOR JANUARY 22 2017...

CLIMATE NORMAL PERIOD 1981 TO 2010
CLIMATE RECORD PERIOD 9999 TO 9999


WEATHER ITEM   OBSERVED TIME   RECORD YEAR NORMAL DEPARTURE LAST
                VALUE   (LST)  VALUE       VALUE  FROM      YEAR
                                                  NORMAL
..................................................................
TEMPERATURE (F)
 YESTERDAY
  MAXIMUM         36    214 PM  48    1934  34      2       41
  MINIMUM         33   1159 PM  -9    1957  22     11       30
  AVERAGE         35                        28      7       36

PRECIPITATION (IN)
  YESTERDAY        0.30                      0.05   0.25     0.15
  MONTH TO DATE    2.03                      1.47   0.56     1.86
  SINCE OCT 1      8.51                      6.36   2.15     7.22
  SINCE JAN 1      2.03                      1.47   0.56     1.86

SNOWFALL (IN)
  YESTERDAY       MM

DEGREE DAYS
 HEATING
  YESTERDAY       30                        37     -7       29
  MONTH TO DATE 1026                       856    170      818
  SINCE DEC 1   2319                      2072    247     1969
  SINCE JUL 1   3557                      3605    -48     3270

 COOLING
  YESTERDAY        0                         0      0        0
  MONTH TO DATE    0                         0      0        0
  SINCE DEC 1      0                         0      0        0
  SINCE JAN 1      0                         0      0        0
..................................................................


WIND (MPH)
  HIGHEST WIND SPEED    13   HIGHEST WIND DIRECTION     N (340)
  HIGHEST GUST SPEED    14   HIGHEST GUST DIRECTION     N (340)
  AVERAGE WIND SPEED     3.0


SKY COVER
  POSSIBLE SUNSHINE  MM
  AVERAGE SKY COVER 0.8


WEATHER CONDITIONS
 THE FOLLOWING WEATHER WAS RECORDED YESTERDAY.
  RAIN
  LIGHT RAIN
  LIGHT SNOW
  FOG
  FOG W/VISIBILITY <= 1/4 MILE


RELATIVE HUMIDITY (PERCENT)
 HIGHEST    96          1000 AM
 LOWEST     89           600 AM
 AVERAGE    93

..........................................................


THE OMAK WA AIRPORT CLIMATE NORMALS FOR TODAY
                         NORMAL    RECORD    YEAR
 MAXIMUM TEMPERATURE (F)   34        51      1934
 MINIMUM TEMPERATURE (F)   22        -9      2008
                                             1932


SUNRISE AND SUNSET
JANUARY 23 2017.......SUNRISE   737 AM PST   SUNSET   443 PM PST
JANUARY 24 2017.......SUNRISE   736 AM PST   SUNSET   445 PM PST


-  INDICATES NEGATIVE NUMBERS.
R  INDICATES RECORD WAS SET OR TIED.
MM INDICATES DATA IS MISSING.
T  INDICATES TRACE AMOUNT.




$$
