000
CDUS46 KOTX 180827
CLIOMK


CLIMATE REPORT
NATIONAL WEATHER SERVICE SPOKANE, WA
127 AM PDT FRI AUG 18 2017


...................................

...THE OMAK WA AIRPORT CLIMATE SUMMARY FOR AUGUST 17 2017...

CLIMATE NORMAL PERIOD 1981 TO 2010
CLIMATE RECORD PERIOD 9999 TO 9999


WEATHER ITEM   OBSERVED TIME   RECORD YEAR NORMAL DEPARTURE LAST
                VALUE   (LST)  VALUE       VALUE  FROM      YEAR
                                                  NORMAL
..................................................................
TEMPERATURE (F)
 YESTERDAY
  MAXIMUM         93    317 PM 106    2008  88      5       98
  MINIMUM         59    501 AM  42    1969  57      2       71
  AVERAGE         76                        73      3       85

PRECIPITATION (IN)
  YESTERDAY        0.00                      0.01  -0.01     0.00
  MONTH TO DATE    T                         0.28  -0.28      T
  SINCE OCT 1     16.87                     13.96   2.91    14.83
  SINCE JAN 1     10.39                      9.07   1.32     9.47

SNOWFALL (IN)
  YESTERDAY       MM

DEGREE DAYS
 HEATING
  YESTERDAY        0                         0      0        0
  MONTH TO DATE    0                         0      0        3
  SINCE JUN 1     58                        84    -26       93
  SINCE JUL 1      0                        15    -15        8

 COOLING
  YESTERDAY       11                         8      3       20
  MONTH TO DATE  225                       158     67      156
  SINCE JUN 1    651                       496    155      505
  SINCE JAN 1    682                       519    163      530
..................................................................


WIND (MPH)
  HIGHEST WIND SPEED    16   HIGHEST WIND DIRECTION     S (160)
  HIGHEST GUST SPEED    21   HIGHEST GUST DIRECTION     N (350)
  AVERAGE WIND SPEED     9.0


SKY COVER
  POSSIBLE SUNSHINE  MM
  AVERAGE SKY COVER 0.0


WEATHER CONDITIONS
 THE FOLLOWING WEATHER WAS RECORDED YESTERDAY.
  NO SIGNIFICANT WEATHER WAS OBSERVED.


RELATIVE HUMIDITY (PERCENT)
 HIGHEST    44           500 AM
 LOWEST     14           600 PM
 AVERAGE    29

..........................................................


THE OMAK WA AIRPORT CLIMATE NORMALS FOR TODAY
                         NORMAL    RECORD    YEAR
 MAXIMUM TEMPERATURE (F)   88       101      1977
 MINIMUM TEMPERATURE (F)   57        42      1946


SUNRISE AND SUNSET
AUGUST 18 2017........SUNRISE   556 AM PDT   SUNSET   806 PM PDT
AUGUST 19 2017........SUNRISE   558 AM PDT   SUNSET   804 PM PDT


-  INDICATES NEGATIVE NUMBERS.
R  INDICATES RECORD WAS SET OR TIED.
MM INDICATES DATA IS MISSING.
T  INDICATES TRACE AMOUNT.




$$
