000
CDUS46 KOTX 280824
CLIOMK


CLIMATE REPORT
NATIONAL WEATHER SERVICE SPOKANE, WA
1224 AM PST SAT FEB 28 2015


...................................

...THE OMAK WA AIRPORT CLIMATE SUMMARY FOR FEBRUARY 27 2015...

CLIMATE NORMAL PERIOD 1981 TO 2010
CLIMATE RECORD PERIOD 9999 TO 9999


WEATHER ITEM   OBSERVED TIME   RECORD YEAR NORMAL DEPARTURE LAST
                VALUE   (LST)  VALUE       VALUE  FROM      YEAR
                                                  NORMAL
..................................................................
TEMPERATURE (F)
 YESTERDAY
  MAXIMUM         46   1155 AM  63    1932  45      1       39
  MINIMUM         34    147 AM   7    1962  25      9       24
  AVERAGE         40                        35      5       32

PRECIPITATION (IN)
  YESTERDAY        T             0.51 1976   0.05  -0.05      T
  MONTH TO DATE    1.00                      1.26  -0.26     1.50
  SINCE OCT 1      8.30                      8.40  -0.10     2.99
  SINCE JAN 1      1.73                      2.95  -1.22     1.82

SNOWFALL (IN)
  YESTERDAY       MM

DEGREE DAYS
 HEATING
  YESTERDAY       25                        30     -5       33
  MONTH TO DATE  663                       898   -235     1008
  SINCE DEC 1   2765                      3298   -533     3366
  SINCE JUL 1   4162                      4831   -669     4963

 COOLING
  YESTERDAY        0                         0      0        0
  MONTH TO DATE    0                         0      0        0
  SINCE DEC 1      0                         0      0        0
  SINCE JAN 1      0                         0      0        0
..................................................................


WIND (MPH)
  HIGHEST WIND SPEED    23   HIGHEST WIND DIRECTION     N (10)
  HIGHEST GUST SPEED    32   HIGHEST GUST DIRECTION     N (10)
  AVERAGE WIND SPEED    10.2


SKY COVER
  POSSIBLE SUNSHINE  MM
  AVERAGE SKY COVER 0.9


WEATHER CONDITIONS
 THE FOLLOWING WEATHER WAS RECORDED YESTERDAY.
  NO SIGNIFICANT WEATHER WAS OBSERVED.


RELATIVE HUMIDITY (PERCENT)
 HIGHEST    76           300 AM
 LOWEST     51           900 PM
 AVERAGE    64

..........................................................


THE OMAK WA AIRPORT CLIMATE NORMALS FOR TODAY
                         NORMAL    RECORD    YEAR
 MAXIMUM TEMPERATURE (F)   45        62      1945
 MINIMUM TEMPERATURE (F)   26        11      1960


SUNRISE AND SUNSET
FEBRUARY 28 2015......SUNRISE   642 AM PST   SUNSET   540 PM PST
MARCH  1 2015.........SUNRISE   640 AM PST   SUNSET   542 PM PST


-  INDICATES NEGATIVE NUMBERS.
R  INDICATES RECORD WAS SET OR TIED.
MM INDICATES DATA IS MISSING.
T  INDICATES TRACE AMOUNT.




$$
