000
CDUS46 KOTX 230829
CLIOMK


CLIMATE REPORT
NATIONAL WEATHER SERVICE SPOKANE, WA
129 AM PDT THU MAR 23 2017


...................................

...THE OMAK WA AIRPORT CLIMATE SUMMARY FOR MARCH 22 2017...

CLIMATE NORMAL PERIOD 1981 TO 2010
CLIMATE RECORD PERIOD 9999 TO 9999


WEATHER ITEM   OBSERVED TIME   RECORD YEAR NORMAL DEPARTURE LAST
                VALUE   (LST)  VALUE       VALUE  FROM      YEAR
                                                  NORMAL
..................................................................
TEMPERATURE (F)
 YESTERDAY
  MAXIMUM         50    338 PM  70    2004  55     -5       61
                                      1960
  MINIMUM         36   1159 PM   8    1996  33      3       37
  AVERAGE         43                        44     -1       49

PRECIPITATION (IN)
  YESTERDAY        0.00                      0.03  -0.03     0.14
  MONTH TO DATE    1.13                      0.88   0.25     2.65
  SINCE OCT 1     11.27                      9.07   2.20    11.20
  SINCE JAN 1      4.79                      4.18   0.61     5.84

SNOWFALL (IN)
  YESTERDAY       MM

DEGREE DAYS
 HEATING
  YESTERDAY       22                        21      1       16
  MONTH TO DATE  586                       554     32      483
  SINCE MAR 1    586                       554     32      483
  SINCE JUL 1   5521                      5415    106     4889

 COOLING
  YESTERDAY        0                         0      0        0
  MONTH TO DATE    0                         0      0        0
  SINCE MAR 1      0                         0      0        0
  SINCE JAN 1      0                         0      0        0
..................................................................


WIND (MPH)
  HIGHEST WIND SPEED    17   HIGHEST WIND DIRECTION    SW (210)
  HIGHEST GUST SPEED    23   HIGHEST GUST DIRECTION    SW (210)
  AVERAGE WIND SPEED     8.1


SKY COVER
  POSSIBLE SUNSHINE  MM
  AVERAGE SKY COVER 0.9


WEATHER CONDITIONS
 THE FOLLOWING WEATHER WAS RECORDED YESTERDAY.
  FOG


RELATIVE HUMIDITY (PERCENT)
 HIGHEST    92          1200 AM
 LOWEST     71           100 PM
 AVERAGE    82

..........................................................


THE OMAK WA AIRPORT CLIMATE NORMALS FOR TODAY
                         NORMAL    RECORD    YEAR
 MAXIMUM TEMPERATURE (F)   56        70      1940
 MINIMUM TEMPERATURE (F)   33        11      1996


SUNRISE AND SUNSET
MARCH 23 2017.........SUNRISE   654 AM PDT   SUNSET   716 PM PDT
MARCH 24 2017.........SUNRISE   652 AM PDT   SUNSET   717 PM PDT


-  INDICATES NEGATIVE NUMBERS.
R  INDICATES RECORD WAS SET OR TIED.
MM INDICATES DATA IS MISSING.
T  INDICATES TRACE AMOUNT.




$$
