000
CDUS45 KBOI 100932
CLIONO


CLIMATE REPORT
NATIONAL WEATHER SERVICE BOISE ID
232 AM MST SUN DEC 10 2017


...................................

...THE ONTARIO OR CLIMATE SUMMARY FOR DECEMBER 9 2017...

CLIMATE NORMAL PERIOD 1981 TO 2010
CLIMATE RECORD PERIOD 1948 TO 2017


WEATHER ITEM   OBSERVED TIME   RECORD YEAR NORMAL DEPARTURE LAST
                VALUE   (LST)  VALUE       VALUE  FROM      YEAR
                                                  NORMAL
..................................................................
TEMPERATURE (F)
 YESTERDAY
  MAXIMUM         34    301 PM  55    2015  37     -3       30
  MINIMUM         30   1159 PM -18    1972  20     10       24
  AVERAGE         32                        29      3       27

PRECIPITATION (IN)
  YESTERDAY        0.00          0.56 1964   0.05  -0.05     0.33
  MONTH TO DATE    0.22                      0.44  -0.22     0.72
  SINCE OCT 1      2.39                      2.17   0.22     2.09
  SINCE JAN 1     12.28                      8.82   3.46     4.71

DEGREE DAYS
 HEATING
  YESTERDAY       33                        36     -3       38
  MONTH TO DATE  298                       317    -19      327
  SINCE DEC 1    298                       317    -19      327
  SINCE JUL 1   1643                      1745   -102     1418

 COOLING
  YESTERDAY        0                         0      0        0
  MONTH TO DATE    0                         0      0        0
  SINCE DEC 1      0                         0      0        0
  SINCE JAN 1   1254                       852    402      976
..................................................................


WIND (MPH)
  HIGHEST WIND SPEED     7   HIGHEST WIND DIRECTION     S (170)
  HIGHEST GUST SPEED     9   HIGHEST GUST DIRECTION     N (350)
  AVERAGE WIND SPEED     3.0


SKY COVER
  AVERAGE SKY COVER 1.0


WEATHER CONDITIONS
 THE FOLLOWING WEATHER WAS RECORDED YESTERDAY.
  NO SIGNIFICANT WEATHER WAS OBSERVED.


RELATIVE HUMIDITY (PERCENT)
 HIGHEST    78          1200 AM
 LOWEST     64           500 PM
 AVERAGE    71

..........................................................


THE ONTARIO OR CLIMATE NORMALS FOR TODAY
                         NORMAL    RECORD    YEAR
 MAXIMUM TEMPERATURE (F)   37        54      1993
 MINIMUM TEMPERATURE (F)   20       -23      1972


SUNRISE AND SUNSET
DECEMBER 10 2017......SUNRISE   812 AM MST   SUNSET   510 PM MST
DECEMBER 11 2017......SUNRISE   813 AM MST   SUNSET   510 PM MST


-  INDICATES NEGATIVE NUMBERS.
R  INDICATES RECORD WAS SET OR TIED.
MM INDICATES DATA IS MISSING.
T  INDICATES TRACE AMOUNT.




$$
