000
CDUS45 KBOI 290936
CLIONO


CLIMATE REPORT
NATIONAL WEATHER SERVICE BOISE ID
335 AM MDT THU JUN 29 2017


...................................

...THE ONTARIO OR CLIMATE SUMMARY FOR JUNE 28 2017...

CLIMATE NORMAL PERIOD 1981 TO 2010
CLIMATE RECORD PERIOD 1948 TO 2017


WEATHER ITEM   OBSERVED TIME   RECORD YEAR NORMAL DEPARTURE LAST
                VALUE   (LST)  VALUE       VALUE  FROM      YEAR
                                                  NORMAL
..................................................................
TEMPERATURE (F)
 YESTERDAY
  MAXIMUM         88    420 PM 109    2015  88      0      103
  MINIMUM         61    553 AM  37    1969  55      6       73
  AVERAGE         75                        72      3       88

PRECIPITATION (IN)
  YESTERDAY        T             0.83 1970   0.01  -0.01     0.00
  MONTH TO DATE    0.60                      0.66  -0.06     0.12
  SINCE OCT 1     12.78                      9.14   3.64     7.10
  SINCE JAN 1      9.46                      5.73   3.73     2.35

DEGREE DAYS
 HEATING
  YESTERDAY        0                         1     -1        0
  MONTH TO DATE   28                        51    -23       26
  SINCE JUN 1     28                        51    -23       26
  SINCE JUL 1   6046                      6001     45     4934

 COOLING
  YESTERDAY       10                         7      3       23
  MONTH TO DATE  148                       124     24      187
  SINCE JUN 1    148                       124     24      187
  SINCE JAN 1    188                       160     28      226
..................................................................


WIND (MPH)
  HIGHEST WIND SPEED    22   HIGHEST WIND DIRECTION    NW (310)
  HIGHEST GUST SPEED    28   HIGHEST GUST DIRECTION    NW (310)
  AVERAGE WIND SPEED     8.4


SKY COVER
  AVERAGE SKY COVER 0.0


WEATHER CONDITIONS
 THE FOLLOWING WEATHER WAS RECORDED YESTERDAY.
  NO SIGNIFICANT WEATHER WAS OBSERVED.


RELATIVE HUMIDITY (PERCENT)
 HIGHEST    51           600 AM
 LOWEST      9           300 PM
 AVERAGE    30

..........................................................


THE ONTARIO OR CLIMATE NORMALS FOR TODAY
                         NORMAL    RECORD    YEAR
 MAXIMUM TEMPERATURE (F)   89       106      2015
 MINIMUM TEMPERATURE (F)   56        37      1971


SUNRISE AND SUNSET
JUNE 29 2017..........SUNRISE   608 AM MDT   SUNSET   935 PM MDT
JUNE 30 2017..........SUNRISE   609 AM MDT   SUNSET   935 PM MDT


-  INDICATES NEGATIVE NUMBERS.
R  INDICATES RECORD WAS SET OR TIED.
MM INDICATES DATA IS MISSING.
T  INDICATES TRACE AMOUNT.




$$
