269
CDUS45 KBOI 030931
CLIONO


CLIMATE REPORT
NATIONAL WEATHER SERVICE BOISE ID
231 AM MST SAT DEC 3 2016


...................................

...THE ONTARIO OR CLIMATE SUMMARY FOR DECEMBER 2 2016...

CLIMATE NORMAL PERIOD 1981 TO 2010
CLIMATE RECORD PERIOD 1948 TO 2016


WEATHER ITEM   OBSERVED TIME   RECORD YEAR NORMAL DEPARTURE LAST
                VALUE   (LST)  VALUE       VALUE  FROM      YEAR
                                                  NORMAL
..................................................................
TEMPERATURE (F)
 YESTERDAY
  MAXIMUM         40    350 PM  62    1995  39      1       26
  MINIMUM         19    813 AM   9    1976  22     -3       16
  AVERAGE         30                        31     -1       21

PRECIPITATION (IN)
  YESTERDAY        0.00          0.42 1987   0.05  -0.05      T
  MONTH TO DATE    0.00                      0.10  -0.10      T
  SINCE OCT 1      1.37                      1.83  -0.46     1.90
  SINCE JAN 1      3.99                      8.48  -4.49     7.14

DEGREE DAYS
 HEATING
  YESTERDAY       35                        34      1       44
  MONTH TO DATE   64                        68     -4       89
  SINCE DEC 1     64                        68     -4       89
  SINCE JUL 1   1155                      1496   -341     1214

 COOLING
  YESTERDAY        0                         0      0        0
  MONTH TO DATE    0                         0      0        0
  SINCE DEC 1      0                         0      0        0
  SINCE JAN 1    976                       852    124     1171
..................................................................


WIND (MPH)
  HIGHEST WIND SPEED    10   HIGHEST WIND DIRECTION     W (260)
  HIGHEST GUST SPEED    12   HIGHEST GUST DIRECTION     W (260)
  AVERAGE WIND SPEED     3.3


SKY COVER
  AVERAGE SKY COVER 0.3


WEATHER CONDITIONS
 THE FOLLOWING WEATHER WAS RECORDED YESTERDAY.
  FOG
  HAZE


RELATIVE HUMIDITY (PERCENT)
 HIGHEST    92           600 AM
 LOWEST     59           200 PM
 AVERAGE    76

..........................................................


THE ONTARIO OR CLIMATE NORMALS FOR TODAY
                         NORMAL    RECORD    YEAR
 MAXIMUM TEMPERATURE (F)   39        60      1977
 MINIMUM TEMPERATURE (F)   22         9      1969


SUNRISE AND SUNSET
DECEMBER  3 2016......SUNRISE   806 AM MST   SUNSET   510 PM MST
DECEMBER  4 2016......SUNRISE   807 AM MST   SUNSET   510 PM MST


-  INDICATES NEGATIVE NUMBERS.
R  INDICATES RECORD WAS SET OR TIED.
MM INDICATES DATA IS MISSING.
T  INDICATES TRACE AMOUNT.




$$
