000
CDUS45 KBOI 240930
CLIONO


CLIMATE REPORT
NATIONAL WEATHER SERVICE BOISE ID
230 AM MST WED DEC 24 2014


...................................

...THE ONTARIO OR CLIMATE SUMMARY FOR DECEMBER 23 2014...

CLIMATE NORMAL PERIOD 1981 TO 2010
CLIMATE RECORD PERIOD 1948 TO 2014


WEATHER ITEM   OBSERVED TIME   RECORD YEAR NORMAL DEPARTURE LAST
                VALUE   (LST)  VALUE       VALUE  FROM      YEAR
                                                  NORMAL
..................................................................
TEMPERATURE (F)
 YESTERDAY
  MAXIMUM         42    406 PM  59    1955  35      7       36
  MINIMUM         26    829 AM -13    1990  19      7       28
  AVERAGE         34                        26      8       32

PRECIPITATION (IN)
  YESTERDAY        0.00          0.69 1955   0.06  -0.06     0.01
  MONTH TO DATE    2.11                      1.23   0.88     0.45
  SINCE OCT 1      4.03                      2.96   1.07     1.51
  SINCE JAN 1      9.99                      9.61   0.38     5.28

DEGREE DAYS
 HEATING
  YESTERDAY       31                        38     -7       33
  MONTH TO DATE  581                       844   -263     1028
  SINCE DEC 1    581                       844   -263     1028
  SINCE JUL 1   1862                      2272   -410     2423

 COOLING
  YESTERDAY        0                         0      0        0
  MONTH TO DATE    0                         0      0        0
  SINCE DEC 1      0                         0      0        0
  SINCE JAN 1   1088                       852    236     1299
..................................................................


WIND (MPH)
  HIGHEST WIND SPEED     6   HIGHEST WIND DIRECTION    NW (330)
  HIGHEST GUST SPEED     7   HIGHEST GUST DIRECTION    NE (50)
  AVERAGE WIND SPEED     1.3


SKY COVER
  AVERAGE SKY COVER 0.5


WEATHER CONDITIONS
 THE FOLLOWING WEATHER WAS RECORDED YESTERDAY.
  NO SIGNIFICANT WEATHER WAS OBSERVED.


RELATIVE HUMIDITY (PERCENT)
 HIGHEST    92           400 AM
 LOWEST     60           200 PM
 AVERAGE    76

..........................................................


THE ONTARIO OR CLIMATE NORMALS FOR TODAY
                         NORMAL    RECORD    YEAR
 MAXIMUM TEMPERATURE (F)   35        59      1964
 MINIMUM TEMPERATURE (F)   19       -14      1990


SUNRISE AND SUNSET
DECEMBER 24 2014......SUNRISE   821 AM MST   SUNSET   515 PM MST
DECEMBER 25 2014......SUNRISE   821 AM MST   SUNSET   515 PM MST


-  INDICATES NEGATIVE NUMBERS.
R  INDICATES RECORD WAS SET OR TIED.
MM INDICATES DATA IS MISSING.
T  INDICATES TRACE AMOUNT.




$$
