000
CDUS45 KBOI 260931
CLIONO


CLIMATE REPORT
NATIONAL WEATHER SERVICE BOISE ID
330 AM MDT TUE JUL 26 2016


...................................

...THE ONTARIO OR CLIMATE SUMMARY FOR JULY 25 2016...

CLIMATE NORMAL PERIOD 1981 TO 2010
CLIMATE RECORD PERIOD 1948 TO 2016


WEATHER ITEM   OBSERVED TIME   RECORD YEAR NORMAL DEPARTURE LAST
                VALUE   (LST)  VALUE       VALUE  FROM      YEAR
                                                  NORMAL
..................................................................
TEMPERATURE (F)
 YESTERDAY
  MAXIMUM        101    629 PM 106    1978  96      5       92
  MINIMUM         55    542 AM  49    1957  59     -4       66
  AVERAGE         78                        78      0       79

PRECIPITATION (IN)
  YESTERDAY        0.00          0.01 2003   0.01  -0.01     0.00
  MONTH TO DATE    0.21                      0.27  -0.06     0.49
  SINCE OCT 1      7.31                      9.44  -2.13     9.23
  SINCE JAN 1      2.56                      6.03  -3.47     4.77

DEGREE DAYS
 HEATING
  YESTERDAY        0                         0      0        0
  MONTH TO DATE    9                         0      9        0
  SINCE JUN 1     35                        52    -17        1
  SINCE JUL 1      9                         0      9        0

 COOLING
  YESTERDAY       13                        13      0       14
  MONTH TO DATE  237                       273    -36      327
  SINCE JUN 1    468                       412     56      692
  SINCE JAN 1    507                       448     59      725
..................................................................


WIND (MPH)
  HIGHEST WIND SPEED     9   HIGHEST WIND DIRECTION    NW (330)
  HIGHEST GUST SPEED    12   HIGHEST GUST DIRECTION    NW (330)
  AVERAGE WIND SPEED     2.1


SKY COVER
  AVERAGE SKY COVER 0.0


WEATHER CONDITIONS
 THE FOLLOWING WEATHER WAS RECORDED YESTERDAY.
  NO SIGNIFICANT WEATHER WAS OBSERVED.


RELATIVE HUMIDITY (PERCENT)
 HIGHEST    64           300 AM
 LOWEST     11           700 PM
 AVERAGE    38

..........................................................


THE ONTARIO OR CLIMATE NORMALS FOR TODAY
                         NORMAL    RECORD    YEAR
 MAXIMUM TEMPERATURE (F)   96       107      2006
 MINIMUM TEMPERATURE (F)   59        46      1993


SUNRISE AND SUNSET
JULY 26 2016..........SUNRISE   630 AM MDT   SUNSET   918 PM MDT
JULY 27 2016..........SUNRISE   631 AM MDT   SUNSET   917 PM MDT


-  INDICATES NEGATIVE NUMBERS.
R  INDICATES RECORD WAS SET OR TIED.
MM INDICATES DATA IS MISSING.
T  INDICATES TRACE AMOUNT.




$$
