000
CDUS45 KBOI 300931
CLIONO


CLIMATE REPORT
NATIONAL WEATHER SERVICE BOISE ID
331 AM MDT SUN AUG 30 2015


...................................

...THE ONTARIO OR CLIMATE SUMMARY FOR AUGUST 29 2015...

CLIMATE NORMAL PERIOD 1981 TO 2010
CLIMATE RECORD PERIOD 1948 TO 2015


WEATHER ITEM   OBSERVED TIME   RECORD YEAR NORMAL DEPARTURE LAST
                VALUE   (LST)  VALUE       VALUE  FROM      YEAR
                                                  NORMAL
..................................................................
TEMPERATURE (F)
 YESTERDAY
  MAXIMUM         89    531 PM 105    1967  88      1       91
  MINIMUM         59    222 AM  35    1960  51      8       61
  AVERAGE         74                        69      5       76

PRECIPITATION (IN)
  YESTERDAY        0.01          0.04 1951   0.00   0.01      T
  MONTH TO DATE    0.02                      0.16  -0.14     0.46
  SINCE OCT 1      9.25                      9.63  -0.38     6.98
  SINCE JAN 1      4.79                      6.22  -1.43     5.47

DEGREE DAYS
 HEATING
  YESTERDAY        0                         1     -1        0
  MONTH TO DATE    0                         5     -5        0
  SINCE JUN 1      3                        62    -59       28
  SINCE JUL 1      2                        10     -8        0

 COOLING
  YESTERDAY        9                         5      4       11
  MONTH TO DATE  337                       259     78      291
  SINCE JUN 1   1067                       746    321      944
  SINCE JAN 1   1100                       782    318      992
..................................................................


WIND (MPH)
  HIGHEST WIND SPEED    16   HIGHEST WIND DIRECTION     W (250)
  HIGHEST GUST SPEED    22   HIGHEST GUST DIRECTION     W (250)
  AVERAGE WIND SPEED     4.1


SKY COVER
  AVERAGE SKY COVER 0.2


WEATHER CONDITIONS
 THE FOLLOWING WEATHER WAS RECORDED YESTERDAY.
  LIGHT RAIN


RELATIVE HUMIDITY (PERCENT)
 HIGHEST    73           900 AM
 LOWEST     28           700 PM
 AVERAGE    51

..........................................................


THE ONTARIO OR CLIMATE NORMALS FOR TODAY
                         NORMAL    RECORD    YEAR
 MAXIMUM TEMPERATURE (F)   88       103      1967
 MINIMUM TEMPERATURE (F)   51        38      1969


SUNRISE AND SUNSET
AUGUST 30 2015........SUNRISE   709 AM MDT   SUNSET   828 PM MDT
AUGUST 31 2015........SUNRISE   710 AM MDT   SUNSET   826 PM MDT


-  INDICATES NEGATIVE NUMBERS.
R  INDICATES RECORD WAS SET OR TIED.
MM INDICATES DATA IS MISSING.
T  INDICATES TRACE AMOUNT.




$$
