000
CDUS46 KSGX 261418
CLIONT


CLIMATE REPORT
NATIONAL WEATHER SERVICE SAN DIEGO, CA
617 AM PST MON JAN 26 2015


...................................

...THE ONTARIO INTL AIRPORT CA CLIMATE SUMMARY FOR JANUARY 25 2015...

CLIMATE NORMAL PERIOD 1981 TO 2010
CLIMATE RECORD PERIOD 1998 TO 2015


WEATHER ITEM   OBSERVED TIME   RECORD YEAR NORMAL DEPARTURE LAST
                VALUE   (LST)  VALUE       VALUE  FROM      YEAR
                                                  NORMAL
..................................................................
TEMPERATURE (F)
 YESTERDAY
  MAXIMUM         81    122 PM  83    2003  65     16       76
  MINIMUM         58    710 AM  38    2010  44     14       53
  AVERAGE         70                        54     16       65

PRECIPITATION (IN)
  YESTERDAY        0.00          0.43 2013   0.06  -0.06     0.00
  MONTH TO DATE    0.57                      2.90  -2.33     0.00
  SINCE OCT 1      6.21                      7.07  -0.86     0.88
  SINCE JAN 1      0.57                      2.90  -2.33     0.00

SNOWFALL (IN)
  YESTERDAY        0.0
  MONTH TO DATE    0.0
  SINCE JAN 1      0.0
  SINCE JUL 1      0.0
  SNOW DEPTH       0

DEGREE DAYS
 HEATING
  YESTERDAY        0                        11    -11        0
  MONTH TO DATE  178                       275    -97       89
  SINCE DEC 1    429                       613   -184      353
  SINCE JUL 1    499                       835   -336      511

 COOLING
  YESTERDAY        5                         0      5        0
  MONTH TO DATE   12                         0     12       19
  SINCE DEC 1     14                         2     12       23
  SINCE JAN 1     12                         0     12       19
..................................................................


WIND (MPH)
  RESULTANT WIND SPEED   6   RESULTANT WIND DIRECTION  NE (40)
  HIGHEST WIND SPEED    25   HIGHEST WIND DIRECTION    NE (50)
  HIGHEST GUST SPEED    36   HIGHEST GUST DIRECTION    NE (50)
  AVERAGE WIND SPEED     9.4


SKY COVER
  POSSIBLE SUNSHINE  MM
  AVERAGE SKY COVER 0.4


WEATHER CONDITIONS
 THE FOLLOWING WEATHER WAS RECORDED YESTERDAY.
  HAZE


RELATIVE HUMIDITY (PERCENT)
 HIGHEST    32          1000 PM
 LOWEST      9          1200 AM
 AVERAGE    21

..........................................................


THE ONTARIO INTL AIRPORT CA CLIMATE NORMALS FOR TODAY
                         NORMAL    RECORD    YEAR
 MAXIMUM TEMPERATURE (F)   65        84      2003
 MINIMUM TEMPERATURE (F)   44        34      2002


SUNRISE AND SUNSET
JANUARY 26 2015.......SUNRISE   651 AM PST   SUNSET   515 PM PST
JANUARY 27 2015.......SUNRISE   651 AM PST   SUNSET   516 PM PST


-  INDICATES NEGATIVE NUMBERS.
R  INDICATES RECORD WAS SET OR TIED.
MM INDICATES DATA IS MISSING.
T  INDICATES TRACE AMOUNT.




$$
