000
CDUS46 KSGX 270019
CLIONT


CLIMATE REPORT
NATIONAL WEATHER SERVICE SAN DIEGO, CA
518 PM PDT THU MAY 26 2016


...................................

...THE ONTARIO INTL AIRPORT CA CLIMATE SUMMARY FOR MAY 26 2016...
VALID TODAY AS OF 0500 PM LOCAL TIME.

CLIMATE NORMAL PERIOD 1981 TO 2010
CLIMATE RECORD PERIOD 1998 TO 2016


WEATHER ITEM   OBSERVED TIME   RECORD YEAR NORMAL DEPARTURE LAST
                VALUE   (LST)  VALUE       VALUE  FROM      YEAR
                                                  NORMAL
..................................................................
TEMPERATURE (F)
 TODAY
  MAXIMUM         76    304 PM  91    2014  80     -4       77
  MINIMUM         51    513 AM  49    2012  57     -6       58
  AVERAGE         64                        68     -4       68

PRECIPITATION (IN)
  TODAY            0.00          T    2006   0.00   0.00      T
                                      2006
                                      2015
  MONTH TO DATE    1.27                      0.28   0.99     0.94
  SINCE OCT 1      7.71                     14.41  -6.70     9.87
  SINCE JAN 1      5.59                     10.24  -4.65     4.23

DEGREE DAYS
 HEATING
  TODAY            1                         1      0        0
  MONTH TO DATE   44                        34     10       70
  SINCE MAR 1    209                       370   -161      183
  SINCE JUL 1   1218                      1527   -309      783

 COOLING
  TODAY            0                         4     -4        3
  MONTH TO DATE   58                        86    -28       38
  SINCE MAR 1    172                       139     33      234
  SINCE JAN 1    215                       145     70      264
..................................................................


WIND (MPH)
  RESULTANT WIND SPEED   5   RESULTANT WIND DIRECTION   W (250)
  HIGHEST WIND SPEED    18   HIGHEST WIND DIRECTION    SW (240)
  HIGHEST GUST SPEED    25   HIGHEST GUST DIRECTION    SW (230)
  AVERAGE WIND SPEED     6.3


SKY COVER
  POSSIBLE SUNSHINE  MM
  AVERAGE SKY COVER 0.3


WEATHER CONDITIONS
 THE FOLLOWING WEATHER WAS RECORDED TODAY.
  NO SIGNIFICANT WEATHER WAS OBSERVED.


RELATIVE HUMIDITY (PERCENT)
 HIGHEST    83           300 AM
 LOWEST     41           100 PM
 AVERAGE    62

..........................................................


THE ONTARIO INTL AIRPORT CA CLIMATE NORMALS FOR TOMORROW
                         NORMAL    RECORD    YEAR
 MAXIMUM TEMPERATURE (F)   81        99      2000
 MINIMUM TEMPERATURE (F)   57        46      1998


SUNRISE AND SUNSET
MAY 26 2016...........SUNRISE   542 AM PDT   SUNSET   753 PM PDT
MAY 27 2016...........SUNRISE   542 AM PDT   SUNSET   754 PM PDT


-  INDICATES NEGATIVE NUMBERS.
R  INDICATES RECORD WAS SET OR TIED.
MM INDICATES DATA IS MISSING.
T  INDICATES TRACE AMOUNT.




$$
