000
CDUS43 KLOT 272134
CLIORD


CLIMATE REPORT
NATIONAL WEATHER SERVICE CHICAGO IL
434 PM CDT SAT AUG 27 2016


...................................

...THE CHICAGO-OHARE IL CLIMATE SUMMARY FOR AUGUST 27 2016...
VALID TODAY AS OF 0400 PM LOCAL TIME.

CLIMATE NORMAL PERIOD 1981 TO 2010
CLIMATE RECORD PERIOD 1871 TO 2016


WEATHER ITEM   OBSERVED TIME   RECORD YEAR NORMAL DEPARTURE LAST
                VALUE   (LST)  VALUE       VALUE  FROM      YEAR
                                                  NORMAL
..................................................................
TEMPERATURE (F)
 TODAY
  MAXIMUM         83    259 PM  97    1973  81      2       76
                                      1953
                                      1948
  MINIMUM         67    412 AM  47    1982  62      5       51
  AVERAGE         75                        71      4       64

PRECIPITATION (IN)
  TODAY            0.84          1.59 1923   0.14   0.70     0.00
  MONTH TO DATE    3.64                      4.34  -0.70     1.42
  SINCE JUN 1     12.72                     11.49   1.23    11.39
  SINCE JAN 1     26.36                     24.57   1.79    22.88

SNOWFALL (IN)
  TODAY            0.0           0.0    MM   0.0    0.0      0.0
  MONTH TO DATE    0.0                       0.0    0.0       T
  SINCE JUN 1      0.0                       0.0    0.0       T
  SINCE JUL 1      0.0                       0.0    0.0       T

DEGREE DAYS
 HEATING
  TODAY            0                         0      0        1
  MONTH TO DATE    0                         0      0        4
  SINCE JUN 1     13                        52    -39       56
  SINCE JUL 1      0                         4     -4       17

 COOLING
  TODAY           10                         7      3        0
  MONTH TO DATE  300                       215     85      209
  SINCE JUN 1    848                       663    185      573
  SINCE JAN 1    922                       717    205      626
..................................................................


WIND (MPH)
  HIGHEST WIND SPEED    15   HIGHEST WIND DIRECTION     S (200)
  HIGHEST GUST SPEED    19   HIGHEST GUST DIRECTION     S (160)
  AVERAGE WIND SPEED     7.7


SKY COVER
  POSSIBLE SUNSHINE  MM
  AVERAGE SKY COVER 0.8


WEATHER CONDITIONS
 THE FOLLOWING WEATHER WAS RECORDED TODAY.
  HEAVY RAIN
  RAIN
  LIGHT RAIN
  FOG


RELATIVE HUMIDITY (PERCENT)
 HIGHEST   100           600 AM
 LOWEST     69           100 PM
 AVERAGE    85

..........................................................


THE CHICAGO-OHARE IL CLIMATE NORMALS FOR TOMORROW
                         NORMAL    RECORD    YEAR
 MAXIMUM TEMPERATURE (F)   81        97      1955
                                             1953
 MINIMUM TEMPERATURE (F)   61        42      1986


SUNRISE AND SUNSET
AUGUST 27 2016........SUNRISE   613 AM CDT   SUNSET   733 PM CDT
AUGUST 28 2016........SUNRISE   614 AM CDT   SUNSET   731 PM CDT


-  INDICATES NEGATIVE NUMBERS.
R  INDICATES RECORD WAS SET OR TIED.
MM INDICATES DATA IS MISSING.
T  INDICATES TRACE AMOUNT.




$$
