000
CDUS43 KLOT 030644
CLIORD


CLIMATE REPORT
NATIONAL WEATHER SERVICE CHICAGO IL
139 AM CDT WED JUN 3 2015


...................................

...THE CHICAGO-OHARE CLIMATE SUMMARY FOR JUNE 2 2015...

CLIMATE NORMAL PERIOD 1981 TO 2010
CLIMATE RECORD PERIOD 1871 TO 2015


WEATHER ITEM   OBSERVED TIME   RECORD YEAR NORMAL DEPARTURE LAST
                VALUE   (LST)  VALUE       VALUE  FROM      YEAR
                                                  NORMAL
..................................................................
TEMPERATURE (F)
 YESTERDAY
  MAXIMUM         70    435 PM  92    1944  75     -5       83
                                      1895
  MINIMUM         42    403 AM  38    2003  54    -12       68
  AVERAGE         56                        64     -8       76

PRECIPITATION (IN)
  YESTERDAY        0.00          2.35 1950   0.12  -0.12     0.14
  MONTH TO DATE    0.00                      0.24  -0.24     0.14
  SINCE JUN 1      0.00                      0.24  -0.24     0.14
  SINCE JAN 1     11.49                     13.32  -1.83    14.97

SNOWFALL (IN)
  YESTERDAY        0.0           T    1912   0.0    0.0      0.0
  MONTH TO DATE    0.0                       0.0    0.0      0.0
  SINCE JUN 1      0.0                       0.0    0.0      0.0
  SINCE JUL 1     50.7                      36.6   14.1     82.0
  SNOW DEPTH       0

DEGREE DAYS
 HEATING
  YESTERDAY        9                         4      5        0
  MONTH TO DATE   22                         8     14        0
  SINCE JUN 1     22                         8     14        0
  SINCE JUL 1   6759                      6300    459     7123

 COOLING
  YESTERDAY        0                         3     -3       11
  MONTH TO DATE    0                         6     -6       23
  SINCE JUN 1      0                         6     -6       23
  SINCE JAN 1     53                        60     -7       84
..................................................................


WIND (MPH)
  HIGHEST WIND SPEED    15   HIGHEST WIND DIRECTION     E (110)
  HIGHEST GUST SPEED    21   HIGHEST GUST DIRECTION    SE (120)
  AVERAGE WIND SPEED     5.3


SKY COVER
  POSSIBLE SUNSHINE  MM
  AVERAGE SKY COVER 0.3


WEATHER CONDITIONS
 THE FOLLOWING WEATHER WAS RECORDED YESTERDAY.
  NO SIGNIFICANT WEATHER WAS OBSERVED.


RELATIVE HUMIDITY (PERCENT)
 HIGHEST    83           500 AM
 LOWEST     33           300 PM
 AVERAGE    58

..........................................................


THE CHICAGO-OHARE CLIMATE NORMALS FOR TODAY
                         NORMAL    RECORD    YEAR
 MAXIMUM TEMPERATURE (F)   76        95      1895
 MINIMUM TEMPERATURE (F)   54        37      1945


SUNRISE AND SUNSET
JUNE  3 2015..........SUNRISE   518 AM CDT   SUNSET   822 PM CDT
JUNE  4 2015..........SUNRISE   517 AM CDT   SUNSET   823 PM CDT


-  INDICATES NEGATIVE NUMBERS.
R  INDICATES RECORD WAS SET OR TIED.
MM INDICATES DATA IS MISSING.
T  INDICATES TRACE AMOUNT.




$$
