000
CDUS43 KLOT 222247
CLIORD


CLIMATE REPORT
NATIONAL WEATHER SERVICE CHICAGO IL
447 PM CST SUN JAN 22 2017


...................................

...THE CHICAGO-OHARE IL CLIMATE SUMMARY FOR JANUARY 22 2017...
VALID TODAY AS OF 0400 PM LOCAL TIME.

CLIMATE NORMAL PERIOD 1981 TO 2010
CLIMATE RECORD PERIOD 1871 TO 2017


WEATHER ITEM   OBSERVED TIME   RECORD YEAR NORMAL DEPARTURE LAST
                VALUE   (LST)  VALUE       VALUE  FROM      YEAR
                                                  NORMAL
..................................................................
TEMPERATURE (F)
 TODAY
  MAXIMUM         46    157 PM  59    1909  31     15       30
  MINIMUM         38    528 AM -17    1936  16     22       19
                                      1883
  AVERAGE         42                        24     18       25

PRECIPITATION (IN)
  TODAY            T             1.39 1887   0.05  -0.05     0.02
  MONTH TO DATE    2.73                      1.28   1.45     0.67
  SINCE DEC 1      4.50                      3.53   0.97     5.54
  SINCE JAN 1      2.73                      1.28   1.45     0.67

SNOWFALL (IN)
  TODAY            0.0           6.2  2005   0.3   -0.3      0.4
  MONTH TO DATE    0.4                       7.5   -7.1      6.3
  SINCE DEC 1     18.1                      15.7    2.4     10.8
  SINCE JUL 1     18.1                      17.1    1.0     22.0

DEGREE DAYS
 HEATING
  TODAY           23                        42    -19       40
  MONTH TO DATE  820                       910    -90      946
  SINCE DEC 1   2051                      2065    -14     1746
  SINCE JUL 1   2880                      3321   -441     2719

 COOLING
  TODAY            0                         0      0        0
  MONTH TO DATE    0                         0      0        0
  SINCE DEC 1      0                         0      0        0
  SINCE JAN 1      0                         0      0        0
..................................................................


WIND (MPH)
  HIGHEST WIND SPEED    12   HIGHEST WIND DIRECTION     N (10)
  HIGHEST GUST SPEED    13   HIGHEST GUST DIRECTION     N (360)
  AVERAGE WIND SPEED     4.3


SKY COVER
  POSSIBLE SUNSHINE  MM
  AVERAGE SKY COVER 1.0


WEATHER CONDITIONS
 THE FOLLOWING WEATHER WAS RECORDED TODAY.
  FOG
  FOG W/VISIBILITY <= 1/4 MILE


RELATIVE HUMIDITY (PERCENT)
 HIGHEST   100          1200 AM
 LOWEST     76           400 PM
 AVERAGE    88

..........................................................


THE CHICAGO-OHARE IL CLIMATE NORMALS FOR TOMORROW
                         NORMAL    RECORD    YEAR
 MAXIMUM TEMPERATURE (F)   31        65      1909
 MINIMUM TEMPERATURE (F)   16       -18      1963


SUNRISE AND SUNSET
JANUARY 22 2017.......SUNRISE   713 AM CST   SUNSET   454 PM CST
JANUARY 23 2017.......SUNRISE   712 AM CST   SUNSET   456 PM CST


-  INDICATES NEGATIVE NUMBERS.
R  INDICATES RECORD WAS SET OR TIED.
MM INDICATES DATA IS MISSING.
T  INDICATES TRACE AMOUNT.




$$
