928
CDUS41 KAKQ 180645
CLIORF


CLIMATE REPORT
NATIONAL WEATHER SERVICE WAKEFIELD, VA
145 AM EST SUN FEB 18 2018


...................................

...THE NORFOLK VA CLIMATE SUMMARY FOR FEBRUARY 17 2018...

CLIMATE NORMAL PERIOD 1981 TO 2010
CLIMATE RECORD PERIOD 1871 TO 2018


WEATHER ITEM   OBSERVED TIME   RECORD YEAR NORMAL DEPARTURE LAST
                VALUE   (LST)  VALUE       VALUE  FROM      YEAR
                                                  NORMAL
..................................................................
TEMPERATURE (F)
 YESTERDAY
  MAXIMUM         48   1205 PM  80    1976  51     -3       55
  MINIMUM         40   1128 PM  11    1958  35      5       26
  AVERAGE         44                        43      1       41

PRECIPITATION (IN)
  YESTERDAY        0.17          1.50 1893   0.12   0.05     0.00
  MONTH TO DATE    1.54                      1.86  -0.32     0.65
  SINCE DEC 1      7.45                      8.52  -1.07     7.60
  SINCE JAN 1      5.05                      5.26  -0.21     5.06

SNOWFALL (IN)
  YESTERDAY       MM             3.2  1902   0.1   MM
  MONTH TO DATE    T                         1.4   -1.4
  SINCE NOV 1     13.1                       5.0    8.1
  SINCE JUL 1     13.1                       5.0    8.1
  SNOW DEPTH       0

DEGREE DAYS
 HEATING
  YESTERDAY       21                        22     -1       24
  MONTH TO DATE  299                       395    -96      296
  SINCE DEC 1   1832                      1807     25     1511
  SINCE JUL 1   2258                      2337    -79     1974

 COOLING
  YESTERDAY        0                         0      0        0
  MONTH TO DATE    7                         0      7        0
  SINCE DEC 1      8                         1      7        0
  SINCE JAN 1      8                         0      8        0
..................................................................


WIND (MPH)
  HIGHEST WIND SPEED    21   HIGHEST WIND DIRECTION     N (20)
  HIGHEST GUST SPEED    29   HIGHEST GUST DIRECTION    NE (30)
  AVERAGE WIND SPEED    10.8


SKY COVER
  POSSIBLE SUNSHINE  MM
  AVERAGE SKY COVER 0.6


WEATHER CONDITIONS
 THE FOLLOWING WEATHER WAS RECORDED YESTERDAY.
  RAIN
  LIGHT RAIN
  FOG
  HAZE


RELATIVE HUMIDITY (PERCENT)
 HIGHEST    96           600 PM
 LOWEST     58           100 PM
 AVERAGE    77

..........................................................


THE NORFOLK VA CLIMATE NORMALS FOR TODAY
                         NORMAL    RECORD    YEAR
 MAXIMUM TEMPERATURE (F)   51        81      1976
 MINIMUM TEMPERATURE (F)   35        12      1958


SUNRISE AND SUNSET
FEBRUARY 18 2018......SUNRISE   650 AM EST   SUNSET   548 PM EST
FEBRUARY 19 2018......SUNRISE   648 AM EST   SUNSET   549 PM EST


-  INDICATES NEGATIVE NUMBERS.
R  INDICATES RECORD WAS SET OR TIED.
MM INDICATES DATA IS MISSING.
T  INDICATES TRACE AMOUNT.




$$
