000
CDUS41 KAKQ 280535
CLIORF


CLIMATE REPORT
NATIONAL WEATHER SERVICE WAKEFIELD, VA
134 AM EDT TUE JUL 28 2015


...................................

...THE NORFOLK VA CLIMATE SUMMARY FOR JULY 27 2015...

CLIMATE NORMAL PERIOD 1981 TO 2010
CLIMATE RECORD PERIOD 1871 TO 2015


WEATHER ITEM   OBSERVED TIME   RECORD YEAR NORMAL DEPARTURE LAST
                VALUE   (LST)  VALUE       VALUE  FROM      YEAR
                                                  NORMAL
..................................................................
TEMPERATURE (F)
 YESTERDAY
  MAXIMUM         88    413 PM 104    1940  87      1       85
  MINIMUM         75    544 AM  62    1975  72      3       74
                                      1962
  AVERAGE         82                        80      2       80

PRECIPITATION (IN)
  YESTERDAY        0.00          4.72 1969   0.19  -0.19      T
  MONTH TO DATE    6.63                      4.38   2.25     7.87
  SINCE JUN 1     14.97                      8.64   6.33     9.78
  SINCE JAN 1     29.97                     25.66   4.31    29.40

SNOWFALL (IN)
  YESTERDAY        0.0           0.0  2002   0.0    0.0
                                      2001
  MONTH TO DATE    0.0                       0.0    0.0
  SINCE NOV 1     12.7                       5.8    6.9
  SINCE JUL 1      0.0                       0.0    0.0
  SNOW DEPTH       0

DEGREE DAYS
 HEATING
  YESTERDAY        0                         0      0        0
  MONTH TO DATE    0                         0      0        0
  SINCE JUN 1      0                         6     -6        3
  SINCE JUL 1      0                         0      0        0

 COOLING
  YESTERDAY       17                        15      2       15
  MONTH TO DATE  415                       399     16      388
  SINCE JUN 1    833                       714    119      746
  SINCE JAN 1   1069                       880    189      948
..................................................................


WIND (MPH)
  HIGHEST WIND SPEED    14   HIGHEST WIND DIRECTION    SE (150)
  HIGHEST GUST SPEED    19   HIGHEST GUST DIRECTION     S (170)
  AVERAGE WIND SPEED     6.7


SKY COVER
  POSSIBLE SUNSHINE  MM
  AVERAGE SKY COVER 0.2


WEATHER CONDITIONS
 THE FOLLOWING WEATHER WAS RECORDED YESTERDAY.
  NO SIGNIFICANT WEATHER WAS OBSERVED.


RELATIVE HUMIDITY (PERCENT)
 HIGHEST    82           100 AM
 LOWEST     51           200 PM
 AVERAGE    67

..........................................................


THE NORFOLK VA CLIMATE NORMALS FOR TODAY
                         NORMAL    RECORD    YEAR
 MAXIMUM TEMPERATURE (F)   87       101      1940
 MINIMUM TEMPERATURE (F)   72        57      1962


SUNRISE AND SUNSET
JULY 28 2015..........SUNRISE   607 AM EDT   SUNSET   815 PM EDT
JULY 29 2015..........SUNRISE   608 AM EDT   SUNSET   814 PM EDT


-  INDICATES NEGATIVE NUMBERS.
R  INDICATES RECORD WAS SET OR TIED.
MM INDICATES DATA IS MISSING.
T  INDICATES TRACE AMOUNT.




$$
