000
CDUS41 KBOX 250543
CLIORH


CLIMATE REPORT
NATIONAL WEATHER SERVICE TAUNTON MA
1238 AM EST THU DEC 25 2014


...................................

...THE WORCESTER MA CLIMATE SUMMARY FOR DECEMBER 24 2014...

CLIMATE NORMAL PERIOD 1981 TO 2010
CLIMATE RECORD PERIOD 1892 TO 2014


WEATHER ITEM   OBSERVED TIME   RECORD YEAR NORMAL DEPARTURE LAST
                VALUE   (LST)  VALUE       VALUE  FROM      YEAR
                                                  NORMAL
..................................................................
TEMPERATURE (F)
 YESTERDAY
  MAXIMUM         53   1159 PM  57    1996  34     19       34
                                      1990
  MINIMUM         36    807 AM  -6    1943  20     16       21
  AVERAGE         45                        27     18       28

PRECIPITATION (IN)
  YESTERDAY        0.47          1.50 1994   0.12   0.35     0.00
  MONTH TO DATE    4.73                      3.03   1.70     3.20
  SINCE DEC 1      4.73                      3.03   1.70     3.20
  SINCE JAN 1     53.41                     47.28   6.13    44.50

SNOWFALL (IN)
  YESTERDAY        0.0          15.6  1961   0.5   -0.5      0.0
  MONTH TO DATE    1.5                      10.6   -9.1     18.1
  SINCE DEC 1      1.5                      10.6   -9.1     18.1
  SINCE JUL 1      8.7                      13.4   -4.7     18.6
  SNOW DEPTH      MM

DEGREE DAYS
 HEATING
  YESTERDAY       20                        38    -18       37
  MONTH TO DATE  743                       826    -83      867
  SINCE DEC 1    743                       826    -83      867
  SINCE JUL 1   2121                      2228   -107     2279

 COOLING
  YESTERDAY        0                         0      0        0
  MONTH TO DATE    0                         0      0        0
  SINCE DEC 1      0                         0      0        0
  SINCE JAN 1    426                       471    -45      572
..................................................................


WIND (MPH)
  RESULTANT WIND SPEED   7   RESULTANT WIND DIRECTION  NE (40)
  HIGHEST WIND SPEED    13   HIGHEST WIND DIRECTION    NE (40)
  HIGHEST GUST SPEED    19   HIGHEST GUST DIRECTION    NE (30)
  AVERAGE WIND SPEED     8.0


SKY COVER
  POSSIBLE SUNSHINE  MM
  AVERAGE SKY COVER 1.0


WEATHER CONDITIONS
 THE FOLLOWING WEATHER WAS RECORDED YESTERDAY.
  RAIN
  LIGHT RAIN
  FOG
  FOG W/VISIBILITY <= 1/4 MILE


RELATIVE HUMIDITY (PERCENT)
 HIGHEST   100          1200 AM
 LOWEST    100          1200 AM
 AVERAGE   100

..........................................................


THE WORCESTER MA CLIMATE NORMALS FOR TODAY
                         NORMAL    RECORD    YEAR
 MAXIMUM TEMPERATURE (F)   34        60      1964
 MINIMUM TEMPERATURE (F)   20       -11      1980


SUNRISE AND SUNSET
DECEMBER 25 2014......SUNRISE   715 AM EST   SUNSET   420 PM EST
DECEMBER 26 2014......SUNRISE   715 AM EST   SUNSET   421 PM EST


-  INDICATES NEGATIVE NUMBERS.
R  INDICATES RECORD WAS SET OR TIED.
MM INDICATES DATA IS MISSING.
T  INDICATES TRACE AMOUNT.




$$
