000
CDUS41 KBOX 180548
CLIORH


CLIMATE REPORT
NATIONAL WEATHER SERVICE TAUNTON MA
1237 AM EST MON DEC 18 2017


...................................

...THE WORCESTER MA CLIMATE SUMMARY FOR DECEMBER 17 2017...

CLIMATE NORMAL PERIOD 1981 TO 2010
CLIMATE RECORD PERIOD 1892 TO 2017


WEATHER ITEM   OBSERVED TIME   RECORD YEAR NORMAL DEPARTURE LAST
                VALUE   (LST)  VALUE       VALUE  FROM      YEAR
                                                  NORMAL
..................................................................
TEMPERATURE (F)
 YESTERDAY
  MAXIMUM         25    213 PM  60    2000  36    -11       33
  MINIMUM         13    654 AM -16    1942  22     -9       15
  AVERAGE         19                        29    -10       24

PRECIPITATION (IN)
  YESTERDAY        0.00          1.72 2000   0.12  -0.12     0.63
  MONTH TO DATE    1.81                      2.21  -0.40     1.87
  SINCE DEC 1      1.81                      2.21  -0.40     1.87
  SINCE JAN 1     44.23                     46.46  -2.23    39.00

SNOWFALL (IN)
  YESTERDAY        0.0           9.9  1970   0.5   -0.5      6.0
  MONTH TO DATE    7.7                       6.9    0.8     11.2
  SINCE DEC 1      7.7                       6.9    0.8     11.2
  SINCE JUL 1      7.7                       9.7   -2.0     11.2
  SNOW DEPTH      MM

DEGREE DAYS
 HEATING
  YESTERDAY       46                        36     10       41
  MONTH TO DATE  598                       565     33      612
  SINCE DEC 1    598                       565     33      612
  SINCE JUL 1   1734                      1967   -233     1799

 COOLING
  YESTERDAY        0                         0      0        0
  MONTH TO DATE    0                         0      0        0
  SINCE DEC 1      0                         0      0        0
  SINCE JAN 1    533                       471     62      663
..................................................................


WIND (MPH)
  RESULTANT WIND SPEED   7   RESULTANT WIND DIRECTION   W (290)
  HIGHEST WIND SPEED    18   HIGHEST WIND DIRECTION     W (290)
  HIGHEST GUST SPEED    22   HIGHEST GUST DIRECTION     W (280)
  AVERAGE WIND SPEED     7.1


SKY COVER
  POSSIBLE SUNSHINE  MM
  AVERAGE SKY COVER 0.0


WEATHER CONDITIONS
 THE FOLLOWING WEATHER WAS RECORDED YESTERDAY.
  NO SIGNIFICANT WEATHER WAS OBSERVED.


RELATIVE HUMIDITY (PERCENT)
 HIGHEST    67           400 AM
 LOWEST     35           200 PM
 AVERAGE    51

..........................................................


THE WORCESTER MA CLIMATE NORMALS FOR TODAY
                         NORMAL    RECORD    YEAR
 MAXIMUM TEMPERATURE (F)   35        57      1928
 MINIMUM TEMPERATURE (F)   22       -11      1919


SUNRISE AND SUNSET
DECEMBER 18 2017......SUNRISE   711 AM EST   SUNSET   417 PM EST
DECEMBER 19 2017......SUNRISE   712 AM EST   SUNSET   417 PM EST


-  INDICATES NEGATIVE NUMBERS.
R  INDICATES RECORD WAS SET OR TIED.
MM INDICATES DATA IS MISSING.
T  INDICATES TRACE AMOUNT.




$$
