000
CDUS41 KBOX 200531
CLIORH


CLIMATE REPORT
NATIONAL WEATHER SERVICE TAUNTON MA
131 AM EDT WED AUG 20 2014


...................................

...THE WORCESTER MA CLIMATE SUMMARY FOR AUGUST 19 2014...

CLIMATE NORMAL PERIOD 1981 TO 2010
CLIMATE RECORD PERIOD 1892 TO 2014


WEATHER ITEM   OBSERVED TIME   RECORD YEAR NORMAL DEPARTURE LAST
                VALUE   (LST)  VALUE       VALUE  FROM      YEAR
                                                  NORMAL
..................................................................
TEMPERATURE (F)
 YESTERDAY
  MAXIMUM         74    432 PM  90    1906  77     -3       76
  MINIMUM         54    513 AM  48    1944  60     -6       60
                                      1930
                                      1926
  AVERAGE         64                        69     -5       68

PRECIPITATION (IN)
  YESTERDAY        0.00          6.38 1955   0.11  -0.11     0.00
  MONTH TO DATE    2.18                      2.40  -0.22     2.86
  SINCE JUN 1     10.02                     10.82  -0.80    15.89
  SINCE JAN 1     31.21                     30.05   1.16    32.70

SNOWFALL (IN)
  YESTERDAY        0.0           0.0  2002   0.0    0.0      0.0
                                      2001
                                      2000
  MONTH TO DATE    0.0                       0.0    0.0      0.0
  SINCE JUN 1      0.0                       0.0    0.0      0.0
  SINCE JUL 1      0.0                       0.0    0.0      0.0
  SNOW DEPTH      MM

DEGREE DAYS
 HEATING
  YESTERDAY        1                         1      0        0
  MONTH TO DATE   12                        10      2        9
  SINCE JUN 1     57                       107    -50       83
  SINCE JUL 1     12                        24    -12       16

 COOLING
  YESTERDAY        0                         4     -4        3
  MONTH TO DATE   56                       100    -44       42
  SINCE JUN 1    314                       359    -45      443
  SINCE JAN 1    322                       381    -59      467
..................................................................


WIND (MPH)
  RESULTANT WIND SPEED   4   RESULTANT WIND DIRECTION  NW (310)
  HIGHEST WIND SPEED    12   HIGHEST WIND DIRECTION    NW (300)
  HIGHEST GUST SPEED    15   HIGHEST GUST DIRECTION     N (340)
  AVERAGE WIND SPEED     5.7


SKY COVER
  POSSIBLE SUNSHINE  MM
  AVERAGE SKY COVER 0.0


WEATHER CONDITIONS
 THE FOLLOWING WEATHER WAS RECORDED YESTERDAY.
  NO SIGNIFICANT WEATHER WAS OBSERVED.


RELATIVE HUMIDITY (PERCENT)
 HIGHEST    78          1100 PM
 LOWEST     41           100 PM
 AVERAGE    60

..........................................................


THE WORCESTER MA CLIMATE NORMALS FOR TODAY
                         NORMAL    RECORD    YEAR
 MAXIMUM TEMPERATURE (F)   77        94      1937
 MINIMUM TEMPERATURE (F)   60        46      1990
                                             1927
                                             1926


SUNRISE AND SUNSET
AUGUST 20 2014........SUNRISE   600 AM EDT   SUNSET   741 PM EDT
AUGUST 21 2014........SUNRISE   601 AM EDT   SUNSET   739 PM EDT


-  INDICATES NEGATIVE NUMBERS.
R  INDICATES RECORD WAS SET OR TIED.
MM INDICATES DATA IS MISSING.
T  INDICATES TRACE AMOUNT.




$$
