000
CDUS41 KBOX 260538
CLIORH


CLIMATE REPORT
NATIONAL WEATHER SERVICE TAUNTON MA
138 AM EDT WED APR 26 2017


...................................

...THE WORCESTER MA CLIMATE SUMMARY FOR APRIL 25 2017...

CLIMATE NORMAL PERIOD 1981 TO 2010
CLIMATE RECORD PERIOD 1892 TO 2017


WEATHER ITEM   OBSERVED TIME   RECORD YEAR NORMAL DEPARTURE LAST
                VALUE   (LST)  VALUE       VALUE  FROM      YEAR
                                                  NORMAL
..................................................................
TEMPERATURE (F)
 YESTERDAY
  MAXIMUM         50    100 AM  86    2009  59     -9       58
  MINIMUM         43   1159 PM  25    1927  40      3       43
                                      1919
  AVERAGE         47                        50     -3       51

PRECIPITATION (IN)
  YESTERDAY        0.38          1.13 1926   0.13   0.25     0.00
  MONTH TO DATE    4.25                      3.46   0.79     2.31
  SINCE MAR 1      8.26                      7.67   0.59     5.80
  SINCE JAN 1     14.61                     14.39   0.22    13.19

SNOWFALL (IN)
  YESTERDAY        0.0           1.7  2002   0.0    0.0      0.0
  MONTH TO DATE    2.9                       2.6    0.3     10.0
  SINCE MAR 1     20.5                      14.0    6.5     15.5
  SINCE JUL 1     78.3                      63.9   14.4     47.2
  SNOW DEPTH      MM

DEGREE DAYS
 HEATING
  YESTERDAY       18                        15      3       14
  MONTH TO DATE  424                       499    -75      505
  SINCE MAR 1   1504                      1438     66     1274
  SINCE JUL 1   5781                      6275   -494     5333

 COOLING
  YESTERDAY        0                         0      0        0
  MONTH TO DATE    6                         0      6        4
  SINCE MAR 1      6                         0      6        4
  SINCE JAN 1      6                         0      6        4
..................................................................


WIND (MPH)
  RESULTANT WIND SPEED  10   RESULTANT WIND DIRECTION  NE (50)
  HIGHEST WIND SPEED    17   HIGHEST WIND DIRECTION    NE (50)
  HIGHEST GUST SPEED    29   HIGHEST GUST DIRECTION    NE (40)
  AVERAGE WIND SPEED    11.8


SKY COVER
  POSSIBLE SUNSHINE  MM
  AVERAGE SKY COVER 1.0


WEATHER CONDITIONS
 THE FOLLOWING WEATHER WAS RECORDED YESTERDAY.
  RAIN
  LIGHT RAIN
  FOG
  FOG W/VISIBILITY <= 1/4 MILE


RELATIVE HUMIDITY (PERCENT)
 HIGHEST   100           500 PM
 LOWEST     54          1200 AM
 AVERAGE    77

..........................................................


THE WORCESTER MA CLIMATE NORMALS FOR TODAY
                         NORMAL    RECORD    YEAR
 MAXIMUM TEMPERATURE (F)   60        85      1915
 MINIMUM TEMPERATURE (F)   41        24      1919


SUNRISE AND SUNSET
APRIL 26 2017.........SUNRISE   550 AM EDT   SUNSET   742 PM EDT
APRIL 27 2017.........SUNRISE   548 AM EDT   SUNSET   743 PM EDT


-  INDICATES NEGATIVE NUMBERS.
R  INDICATES RECORD WAS SET OR TIED.
MM INDICATES DATA IS MISSING.
T  INDICATES TRACE AMOUNT.




$$
