656
CDUS41 KBOX 261235
CLIORH


CLIMATE REPORT
NATIONAL WEATHER SERVICE TAUNTON MA
835 AM EDT MON SEP 26 2016


...................................

...THE WORCESTER MA CLIMATE SUMMARY FOR SEPTEMBER 25 2016...

CLIMATE NORMAL PERIOD 1981 TO 2010
CLIMATE RECORD PERIOD 1892 TO 2016


WEATHER ITEM   OBSERVED TIME   RECORD YEAR NORMAL DEPARTURE LAST
                VALUE   (LST)  VALUE       VALUE  FROM      YEAR
                                                  NORMAL
..................................................................
TEMPERATURE (F)
 YESTERDAY
  MAXIMUM         62    229 PM  85    1970  66     -4       66
                                      1926
  MINIMUM         42    542 AM  31    1944  49     -7       51
                                      1928
  AVERAGE         52                        58     -6       59

PRECIPITATION (IN)
  YESTERDAY        0.00          3.06 1991   0.15  -0.15     0.00
  MONTH TO DATE    2.62                      3.17  -0.55     1.63
  SINCE SEP 1      2.62                      3.17  -0.55     1.63
  SINCE JAN 1     26.02                     34.53  -8.51    28.35

SNOWFALL (IN)
  YESTERDAY        0.0           0.0  2002   0.0    0.0      0.0
                                      2001
                                      2000
  MONTH TO DATE    0.0                       0.0    0.0      0.0
  SINCE SEP 1      0.0                       0.0    0.0      0.0
  SINCE JUL 1      0.0                       0.0    0.0      0.0
  SNOW DEPTH       0

DEGREE DAYS
 HEATING
  YESTERDAY       13                         8      5        6
  MONTH TO DATE   43                       108    -65       39
  SINCE SEP 1     43                       108    -65       39
  SINCE JUL 1     52                       147    -95       40

 COOLING
  YESTERDAY        0                         1     -1        0
  MONTH TO DATE   75                        41     34       97
  SINCE SEP 1     75                        41     34       97
  SINCE JAN 1    663                       467    196      654
..................................................................


WIND (MPH)
  RESULTANT WIND SPEED  11   RESULTANT WIND DIRECTION  NW (330)
  HIGHEST WIND SPEED    23   HIGHEST WIND DIRECTION    NW (320)
  HIGHEST GUST SPEED    32   HIGHEST GUST DIRECTION    NW (300)
  AVERAGE WIND SPEED    11.0


SKY COVER
  POSSIBLE SUNSHINE  MM
  AVERAGE SKY COVER 0.0


WEATHER CONDITIONS
 THE FOLLOWING WEATHER WAS RECORDED YESTERDAY.
  NO SIGNIFICANT WEATHER WAS OBSERVED.


RELATIVE HUMIDITY (PERCENT)
 HIGHEST    65           600 AM
 LOWEST     29           200 PM
 AVERAGE    47

..........................................................


THE WORCESTER MA CLIMATE NORMALS FOR TODAY
                         NORMAL    RECORD    YEAR
 MAXIMUM TEMPERATURE (F)   66        91      1930
 MINIMUM TEMPERATURE (F)   49        28      1925


SUNRISE AND SUNSET
SEPTEMBER 26 2016.....SUNRISE   640 AM EDT   SUNSET   637 PM EDT
SEPTEMBER 27 2016.....SUNRISE   641 AM EDT   SUNSET   635 PM EDT


-  INDICATES NEGATIVE NUMBERS.
R  INDICATES RECORD WAS SET OR TIED.
MM INDICATES DATA IS MISSING.
T  INDICATES TRACE AMOUNT.




$$
