000
CDUS41 KBOX 232138
CLIORH


CLIMATE REPORT
NATIONAL WEATHER SERVICE TAUNTON MA
427 PM EST THU FEB 23 2017


...................................

...THE WORCESTER MA CLIMATE SUMMARY FOR FEBRUARY 23 2017...
VALID AS OF 0400 PM LOCAL TIME.

CLIMATE NORMAL PERIOD 1981 TO 2010
CLIMATE RECORD PERIOD 1892 TO 2017


WEATHER ITEM   OBSERVED TIME   RECORD YEAR NORMAL DEPARTURE LAST
                VALUE   (LST)  VALUE       VALUE  FROM      YEAR
                                                  NORMAL
..................................................................
TEMPERATURE (F)
 TODAY
  MAXIMUM         64R   321 PM  61    1990  36     28       34
  MINIMUM         40    530 AM  -9    1972  21     19       21
  AVERAGE         52                        29     23       28

PRECIPITATION (IN)
  TODAY            0.00          0.81 1897   0.12  -0.12     0.05
  MONTH TO DATE    2.12                      2.61  -0.49     3.01
  SINCE DEC 1      9.83                      9.92  -0.09     9.78
  SINCE JAN 1      6.03                      6.10  -0.07     5.13

SNOWFALL (IN)
  TODAY            0.0           8.1  1967   0.5   -0.5      0.5
  MONTH TO DATE   25.4                      13.1   12.3     20.6
  SINCE DEC 1     57.8                      44.6   13.2     31.7
  SINCE JUL 1     57.8                      47.4   10.4     31.7
  SNOW DEPTH      MM

DEGREE DAYS
 HEATING
  TODAY           13                        36    -23       37
  MONTH TO DATE  817                       885    -68      867
  SINCE DEC 1   2991                      3256   -265     2757
  SINCE JUL 1   4178                      4658   -480     3906

 COOLING
  TODAY            0                         0      0        0
  MONTH TO DATE    0                         0      0        0
  SINCE DEC 1      0                         0      0        0
  SINCE JAN 1      0                         0      0        0
..................................................................


WIND (MPH)
  HIGHEST WIND SPEED    22   HIGHEST WIND DIRECTION    SW (230)
  HIGHEST GUST SPEED    28   HIGHEST GUST DIRECTION    SW (230)
  AVERAGE WIND SPEED    12.3


SKY COVER
  POSSIBLE SUNSHINE  MM
  AVERAGE SKY COVER 0.3


WEATHER CONDITIONS
 THE FOLLOWING WEATHER WAS RECORDED TODAY.
  NO SIGNIFICANT WEATHER WAS OBSERVED.


RELATIVE HUMIDITY (PERCENT)
 HIGHEST    76           300 AM
 LOWEST     46          1200 PM
 AVERAGE    61

..........................................................


THE WORCESTER MA CLIMATE NORMALS FOR TOMORROW
                         NORMAL    RECORD    YEAR
 MAXIMUM TEMPERATURE (F)   37        67      1985
 MINIMUM TEMPERATURE (F)   21       -11      1894


SUNRISE AND SUNSET
FEBRUARY 23 2017......SUNRISE   632 AM EST   SUNSET   530 PM EST
FEBRUARY 24 2017......SUNRISE   630 AM EST   SUNSET   532 PM EST


-  INDICATES NEGATIVE NUMBERS.
R  INDICATES RECORD WAS SET OR TIED.
MM INDICATES DATA IS MISSING.
T  INDICATES TRACE AMOUNT.




$$
