000
CDUS41 KBOX 060543
CLIORH


CLIMATE REPORT
NATIONAL WEATHER SERVICE TAUNTON MA
1238 AM EST SAT FEB 6 2016


...................................

...THE WORCESTER MA CLIMATE SUMMARY FOR FEBRUARY 5 2016...

CLIMATE NORMAL PERIOD 1981 TO 2010
CLIMATE RECORD PERIOD 1892 TO 2016


WEATHER ITEM   OBSERVED TIME   RECORD YEAR NORMAL DEPARTURE LAST
                VALUE   (LST)  VALUE       VALUE  FROM      YEAR
                                                  NORMAL
..................................................................
TEMPERATURE (F)
 YESTERDAY
  MAXIMUM         38    137 AM  61    1991  33      5       34
  MINIMUM         20   1151 PM -15    1918  18      2        4
  AVERAGE         29                        25      4       19

PRECIPITATION (IN)
  YESTERDAY        0.78          1.30 2001   0.12   0.66     0.18
  MONTH TO DATE    1.48                      0.57   0.91     1.18
  SINCE DEC 1      8.25                      7.88   0.37    11.11
  SINCE JAN 1      3.60                      4.06  -0.46     6.21

SNOWFALL (IN)
  YESTERDAY       12.5          18.5  2001   0.6   11.9      4.6
  MONTH TO DATE   12.5                       2.9    9.6     22.5
  SINCE DEC 1     23.6                      34.4  -10.8     70.5
  SINCE JUL 1     23.6                      37.2  -13.6     77.7
  SNOW DEPTH      MM

DEGREE DAYS
 HEATING
  YESTERDAY       36                        40     -4       46
  MONTH TO DATE  123                       200    -77      246
  SINCE DEC 1   2013                      2571   -558     2568
  SINCE JUL 1   3162                      3973   -811     3946

 COOLING
  YESTERDAY        0                         0      0        0
  MONTH TO DATE    0                         0      0        0
  SINCE DEC 1      0                         0      0        0
  SINCE JAN 1      0                         0      0        0
..................................................................


WIND (MPH)
  RESULTANT WIND SPEED  13   RESULTANT WIND DIRECTION  NW (330)
  HIGHEST WIND SPEED    26   HIGHEST WIND DIRECTION    NW (300)
  HIGHEST GUST SPEED    40   HIGHEST GUST DIRECTION    NW (300)
  AVERAGE WIND SPEED    14.0


SKY COVER
  POSSIBLE SUNSHINE  MM
  AVERAGE SKY COVER 0.7


WEATHER CONDITIONS
 THE FOLLOWING WEATHER WAS RECORDED YESTERDAY.
  HEAVY SNOW
  SNOW
  LIGHT SNOW
  FOG
  FOG W/VISIBILITY <= 1/4 MILE


RELATIVE HUMIDITY (PERCENT)
 HIGHEST    92           600 AM
 LOWEST     52           100 AM
 AVERAGE    72

..........................................................


THE WORCESTER MA CLIMATE NORMALS FOR TODAY
                         NORMAL    RECORD    YEAR
 MAXIMUM TEMPERATURE (F)   33        53      1925
 MINIMUM TEMPERATURE (F)   18       -10      1895


SUNRISE AND SUNSET
FEBRUARY  6 2016......SUNRISE   656 AM EST   SUNSET   508 PM EST
FEBRUARY  7 2016......SUNRISE   655 AM EST   SUNSET   509 PM EST


-  INDICATES NEGATIVE NUMBERS.
R  INDICATES RECORD WAS SET OR TIED.
MM INDICATES DATA IS MISSING.
T  INDICATES TRACE AMOUNT.




$$
