000
CDUS41 KBOX 242135
CLIORH


CLIMATE REPORT
NATIONAL WEATHER SERVICE TAUNTON MA
425 PM EST TUE JAN 24 2017


...................................

...THE WORCESTER MA CLIMATE SUMMARY FOR JANUARY 24 2017...
VALID AS OF 0400 PM LOCAL TIME.

CLIMATE NORMAL PERIOD 1981 TO 2010
CLIMATE RECORD PERIOD 1892 TO 2017


WEATHER ITEM   OBSERVED TIME   RECORD YEAR NORMAL DEPARTURE LAST
                VALUE   (LST)  VALUE       VALUE  FROM      YEAR
                                                  NORMAL
..................................................................
TEMPERATURE (F)
 TODAY
  MAXIMUM         31    259 PM  59    1999  31      0       35
  MINIMUM         27    235 AM -14    1948  17     10       19
  AVERAGE         29                        24      5       27

PRECIPITATION (IN)
  TODAY            0.60          1.22 1896   0.12   0.48     0.00
  MONTH TO DATE    3.67                      2.70   0.97     2.12
  SINCE DEC 1      7.47                      6.52   0.95     6.77
  SINCE JAN 1      3.67                      2.70   0.97     2.12

SNOWFALL (IN)
  TODAY            4.1           7.3  1935   0.5    3.6      0.0
  MONTH TO DATE   16.0                      13.2    2.8      9.7
  SINCE DEC 1     33.5                      27.6    5.9     11.1
  SINCE JUL 1     33.5                      30.4    3.1     11.1
  SNOW DEPTH       4

DEGREE DAYS
 HEATING
  TODAY           36                        41     -5       38
  MONTH TO DATE  846                       980   -134      942
  SINCE DEC 1   1936                      2082   -146     1666
  SINCE JUL 1   3123                      3484   -361     2815

 COOLING
  TODAY            0                         0      0        0
  MONTH TO DATE    0                         0      0        0
  SINCE DEC 1      0                         0      0        0
  SINCE JAN 1      0                         0      0        0
..................................................................


WIND (MPH)
  HIGHEST WIND SPEED    25   HIGHEST WIND DIRECTION    NE (30)
  HIGHEST GUST SPEED    46   HIGHEST GUST DIRECTION    NE (50)
  AVERAGE WIND SPEED    18.0


SKY COVER
  POSSIBLE SUNSHINE  MM
  AVERAGE SKY COVER 1.0


WEATHER CONDITIONS
 THE FOLLOWING WEATHER WAS RECORDED TODAY.
  FREEZING RAIN
  LT FREEZING RAIN
  SNOW
  LIGHT SNOW
  FOG


RELATIVE HUMIDITY (PERCENT)
 HIGHEST   100          1000 AM
 LOWEST     85           300 AM
 AVERAGE    93

..........................................................


THE WORCESTER MA CLIMATE NORMALS FOR TOMORROW
                         NORMAL    RECORD    YEAR
 MAXIMUM TEMPERATURE (F)   31        56      1938
 MINIMUM TEMPERATURE (F)   17       -11      1935


SUNRISE AND SUNSET
JANUARY 24 2017.......SUNRISE   708 AM EST   SUNSET   452 PM EST
JANUARY 25 2017.......SUNRISE   707 AM EST   SUNSET   453 PM EST


-  INDICATES NEGATIVE NUMBERS.
R  INDICATES RECORD WAS SET OR TIED.
MM INDICATES DATA IS MISSING.
T  INDICATES TRACE AMOUNT.




$$
