000
CDUS46 KMFR 230837
CLIOTH


CLIMATE REPORT
NATIONAL WEATHER SERVICE MEDFORD, OR
137 AM PDT SUN APR 23 2017


...................................

...THE NORTH BEND OR CLIMATE SUMMARY FOR APRIL 22 2017...

CLIMATE NORMAL PERIOD 1981 TO 2010
CLIMATE RECORD PERIOD 1902 TO 2017


WEATHER ITEM   OBSERVED TIME   RECORD YEAR NORMAL DEPARTURE LAST
                VALUE   (LST)  VALUE       VALUE  FROM      YEAR
                                                  NORMAL
..................................................................
TEMPERATURE (F)
 YESTERDAY
  MAXIMUM         61        MM  72    1910  56      5       61
  MINIMUM         50   1200 AM  32    1922  44      6       48
  AVERAGE         56                        50      6       55

PRECIPITATION (IN)
  YESTERDAY        0.01          1.01 2008   0.16  -0.15     0.17
  MONTH TO DATE    4.26                      4.07   0.19     2.10
  SINCE OCT 1     72.20                     55.77  16.43    54.25
  SINCE JAN 1     38.05                     29.68   8.37    28.62

SNOWFALL (IN)
  YESTERDAY       MM
  SNOW DEPTH      MM

DEGREE DAYS
 HEATING
  YESTERDAY        9                        15     -6       10
  MONTH TO DATE  290                       358    -68      209
  SINCE MAR 1    721                       896   -175      632
  SINCE JUL 1   3497                      4070   -573     2957

 COOLING
  YESTERDAY        0                         0      0        0
  MONTH TO DATE    0                         0      0        6
  SINCE MAR 1      0                         0      0        6
  SINCE JAN 1      0                         0      0        8
..................................................................


WIND (MPH)
  HIGHEST WIND SPEED    21   HIGHEST WIND DIRECTION    SW (210)
  HIGHEST GUST SPEED    27   HIGHEST GUST DIRECTION    SW (210)
  AVERAGE WIND SPEED    11.7


SKY COVER
  POSSIBLE SUNSHINE  MM
  AVERAGE SKY COVER 0.7


WEATHER CONDITIONS
 THE FOLLOWING WEATHER WAS RECORDED YESTERDAY.
  NO SIGNIFICANT WEATHER WAS OBSERVED.


RELATIVE HUMIDITY (PERCENT)
 HIGHEST    89           900 PM
 LOWEST     59           200 AM

..........................................................


THE NORTH BEND OR CLIMATE NORMALS FOR TODAY
                         NORMAL    RECORD    YEAR
 MAXIMUM TEMPERATURE (F)   56        74      1992
 MINIMUM TEMPERATURE (F)   44        29      1922


SUNRISE AND SUNSET
APRIL 23 2017.........SUNRISE   621 AM PDT   SUNSET   810 PM PDT
APRIL 24 2017.........SUNRISE   620 AM PDT   SUNSET   811 PM PDT


-  INDICATES NEGATIVE NUMBERS.
R  INDICATES RECORD WAS SET OR TIED.
MM INDICATES DATA IS MISSING.
T  INDICATES TRACE AMOUNT.




$$
