000
CDUS46 KMFR 230038
CLIOTH


CLIMATE REPORT
NATIONAL WEATHER SERVICE MEDFORD, OR
437 PM PST MON JAN 22 2018


...................................

...THE NORTH BEND OR CLIMATE SUMMARY FOR JANUARY 22 2018...
VALID TODAY AS OF 0400 PM LOCAL TIME.

CLIMATE NORMAL PERIOD 1981 TO 2010
CLIMATE RECORD PERIOD 1902 TO 2018


WEATHER ITEM   OBSERVED TIME   RECORD YEAR NORMAL DEPARTURE LAST
                VALUE   (LST)  VALUE       VALUE  FROM      YEAR
                                                  NORMAL
..................................................................
TEMPERATURE (F)
 TODAY
  MAXIMUM         53        MM  66    1968  52      1       46
  MINIMUM         42        MM  17    1962  40      2       41
  AVERAGE         48                        46      2       44

PRECIPITATION (IN)
  TODAY            0.19          2.98 1982   0.31  -0.12     0.73
  MONTH TO DATE    3.76                      7.56  -3.80     8.87
  SINCE OCT 1     22.66                     33.65 -10.99    43.02
  SINCE JAN 1      3.76                      7.56  -3.80     8.87

SNOWFALL (IN)
  TODAY           MM                         0.0   MM       MM
  MONTH TO DATE   MM                         0.0   MM       MM
  SINCE JUL 1     MM                         0.1   MM        0.0
  SNOW DEPTH      MM

DEGREE DAYS
 HEATING
  TODAY           17                        19     -2       21
  MONTH TO DATE  334                       420    -86      469
  SINCE DEC 1    859                      1029   -170     1127
  SINCE JUL 1   2014                      2481   -467     2123

 COOLING
  TODAY            0                         0      0        0
  MONTH TO DATE    0                         0      0        0
  SINCE DEC 1      0                         0      0        0
  SINCE JAN 1      0                         0      0        0
..................................................................


WIND (MPH)
  HIGHEST WIND SPEED    12   HIGHEST WIND DIRECTION    SE (140)
  HIGHEST GUST SPEED    MM   HIGHEST GUST DIRECTION    MM
  AVERAGE WIND SPEED     7.5


SKY COVER
  POSSIBLE SUNSHINE  MM
  AVERAGE SKY COVER 0.6


WEATHER CONDITIONS
 THE FOLLOWING WEATHER WAS RECORDED TODAY.
  RAIN
  LIGHT RAIN
  FOG


RELATIVE HUMIDITY (PERCENT)
 HIGHEST   100           400 AM
 LOWEST     71           300 PM

..........................................................


THE NORTH BEND OR CLIMATE NORMALS FOR TOMORROW
                         NORMAL    RECORD    YEAR
 MAXIMUM TEMPERATURE (F)   52        66      1968
 MINIMUM TEMPERATURE (F)   40        22      1962


SUNRISE AND SUNSET
JANUARY 22 2018.......SUNRISE   742 AM PST   SUNSET   516 PM PST
JANUARY 23 2018.......SUNRISE   741 AM PST   SUNSET   517 PM PST


-  INDICATES NEGATIVE NUMBERS.
R  INDICATES RECORD WAS SET OR TIED.
MM INDICATES DATA IS MISSING.
T  INDICATES TRACE AMOUNT.




$$
