000
CDUS43 KDMX 200639 RRA
CLIOTM

CLIMATE REPORT
NATIONAL WEATHER SERVICE DES MOINES IA
1237 AM CST SAT DEC 20 2014


...................................

...THE OTTUMWA IA CLIMATE SUMMARY FOR DECEMBER 19 2014...

CLIMATE NORMAL PERIOD 1981 TO 2010
CLIMATE RECORD PERIOD 1920 TO 2014


WEATHER ITEM   OBSERVED TIME   RECORD YEAR NORMAL DEPARTURE LAST
                VALUE   (LST)  VALUE       VALUE  FROM      YEAR
                                                  NORMAL
..................................................................
TEMPERATURE (F)
 YESTERDAY
  MAXIMUM         31    353 PM  59    1941  33     -2       43
  MINIMUM         26    520 AM -18    1983  16     10       31
  AVERAGE         29                        25      4       37

PRECIPITATION (IN)
  YESTERDAY        0.00          1.12 1952   0.04  -0.04     0.03
  MONTH TO DATE    0.61                      0.94  -0.33     0.20
  SINCE DEC 1      0.61                      0.94  -0.33     0.20
  SINCE JAN 1     42.39                     36.64   5.75    36.52

DEGREE DAYS
 HEATING
  YESTERDAY       36                        40     -4       28
  MONTH TO DATE  633                       712    -79      807
  SINCE DEC 1    633                       712    -79      807
  SINCE JUL 1   2141                      2010    131     2137

 COOLING
  YESTERDAY        0                         0      0        0
  MONTH TO DATE    0                         0      0        0
  SINCE DEC 1      0                         0      0        0
  SINCE JAN 1    801                       938   -137     1014
..................................................................


WIND (MPH)
  HIGHEST WIND SPEED     9   HIGHEST WIND DIRECTION     S (160)
  HIGHEST GUST SPEED    13   HIGHEST GUST DIRECTION     S (160)
  AVERAGE WIND SPEED     5.7


SKY COVER
  POSSIBLE SUNSHINE  MM
  AVERAGE SKY COVER 1.0


WEATHER CONDITIONS
 THE FOLLOWING WEATHER WAS RECORDED YESTERDAY.
  FOG
  HAZE


RELATIVE HUMIDITY (PERCENT)
 HIGHEST    85          1000 AM
 LOWEST     78          1200 PM
 AVERAGE    82

..........................................................


THE OTTUMWA IA CLIMATE NORMALS FOR TODAY
                         NORMAL    RECORD    YEAR
 MAXIMUM TEMPERATURE (F)   33        67      1941
 MINIMUM TEMPERATURE (F)   16       -13      1983


SUNRISE AND SUNSET
DECEMBER 20 2014......SUNRISE   731 AM CST   SUNSET   444 PM CST
DECEMBER 21 2014......SUNRISE   732 AM CST   SUNSET   444 PM CST


-  INDICATES NEGATIVE NUMBERS.
R  INDICATES RECORD WAS SET OR TIED.
MM INDICATES DATA IS MISSING.
T  INDICATES TRACE AMOUNT.




$$
