000
CDUS43 KDMX 170642 RRB
CLIOTM

CLIMATE REPORT
NATIONAL WEATHER SERVICE DES MOINES IA
1239 AM CST TUE JAN 17 2017


...................................

...THE OTTUMWA IA CLIMATE SUMMARY FOR JANUARY 16 2017...

CLIMATE NORMAL PERIOD 1981 TO 2010
CLIMATE RECORD PERIOD 1920 TO 2017


WEATHER ITEM   OBSERVED TIME   RECORD YEAR NORMAL DEPARTURE LAST
                VALUE   (LST)  VALUE       VALUE  FROM      YEAR
                                                  NORMAL
..................................................................
TEMPERATURE (F)
 YESTERDAY
  MAXIMUM         37    914 PM  61    1990  31      6       22
  MINIMUM         30    214 AM -20    2009  13     17        6
  AVERAGE         34                        22     12       14

PRECIPITATION (IN)
  YESTERDAY        0.78          0.91 1980   0.03   0.75      T
  MONTH TO DATE    0.95                      0.50   0.45     0.38
  SINCE DEC 1      2.32                      1.87   0.45     4.41
  SINCE JAN 1      0.95                      0.50   0.45     0.38

DEGREE DAYS
 HEATING
  YESTERDAY       31                        43    -12       51
  MONTH TO DATE  683                       682      1      666
  SINCE DEC 1   1839                      1889    -50     1512
  SINCE JUL 1   2623                      3187   -564     2523

 COOLING
  YESTERDAY        0                         0      0        0
  MONTH TO DATE    0                         0      0        0
  SINCE DEC 1      0                         0      0        0
  SINCE JAN 1      0                         0      0        0
..................................................................


WIND (MPH)
  HIGHEST WIND SPEED    17   HIGHEST WIND DIRECTION     E (100)
  HIGHEST GUST SPEED    21   HIGHEST GUST DIRECTION     E (90)
  AVERAGE WIND SPEED     9.4


SKY COVER
  POSSIBLE SUNSHINE  MM
  AVERAGE SKY COVER 1.0


WEATHER CONDITIONS
 THE FOLLOWING WEATHER WAS RECORDED YESTERDAY.
  HEAVY RAIN
  RAIN
  LIGHT RAIN
  FREEZING RAIN
  LT FREEZING RAIN
  FOG
  FOG W/VISIBILITY <= 1/4 MILE


RELATIVE HUMIDITY (PERCENT)
 HIGHEST   100           500 PM
 LOWEST     85          1200 AM
 AVERAGE    93

..........................................................


THE OTTUMWA IA CLIMATE NORMALS FOR TODAY
                         NORMAL    RECORD    YEAR
 MAXIMUM TEMPERATURE (F)   31        59      1996
 MINIMUM TEMPERATURE (F)   13       -16      1982


SUNRISE AND SUNSET
JANUARY 17 2017.......SUNRISE   732 AM CST   SUNSET   509 PM CST
JANUARY 18 2017.......SUNRISE   731 AM CST   SUNSET   510 PM CST


-  INDICATES NEGATIVE NUMBERS.
R  INDICATES RECORD WAS SET OR TIED.
MM INDICATES DATA IS MISSING.
T  INDICATES TRACE AMOUNT.




$$
