000
CDUS43 KDMX 250638 RRA
CLIOTM

CLIMATE REPORT
NATIONAL WEATHER SERVICE DES MOINES IA
133 AM CDT SAT MAR 25 2017


...................................

...THE OTTUMWA IA CLIMATE SUMMARY FOR MARCH 24 2017...

CLIMATE NORMAL PERIOD 1981 TO 2010
CLIMATE RECORD PERIOD 1920 TO 2017


WEATHER ITEM   OBSERVED TIME   RECORD YEAR NORMAL DEPARTURE LAST
                VALUE   (LST)  VALUE       VALUE  FROM      YEAR
                                                  NORMAL
..................................................................
TEMPERATURE (F)
 YESTERDAY
  MAXIMUM         74   1053 AM  84    1910  53     21       39
  MINIMUM         49   1159 PM   4    1974  31     18       30
  AVERAGE         62                        42     20       35

PRECIPITATION (IN)
  YESTERDAY        0.42          2.05 1920   0.07   0.35     0.01
  MONTH TO DATE    0.94                      1.67  -0.73     1.12
  SINCE MAR 1      0.94                      1.67  -0.73     1.12
  SINCE JAN 1      2.53                      3.85  -1.32     2.42

DEGREE DAYS
 HEATING
  YESTERDAY        3                        23    -20       30
  MONTH TO DATE  592                       663    -71      483
  SINCE MAR 1    592                       663    -71      483
  SINCE JUL 1   4399                      5548  -1149     4537

 COOLING
  YESTERDAY        0                         0      0        0
  MONTH TO DATE    0                         0      0        0
  SINCE MAR 1      0                         0      0        0
  SINCE JAN 1      0                         0      0        0
..................................................................


WIND (MPH)
  HIGHEST WIND SPEED    24   HIGHEST WIND DIRECTION    SW (240)
  HIGHEST GUST SPEED    29   HIGHEST GUST DIRECTION    SW (230)
  AVERAGE WIND SPEED    11.5


SKY COVER
  POSSIBLE SUNSHINE  MM
  AVERAGE SKY COVER 0.6


WEATHER CONDITIONS
 THE FOLLOWING WEATHER WAS RECORDED YESTERDAY.
  RAIN
  LIGHT RAIN
  FOG


RELATIVE HUMIDITY (PERCENT)
 HIGHEST   100           300 PM
 LOWEST     33          1100 AM
 AVERAGE    67

..........................................................


THE OTTUMWA IA CLIMATE NORMALS FOR TODAY
                         NORMAL    RECORD    YEAR
 MAXIMUM TEMPERATURE (F)   54        85      1910
                                             1991
 MINIMUM TEMPERATURE (F)   32         3      1965


SUNRISE AND SUNSET
MARCH 25 2017.........SUNRISE   704 AM CDT   SUNSET   728 PM CDT
MARCH 26 2017.........SUNRISE   703 AM CDT   SUNSET   729 PM CDT


-  INDICATES NEGATIVE NUMBERS.
R  INDICATES RECORD WAS SET OR TIED.
MM INDICATES DATA IS MISSING.
T  INDICATES TRACE AMOUNT.




$$
