000
CDAK49 PAOT 181209
CLIOTZ

CLIMATE REPORT
NATIONAL WEATHER SERVICE KOTZEBUE, AK
409 AM AKDT THU SEP 18 2014

...................................
...THE KOTZEBUE WSO AP CLIMATE SUMMARY FOR SEPTEMBER 17 2014...

CLIMATE NORMAL PERIOD  1981 TO  2010
CLIMATE RECORD PERIOD  1897 TO  2014

WEATHER ITEM   OBSERVED TIME    RECORD YEAR NORMAL DEPARTURE LAST
               VALUE    (LST)   VALUE       VALUE  FROM      YEAR
                                                   NORMAL
...................................................................
TEMPERATURE
YESTERDAY
 MAXIMUM            56  0326 PM    57  1999     46      10     40
 MINIMUM            46  0137 AM    21  1897     38       8     29
 AVERAGE            51                          42       9     35

PRECIPITATION
(INCHES)
 YESTERDAY           T           0.46  1958   0.05   -0.05   0.00
 MONTH TO DATE    0.88                        0.93   -0.05   1.88
 SINCE SEP 1      0.88                        0.93   -0.05   1.88
 SINCE JAN 1      7.62                        7.81   -0.19   8.34

SNOWFALL
(INCHES)
 YESTERDAY         0.0            0.4  1993    0.0     0.0    0.0
 MONTH TO DATE     0.0                         0.2    -0.2    0.0
 SINCE SEP 1       0.0                         0.2    -0.2    0.0
 SINCE JUL 1       0.0                         0.2    -0.2    0.0
 SNOW DEPTH (IN)     0                                          0

DEGREE DAYS
 HEATING
  YESTERDAY         14                          23      -9     30
  MONTH TO DATE    273                         333     -60    349
  SINCE SEP 1      273                         333     -60    349
  SINCE JUL 1      833                        1071    -238    943

 COOLING
  YESTERDAY          0                           0       0      0
  MONTH TO DATE      0                           0       0      0
  SINCE SEP 1        0                           0       0      0
  SINCE JAN 1       19                           0      19     13
...................................................................

WIND (MPH)
 HIGHEST WIND SPEED    14     HIGHEST WIND DIRECTION     90
 HIGHEST GUST SPEED    16     HIGHEST GUST DIRECTION    100
 AVERAGE WIND SPEED   6.8

SKY COVER
  POSSIBLE SUNSHINE    MM          AVERAGE SKY COVER     MM

WEATHER CONDITIONS
 THE FOLLOWING WEATHER WAS RECORDED YESTERDAY.
  FOG
RAIN


RELATIVE HUMIDITY
 HIGHEST RH     MM PERCENT       MM
 LOWEST  RH     MM PERCENT       MM
 AVERAGE RH     MM PERCENT       MM
...................................................................

THE KOTZEBUE CLIMATE NORMALS FOR TODAY
                           NORMAL    RECORD   YEAR
 MAXIMUM TEMPERATURE (F)     46        64     1995
 MINIMUM TEMPERATURE (F)     37        24     1982

SUNRISE AND SUNSET
 SEP 18 2014..........SUNRISE  8:20 AM      SUNSET  9:07 PM
 SEP 19 2014..........SUNRISE  8:24 AM      SUNSET  9:03 PM

-  INDICATES NEGATIVE NUMBERS.
R  INDICATES RECORD HAS BEEN SET OR TIED.
MM INDICATES DATA IS MISSING.
T  INDICATES TRACE OF PRECIPITATION.

&&
-------------------------------------------------------------------

AMOUNT OF DAYLIGHT TODAY  (HOUR:MIN)........12 HOURS 47 MINUTES
GAIN/LOSS SINCE YESTERDAY (HOUR:MIN:SEC)....-0:07:18

$$
EWH SEP 14
