000
CDAK49 PAOT 031148
CLIOTZ

CLIMATE REPORT
NATIONAL WEATHER SERVICE KOTZEBUE, AK
348 AM AKDT MON AUG 3 2015

...................................
...THE KOTZEBUE WSO AP CLIMATE SUMMARY FOR AUGUST 2 2015...

CLIMATE NORMAL PERIOD  1981 TO  2010
CLIMATE RECORD PERIOD  1897 TO  2015

WEATHER ITEM   OBSERVED TIME    RECORD YEAR NORMAL DEPARTURE LAST
               VALUE    (LST)   VALUE       VALUE  FROM      YEAR
                                                   NORMAL
...................................................................
TEMPERATURE
YESTERDAY
 MAXIMUM            62  0718 PM    78  1902     58       4     63
 MINIMUM            54  0847 AM    36  1938     50       4     56
 AVERAGE            58                          54       4     60

PRECIPITATION
(INCHES)
 YESTERDAY        0.00           0.77  1952   0.07   -0.07   0.00
 MONTH TO DATE    0.60                        0.14    0.46   0.00
 SINCE JUN 1      1.16                        2.17   -1.01   2.97
 SINCE JAN 1      3.67                        4.84   -1.17   5.23

SNOWFALL
(INCHES)
 YESTERDAY         0.0            0.0  2015    0.0     0.0    0.0
 MONTH TO DATE     0.0                         0.0     0.0    0.0
 SINCE JUN 1       0.0                         0.0     0.0    0.0
 SINCE JUL 1       0.0                         0.0     0.0    0.0
 SNOW DEPTH (IN)     0                                          0

DEGREE DAYS
 HEATING
  YESTERDAY          7                          11      -4      5
  MONTH TO DATE     18                          22      -4     15
  SINCE JUN 1      623                         929    -306    986
  SINCE JUL 1      214                         348    -134    369

 COOLING
  YESTERDAY          0                           0       0      0
  MONTH TO DATE      0                           0       0      0
  SINCE JUN 1       14                           0      14      8
  SINCE JAN 1       14                           0      14      8
...................................................................

WIND (MPH)
 HIGHEST WIND SPEED    17     HIGHEST WIND DIRECTION    240
 HIGHEST GUST SPEED    20     HIGHEST GUST DIRECTION    240
 AVERAGE WIND SPEED   8.3

SKY COVER
  POSSIBLE SUNSHINE    MM          AVERAGE SKY COVER     MM

WEATHER CONDITIONS
 THE FOLLOWING WEATHER WAS RECORDED YESTERDAY.
 NO SIGNIFICANT WEATHER WAS OBSERVED.

RELATIVE HUMIDITY
 HIGHEST RH     MM PERCENT       MM
 LOWEST  RH     MM PERCENT       MM
 AVERAGE RH     MM PERCENT       MM
...................................................................

THE KOTZEBUE CLIMATE NORMALS FOR TODAY
                           NORMAL    RECORD   YEAR
 MAXIMUM TEMPERATURE (F)     58        74     1977
 MINIMUM TEMPERATURE (F)     50        38     2001

SUNRISE AND SUNSET
 AUG 3 2015..........SUNRISE  5:33 AM      SUNSET 12:18 AM
 AUG 4 2015..........SUNRISE  5:37 AM      SUNSET 12:13 AM

-  INDICATES NEGATIVE NUMBERS.
R  INDICATES RECORD HAS BEEN SET OR TIED.
MM INDICATES DATA IS MISSING.
T  INDICATES TRACE OF PRECIPITATION.

&&
-------------------------------------------------------------------

AMOUNT OF DAYLIGHT TODAY  (HOUR:MIN)........18 HOURS 45 MINUTES
LOSS SINCE YESTERDAY (HOUR:MIN:SEC).........-0:08:38

$$
TGH AUG 15
