000
CDUS43 KDDC 152331
CLIP28


CLIMATE REPORT
NATIONAL WEATHER SERVICE DODGE CITY KS
630 PM CDT TUE APR 15 2014


...................................

...THE MEDICINE LODGE KS CLIMATE SUMMARY FOR APRIL 15 2014...
VALID TODAY AS OF 0500 PM LOCAL TIME.

CLIMATE NORMAL PERIOD 1981 TO 2010
CLIMATE RECORD PERIOD 1893 TO 2014


WEATHER ITEM   OBSERVED TIME   RECORD YEAR NORMAL DEPARTURE LAST
                VALUE   (LST)  VALUE       VALUE  FROM      YEAR
                                                  NORMAL
..................................................................
TEMPERATURE (F)
 TODAY
  MAXIMUM         69    339 PM  95    2006  68      1       61
                                      1955
  MINIMUM         25    601 AM  21    1983  44    -19       44
  AVERAGE         47                        56     -9       53

PRECIPITATION (IN)
  TODAY            0.00          2.38 1946   0.08  -0.08     0.00
  MONTH TO DATE    0.16                      1.05  -0.89     1.11
  SINCE MAR 1      0.65                      3.31  -2.66     3.52
  SINCE JAN 1      1.60                      5.06  -3.46     7.07

DEGREE DAYS
 HEATING
  TODAY           18                        10      8       12
  MONTH TO DATE  181                       178      3      236
  SINCE MAR 1    905                       746    159      912
  SINCE JUL 1   4856                      4275    581     4198

 COOLING
  TODAY            0                         1     -1        0
  MONTH TO DATE   11                         7      4        3
  SINCE MAR 1     11                         9      2        4
  SINCE JAN 1     11                         9      2        4
..................................................................


WIND (MPH)
  HIGHEST WIND SPEED    22   HIGHEST WIND DIRECTION     S (190)
  HIGHEST GUST SPEED    30   HIGHEST GUST DIRECTION     S (200)
  AVERAGE WIND SPEED     7.4




RELATIVE HUMIDITY (PERCENT)
 HIGHEST    75           700 AM
 LOWEST     13           400 PM
 AVERAGE    44

..........................................................


THE MEDICINE LODGE KS CLIMATE NORMALS FOR TOMORROW
                         NORMAL    RECORD    YEAR
 MAXIMUM TEMPERATURE (F)   69        93      1963
 MINIMUM TEMPERATURE (F)   44        28      1953


SUNRISE AND SUNSET
APRIL 15 2014.........SUNRISE   700 AM CDT   SUNSET   810 PM CDT
APRIL 16 2014.........SUNRISE   658 AM CDT   SUNSET   810 PM CDT


-  INDICATES NEGATIVE NUMBERS.
R  INDICATES RECORD WAS SET OR TIED.
MM INDICATES DATA IS MISSING.
T  INDICATES TRACE AMOUNT.




$$
