000
CDUS43 KDDC 061006
CLIP28


CLIMATE REPORT
NATIONAL WEATHER SERVICE DODGE CITY KS
405 AM CST FRI MAR 6 2015


...................................

...THE MEDICINE LODGE KS CLIMATE SUMMARY FOR MARCH 5 2015...

CLIMATE NORMAL PERIOD 1981 TO 2010
CLIMATE RECORD PERIOD 1893 TO 2015


WEATHER ITEM   OBSERVED TIME   RECORD YEAR NORMAL DEPARTURE LAST
                VALUE   (LST)  VALUE       VALUE  FROM      YEAR
                                                  NORMAL
..................................................................
TEMPERATURE (F)
 YESTERDAY
  MAXIMUM         48    405 PM  88    2009  56     -8       37
                                      1910
  MINIMUM         10    721 AM  -2    1960  31    -21       25
  AVERAGE         29                        43    -14       31

PRECIPITATION (IN)
  YESTERDAY        0.00          1.04 1941   0.07  -0.07     0.01
  MONTH TO DATE    0.02                      0.32  -0.30     0.32
  SINCE MAR 1      0.02                      0.32  -0.30     0.32
  SINCE JAN 1      1.33                      2.07  -0.74     1.27

SNOWFALL (IN)
  YESTERDAY        0.0          MM      MM   0.0             0.0
  MONTH TO DATE    0.3                       0.0             4.0
  SINCE MAR 1      0.3                       0.0             4.0
  SINCE JUL 1     13.2                       8.4            27.0
  SNOW DEPTH       0

DEGREE DAYS
 HEATING
  YESTERDAY       36                        22     14       34
  MONTH TO DATE  174                       112     62      237
  SINCE MAR 1    174                       112     62      237
  SINCE JUL 1   3748                      3641    107     4188

 COOLING
  YESTERDAY        0                         0      0        0
  MONTH TO DATE    0                         0      0        0
  SINCE MAR 1      0                         0      0        0
  SINCE JAN 1      0                         0      0        0
..................................................................


WIND (MPH)
  HIGHEST WIND SPEED    16   HIGHEST WIND DIRECTION     W (270)
  HIGHEST GUST SPEED    20   HIGHEST GUST DIRECTION     W (270)
  AVERAGE WIND SPEED     6.0




RELATIVE HUMIDITY (PERCENT)
 HIGHEST    92           400 AM
 LOWEST     23           500 PM
 AVERAGE    58

..........................................................


THE MEDICINE LODGE KS CLIMATE NORMALS FOR TODAY
                         NORMAL    RECORD    YEAR
 MAXIMUM TEMPERATURE (F)   56        87      1925
 MINIMUM TEMPERATURE (F)   31         2      1943


SUNRISE AND SUNSET
MARCH  6 2015.........SUNRISE   659 AM CST   SUNSET   633 PM CST
MARCH  7 2015.........SUNRISE   657 AM CST   SUNSET   634 PM CST


-  INDICATES NEGATIVE NUMBERS.
R  INDICATES RECORD WAS SET OR TIED.
MM INDICATES DATA IS MISSING.
T  INDICATES TRACE AMOUNT.




$$
