000
CDUS43 KDDC 292339
CLIP28


CLIMATE REPORT
NATIONAL WEATHER SERVICE DODGE CITY KS
638 PM CDT FRI AUG 29 2014


...................................

...THE MEDICINE LODGE KS CLIMATE SUMMARY FOR AUGUST 29 2014...
VALID TODAY AS OF 0500 PM LOCAL TIME.

CLIMATE NORMAL PERIOD 1981 TO 2010
CLIMATE RECORD PERIOD 1893 TO 2014


WEATHER ITEM   OBSERVED TIME   RECORD YEAR NORMAL DEPARTURE LAST
                VALUE   (LST)  VALUE       VALUE  FROM      YEAR
                                                  NORMAL
..................................................................
TEMPERATURE (F)
 TODAY
  MAXIMUM         85    252 PM 113    1984  90     -5       98
  MINIMUM         64    652 AM  47    1976  65     -1       71
  AVERAGE         75                        78     -3       85

PRECIPITATION (IN)
  TODAY            0.36          2.25 2003   0.11   0.25     0.00
  MONTH TO DATE    2.01                      2.90  -0.89     6.29
  SINCE JUN 1     14.62                     10.39   4.23    11.29
  SINCE JAN 1     17.51                     20.13  -2.62    21.64

DEGREE DAYS
 HEATING
  TODAY            0                         0      0        0
  MONTH TO DATE    0                         0      0        0
  SINCE JUN 1      5                         3      2        4
  SINCE JUL 1      5                         0      5        0

 COOLING
  TODAY           10                        13     -3       20
  MONTH TO DATE  472                       449     23      386
  SINCE JUN 1   1183                      1330   -147     1265
  SINCE JAN 1   1452                      1486    -34     1408
..................................................................


WIND (MPH)
  HIGHEST WIND SPEED    13   HIGHEST WIND DIRECTION     S (190)
  HIGHEST GUST SPEED    18   HIGHEST GUST DIRECTION    SE (150)
  AVERAGE WIND SPEED     6.1




RELATIVE HUMIDITY (PERCENT)
 HIGHEST    93          1200 AM
 LOWEST     51           300 PM
 AVERAGE    72

..........................................................


THE MEDICINE LODGE KS CLIMATE NORMALS FOR TOMORROW
                         NORMAL    RECORD    YEAR
 MAXIMUM TEMPERATURE (F)   90       111      1939
 MINIMUM TEMPERATURE (F)   65        44      1915


SUNRISE AND SUNSET
AUGUST 29 2014........SUNRISE   702 AM CDT   SUNSET   807 PM CDT
AUGUST 30 2014........SUNRISE   703 AM CDT   SUNSET   806 PM CDT


-  INDICATES NEGATIVE NUMBERS.
R  INDICATES RECORD WAS SET OR TIED.
MM INDICATES DATA IS MISSING.
T  INDICATES TRACE AMOUNT.




$$
