000
CDUS43 KDDC 262326
CLIP28


CLIMATE REPORT
NATIONAL WEATHER SERVICE DODGE CITY KS
626 PM CDT FRI AUG 26 2016


...................................

...THE MEDICINE LODGE KS CLIMATE SUMMARY FOR AUGUST 26 2016...
VALID TODAY AS OF 0500 PM LOCAL TIME.

CLIMATE NORMAL PERIOD 1981 TO 2010
CLIMATE RECORD PERIOD 1893 TO 2016


WEATHER ITEM   OBSERVED TIME   RECORD YEAR NORMAL DEPARTURE LAST
                VALUE   (LST)  VALUE       VALUE  FROM      YEAR
                                                  NORMAL
..................................................................
TEMPERATURE (F)
 TODAY
  MAXIMUM         81    349 PM 108    1943  91    -10       96
  MINIMUM         65    712 AM  44    1910  66     -1       67
  AVERAGE         73                        78     -5       82

PRECIPITATION (IN)
  TODAY            0.41          1.78 1987   0.11   0.30     0.00
  MONTH TO DATE    6.37                      2.59   3.78     1.03
  SINCE JUN 1     10.86                     10.08   0.78    13.94
  SINCE JAN 1     19.64                     19.82  -0.18    25.90

DEGREE DAYS
 HEATING
  TODAY            0                         0      0        0
  MONTH TO DATE    0                         0      0        0
  SINCE JUN 1      0                         3     -3        0
  SINCE JUL 1      0                         0      0        0

 COOLING
  TODAY            8                        13     -5       17
  MONTH TO DATE  366                       410    -44      340
  SINCE JUN 1   1401                      1291    110     1301
  SINCE JAN 1   1538                      1447     91     1408
..................................................................


WIND (MPH)
  HIGHEST WIND SPEED    15   HIGHEST WIND DIRECTION     S (200)
  HIGHEST GUST SPEED    17   HIGHEST GUST DIRECTION     S (200)
  AVERAGE WIND SPEED     4.4




RELATIVE HUMIDITY (PERCENT)
 HIGHEST   100           700 AM
 LOWEST     54           400 PM
 AVERAGE    77

..........................................................


THE MEDICINE LODGE KS CLIMATE NORMALS FOR TOMORROW
                         NORMAL    RECORD    YEAR
 MAXIMUM TEMPERATURE (F)   91       107      1984
 MINIMUM TEMPERATURE (F)   66        40      1906


SUNRISE AND SUNSET
AUGUST 26 2016........SUNRISE   700 AM CDT   SUNSET   811 PM CDT
AUGUST 27 2016........SUNRISE   701 AM CDT   SUNSET   810 PM CDT


-  INDICATES NEGATIVE NUMBERS.
R  INDICATES RECORD WAS SET OR TIED.
MM INDICATES DATA IS MISSING.
T  INDICATES TRACE AMOUNT.




$$
