000
CDUS43 KDDC 282329
CLIP28


CLIMATE REPORT
NATIONAL WEATHER SERVICE DODGE CITY KS
629 PM CDT WED JUN 28 2017


...................................

...THE MEDICINE LODGE KS CLIMATE SUMMARY FOR JUNE 28 2017...
VALID TODAY AS OF 0500 PM LOCAL TIME.

CLIMATE NORMAL PERIOD 1981 TO 2010
CLIMATE RECORD PERIOD 1893 TO 2017


WEATHER ITEM   OBSERVED TIME   RECORD YEAR NORMAL DEPARTURE LAST
                VALUE   (LST)  VALUE       VALUE  FROM      YEAR
                                                  NORMAL
..................................................................
TEMPERATURE (F)
 TODAY
  MAXIMUM         97    330 PM 107    1933  92      5       92
  MINIMUM         70    539 AM  50    1904  68      2       66
  AVERAGE         84                        80      4       79

PRECIPITATION (IN)
  TODAY            0.00          1.57 1895   0.10  -0.10     0.14
  MONTH TO DATE    1.76                      3.92  -2.16     1.90
  SINCE JUN 1      1.76                      3.92  -2.16     1.90
  SINCE JAN 1     17.31                     13.66   3.65    10.68

DEGREE DAYS
 HEATING
  TODAY            0                         0      0        0
  MONTH TO DATE    0                         0      0        0
  SINCE JUN 1      0                         0      0        0
  SINCE JUL 1   3711                      4455   -744     3601

 COOLING
  TODAY           19                        15      4       14
  MONTH TO DATE  345                       322     23      426
  SINCE JUN 1    345                       322     23      426
  SINCE JAN 1    443                       478    -35      563
..................................................................


WIND (MPH)
  HIGHEST WIND SPEED    28   HIGHEST WIND DIRECTION    SW (210)
  HIGHEST GUST SPEED    38   HIGHEST GUST DIRECTION     S (190)
  AVERAGE WIND SPEED    16.8




RELATIVE HUMIDITY (PERCENT)
 HIGHEST    84           700 AM
 LOWEST     27           300 PM
 AVERAGE    56

..........................................................


THE MEDICINE LODGE KS CLIMATE NORMALS FOR TOMORROW
                         NORMAL    RECORD    YEAR
 MAXIMUM TEMPERATURE (F)   92       107      1933
 MINIMUM TEMPERATURE (F)   68        48      1923


SUNRISE AND SUNSET
JUNE 28 2017..........SUNRISE   616 AM CDT   SUNSET   859 PM CDT
JUNE 29 2017..........SUNRISE   617 AM CDT   SUNSET   859 PM CDT


-  INDICATES NEGATIVE NUMBERS.
R  INDICATES RECORD WAS SET OR TIED.
MM INDICATES DATA IS MISSING.
T  INDICATES TRACE AMOUNT.




$$
