000
CDUS43 KDDC 232329
CLIP28


CLIMATE REPORT
NATIONAL WEATHER SERVICE DODGE CITY KS
528 PM CST SUN NOV 23 2014


...................................

...THE MEDICINE LODGE KS CLIMATE SUMMARY FOR NOVEMBER 23 2014...
VALID TODAY AS OF 0500 PM LOCAL TIME.

CLIMATE NORMAL PERIOD 1981 TO 2010
CLIMATE RECORD PERIOD 1893 TO 2014


WEATHER ITEM   OBSERVED TIME   RECORD YEAR NORMAL DEPARTURE LAST
                VALUE   (LST)  VALUE       VALUE  FROM      YEAR
                                                  NORMAL
..................................................................
TEMPERATURE (F)
 TODAY
  MAXIMUM         57   1132 AM  78    1904  54      3       36
  MINIMUM         42    349 PM   8    1921  29     13       24
  AVERAGE         50                        42      8       30

PRECIPITATION (IN)
  TODAY            0.03          1.03 1905   0.02   0.01     0.00
  MONTH TO DATE    0.30                      0.78  -0.48     0.67
  SINCE SEP 1      1.85                      5.72  -3.87     3.59
  SINCE JAN 1     19.36                     26.07  -6.71    25.23

DEGREE DAYS
 HEATING
  TODAY           15                        23     -8       35
  MONTH TO DATE  555                       413    142      427
  SINCE SEP 1    729                       682     47      714
  SINCE JUL 1    734                       682     52      714

 COOLING
  TODAY            0                         0      0        0
  MONTH TO DATE    0                         0      0        0
  SINCE SEP 1    318                       258     60      337
  SINCE JAN 1   1802                      1769     33     1786
..................................................................


WIND (MPH)
  HIGHEST WIND SPEED    41   HIGHEST WIND DIRECTION     N (360)
  HIGHEST GUST SPEED    56   HIGHEST GUST DIRECTION     N (10)
  AVERAGE WIND SPEED    14.6




RELATIVE HUMIDITY (PERCENT)
 HIGHEST   100          1200 AM
 LOWEST     61           100 PM
 AVERAGE    81

..........................................................


THE MEDICINE LODGE KS CLIMATE NORMALS FOR TOMORROW
                         NORMAL    RECORD    YEAR
 MAXIMUM TEMPERATURE (F)   54        82      1990
 MINIMUM TEMPERATURE (F)   29         5      1938


SUNRISE AND SUNSET
NOVEMBER 23 2014......SUNRISE   722 AM CST   SUNSET   519 PM CST
NOVEMBER 24 2014......SUNRISE   723 AM CST   SUNSET   519 PM CST


-  INDICATES NEGATIVE NUMBERS.
R  INDICATES RECORD WAS SET OR TIED.
MM INDICATES DATA IS MISSING.
T  INDICATES TRACE AMOUNT.




$$
