449
CDUS43 KDDC 171425
CLIP28


CLIMATE REPORT
NATIONAL WEATHER SERVICE DODGE CITY KS
825 AM CST SUN DEC 17 2017


...................................

...THE MEDICINE LODGE KS CLIMATE SUMMARY FOR DECEMBER 17 2017...
VALID AS OF 0800 AM LOCAL TIME.

CLIMATE NORMAL PERIOD 1981 TO 2010
CLIMATE RECORD PERIOD 1893 TO 2017


WEATHER ITEM   OBSERVED TIME   RECORD YEAR NORMAL DEPARTURE LAST
                VALUE   (LST)  VALUE       VALUE  FROM      YEAR
                                                  NORMAL
..................................................................
TEMPERATURE (F)
 TODAY
  MAXIMUM         48   1249 AM  79    1939  45      3       33
  MINIMUM         39    452 AM   1    1979  23     16        2
  AVERAGE         44                        34     10       18

PRECIPITATION (IN)
  TODAY            0.00          0.42 1990   0.03  -0.03     0.07
  MONTH TO DATE    0.00                      0.52  -0.52     0.34
  SINCE DEC 1      0.00                      0.52  -0.52     0.34
  SINCE JAN 1     29.81                     26.74   3.07    29.98

..................................................................


WIND (MPH)
  HIGHEST WIND SPEED    18   HIGHEST WIND DIRECTION     S (180)
  HIGHEST GUST SPEED    25   HIGHEST GUST DIRECTION     S (180)



WEATHER CONDITIONS
 THE FOLLOWING WEATHER WAS RECORDED TODAY.
  NO SIGNIFICANT WEATHER WAS OBSERVED.


RELATIVE HUMIDITY (PERCENT)
 HIGHEST    92           400 AM
 LOWEST     54          1200 AM

..........................................................


THE MEDICINE LODGE KS CLIMATE NORMALS FOR TOMORROW
                         NORMAL    RECORD    YEAR
 MAXIMUM TEMPERATURE (F)   45        70      1966
 MINIMUM TEMPERATURE (F)   22       -11      2016


SUNRISE AND SUNSET
DECEMBER 17 2017......SUNRISE   743 AM CST   SUNSET   519 PM CST
DECEMBER 18 2017......SUNRISE   743 AM CST   SUNSET   519 PM CST


-  INDICATES NEGATIVE NUMBERS.
R  INDICATES RECORD WAS SET OR TIED.
MM INDICATES DATA IS MISSING.
T  INDICATES TRACE AMOUNT.




$$
