000
CDUS43 KDDC 242331
CLIP28


CLIMATE REPORT
NATIONAL WEATHER SERVICE DODGE CITY KS
631 PM CDT WED MAY 24 2017


...................................

...THE MEDICINE LODGE KS CLIMATE SUMMARY FOR MAY 24 2017...
VALID TODAY AS OF 0500 PM LOCAL TIME.

CLIMATE NORMAL PERIOD 1981 TO 2010
CLIMATE RECORD PERIOD 1893 TO 2017


WEATHER ITEM   OBSERVED TIME   RECORD YEAR NORMAL DEPARTURE LAST
                VALUE   (LST)  VALUE       VALUE  FROM      YEAR
                                                  NORMAL
..................................................................
TEMPERATURE (F)
 TODAY
  MAXIMUM         71    358 PM 103    1896  82    -11       86
                                      1996
  MINIMUM         41    533 AM  40    2001  58    -17       66
  AVERAGE         56                        70    -14       76

PRECIPITATION (IN)
  TODAY            0.00          2.05 1932   0.11  -0.11     0.01
  MONTH TO DATE    4.93                      2.44   2.49     1.61
  SINCE MAR 1     11.38                      7.13   4.25     7.22
  SINCE JAN 1     15.30                      8.88   6.42     8.11

DEGREE DAYS
 HEATING
  TODAY            9                         1      8        0
  MONTH TO DATE   38                        66    -28      109
  SINCE MAR 1    711                       922   -211      712
  SINCE JUL 1   3712                      4451   -739     3601

 COOLING
  TODAY            0                         6     -6       11
  MONTH TO DATE   12                        85    -73       48
  SINCE MAR 1     52                       109    -57       84
  SINCE JAN 1     52                       109    -57       84
..................................................................


WIND (MPH)
  HIGHEST WIND SPEED    17   HIGHEST WIND DIRECTION    NW (330)
  HIGHEST GUST SPEED    25   HIGHEST GUST DIRECTION     N (20)
  AVERAGE WIND SPEED     6.3




RELATIVE HUMIDITY (PERCENT)
 HIGHEST    89           300 AM
 LOWEST     34           400 PM
 AVERAGE    62

..........................................................


THE MEDICINE LODGE KS CLIMATE NORMALS FOR TOMORROW
                         NORMAL    RECORD    YEAR
 MAXIMUM TEMPERATURE (F)   82       103      1953
 MINIMUM TEMPERATURE (F)   58        39      1901


SUNRISE AND SUNSET
MAY 24 2017...........SUNRISE   619 AM CDT   SUNSET   844 PM CDT
MAY 25 2017...........SUNRISE   618 AM CDT   SUNSET   845 PM CDT


-  INDICATES NEGATIVE NUMBERS.
R  INDICATES RECORD WAS SET OR TIED.
MM INDICATES DATA IS MISSING.
T  INDICATES TRACE AMOUNT.




$$
