318
CDUS43 KDDC 270708
CLIP28


CLIMATE REPORT
NATIONAL WEATHER SERVICE DODGE CITY KS
208 AM CDT TUE SEP 27 2016


...................................

...THE MEDICINE LODGE KS CLIMATE SUMMARY FOR SEPTEMBER 26 2016...

CLIMATE NORMAL PERIOD 1981 TO 2010
CLIMATE RECORD PERIOD 1893 TO 2016


WEATHER ITEM   OBSERVED TIME   RECORD YEAR NORMAL DEPARTURE LAST
                VALUE   (LST)  VALUE       VALUE  FROM      YEAR
                                                  NORMAL
..................................................................
TEMPERATURE (F)
 YESTERDAY
  MAXIMUM         75    335 PM 101    1984  80     -5       83
  MINIMUM         44    639 AM  30    1912  54    -10       65
  AVERAGE         60                        67     -7       74

PRECIPITATION (IN)
  YESTERDAY        0.00          1.50 1973   0.07  -0.07     0.00
  MONTH TO DATE    7.18                      1.85   5.33     1.48
  SINCE SEP 1      7.18                      1.85   5.33     1.48
  SINCE JAN 1     27.61                     22.20   5.41    27.65

SNOWFALL (IN)
  YESTERDAY        0.0          MM      MM   0.0             0.0
  MONTH TO DATE    0.0                       0.0             0.0
  SINCE SEP 1      0.0                       0.0             0.0
  SINCE JUL 1      0.0                       0.0             0.0
  SNOW DEPTH       0

DEGREE DAYS
 HEATING
  YESTERDAY        5                         2      3        0
  MONTH TO DATE    8                        20    -12        0
  SINCE SEP 1      8                        20    -12        0
  SINCE JUL 1      8                        20    -12        0

 COOLING
  YESTERDAY        0                         4     -4        9
  MONTH TO DATE  252                       206     46      324
  SINCE SEP 1    252                       206     46      324
  SINCE JAN 1   1852                      1717    135     1803
..................................................................


WIND (MPH)
  HIGHEST WIND SPEED     9   HIGHEST WIND DIRECTION     N (10)
  HIGHEST GUST SPEED    12   HIGHEST GUST DIRECTION     N (20)
  AVERAGE WIND SPEED     3.3




RELATIVE HUMIDITY (PERCENT)
 HIGHEST    89           700 AM
 LOWEST     23          1200 PM
 AVERAGE    56

..........................................................


THE MEDICINE LODGE KS CLIMATE NORMALS FOR TODAY
                         NORMAL    RECORD    YEAR
 MAXIMUM TEMPERATURE (F)   79       107      1984
 MINIMUM TEMPERATURE (F)   54        31      1896


SUNRISE AND SUNSET
SEPTEMBER 27 2016.....SUNRISE   727 AM CDT   SUNSET   723 PM CDT
SEPTEMBER 28 2016.....SUNRISE   728 AM CDT   SUNSET   721 PM CDT


-  INDICATES NEGATIVE NUMBERS.
R  INDICATES RECORD WAS SET OR TIED.
MM INDICATES DATA IS MISSING.
T  INDICATES TRACE AMOUNT.




$$
