000
CDUS43 KDDC 272341
CLIP28


CLIMATE REPORT
NATIONAL WEATHER SERVICE DODGE CITY KS
537 PM CST TUE JAN 27 2015


...................................

...THE MEDICINE LODGE KS CLIMATE SUMMARY FOR JANUARY 27 2015...
VALID TODAY AS OF 0500 PM LOCAL TIME.

CLIMATE NORMAL PERIOD 1981 TO 2010
CLIMATE RECORD PERIOD 1893 TO 2015


WEATHER ITEM   OBSERVED TIME   RECORD YEAR NORMAL DEPARTURE LAST
                VALUE   (LST)  VALUE       VALUE  FROM      YEAR
                                                  NORMAL
..................................................................
TEMPERATURE (F)
 TODAY
  MAXIMUM         82R   322 PM  74    2013  47     35       27
  MINIMUM         33    515 AM  -6    1963  22     11       14
  AVERAGE         58                        34     24       21

PRECIPITATION (IN)
  TODAY            0.00          0.56 1973   0.04  -0.04     0.02
  MONTH TO DATE    0.24                      0.59  -0.35     0.14
  SINCE DEC 1      1.56                      1.51   0.05     0.65
  SINCE JAN 1      0.24                      0.59  -0.35     0.14

DEGREE DAYS
 HEATING
  TODAY            7                        31    -24       44
  MONTH TO DATE  830                       856    -26      852
  SINCE DEC 1   1689                      1797   -108     1912
  SINCE JUL 1   2594                      2655    -61     2850

 COOLING
  TODAY            0                         0      0        0
  MONTH TO DATE    0                         0      0        0
  SINCE DEC 1      0                         0      0        0
  SINCE JAN 1      0                         0      0        0
..................................................................


WIND (MPH)
  HIGHEST WIND SPEED    18   HIGHEST WIND DIRECTION    SW (230)
  HIGHEST GUST SPEED    23   HIGHEST GUST DIRECTION    SW (220)
  AVERAGE WIND SPEED     6.6




RELATIVE HUMIDITY (PERCENT)
 HIGHEST    82           400 AM
 LOWEST     14           400 PM
 AVERAGE    48

..........................................................


THE MEDICINE LODGE KS CLIMATE NORMALS FOR TOMORROW
                         NORMAL    RECORD    YEAR
 MAXIMUM TEMPERATURE (F)   47        77      2008
 MINIMUM TEMPERATURE (F)   22       -10      1918


SUNRISE AND SUNSET
JANUARY 27 2015.......SUNRISE   741 AM CST   SUNSET   553 PM CST
JANUARY 28 2015.......SUNRISE   741 AM CST   SUNSET   554 PM CST


-  INDICATES NEGATIVE NUMBERS.
R  INDICATES RECORD WAS SET OR TIED.
MM INDICATES DATA IS MISSING.
T  INDICATES TRACE AMOUNT.




$$
