000
CDUS43 KDDC 301426
CLIP28


CLIMATE REPORT
NATIONAL WEATHER SERVICE DODGE CITY KS
926 AM CDT THU MAR 30 2017


...................................

...THE MEDICINE LODGE KS CLIMATE SUMMARY FOR MARCH 30 2017...
VALID AS OF 0800 AM LOCAL TIME.

CLIMATE NORMAL PERIOD 1981 TO 2010
CLIMATE RECORD PERIOD 1893 TO 2017


WEATHER ITEM   OBSERVED TIME   RECORD YEAR NORMAL DEPARTURE LAST
                VALUE   (LST)  VALUE       VALUE  FROM      YEAR
                                                  NORMAL
..................................................................
TEMPERATURE (F)
 TODAY
  MAXIMUM         43    759 AM  93    1917  64    -21       82
  MINIMUM         41    109 AM  19    1964  38      3       55
  AVERAGE         42                        51     -9       69

PRECIPITATION (IN)
  TODAY            0.00          2.71 1989   0.08  -0.08     0.00
  MONTH TO DATE    2.23                      2.18   0.05     0.67
  SINCE MAR 1      2.23                      2.18   0.05     0.67
  SINCE JAN 1      6.15                      3.93   2.22     1.56

..................................................................


WIND (MPH)
  HIGHEST WIND SPEED    24   HIGHEST WIND DIRECTION    NW (330)
  HIGHEST GUST SPEED    35   HIGHEST GUST DIRECTION     N (340)



WEATHER CONDITIONS
 THE FOLLOWING WEATHER WAS RECORDED TODAY.
  NO SIGNIFICANT WEATHER WAS OBSERVED.


RELATIVE HUMIDITY (PERCENT)
 HIGHEST    86           100 AM
 LOWEST     76           200 AM

..........................................................


THE MEDICINE LODGE KS CLIMATE NORMALS FOR TOMORROW
                         NORMAL    RECORD    YEAR
 MAXIMUM TEMPERATURE (F)   64        96      1940
 MINIMUM TEMPERATURE (F)   39        12      1926


SUNRISE AND SUNSET
MARCH 30 2017.........SUNRISE   722 AM CDT   SUNSET   755 PM CDT
MARCH 31 2017.........SUNRISE   721 AM CDT   SUNSET   756 PM CDT


-  INDICATES NEGATIVE NUMBERS.
R  INDICATES RECORD WAS SET OR TIED.
MM INDICATES DATA IS MISSING.
T  INDICATES TRACE AMOUNT.




$$
