000
CDUS45 KLKN 250029
CLIP68


CLIMATE REPORT
NATIONAL WEATHER SERVICE ELKO NV
427 PM PST FRI NOV 24 2017


...................................

...THE EUREKA AIRPORT NV CLIMATE SUMMARY FOR NOVEMBER 24 2017...
VALID TODAY AS OF 0400 PM LOCAL TIME.

CLIMATE NORMAL PERIOD 1981 TO 2010
CLIMATE RECORD PERIOD 1963 TO 2017


WEATHER ITEM   OBSERVED TIME   RECORD YEAR NORMAL DEPARTURE LAST
                VALUE   (LST)  VALUE       VALUE  FROM      YEAR
                                                  NORMAL
..................................................................
TEMPERATURE (F)
 TODAY
  MAXIMUM         63    249 PM  65    1995  45     18       43
  MINIMUM         30    539 AM -12    2010  17     13       13
  AVERAGE         47                        31     16       28

PRECIPITATION (IN)
  TODAY            0.00          0.16 1989   0.02  -0.02     0.00
                                      1963
  MONTH TO DATE    0.24                      0.65  -0.41     0.37
  SINCE OCT 1      0.52                      1.39  -0.87     0.89
  SINCE JAN 1      9.56                      8.26   1.30     9.80

DEGREE DAYS
 HEATING
  TODAY           18                        34    -16       37
  MONTH TO DATE  554                       701   -147      546
  SINCE SEP 1   1417                      1501    -84     1181
  SINCE JUL 1   1421                      1548   -127     1205

 COOLING
  TODAY            0                         0      0        0
  MONTH TO DATE    0                         0      0        0
  SINCE SEP 1     61                        11     50        9
  SINCE JAN 1    570                       288    282      424
..................................................................


WIND (MPH)
  HIGHEST WIND SPEED    20   HIGHEST WIND DIRECTION    NW (300)
  HIGHEST GUST SPEED    26   HIGHEST GUST DIRECTION    NW (300)




RELATIVE HUMIDITY (PERCENT)
 HIGHEST    78           600 AM
 LOWEST     16           300 PM
 AVERAGE    47

..........................................................


THE EUREKA AIRPORT NV CLIMATE NORMALS FOR TOMORROW
                         NORMAL    RECORD    YEAR
 MAXIMUM TEMPERATURE (F)   45        69      1995
 MINIMUM TEMPERATURE (F)   17       -10      1992


SUNRISE AND SUNSET
NOVEMBER 24 2017......SUNRISE   638 AM PST   SUNSET   423 PM PST
NOVEMBER 25 2017......SUNRISE   639 AM PST   SUNSET   422 PM PST


-  INDICATES NEGATIVE NUMBERS.
R  INDICATES RECORD WAS SET OR TIED.
MM INDICATES DATA IS MISSING.
T  INDICATES TRACE AMOUNT.




$$
