305
CDUS45 KLKN 240932
CLIP68


CLIMATE REPORT
NATIONAL WEATHER SERVICE ELKO NV
127 AM PST SAT FEB 24 2018


...................................

...THE EUREKA AIRPORT NV CLIMATE SUMMARY FOR FEBRUARY 23 2018...

CLIMATE NORMAL PERIOD 1981 TO 2010
CLIMATE RECORD PERIOD 1963 TO 2018


WEATHER ITEM   OBSERVED TIME   RECORD YEAR NORMAL DEPARTURE LAST
                VALUE   (LST)  VALUE       VALUE  FROM      YEAR
                                                  NORMAL
..................................................................
TEMPERATURE (F)
 YESTERDAY
  MAXIMUM         27    330 PM  63    1995  45    -18       31
  MINIMUM          2   1129 PM  -8    1996  18    -16       17
  AVERAGE         15                        32    -17       24

PRECIPITATION (IN)
  YESTERDAY        0.00          0.10 2013   0.04  -0.04     0.03
  MONTH TO DATE    0.20                      0.70  -0.50     0.34
  SINCE OCT 1      2.12                      3.57  -1.45     4.88
  SINCE JAN 1      0.93                      1.44  -0.51     2.79

DEGREE DAYS
 HEATING
  YESTERDAY       50                        33     17       41
  MONTH TO DATE  779                       840    -61      653
  SINCE DEC 1   2845                      3364   -519     3235
  SINCE JUL 1   4429                      5123   -694     4648

 COOLING
  YESTERDAY        0                         0      0        0
  MONTH TO DATE    0                         0      0        0
  SINCE DEC 1      0                         0      0        0
  SINCE JAN 1      0                         0      0        0
..................................................................


WIND (MPH)
  HIGHEST WIND SPEED    17   HIGHEST WIND DIRECTION     N (340)
  HIGHEST GUST SPEED    23   HIGHEST GUST DIRECTION     N (340)
  AVERAGE WIND SPEED     8.1




RELATIVE HUMIDITY (PERCENT)
 HIGHEST    88           100 AM
 LOWEST     42           400 PM
 AVERAGE    65

..........................................................


THE EUREKA AIRPORT NV CLIMATE NORMALS FOR TODAY
                         NORMAL    RECORD    YEAR
 MAXIMUM TEMPERATURE (F)   45        65      1995
 MINIMUM TEMPERATURE (F)   18        -2      1987


SUNRISE AND SUNSET
FEBRUARY 24 2018......SUNRISE   624 AM PST   SUNSET   531 PM PST
FEBRUARY 25 2018......SUNRISE   622 AM PST   SUNSET   532 PM PST


-  INDICATES NEGATIVE NUMBERS.
R  INDICATES RECORD WAS SET OR TIED.
MM INDICATES DATA IS MISSING.
T  INDICATES TRACE AMOUNT.




$$
