000
CDUS45 KLKN 220926
CLIP68


CLIMATE REPORT
NATIONAL WEATHER SERVICE ELKO NV
226 AM PDT MON MAY 22 2017


...................................

...THE EUREKA AIRPORT NV CLIMATE SUMMARY FOR MAY 21 2017...

CLIMATE NORMAL PERIOD 1981 TO 2010
CLIMATE RECORD PERIOD 1963 TO 2017


WEATHER ITEM   OBSERVED TIME   RECORD YEAR NORMAL DEPARTURE LAST
                VALUE   (LST)  VALUE       VALUE  FROM      YEAR
                                                  NORMAL
..................................................................
TEMPERATURE (F)
 YESTERDAY
  MAXIMUM         72    205 PM  88    2012  71      1       54
  MINIMUM         37    228 AM  25    1983  35      2       32
  AVERAGE         55                        53      2       43

PRECIPITATION (IN)
  YESTERDAY        0.00          0.32 1991   0.02  -0.02     0.00
  MONTH TO DATE    0.39                      0.51  -0.12     1.35
  SINCE OCT 1      8.95                      6.14   2.81    11.05
  SINCE JAN 1      6.86                      4.01   2.85     6.78

DEGREE DAYS
 HEATING
  YESTERDAY       10                        12     -2       22
  MONTH TO DATE  286                       304    -18      290
  SINCE MAR 1   1618                      1823   -205     1594
  SINCE JUL 1   6478                      7108   -630     6697

 COOLING
  YESTERDAY        0                         0      0        0
  MONTH TO DATE    0                         0      0        0
  SINCE MAR 1      0                         0      0        0
  SINCE JAN 1      0                         0      0        0
..................................................................


WIND (MPH)
  HIGHEST WIND SPEED    20   HIGHEST WIND DIRECTION     N (20)
  HIGHEST GUST SPEED    26   HIGHEST GUST DIRECTION     N (20)
  AVERAGE WIND SPEED     6.6




RELATIVE HUMIDITY (PERCENT)
 HIGHEST    76           300 AM
 LOWEST     19           400 PM
 AVERAGE    48

..........................................................


THE EUREKA AIRPORT NV CLIMATE NORMALS FOR TODAY
                         NORMAL    RECORD    YEAR
 MAXIMUM TEMPERATURE (F)   72        88      2000
                                             1967
 MINIMUM TEMPERATURE (F)   35        21      2007


SUNRISE AND SUNSET
MAY 22 2017...........SUNRISE   524 AM PDT   SUNSET   758 PM PDT
MAY 23 2017...........SUNRISE   523 AM PDT   SUNSET   758 PM PDT


-  INDICATES NEGATIVE NUMBERS.
R  INDICATES RECORD WAS SET OR TIED.
MM INDICATES DATA IS MISSING.
T  INDICATES TRACE AMOUNT.




$$
