000
CDUS45 KLKN 030940
CLIP68


CLIMATE REPORT
NATIONAL WEATHER SERVICE ELKO NV
139 AM PST SAT DEC 3 2016


...................................

...THE EUREKA AIRPORT NV CLIMATE SUMMARY FOR DECEMBER 2 2016...

CLIMATE NORMAL PERIOD 1981 TO 2010
CLIMATE RECORD PERIOD 1963 TO 2016


WEATHER ITEM   OBSERVED TIME   RECORD YEAR NORMAL DEPARTURE LAST
                VALUE   (LST)  VALUE       VALUE  FROM      YEAR
                                                  NORMAL
..................................................................
TEMPERATURE (F)
 YESTERDAY
  MAXIMUM         29    243 PM  57    2008  42    -13       43
  MINIMUM          7   1029 PM -11    2004  14     -7       11
  AVERAGE         18                        28    -10       27

PRECIPITATION (IN)
  YESTERDAY        0.00          0.13 2012   0.01  -0.01     0.00
  MONTH TO DATE    0.01                      0.03  -0.02     0.00
  SINCE OCT 1      1.12                      1.55  -0.43     2.58
  SINCE JAN 1     10.03                      8.42   1.61     9.66

DEGREE DAYS
 HEATING
  YESTERDAY       47                        37     10       38
  MONTH TO DATE   88                        74     14       83
  SINCE DEC 1     88                        74     14       83
  SINCE JUL 1   1501                      1833   -332     1569

 COOLING
  YESTERDAY        0                         0      0        0
  MONTH TO DATE    0                         0      0        0
  SINCE DEC 1      0                         0      0        0
  SINCE JAN 1    424                       288    136      516
..................................................................


WIND (MPH)
  HIGHEST WIND SPEED    15   HIGHEST WIND DIRECTION     N (20)
  HIGHEST GUST SPEED    18   HIGHEST GUST DIRECTION     N (360)
  AVERAGE WIND SPEED     5.5




RELATIVE HUMIDITY (PERCENT)
 HIGHEST    84           700 AM
 LOWEST     50          1200 PM
 AVERAGE    67

..........................................................


THE EUREKA AIRPORT NV CLIMATE NORMALS FOR TODAY
                         NORMAL    RECORD    YEAR
 MAXIMUM TEMPERATURE (F)   42        58      2007
                                             1998
 MINIMUM TEMPERATURE (F)   14       -14      2004


SUNRISE AND SUNSET
DECEMBER  3 2016......SUNRISE   648 AM PST   SUNSET   420 PM PST
DECEMBER  4 2016......SUNRISE   648 AM PST   SUNSET   420 PM PST


-  INDICATES NEGATIVE NUMBERS.
R  INDICATES RECORD WAS SET OR TIED.
MM INDICATES DATA IS MISSING.
T  INDICATES TRACE AMOUNT.




$$
