178
CDUS45 KLKN 240926
CLIP68


CLIMATE REPORT
NATIONAL WEATHER SERVICE ELKO NV
226 AM PDT TUE MAY 24 2016


...................................

...THE EUREKA AIRPORT NV CLIMATE SUMMARY FOR MAY 23 2016...

CLIMATE NORMAL PERIOD 1981 TO 2010
CLIMATE RECORD PERIOD 1963 TO 2016


WEATHER ITEM   OBSERVED TIME   RECORD YEAR NORMAL DEPARTURE LAST
                VALUE   (LST)  VALUE       VALUE  FROM      YEAR
                                                  NORMAL
..................................................................
TEMPERATURE (F)
 YESTERDAY
  MAXIMUM         63    229 PM  87    2001  72     -9       60
  MINIMUM         37    452 AM  22    2007  35      2       46
  AVERAGE         50                        54     -4       53

PRECIPITATION (IN)
  YESTERDAY        0.00          0.66 2011   0.03  -0.03     0.14
  MONTH TO DATE    1.48                      0.56   0.92     1.43
  SINCE OCT 1     11.18                      6.19   4.99     3.80
  SINCE JAN 1      6.91                      4.06   2.85     2.68

DEGREE DAYS
 HEATING
  YESTERDAY       15                        12      3       12
  MONTH TO DATE  315                       328    -13      333
  SINCE MAR 1   1619                      1847   -228     1613
  SINCE JUL 1   6722                      7132   -410     5656

 COOLING
  YESTERDAY        0                         0      0        0
  MONTH TO DATE    0                         0      0        0
  SINCE MAR 1      0                         0      0        0
  SINCE JAN 1      0                         0      0        0
..................................................................


WIND (MPH)
  HIGHEST WIND SPEED    17   HIGHEST WIND DIRECTION    NW (310)
  HIGHEST GUST SPEED    21   HIGHEST GUST DIRECTION     W (250)
  AVERAGE WIND SPEED     5.3




RELATIVE HUMIDITY (PERCENT)
 HIGHEST    76           500 AM
 LOWEST     20           100 PM
 AVERAGE    48

..........................................................


THE EUREKA AIRPORT NV CLIMATE NORMALS FOR TODAY
                         NORMAL    RECORD    YEAR
 MAXIMUM TEMPERATURE (F)   72        88      2001
 MINIMUM TEMPERATURE (F)   36        22      2010
                                             1989


SUNRISE AND SUNSET
MAY 24 2016...........SUNRISE   522 AM PDT   SUNSET   759 PM PDT
MAY 25 2016...........SUNRISE   522 AM PDT   SUNSET   800 PM PDT


-  INDICATES NEGATIVE NUMBERS.
R  INDICATES RECORD WAS SET OR TIED.
MM INDICATES DATA IS MISSING.
T  INDICATES TRACE AMOUNT.




$$
