000
CDUS45 KLKN 010930
CLIP68


CLIMATE REPORT
NATIONAL WEATHER SERVICE ELKO NV
227 AM PDT WED OCT 1 2014


...................................

...THE EUREKA AIRPORT NV CLIMATE SUMMARY FOR SEPTEMBER 30 2014...

CLIMATE NORMAL PERIOD 1981 TO 2010
CLIMATE RECORD PERIOD 1963 TO 2014


WEATHER ITEM   OBSERVED TIME   RECORD YEAR NORMAL DEPARTURE LAST
                VALUE   (LST)  VALUE       VALUE  FROM      YEAR
                                                  NORMAL
..................................................................
TEMPERATURE (F)
 YESTERDAY
  MAXIMUM         68    234 PM  91    2010  72     -4       75
  MINIMUM         37    216 AM  19    1995  33      4       37
  AVERAGE         53                        52      1       56

PRECIPITATION (IN)
  YESTERDAY        0.00          0.27 1982   0.02  -0.02     0.00
  MONTH TO DATE    1.13                      0.58   0.55     1.19
  SINCE OCT 1     10.34                      9.00   1.34     7.58
  SINCE JAN 1      7.94                      6.87   1.07     6.14

DEGREE DAYS
 HEATING
  YESTERDAY       12                        13     -1        9
  MONTH TO DATE   93                       217   -124      190
  SINCE SEP 1     93                       217   -124      190
  SINCE JUL 1    118                       264   -146      191

 COOLING
  YESTERDAY        0                         0      0        0
  MONTH TO DATE   37                        11     26       44
  SINCE SEP 1     37                        11     26       44
  SINCE JAN 1    436                       288    148      585
..................................................................


WIND (MPH)
  HIGHEST WIND SPEED    20   HIGHEST WIND DIRECTION    NW (320)
  HIGHEST GUST SPEED    30   HIGHEST GUST DIRECTION     W (260)
  AVERAGE WIND SPEED     8.9




RELATIVE HUMIDITY (PERCENT)
 HIGHEST    92           200 AM
 LOWEST     26           300 PM
 AVERAGE    59

..........................................................


THE EUREKA AIRPORT NV CLIMATE NORMALS FOR TODAY
                         NORMAL    RECORD    YEAR
 MAXIMUM TEMPERATURE (F)   71        89      2010
                                             1980
 MINIMUM TEMPERATURE (F)   33        18      2009


SUNRISE AND SUNSET
OCTOBER  1 2014.......SUNRISE   640 AM PDT   SUNSET   626 PM PDT
OCTOBER  2 2014.......SUNRISE   641 AM PDT   SUNSET   625 PM PDT


-  INDICATES NEGATIVE NUMBERS.
R  INDICATES RECORD WAS SET OR TIED.
MM INDICATES DATA IS MISSING.
T  INDICATES TRACE AMOUNT.




$$
