000
CDUS43 KPAH 250633
CLIPAH


CLIMATE REPORT
NATIONAL WEATHER SERVICE PADUCAH KY
129 AM CDT FRI APR 25 2014


...................................

...THE PADUCAH KY CLIMATE SUMMARY FOR APRIL 24 2014...

CLIMATE NORMAL PERIOD 1981 TO 2010
CLIMATE RECORD PERIOD 1937 TO 2014


WEATHER ITEM   OBSERVED TIME   RECORD YEAR NORMAL DEPARTURE LAST
                VALUE   (LST)  VALUE       VALUE  FROM      YEAR
                                                  NORMAL
..................................................................
TEMPERATURE (F)
 YESTERDAY
  MAXIMUM         80    416 PM  88    1965  72      8       52
  MINIMUM         50    606 AM  33    1963  49      1       35
  AVERAGE         65                        61      4       44

PRECIPITATION (IN)
  YESTERDAY        0.18          3.87 2011   0.18   0.00     0.25
  MONTH TO DATE    5.01                      3.73   1.28     4.16
  SINCE MAR 1      8.66                      7.66   1.00     8.18
  SINCE JAN 1     13.84                     15.25  -1.41    19.93

SNOWFALL (IN)
  YESTERDAY        0.0                       0.0    0.0      0.0
  MONTH TO DATE    0.0                       0.0    0.0      0.0
  SINCE MAR 1      5.6                       0.6    5.0      0.7
  SINCE JUL 1     18.5                       9.1    9.4      6.8
  SNOW DEPTH       0

DEGREE DAYS
 HEATING
  YESTERDAY        0                         6     -6       21
  MONTH TO DATE  166                       215    -49      244
  SINCE MAR 1    812                       738     74      959
  SINCE JUL 1   4467                      4034    433     4070

 COOLING
  YESTERDAY        0                         2     -2        0
  MONTH TO DATE   23                        26     -3       31
  SINCE MAR 1     23                        33    -10       31
  SINCE JAN 1     23                        33    -10       31
..................................................................


WIND (MPH)
  HIGHEST WIND SPEED    18   HIGHEST WIND DIRECTION    SW (210)
  HIGHEST GUST SPEED    26   HIGHEST GUST DIRECTION     S (160)
  AVERAGE WIND SPEED     9.9


SKY COVER
  POSSIBLE SUNSHINE  MM
  AVERAGE SKY COVER 0.2


WEATHER CONDITIONS
 THE FOLLOWING WEATHER WAS RECORDED YESTERDAY.
  THUNDERSTORM
  RAIN
  LIGHT RAIN
  FOG


RELATIVE HUMIDITY (PERCENT)
 HIGHEST    90          1100 PM
 LOWEST     28          1200 PM
 AVERAGE    59

..........................................................


THE PADUCAH KY CLIMATE NORMALS FOR TODAY
                         NORMAL    RECORD    YEAR
 MAXIMUM TEMPERATURE (F)   72        88      1986
 MINIMUM TEMPERATURE (F)   50        32      2013


SUNRISE AND SUNSET
APRIL 25 2014.........SUNRISE   608 AM CDT   SUNSET   739 PM CDT
APRIL 26 2014.........SUNRISE   607 AM CDT   SUNSET   740 PM CDT


-  INDICATES NEGATIVE NUMBERS.
R  INDICATES RECORD WAS SET OR TIED.
MM INDICATES DATA IS MISSING.
T  INDICATES TRACE AMOUNT.

&&
.........................................................
***** AAAGRICULTURAL DATA *****

SOIL TEMPERATURES AT A DEPTH OF FOUR INCHES

UNDER BARE GROUND...  MAX: MM  MIN: MM
UNDER GRASS.........  MAX: 59  MINl 59

$$
