000
CDUS43 KPAH 220634
CLIPAH


CLIMATE REPORT
NATIONAL WEATHER SERVICE PADUCAH KY
1230 AM CST MON JAN 22 2018


...................................

...THE PADUCAH KY CLIMATE SUMMARY FOR JANUARY 21 2018...

CLIMATE NORMAL PERIOD 1981 TO 2010
CLIMATE RECORD PERIOD 1937 TO 2018


WEATHER ITEM   OBSERVED TIME   RECORD YEAR NORMAL DEPARTURE LAST
                VALUE   (LST)  VALUE       VALUE  FROM      YEAR
                                                  NORMAL
..................................................................
TEMPERATURE (F)
 YESTERDAY
  MAXIMUM         61    527 PM  71    2017  43     18       71
  MINIMUM         50    100 AM -10    1985  26     24       51
                                      1984
  AVERAGE         56                        34     22       61

PRECIPITATION (IN)
  YESTERDAY        0.00          1.89 1973   0.12  -0.12     0.00
  MONTH TO DATE    2.79                      2.48   0.31     2.44
  SINCE DEC 1      6.06                      7.07  -1.01     8.45
  SINCE JAN 1      2.79                      2.48   0.31     2.44

SNOWFALL (IN)
  YESTERDAY        0.0           1.0  1979   0.1   -0.1      0.0
  MONTH TO DATE   12.4                       1.9   10.5      0.2
  SINCE DEC 1     12.4                       4.1    8.3      0.2
  SINCE JUL 1     12.4                       4.2    8.2      0.2
  SNOW DEPTH       0

DEGREE DAYS
 HEATING
  YESTERDAY        9                        30    -21        4
  MONTH TO DATE  804                       647    157      478
  SINCE DEC 1   1655                      1501    154     1304
  SINCE JUL 1   2338                      2278     60     1805

 COOLING
  YESTERDAY        0                         0      0        0
  MONTH TO DATE    0                         0      0        0
  SINCE DEC 1      0                         0      0        0
  SINCE JAN 1      0                         0      0        0
..................................................................


WIND (MPH)
  HIGHEST WIND SPEED    17   HIGHEST WIND DIRECTION     S (170)
  HIGHEST GUST SPEED    25   HIGHEST GUST DIRECTION     S (160)
  AVERAGE WIND SPEED     8.5


SKY COVER
  POSSIBLE SUNSHINE  MM
  AVERAGE SKY COVER 0.9


WEATHER CONDITIONS
 THE FOLLOWING WEATHER WAS RECORDED YESTERDAY.
  NO SIGNIFICANT WEATHER WAS OBSERVED.


RELATIVE HUMIDITY (PERCENT)
 HIGHEST    83           900 AM
 LOWEST     60          1100 PM
 AVERAGE    72

..........................................................


THE PADUCAH KY CLIMATE NORMALS FOR TODAY
                         NORMAL    RECORD    YEAR
 MAXIMUM TEMPERATURE (F)   44        67      1999
 MINIMUM TEMPERATURE (F)   26         0      1984


SUNRISE AND SUNSET
JANUARY 22 2018.......SUNRISE   704 AM CST   SUNSET   509 PM CST
JANUARY 23 2018.......SUNRISE   704 AM CST   SUNSET   510 PM CST


-  INDICATES NEGATIVE NUMBERS.
R  INDICATES RECORD WAS SET OR TIED.
MM INDICATES DATA IS MISSING.
T  INDICATES TRACE AMOUNT.

&&

...........................................................
***** AGRICULTURAL DATA *****

SOIL TEMPERATURES AT A DEPTH OF FOUR INCHES

UNDER GRASS... MAX: 36    MIN: 35


$$
