000
CDUS43 KPAH 260627
CLIPAH


CLIMATE REPORT
NATIONAL WEATHER SERVICE PADUCAH KY
125 AM CDT MON JUN 26 2017


...................................

...THE PADUCAH KY CLIMATE SUMMARY FOR JUNE 25 2017...

CLIMATE NORMAL PERIOD 1981 TO 2010
CLIMATE RECORD PERIOD 1937 TO 2017


WEATHER ITEM   OBSERVED TIME   RECORD YEAR NORMAL DEPARTURE LAST
                VALUE   (LST)  VALUE       VALUE  FROM      YEAR
                                                  NORMAL
..................................................................
TEMPERATURE (F)
 YESTERDAY
  MAXIMUM         84    536 PM 102    1988  88     -4       94
  MINIMUM         55    432 AM  54    1979  67    -12       72
  AVERAGE         70                        78     -8       83

PRECIPITATION (IN)
  YESTERDAY        0.00          1.31 1958   0.13  -0.13     0.00
  MONTH TO DATE    6.25                      3.38   2.87     1.63
  SINCE JUN 1      6.25                      3.38   2.87     1.63
  SINCE JAN 1     28.60                     24.60   4.00    24.83

SNOWFALL (IN)
  YESTERDAY        0.0           0.0  2002   0.0    0.0      0.0
                                      2001
  MONTH TO DATE    0.0                       0.0    0.0      0.0
  SINCE JUN 1      0.0                       0.0    0.0      0.0
  SINCE JUL 1      1.2                       9.1   -7.9     12.1
  SNOW DEPTH       0

DEGREE DAYS
 HEATING
  YESTERDAY        0                         0      0        0
  MONTH TO DATE    0                         0      0        0
  SINCE JUN 1      0                         0      0        0
  SINCE JUL 1   3078                      4128  -1050     3292

 COOLING
  YESTERDAY        5                        13     -8       18
  MONTH TO DATE  276                       252     24      349
  SINCE JUN 1    276                       252     24      349
  SINCE JAN 1    507                       424     83      499
..................................................................


WIND (MPH)
  HIGHEST WIND SPEED    14   HIGHEST WIND DIRECTION     W (270)
  HIGHEST GUST SPEED    22   HIGHEST GUST DIRECTION     W (250)
  AVERAGE WIND SPEED     4.7


SKY COVER
  POSSIBLE SUNSHINE  MM
  AVERAGE SKY COVER 0.0


WEATHER CONDITIONS
 THE FOLLOWING WEATHER WAS RECORDED YESTERDAY.
  NO SIGNIFICANT WEATHER WAS OBSERVED.


RELATIVE HUMIDITY (PERCENT)
 HIGHEST    93           400 AM
 LOWEST     29           500 PM
 AVERAGE    61

..........................................................


THE PADUCAH KY CLIMATE NORMALS FOR TODAY
                         NORMAL    RECORD    YEAR
 MAXIMUM TEMPERATURE (F)   88       101      1988
                                             1954
 MINIMUM TEMPERATURE (F)   68        53      1974


SUNRISE AND SUNSET
JUNE 26 2017..........SUNRISE   537 AM CDT   SUNSET   819 PM CDT
JUNE 27 2017..........SUNRISE   537 AM CDT   SUNSET   819 PM CDT


-  INDICATES NEGATIVE NUMBERS.
R  INDICATES RECORD WAS SET OR TIED.
MM INDICATES DATA IS MISSING.
T  INDICATES TRACE AMOUNT.

&&
------------------------------------------------------------------------------------

***** AGRICULTURAL DATA *****

SOIL TEMPERATURES AT A DEPTH OF FOUR INCHES

UNDER GRASS... MAX: 77     MIN: 76


$$
