000
CDUS43 KPAH 280629
CLIPAH


CLIMATE REPORT
NATIONAL WEATHER SERVICE PADUCAH KY
129 AM CDT THU MAY 28 2015


...................................

...THE PADUCAH KY CLIMATE SUMMARY FOR MAY 27 2015...

CLIMATE NORMAL PERIOD 1981 TO 2010
CLIMATE RECORD PERIOD 1937 TO 2015


WEATHER ITEM   OBSERVED TIME   RECORD YEAR NORMAL DEPARTURE LAST
                VALUE   (LST)  VALUE       VALUE  FROM      YEAR
                                                  NORMAL
..................................................................
TEMPERATURE (F)
 YESTERDAY
  MAXIMUM         78   1011 AM  95    2012  81     -3       88
  MINIMUM         62    336 AM  34    1961  60      2       69
  AVERAGE         70                        70      0       79

PRECIPITATION (IN)
  YESTERDAY        T             2.18 1973   0.15  -0.15     0.24
  MONTH TO DATE    2.98                      4.35  -1.37     2.88
  SINCE MAR 1     17.60                     13.04   4.56    15.00
  SINCE JAN 1     24.89                     20.63   4.26    20.18

SNOWFALL (IN)
  YESTERDAY        0.0           0.0  2002   0.0    0.0      0.0
                                      2001
  MONTH TO DATE    0.0                       0.0    0.0      0.0
  SINCE MAR 1     12.1                       0.6   11.5      5.6
  SINCE JUL 1     28.6                       9.1   19.5     18.5
  SNOW DEPTH       0

DEGREE DAYS
 HEATING
  YESTERDAY        0                         1     -1        0
  MONTH TO DATE   50                        61    -11       57
  SINCE MAR 1    806                       829    -23      886
  SINCE JUL 1   4475                      4125    350     4541

 COOLING
  YESTERDAY        5                         6     -1       14
  MONTH TO DATE  140                       103     37      197
  SINCE MAR 1    182                       145     37      227
  SINCE JAN 1    182                       145     37      227
..................................................................


WIND (MPH)
  HIGHEST WIND SPEED    23   HIGHEST WIND DIRECTION     S (160)
  HIGHEST GUST SPEED    29   HIGHEST GUST DIRECTION     S (170)
  AVERAGE WIND SPEED     6.3


SKY COVER
  POSSIBLE SUNSHINE  MM
  AVERAGE SKY COVER 0.1


WEATHER CONDITIONS
 THE FOLLOWING WEATHER WAS RECORDED YESTERDAY.
  LIGHT RAIN
  FOG


RELATIVE HUMIDITY (PERCENT)
 HIGHEST    93           200 AM
 LOWEST     60          1000 AM
 AVERAGE    77

..........................................................


THE PADUCAH KY CLIMATE NORMALS FOR TODAY
                         NORMAL    RECORD    YEAR
 MAXIMUM TEMPERATURE (F)   81        95      2012
 MINIMUM TEMPERATURE (F)   60        44      1994


SUNRISE AND SUNSET
MAY 28 2015...........SUNRISE   539 AM CDT   SUNSET   806 PM CDT
MAY 29 2015...........SUNRISE   538 AM CDT   SUNSET   807 PM CDT


-  INDICATES NEGATIVE NUMBERS.
R  INDICATES RECORD WAS SET OR TIED.
MM INDICATES DATA IS MISSING.
T  INDICATES TRACE AMOUNT.

&&
..........................................................

***** AGRICULTURAL DATA *****

SOIL TEMPERATURES AT A DEPTH OF FOUR INCHES

UNDER GRASS...  MAX: 69   MIN: 68


$$
