000
CDUS43 KPAH 102226
CLIPAH


CLIMATE REPORT
NATIONAL WEATHER SERVICE PADUCAH KY
425 PM CST SAT DEC 10 2016

...................................

...THE PADUCAH KY CLIMATE SUMMARY FOR DECEMBER 10 2016...
VALID TODAY AS OF 0400 PM LOCAL TIME.

CLIMATE NORMAL PERIOD 1981 TO 2010
CLIMATE RECORD PERIOD 1937 TO 2016

WEATHER ITEM   OBSERVED TIME   RECORD YEAR NORMAL DEPARTURE LAST
                VALUE   (LST)  VALUE       VALUE  FROM      YEAR
                                                  NORMAL
..................................................................
TEMPERATURE (F)
 TODAY
  MAXIMUM         41    303 PM  72    1971  48     -7       63
  MINIMUM         14    711 AM   2    1995  30    -16       47
  AVERAGE         28                        39    -11       55

PRECIPITATION (IN)
  TODAY            0.00          1.83 1964   0.16  -0.16     0.00
  MONTH TO DATE    0.82                      1.57  -0.75     0.02
  SINCE DEC 1      0.82                      1.57  -0.75     0.02
  SINCE JAN 1     47.31                     46.06   1.25    51.77

SNOWFALL (IN)
  TODAY            0.0                                       0.0
  MONTH TO DATE    0.0                                       0.0
  SINCE JUL 1      0.0                                       0.0
  SNOW DEPTH       0
..................................................................

WIND (MPH)
  HIGHEST WIND SPEED    12   HIGHEST WIND DIRECTION    SE (150)
  HIGHEST GUST SPEED    15   HIGHEST GUST DIRECTION    SE (130)

RELATIVE HUMIDITY (PERCENT)
 HIGHEST    88
 LOWEST     33
..........................................................

THE PADUCAH KY CLIMATE NORMALS FOR TOMORROW
                         NORMAL    RECORD    YEAR
 MAXIMUM TEMPERATURE (F)   47        70      2015
                                             1996
 MINIMUM TEMPERATURE (F)   29         3      1962

SUNRISE AND SUNSET
DECEMBER 10 2016......SUNRISE   658 AM CST   SUNSET   438 PM CST
DECEMBER 11 2016......SUNRISE   659 AM CST   SUNSET   438 PM CST

-  INDICATES NEGATIVE NUMBERS.
R  INDICATES RECORD WAS SET OR TIED.
MM INDICATES DATA IS MISSING.
T  INDICATES TRACE AMOUNT.

$$
