000
CDUS43 KPAH 230638
CLIPAH


CLIMATE REPORT
NATIONAL WEATHER SERVICE PADUCAH KY
130 AM CDT THU MAR 23 2017


...................................

...THE PADUCAH KY CLIMATE SUMMARY FOR MARCH 22 2017...

CLIMATE NORMAL PERIOD 1981 TO 2010
CLIMATE RECORD PERIOD 1937 TO 2017


WEATHER ITEM   OBSERVED TIME   RECORD YEAR NORMAL DEPARTURE LAST
                VALUE   (LST)  VALUE       VALUE  FROM      YEAR
                                                  NORMAL
..................................................................
TEMPERATURE (F)
 YESTERDAY
  MAXIMUM         57    251 PM  84    1938  61     -4       69
  MINIMUM         40   1128 PM  20    2002  39      1       44
                                      1968
  AVERAGE         49                        50     -1       57

PRECIPITATION (IN)
  YESTERDAY        0.00          1.68 1991   0.13  -0.13     0.00
  MONTH TO DATE    3.09                      2.68   0.41     5.42
  SINCE MAR 1      3.09                      2.68   0.41     5.42
  SINCE JAN 1      7.92                     10.27  -2.35    10.88

SNOWFALL (IN)
  YESTERDAY        0.0           2.0  1968   0.1   -0.1      0.0
  MONTH TO DATE    1.0                       0.6    0.4       T
  SINCE MAR 1      1.0                       0.6    0.4       T
  SINCE JUL 1      1.2                       9.1   -7.9     12.1
  SNOW DEPTH       0

DEGREE DAYS
 HEATING
  YESTERDAY       16                        15      1        8
  MONTH TO DATE  385                       401    -16      276
  SINCE MAR 1    385                       401    -16      276
  SINCE JUL 1   2864                      3697   -833     2938

 COOLING
  YESTERDAY        0                         0      0        0
  MONTH TO DATE    0                         0      0        1
  SINCE MAR 1      0                         0      0        1
  SINCE JAN 1      0                         0      0        1
..................................................................


WIND (MPH)
  HIGHEST WIND SPEED    20   HIGHEST WIND DIRECTION    NE (50)
  HIGHEST GUST SPEED    29   HIGHEST GUST DIRECTION     E (80)
  AVERAGE WIND SPEED    12.3


SKY COVER
  POSSIBLE SUNSHINE  MM
  AVERAGE SKY COVER 0.1


WEATHER CONDITIONS
 THE FOLLOWING WEATHER WAS RECORDED YESTERDAY.
  NO SIGNIFICANT WEATHER WAS OBSERVED.


RELATIVE HUMIDITY (PERCENT)
 HIGHEST    65           500 AM
 LOWEST     24           400 PM
 AVERAGE    45

..........................................................


THE PADUCAH KY CLIMATE NORMALS FOR TODAY
                         NORMAL    RECORD    YEAR
 MAXIMUM TEMPERATURE (F)   62        81      1987
 MINIMUM TEMPERATURE (F)   40        19      1960


SUNRISE AND SUNSET
MARCH 23 2017.........SUNRISE   654 AM CDT   SUNSET   710 PM CDT
MARCH 24 2017.........SUNRISE   652 AM CDT   SUNSET   711 PM CDT


-  INDICATES NEGATIVE NUMBERS.
R  INDICATES RECORD WAS SET OR TIED.
MM INDICATES DATA IS MISSING.
T  INDICATES TRACE AMOUNT.

&&
..........................................................

***** AGRICULTURAL DATA *****

SOIL TEMPERATURES AT A DEPTH OF FOUR INCHES

UNDER GRASS...  MAX: 51    MIN: 51



$$
