000
CDUS44 KLZK 180641
CLIPBF


CLIMATE REPORT
NATIONAL WEATHER SERVICE LITTLE ROCK AR
1241 AM CST SUN FEB 18 2018


...................................

...THE PINE BLUFF CLIMATE SUMMARY FOR FEBRUARY 17 2018...

CLIMATE NORMAL PERIOD 1981 TO 2010
CLIMATE RECORD PERIOD 1883 TO 2018


WEATHER ITEM   OBSERVED TIME   RECORD YEAR NORMAL DEPARTURE LAST
                VALUE   (LST)  VALUE       VALUE  FROM      YEAR
                                                  NORMAL
..................................................................
TEMPERATURE (F)
 YESTERDAY
  MAXIMUM         49    734 PM  80    1927  56     -7       69
                                      1916
                                      1897
  MINIMUM         40   1158 PM   2    1903  37      3       36
  AVERAGE         45                        46     -1       53

PRECIPITATION (IN)
  YESTERDAY        0.12          1.74 1956   0.14  -0.02     0.00
  MONTH TO DATE    6.02                      2.30   3.72     0.82
  SINCE DEC 1     17.11                     11.50   5.61     8.27
  SINCE JAN 1      8.83                      6.06   2.77     3.69

SNOWFALL (IN)
  YESTERDAY       MM             2.0  1960   0.1   MM        0.0
  MONTH TO DATE    0.0                       0.6   -0.6      0.0
  SINCE DEC 1      4.1                       3.1    1.0      1.5
  SINCE JUL 1      4.1                       3.1    1.0      1.5
  SNOW DEPTH       0

DEGREE DAYS
 HEATING
  YESTERDAY       20                        18      2       12
  MONTH TO DATE  363                       342     21      229
  SINCE DEC 1   1852                      1696    156     1341
  SINCE JUL 1   2315                      2200    115     1638

 COOLING
  YESTERDAY        0                         0      0        0
  MONTH TO DATE    5                         0      5       12
  SINCE DEC 1      5                         2      3       22
  SINCE JAN 1      5                         1      4       17
..................................................................


WIND (MPH)
  HIGHEST WIND SPEED    22   HIGHEST WIND DIRECTION    NW (310)
  HIGHEST GUST SPEED    27   HIGHEST GUST DIRECTION    NW (310)
  AVERAGE WIND SPEED     5.7


SKY COVER
  POSSIBLE SUNSHINE  MM
  AVERAGE SKY COVER 0.8


WEATHER CONDITIONS
 THE FOLLOWING WEATHER WAS RECORDED YESTERDAY.
  RAIN
  LIGHT RAIN
  FOG


RELATIVE HUMIDITY (PERCENT)
 HIGHEST   100           700 AM
 LOWEST     76           200 AM
 AVERAGE    88

..........................................................


THE PINE BLUFF CLIMATE NORMALS FOR TODAY
                         NORMAL    RECORD    YEAR
 MAXIMUM TEMPERATURE (F)   57        79      1986
                                             1917
 MINIMUM TEMPERATURE (F)   37         6      1910


SUNRISE AND SUNSET
FEBRUARY 18 2018......SUNRISE   649 AM CST   SUNSET   554 PM CST
FEBRUARY 19 2018......SUNRISE   648 AM CST   SUNSET   555 PM CST


-  INDICATES NEGATIVE NUMBERS.
R  INDICATES RECORD WAS SET OR TIED.
MM INDICATES DATA IS MISSING.
T  INDICATES TRACE AMOUNT.




$$
