000
CDUS44 KLZK 180634
CLIPBF


CLIMATE REPORT
NATIONAL WEATHER SERVICE LITTLE ROCK AR
133 AM CDT WED OCT 18 2017


...................................

...THE PINE BLUFF CLIMATE SUMMARY FOR OCTOBER 17 2017...

CLIMATE NORMAL PERIOD 1981 TO 2010
CLIMATE RECORD PERIOD 1883 TO 2017


WEATHER ITEM   OBSERVED TIME   RECORD YEAR NORMAL DEPARTURE LAST
                VALUE   (LST)  VALUE       VALUE  FROM      YEAR
                                                  NORMAL
..................................................................
TEMPERATURE (F)
 YESTERDAY
  MAXIMUM         74    310 PM  90    1953  75     -1       87
                                      1929
                                      1897
  MINIMUM         41    525 AM  31    1952  51    -10       65
  AVERAGE         58                        63     -5       76

PRECIPITATION (IN)
  YESTERDAY        0.00          5.31 1928   0.18  -0.18     0.00
  MONTH TO DATE    0.04                      2.61  -2.57     0.54
  SINCE SEP 1      0.84                      5.30  -4.46     1.86
  SINCE JAN 1     41.35                     38.49   2.86    45.81

SNOWFALL (IN)
  YESTERDAY        0.0          MM      MM   0.0    0.0      0.0
  MONTH TO DATE    0.0                       0.0    0.0      0.0
  SINCE SEP 1      0.0                       0.0    0.0      0.0
  SINCE JUL 1      0.0                       0.0    0.0      0.0
  SNOW DEPTH       0

DEGREE DAYS
 HEATING
  YESTERDAY        7                         4      3        0
  MONTH TO DATE   20                        43    -23        5
  SINCE SEP 1     22                        54    -32        5
  SINCE JUL 1     22                        54    -32        5

 COOLING
  YESTERDAY        0                         2     -2       11
  MONTH TO DATE  122                        53     69       86
  SINCE SEP 1    405                       339     66      458
  SINCE JAN 1   2051                      2097    -46     2266
..................................................................


WIND (MPH)
  HIGHEST WIND SPEED    13   HIGHEST WIND DIRECTION     E (70)
  HIGHEST GUST SPEED    16   HIGHEST GUST DIRECTION     E (70)
  AVERAGE WIND SPEED     2.6


SKY COVER
  POSSIBLE SUNSHINE  MM
  AVERAGE SKY COVER 0.0


WEATHER CONDITIONS
 THE FOLLOWING WEATHER WAS RECORDED YESTERDAY.
  NO SIGNIFICANT WEATHER WAS OBSERVED.


RELATIVE HUMIDITY (PERCENT)
 HIGHEST    93          1100 PM
 LOWEST     25           400 PM
 AVERAGE    59

..........................................................


THE PINE BLUFF CLIMATE NORMALS FOR TODAY
                         NORMAL    RECORD    YEAR
 MAXIMUM TEMPERATURE (F)   74        95      1926
 MINIMUM TEMPERATURE (F)   51        32      1948


SUNRISE AND SUNSET
OCTOBER 18 2017.......SUNRISE   716 AM CDT   SUNSET   629 PM CDT
OCTOBER 19 2017.......SUNRISE   716 AM CDT   SUNSET   628 PM CDT


-  INDICATES NEGATIVE NUMBERS.
R  INDICATES RECORD WAS SET OR TIED.
MM INDICATES DATA IS MISSING.
T  INDICATES TRACE AMOUNT.




$$
