000
CDUS44 KLZK 220902
CLIPBF


CLIMATE REPORT
NATIONAL WEATHER SERVICE LITTLE ROCK AR
401 AM CDT WED OCT 22 2014


...................................

...THE PINE BLUFF CLIMATE SUMMARY FOR OCTOBER 21 2014...

CLIMATE NORMAL PERIOD 1981 TO 2010
CLIMATE RECORD PERIOD 1883 TO 2014


WEATHER ITEM   OBSERVED TIME   RECORD YEAR NORMAL DEPARTURE LAST
                VALUE   (LST)  VALUE       VALUE  FROM      YEAR
                                                  NORMAL
..................................................................
TEMPERATURE (F)
 YESTERDAY
  MAXIMUM         79    313 PM  93    1927  73      6       72
  MINIMUM         52   1149 PM  29    1952  50      2       47
  AVERAGE         66                        62      4       60

PRECIPITATION (IN)
  YESTERDAY        0.00          3.01 1996   0.18  -0.18     0.06
  MONTH TO DATE    5.04                      3.34   1.70     2.49
  SINCE SEP 1      5.83                      6.03  -0.20     6.97
  SINCE JAN 1     35.74                     39.22  -3.48    40.60

SNOWFALL (IN)
  YESTERDAY        0.0          MM      MM   0.0    0.0      0.0
  MONTH TO DATE    0.0                       0.0    0.0      0.0
  SINCE SEP 1      0.0                       0.0    0.0      0.0
  SINCE JUL 1      0.0                       0.0    0.0      0.0
  SNOW DEPTH       0

DEGREE DAYS
 HEATING
  YESTERDAY        0                         5     -5        5
  MONTH TO DATE   36                        61    -25       50
  SINCE SEP 1     39                        72    -33       50
  SINCE JUL 1     40                        72    -32       50

 COOLING
  YESTERDAY        1                         2     -1        0
  MONTH TO DATE   78                        61     17       88
  SINCE SEP 1    383                       347     36      476
  SINCE JAN 1   1884                      2105   -221     2140
..................................................................


WIND (MPH)
  HIGHEST WIND SPEED     9   HIGHEST WIND DIRECTION    NW (320)
  HIGHEST GUST SPEED    12   HIGHEST GUST DIRECTION    NW (330)
  AVERAGE WIND SPEED     2.3


SKY COVER
  POSSIBLE SUNSHINE  MM
  AVERAGE SKY COVER 0.2


WEATHER CONDITIONS
 THE FOLLOWING WEATHER WAS RECORDED YESTERDAY.
  FOG


RELATIVE HUMIDITY (PERCENT)
 HIGHEST   100           700 AM
 LOWEST     40           200 PM
 AVERAGE    70

..........................................................


THE PINE BLUFF CLIMATE NORMALS FOR TODAY
                         NORMAL    RECORD    YEAR
 MAXIMUM TEMPERATURE (F)   73        92      1934
 MINIMUM TEMPERATURE (F)   50        32      1976
                                             1916


SUNRISE AND SUNSET
OCTOBER 22 2014.......SUNRISE   719 AM CDT   SUNSET   625 PM CDT
OCTOBER 23 2014.......SUNRISE   720 AM CDT   SUNSET   624 PM CDT


-  INDICATES NEGATIVE NUMBERS.
R  INDICATES RECORD WAS SET OR TIED.
MM INDICATES DATA IS MISSING.
T  INDICATES TRACE AMOUNT.




$$
