000
CDUS44 KLZK 222102
CLIPBF


CLIMATE REPORT
NATIONAL WEATHER SERVICE LITTLE ROCK AR
401 PM CDT MON MAY 22 2017


...................................

...THE PINE BLUFF CLIMATE SUMMARY FOR MAY 22 2017...
VALID TODAY AS OF 0400 PM LOCAL TIME.

CLIMATE NORMAL PERIOD 1981 TO 2010
CLIMATE RECORD PERIOD 1883 TO 2017


WEATHER ITEM   OBSERVED TIME   RECORD YEAR NORMAL DEPARTURE LAST
                VALUE   (LST)  VALUE       VALUE  FROM      YEAR
                                                  NORMAL
..................................................................
TEMPERATURE (F)
 TODAY
  MAXIMUM         68    142 PM  97    1902  83    -15       82
  MINIMUM         58    201 AM  46    1892  63     -5       57
  AVERAGE         63                        73    -10       70

PRECIPITATION (IN)
  TODAY            T             2.06 1884   0.15  -0.15     0.00
  MONTH TO DATE    5.97                      3.63   2.34     1.69
  SINCE MAR 1     16.41                     13.96   2.45    22.20
  SINCE JAN 1     22.71                     21.78   0.93    28.25

SNOWFALL (IN)
  TODAY            0.0          MM      MM   0.0    0.0      0.0
  MONTH TO DATE    0.0                       0.0    0.0      0.0
  SINCE MAR 1      0.0                       0.0    0.0      0.0
  SINCE JUL 1      1.5                       3.1   -1.6      3.6
  SNOW DEPTH       0

DEGREE DAYS
 HEATING
  TODAY            2                         0      2        0
  MONTH TO DATE   22                        15      7       28
  SINCE MAR 1    321                       491   -170      327
  SINCE JUL 1   2032                      2879   -847     2234

 COOLING
  TODAY            0                         9     -9        5
  MONTH TO DATE  111                       133    -22       71
  SINCE MAR 1    249                       217     32      154
  SINCE JAN 1    270                       220     50      158
..................................................................


WIND (MPH)
  HIGHEST WIND SPEED    13   HIGHEST WIND DIRECTION     E (70)
  HIGHEST GUST SPEED    16   HIGHEST GUST DIRECTION    NE (60)
  AVERAGE WIND SPEED     4.3


SKY COVER
  POSSIBLE SUNSHINE  MM
  AVERAGE SKY COVER 0.3


WEATHER CONDITIONS
 THE FOLLOWING WEATHER WAS RECORDED TODAY.
  LIGHT RAIN


RELATIVE HUMIDITY (PERCENT)
 HIGHEST    93           200 AM
 LOWEST     67          1000 AM
 AVERAGE    80

..........................................................


THE PINE BLUFF CLIMATE NORMALS FOR TOMORROW
                         NORMAL    RECORD    YEAR
 MAXIMUM TEMPERATURE (F)   84        98      1918
 MINIMUM TEMPERATURE (F)   63        48      1963


SUNRISE AND SUNSET
MAY 22 2017...........SUNRISE   601 AM CDT   SUNSET   808 PM CDT
MAY 23 2017...........SUNRISE   601 AM CDT   SUNSET   809 PM CDT


-  INDICATES NEGATIVE NUMBERS.
R  INDICATES RECORD WAS SET OR TIED.
MM INDICATES DATA IS MISSING.
T  INDICATES TRACE AMOUNT.




$$
