000
CDUS44 KLZK 310905
CLIPBF


CLIMATE REPORT
NATIONAL WEATHER SERVICE LITTLE ROCK AR
405 AM CDT THU JUL 31 2014


...................................

...THE PINE BLUFF CLIMATE SUMMARY FOR JULY 30 2014...

CLIMATE NORMAL PERIOD 1981 TO 2010
CLIMATE RECORD PERIOD 1883 TO 2014


WEATHER ITEM   OBSERVED TIME   RECORD YEAR NORMAL DEPARTURE LAST
                VALUE   (LST)  VALUE       VALUE  FROM      YEAR
                                                  NORMAL
..................................................................
TEMPERATURE (F)
 YESTERDAY
  MAXIMUM         79   1246 PM 107    1986  93    -14       90
  MINIMUM         63R   559 AM  64    2005  72     -9       75
                                      1994
                                      1984
  AVERAGE         71                        82    -11       83

PRECIPITATION (IN)
  YESTERDAY        0.04          2.61 2009   0.12  -0.08      T
  MONTH TO DATE    1.77                      3.82  -2.05     0.96
  SINCE JUN 1      5.12                      7.40  -2.28     2.94
  SINCE JAN 1     27.39                     30.60  -3.21    30.38

SNOWFALL (IN)
  YESTERDAY        0.0          MM      MM   0.0    0.0      0.0
  MONTH TO DATE    0.0                       0.0    0.0      0.0
  SINCE JUN 1      0.0                       0.0    0.0      0.0
  SINCE JUL 1      0.0                       0.0    0.0      0.0
  SNOW DEPTH       0

DEGREE DAYS
 HEATING
  YESTERDAY        0                         0      0        0
  MONTH TO DATE    1                         0      1        0
  SINCE JUN 1      1                         0      1        0
  SINCE JUL 1      1                         0      1        0

 COOLING
  YESTERDAY        6                        17    -11       18
  MONTH TO DATE  355                       509   -154      452
  SINCE JUN 1    773                       931   -158      873
  SINCE JAN 1   1036                      1238   -202     1140
..................................................................


WIND (MPH)
  HIGHEST WIND SPEED     9   HIGHEST WIND DIRECTION    SW (210)
  HIGHEST GUST SPEED    11   HIGHEST GUST DIRECTION     S (200)
  AVERAGE WIND SPEED     3.3


SKY COVER
  POSSIBLE SUNSHINE  MM
  AVERAGE SKY COVER 0.3


WEATHER CONDITIONS
 THE FOLLOWING WEATHER WAS RECORDED YESTERDAY.
  LIGHT RAIN


RELATIVE HUMIDITY (PERCENT)
 HIGHEST    93           200 AM
 LOWEST     54          1200 PM
 AVERAGE    74

..........................................................


THE PINE BLUFF CLIMATE NORMALS FOR TODAY
                         NORMAL    RECORD    YEAR
 MAXIMUM TEMPERATURE (F)   93       106      1986
                                             1896
 MINIMUM TEMPERATURE (F)   72        59      1965


SUNRISE AND SUNSET
JULY 31 2014..........SUNRISE   618 AM CDT   SUNSET   810 PM CDT
AUGUST  1 2014........SUNRISE   619 AM CDT   SUNSET   809 PM CDT


-  INDICATES NEGATIVE NUMBERS.
R  INDICATES RECORD WAS SET OR TIED.
MM INDICATES DATA IS MISSING.
T  INDICATES TRACE AMOUNT.




$$
