000
CDUS42 KMFL 200926
CLIPBI


CLIMATE REPORT
NATIONAL WEATHER SERVICE MIAMI, FL
426 AM EST TUE FEB 20 2018


...................................

...THE WEST PALM BEACH CLIMATE SUMMARY FOR FEBRUARY 19 2018...

CLIMATE NORMAL PERIOD 1981 TO 2010
CLIMATE RECORD PERIOD 1888 TO 2018


WEATHER ITEM   OBSERVED TIME   RECORD YEAR NORMAL DEPARTURE LAST
                VALUE   (LST)  VALUE       VALUE  FROM      YEAR
                                                  NORMAL
..................................................................
TEMPERATURE (F)
 YESTERDAY
  MAXIMUM         82   1216 PM  88    2017  77      5       88
  MINIMUM         73    114 PM  33    1900  60     13       65
  AVERAGE         78                        68     10       77

PRECIPITATION (IN)
  YESTERDAY        0.03          2.00 1904   0.10  -0.07     0.00
  MONTH TO DATE    0.07                      1.83  -1.76     0.03
  SINCE NOV 1      7.93                     13.09  -5.16     5.50
  SINCE JAN 1      4.49                      4.96  -0.47     1.03

SNOWFALL (IN)
  YESTERDAY        0.0
  MONTH TO DATE    0.0
  SINCE DEC 1      0.0
  SINCE JUL 1      0.0
  SNOW DEPTH       0

DEGREE DAYS
 HEATING
  YESTERDAY        0                         2     -2        0
  MONTH TO DATE    0                        38    -38        2
  SINCE DEC 1    136                       183    -47       51
  SINCE JUL 1    140                       195    -55       52

 COOLING
  YESTERDAY       13                         5      8       12
  MONTH TO DATE  183                        83    100      102
  SINCE DEC 1    471                       346    125      566
  SINCE JAN 1    294                       191    103      273
..................................................................


WIND (MPH)
  HIGHEST WIND SPEED    26   HIGHEST WIND DIRECTION    SE (130)
  HIGHEST GUST SPEED    32   HIGHEST GUST DIRECTION     E (110)
  AVERAGE WIND SPEED    17.1


SKY COVER
  AVERAGE SKY COVER 0.5


WEATHER CONDITIONS
 THE FOLLOWING WEATHER WAS RECORDED YESTERDAY.
  RAIN
  LIGHT RAIN
  FOG


RELATIVE HUMIDITY (PERCENT)
 HIGHEST    82
 LOWEST     62
 AVERAGE    72

..........................................................


THE WEST PALM BEACH CLIMATE NORMALS FOR TODAY
                         NORMAL    RECORD    YEAR
 MAXIMUM TEMPERATURE (F)   77        88      1988
                                             1975
                                             1911
 MINIMUM TEMPERATURE (F)   60        38      2015


SUNRISE AND SUNSET
FEBRUARY 20 2018......SUNRISE   652 AM EST   SUNSET   616 PM EST
FEBRUARY 21 2018......SUNRISE   652 AM EST   SUNSET   617 PM EST


-  INDICATES NEGATIVE NUMBERS.
R  INDICATES RECORD WAS SET OR TIED.
MM INDICATES DATA IS MISSING.
T  INDICATES TRACE AMOUNT.




$$
