000
CDUS42 KMFL 282016
CLIPBI


CLIMATE REPORT
NATIONAL WEATHER SERVICE MIAMI, FL
416 PM EDT TUE MAR 28 2017


...................................

...THE WEST PALM BEACH CLIMATE SUMMARY FOR MARCH 28 2017...
VALID TODAY AS OF 0400 PM LOCAL TIME.

CLIMATE NORMAL PERIOD 1981 TO 2010
CLIMATE RECORD PERIOD 1888 TO 2017


WEATHER ITEM   OBSERVED TIME   RECORD YEAR NORMAL DEPARTURE LAST
                VALUE   (LST)  VALUE       VALUE  FROM      YEAR
                                                  NORMAL
..................................................................
TEMPERATURE (F)
 TODAY
  MAXIMUM         81    136 PM  91    1909  80      1       88
  MINIMUM         61    638 AM  47    2013  63     -2       73
  AVERAGE         71                        72     -1       81

PRECIPITATION (IN)
  TODAY            0.00          3.65 1982   0.14  -0.14      T
  MONTH TO DATE    1.52                      4.14  -2.62     0.42
  SINCE NOV 1      9.53                     18.22  -8.69    23.38
  SINCE JAN 1      5.06                     10.09  -5.03    12.98

SNOWFALL (IN)
  TODAY            0.0
  MONTH TO DATE    0.0
  SINCE MAR 1      0.0
  SINCE JUL 1      0.0
  SNOW DEPTH       0

DEGREE DAYS
 HEATING
  TODAY            0                         0      0        0
  MONTH TO DATE   16                        22     -6        2
  SINCE MAR 1     16                        22     -6        2
  SINCE JUL 1     68                       227   -159      135

 COOLING
  TODAY            6                         7     -1       16
  MONTH TO DATE  166                       172     -6      281
  SINCE MAR 1    166                       172     -6      281
  SINCE JAN 1    506                       407     99      483
..................................................................


WIND (MPH)
  HIGHEST WIND SPEED    14   HIGHEST WIND DIRECTION     E (110)
  HIGHEST GUST SPEED    20   HIGHEST GUST DIRECTION     E (90)
  AVERAGE WIND SPEED     5.6


SKY COVER
  AVERAGE SKY COVER 0.4


WEATHER CONDITIONS
 THE FOLLOWING WEATHER WAS RECORDED TODAY.
  NO SIGNIFICANT WEATHER WAS OBSERVED.


RELATIVE HUMIDITY (PERCENT)
 HIGHEST    93
 LOWEST     51
 AVERAGE    72

..........................................................


THE WEST PALM BEACH CLIMATE NORMALS FOR TOMORROW
                         NORMAL    RECORD    YEAR
 MAXIMUM TEMPERATURE (F)   80        92      1909
 MINIMUM TEMPERATURE (F)   64        49      1955


SUNRISE AND SUNSET
MARCH 28 2017.........SUNRISE   715 AM EDT   SUNSET   736 PM EDT
MARCH 29 2017.........SUNRISE   714 AM EDT   SUNSET   736 PM EDT


-  INDICATES NEGATIVE NUMBERS.
R  INDICATES RECORD WAS SET OR TIED.
MM INDICATES DATA IS MISSING.
T  INDICATES TRACE AMOUNT.




$$
