000
CDUS42 KMFL 220923
CLIPBI


CLIMATE REPORT
NATIONAL WEATHER SERVICE MIAMI, FL
422 AM EST WED FEB 22 2017


...................................

...THE WEST PALM BEACH CLIMATE SUMMARY FOR FEBRUARY 21 2017...

CLIMATE NORMAL PERIOD 1981 TO 2010
CLIMATE RECORD PERIOD 1888 TO 2017


WEATHER ITEM   OBSERVED TIME   RECORD YEAR NORMAL DEPARTURE LAST
                VALUE   (LST)  VALUE       VALUE  FROM      YEAR
                                                  NORMAL
..................................................................
TEMPERATURE (F)
 YESTERDAY
  MAXIMUM         79    314 PM  87    1989  77      2       75
  MINIMUM         65    603 AM  39    1968  60      5       63
  AVERAGE         72                        68      4       69

PRECIPITATION (IN)
  YESTERDAY        0.00          2.92 1902   0.11  -0.11      T
  MONTH TO DATE    0.03                      2.03  -2.00     1.49
  SINCE NOV 1      5.50                     13.29  -7.79    21.79
  SINCE JAN 1      1.03                      5.16  -4.13    11.39

SNOWFALL (IN)
  YESTERDAY        0.0
  MONTH TO DATE    0.0
  SINCE DEC 1      0.0
  SINCE JUL 1      0.0
  SNOW DEPTH       0

DEGREE DAYS
 HEATING
  YESTERDAY        0                         1     -1        0
  MONTH TO DATE    2                        41    -39       50
  SINCE DEC 1     51                       186   -135      116
  SINCE JUL 1     52                       198   -146      116

 COOLING
  YESTERDAY        7                         5      2        4
  MONTH TO DATE  115                        93     22       78
  SINCE DEC 1    579                       356    223      525
  SINCE JAN 1    286                       201     85      169
..................................................................


WIND (MPH)
  HIGHEST WIND SPEED    18   HIGHEST WIND DIRECTION     E (110)
  HIGHEST GUST SPEED    23   HIGHEST GUST DIRECTION     E (110)
  AVERAGE WIND SPEED    10.5


SKY COVER
  AVERAGE SKY COVER 0.6


WEATHER CONDITIONS
 THE FOLLOWING WEATHER WAS RECORDED YESTERDAY.
  NO SIGNIFICANT WEATHER WAS OBSERVED.


RELATIVE HUMIDITY (PERCENT)
 HIGHEST    68
 LOWEST     48
 AVERAGE    58

..........................................................


THE WEST PALM BEACH CLIMATE NORMALS FOR TODAY
                         NORMAL    RECORD    YEAR
 MAXIMUM TEMPERATURE (F)   77        89      1974
 MINIMUM TEMPERATURE (F)   60        39      1978


SUNRISE AND SUNSET
FEBRUARY 22 2017......SUNRISE   650 AM EST   SUNSET   618 PM EST
FEBRUARY 23 2017......SUNRISE   650 AM EST   SUNSET   618 PM EST


-  INDICATES NEGATIVE NUMBERS.
R  INDICATES RECORD WAS SET OR TIED.
MM INDICATES DATA IS MISSING.
T  INDICATES TRACE AMOUNT.




$$
