000
CDUS42 KMFL 241045
CLIPBI


CLIMATE REPORT
NATIONAL WEATHER SERVICE MIAMI, FL
545 AM EST FRI NOV 24 2017


...................................

...THE WEST PALM BEACH CLIMATE SUMMARY FOR NOVEMBER 23 2017...

CLIMATE NORMAL PERIOD 1981 TO 2010
CLIMATE RECORD PERIOD 1888 TO 2017


WEATHER ITEM   OBSERVED TIME   RECORD YEAR NORMAL DEPARTURE LAST
                VALUE   (LST)  VALUE       VALUE  FROM      YEAR
                                                  NORMAL
..................................................................
TEMPERATURE (F)
 YESTERDAY
  MAXIMUM         83   1244 PM  89    1948  79      4       80
  MINIMUM         73   1043 PM  44    1944  64      9       71
  AVERAGE         78                        72      6       76

PRECIPITATION (IN)
  YESTERDAY       MM             2.55 1977   0.13  MM        0.00
  MONTH TO DATE    2.52                      3.83  -1.31     0.97
  SINCE NOV 1      2.52                      3.83  -1.31     0.97
  SINCE JAN 1     58.21                     58.03   0.18    47.58

SNOWFALL (IN)
  YESTERDAY        0.0
  MONTH TO DATE    0.0
  SINCE SEP 1      0.0
  SINCE JUL 1      0.0
  SNOW DEPTH       0

DEGREE DAYS
 HEATING
  YESTERDAY        0                         1     -1        0
  MONTH TO DATE    0                         2     -2        1
  SINCE SEP 1      4                         3      1        1
  SINCE JUL 1      4                         3      1        1

 COOLING
  YESTERDAY       13                         7      6       11
  MONTH TO DATE  251                       197     54      186
  SINCE SEP 1   1248                      1112    136     1216
  SINCE JAN 1   4309                      3818    491     4337
..................................................................


WIND (MPH)
  HIGHEST WIND SPEED    16   HIGHEST WIND DIRECTION     S (180)
  HIGHEST GUST SPEED    23   HIGHEST GUST DIRECTION     S (170)
  AVERAGE WIND SPEED     8.1


SKY COVER
  AVERAGE SKY COVER 0.6


WEATHER CONDITIONS
 THE FOLLOWING WEATHER WAS RECORDED YESTERDAY.
  THUNDERSTORM
  LIGHT RAIN


RELATIVE HUMIDITY (PERCENT)
 HIGHEST    87
 LOWEST     65
 AVERAGE    76

..........................................................


THE WEST PALM BEACH CLIMATE NORMALS FOR TODAY
                         NORMAL    RECORD    YEAR
 MAXIMUM TEMPERATURE (F)   79        89      1948
 MINIMUM TEMPERATURE (F)   64        39      1925


SUNRISE AND SUNSET
NOVEMBER 24 2017......SUNRISE   647 AM EST   SUNSET   528 PM EST
NOVEMBER 25 2017......SUNRISE   648 AM EST   SUNSET   527 PM EST


-  INDICATES NEGATIVE NUMBERS.
R  INDICATES RECORD WAS SET OR TIED.
MM INDICATES DATA IS MISSING.
T  INDICATES TRACE AMOUNT.




$$
