000
CDUS42 KMFL 250823
CLIPBI


CLIMATE REPORT
NATIONAL WEATHER SERVICE MIAMI, FL
422 AM EDT THU MAY 25 2017


...................................

...THE WEST PALM BEACH CLIMATE SUMMARY FOR MAY 24 2017...

CLIMATE NORMAL PERIOD 1981 TO 2010
CLIMATE RECORD PERIOD 1888 TO 2017


WEATHER ITEM   OBSERVED TIME   RECORD YEAR NORMAL DEPARTURE LAST
                VALUE   (LST)  VALUE       VALUE  FROM      YEAR
                                                  NORMAL
..................................................................
TEMPERATURE (F)
 YESTERDAY
  MAXIMUM         93   1228 PM  96    1917  87      6       86
  MINIMUM         72    931 PM  57    1892  73     -1       74
  AVERAGE         83                        80      3       80

PRECIPITATION (IN)
  YESTERDAY        0.20          2.37 1970   0.20   0.00     0.40
  MONTH TO DATE    1.80                      3.00  -1.20     4.88
  SINCE NOV 1     15.07                     25.33 -10.26    31.72
  SINCE JAN 1     10.60                     17.20  -6.60    21.32

SNOWFALL (IN)
  YESTERDAY        0.0
  MONTH TO DATE    0.0
  SINCE MAR 1      0.0
  SINCE JUL 1      0.0
  SNOW DEPTH       0

DEGREE DAYS
 HEATING
  YESTERDAY        0                         0      0        0
  MONTH TO DATE    0                         0      0        0
  SINCE MAR 1     16                        28    -12        2
  SINCE JUL 1     68                       233   -165      135

 COOLING
  YESTERDAY       18                        15      3       15
  MONTH TO DATE  333                       307     26      325
  SINCE MAR 1    866                       767     99      973
  SINCE JAN 1   1206                      1002    204     1175
..................................................................


WIND (MPH)
  HIGHEST WIND SPEED    31   HIGHEST WIND DIRECTION     W (260)
  HIGHEST GUST SPEED    42   HIGHEST GUST DIRECTION     W (280)
  AVERAGE WIND SPEED    13.3


SKY COVER
  AVERAGE SKY COVER 0.6


WEATHER CONDITIONS
 THE FOLLOWING WEATHER WAS RECORDED YESTERDAY.
  THUNDERSTORM
  HEAVY RAIN
  LIGHT RAIN
  FOG


RELATIVE HUMIDITY (PERCENT)
 HIGHEST    88
 LOWEST     47
 AVERAGE    68

..........................................................


THE WEST PALM BEACH CLIMATE NORMALS FOR TODAY
                         NORMAL    RECORD    YEAR
 MAXIMUM TEMPERATURE (F)   87        96      1949
 MINIMUM TEMPERATURE (F)   73        62      1928


SUNRISE AND SUNSET
MAY 25 2017...........SUNRISE   629 AM EDT   SUNSET   806 PM EDT
MAY 26 2017...........SUNRISE   628 AM EDT   SUNSET   807 PM EDT


-  INDICATES NEGATIVE NUMBERS.
R  INDICATES RECORD WAS SET OR TIED.
MM INDICATES DATA IS MISSING.
T  INDICATES TRACE AMOUNT.




$$
