000
CDUS42 KMFL 262120
CLIPBI


CLIMATE REPORT
NATIONAL WEATHER SERVICE MIAMI, FL
420 PM EST MON JAN 26 2015


...................................

...THE WEST PALM BEACH CLIMATE SUMMARY FOR JANUARY 26 2015...
VALID TODAY AS OF 0400 PM LOCAL TIME.

CLIMATE NORMAL PERIOD 1981 TO 2010
CLIMATE RECORD PERIOD 1888 TO 2015


WEATHER ITEM   OBSERVED TIME   RECORD YEAR NORMAL DEPARTURE LAST
                VALUE   (LST)  VALUE       VALUE  FROM      YEAR
                                                  NORMAL
..................................................................
TEMPERATURE (F)
 TODAY
  MAXIMUM         74    337 PM  86    1965  75     -1       77
  MINIMUM         51    440 AM  26    1905  57     -6       52
  AVERAGE         63                        66     -3       65

PRECIPITATION (IN)
  TODAY            0.05          1.79 1967   0.10  -0.05     0.00
  MONTH TO DATE    1.05                      2.67  -1.62     6.72
  SINCE NOV 1      4.75                     10.80  -6.05    13.84
  SINCE JAN 1      1.05                      2.67  -1.62     6.72

SNOWFALL (IN)
  TODAY            0.0
  MONTH TO DATE    0.0
  SINCE DEC 1      0.0
  SINCE JUL 1      0.0
  SNOW DEPTH       0

DEGREE DAYS
 HEATING
  TODAY            2                         3     -1
  MONTH TO DATE   12                        78    -66
  SINCE DEC 1     37                       137   -100
  SINCE JUL 1     54                       149    -95

 COOLING
  TODAY            0                         4     -4
  MONTH TO DATE  164                        86     78
  SINCE DEC 1    362                       241    121
  SINCE JAN 1    164                        86     78
..................................................................


WIND (MPH)
  HIGHEST WIND SPEED    25   HIGHEST WIND DIRECTION     W (280)
  HIGHEST GUST SPEED    37   HIGHEST GUST DIRECTION     W (270)
  AVERAGE WIND SPEED    11.0


SKY COVER
  AVERAGE SKY COVER 0.5


WEATHER CONDITIONS
 THE FOLLOWING WEATHER WAS RECORDED TODAY.
  HEAVY RAIN
  LIGHT RAIN
  FOG


RELATIVE HUMIDITY (PERCENT)
 HIGHEST    93
 LOWEST     35
 AVERAGE    64

..........................................................


THE WEST PALM BEACH CLIMATE NORMALS FOR TOMORROW
                         NORMAL    RECORD    YEAR
 MAXIMUM TEMPERATURE (F)   75        85      2012
 MINIMUM TEMPERATURE (F)   57        32      1905


SUNRISE AND SUNSET
JANUARY 26 2015.......SUNRISE   708 AM EST   SUNSET   558 PM EST
JANUARY 27 2015.......SUNRISE   708 AM EST   SUNSET   559 PM EST


-  INDICATES NEGATIVE NUMBERS.
R  INDICATES RECORD WAS SET OR TIED.
MM INDICATES DATA IS MISSING.
T  INDICATES TRACE AMOUNT.




$$
