000
CDUS42 KMFL 292016
CLIPBI


CLIMATE REPORT
NATIONAL WEATHER SERVICE MIAMI, FL
415 PM EDT THU SEP 29 2016


...................................

...THE WEST PALM BEACH CLIMATE SUMMARY FOR SEPTEMBER 29 2016...
VALID TODAY AS OF 0400 PM LOCAL TIME.

CLIMATE NORMAL PERIOD 1981 TO 2010
CLIMATE RECORD PERIOD 1888 TO 2016


WEATHER ITEM   OBSERVED TIME   RECORD YEAR NORMAL DEPARTURE LAST
                VALUE   (LST)  VALUE       VALUE  FROM      YEAR
                                                  NORMAL
..................................................................
TEMPERATURE (F)
 TODAY
  MAXIMUM         90   1222 PM  94    1980  87      3       87
                                      1907
                                      1900
  MINIMUM         74    617 AM  62    1919  75     -1       75
  AVERAGE         82                        81      1       81

PRECIPITATION (IN)
  TODAY            0.00          3.12 1936   0.25  -0.25     0.21
  MONTH TO DATE    7.27                      8.10  -0.83     8.42
  SINCE JUN 1     20.08                     30.11 -10.03    25.56
  SINCE JAN 1     41.47                     48.82  -7.35    39.31

SNOWFALL (IN)
  TODAY            0.0
  MONTH TO DATE    0.0
  SINCE SEP 1      0.0
  SINCE JUL 1      0.0
  SNOW DEPTH       0

DEGREE DAYS
 HEATING
  TODAY            0                         0      0        0
  MONTH TO DATE    0                         0      0        0
  SINCE SEP 1      0                         0      0        0
  SINCE JUL 1      0                         0      0        0

 COOLING
  TODAY           17                        16      1       16
  MONTH TO DATE  538                       485     53      500
  SINCE SEP 1    538                       485     53      500
  SINCE JAN 1   3659                      3191    468     3714
..................................................................


WIND (MPH)
  HIGHEST WIND SPEED    18   HIGHEST WIND DIRECTION     W (260)
  HIGHEST GUST SPEED    21   HIGHEST GUST DIRECTION     W (250)
  AVERAGE WIND SPEED     4.8


SKY COVER
  AVERAGE SKY COVER 0.6


WEATHER CONDITIONS
 THE FOLLOWING WEATHER WAS RECORDED TODAY.
  THUNDERSTORM


RELATIVE HUMIDITY (PERCENT)
 HIGHEST    94
 LOWEST     55
 AVERAGE    75

..........................................................


THE WEST PALM BEACH CLIMATE NORMALS FOR TOMORROW
                         NORMAL    RECORD    YEAR
 MAXIMUM TEMPERATURE (F)   87        95      1980
 MINIMUM TEMPERATURE (F)   75        63      1919


SUNRISE AND SUNSET
SEPTEMBER 29 2016.....SUNRISE   712 AM EDT   SUNSET   708 PM EDT
SEPTEMBER 30 2016.....SUNRISE   713 AM EDT   SUNSET   707 PM EDT


-  INDICATES NEGATIVE NUMBERS.
R  INDICATES RECORD WAS SET OR TIED.
MM INDICATES DATA IS MISSING.
T  INDICATES TRACE AMOUNT.




$$
