000
CDUS42 KMFL 310825
CLIPBI


CLIMATE REPORT
NATIONAL WEATHER SERVICE MIAMI, FL
425 AM EDT FRI OCT 31 2014


...................................

...THE WEST PALM BEACH CLIMATE SUMMARY FOR OCTOBER 30 2014...

CLIMATE NORMAL PERIOD 1981 TO 2010
CLIMATE RECORD PERIOD 1894 TO 2014


WEATHER ITEM   OBSERVED TIME   RECORD YEAR NORMAL DEPARTURE LAST
                VALUE   (LST)  VALUE       VALUE  FROM      YEAR
                                                  NORMAL
..................................................................
TEMPERATURE (F)
 YESTERDAY
  MAXIMUM         85    139 PM  92    1917  83      2       86
  MINIMUM         67    712 AM  46    1968  69     -2       75
  AVERAGE         76                        76      0       81

PRECIPITATION (IN)
  YESTERDAY        0.00          2.72 1913   0.13  -0.13     0.00
  MONTH TO DATE    5.05                      5.00   0.05     1.13
  SINCE JUN 1     39.61                     35.36   4.25    32.90
  SINCE JAN 1     57.33                     54.07   3.26    57.85

SNOWFALL (IN)
  YESTERDAY        0.0
  MONTH TO DATE    0.0
  SINCE SEP 1      0.0
  SINCE JUL 1      0.0
  SNOW DEPTH       0

DEGREE DAYS
 HEATING
  YESTERDAY        0                         0      0
  MONTH TO DATE    0                         0      0
  SINCE SEP 1      0                         0      0
  SINCE JUL 1      0                         0      0

 COOLING
  YESTERDAY       11                        11      0
  MONTH TO DATE  407                       403      4
  SINCE SEP 1    919                       905     14
  SINCE JAN 1   3927                      3611    316
..................................................................


WIND (MPH)
  HIGHEST WIND SPEED    13   HIGHEST WIND DIRECTION     E (100)
  HIGHEST GUST SPEED    16   HIGHEST GUST DIRECTION     E (100)
  AVERAGE WIND SPEED     4.5


SKY COVER
  AVERAGE SKY COVER 0.4


WEATHER CONDITIONS
 THE FOLLOWING WEATHER WAS RECORDED YESTERDAY.
  NO SIGNIFICANT WEATHER WAS OBSERVED.


RELATIVE HUMIDITY (PERCENT)
 HIGHEST   100
 LOWEST     43
 AVERAGE    72

..........................................................


THE WEST PALM BEACH CLIMATE NORMALS FOR TODAY
                         NORMAL    RECORD    YEAR
 MAXIMUM TEMPERATURE (F)   83        89      1992
                                             1985
                                             1949
 MINIMUM TEMPERATURE (F)   69        53      2012


SUNRISE AND SUNSET
OCTOBER 31 2014.......SUNRISE   729 AM EDT   SUNSET   638 PM EDT
NOVEMBER  1 2014......SUNRISE   730 AM EDT   SUNSET   638 PM EDT


-  INDICATES NEGATIVE NUMBERS.
R  INDICATES RECORD WAS SET OR TIED.
MM INDICATES DATA IS MISSING.
T  INDICATES TRACE AMOUNT.




$$
