000
CDUS42 KMFL 292025
CLIPBI


CLIMATE REPORT
NATIONAL WEATHER SERVICE MIAMI, FL
425 PM EDT TUE JUL 29 2014


...................................

...THE WEST PALM BEACH CLIMATE SUMMARY FOR JULY 29 2014...
VALID TODAY AS OF 0400 PM LOCAL TIME.

CLIMATE NORMAL PERIOD 1981 TO 2010
CLIMATE RECORD PERIOD 1894 TO 2014


WEATHER ITEM   OBSERVED TIME   RECORD YEAR NORMAL DEPARTURE LAST
                VALUE   (LST)  VALUE       VALUE  FROM      YEAR
                                                  NORMAL
..................................................................
TEMPERATURE (F)
 TODAY
  MAXIMUM         94    119 PM  96    1950  90      4       91
                                      1912
  MINIMUM         79    557 AM  68    1921  76      3       76
                                      1918
  AVERAGE         87                        83      4       84

PRECIPITATION (IN)
  TODAY            0.01          2.05 1992   0.17  -0.16     0.00
  MONTH TO DATE    7.09                      5.39   1.70     5.84
  SINCE JUN 1     15.07                     13.69   1.38    18.57
  SINCE JAN 1     32.79                     32.40   0.39    43.52

SNOWFALL (IN)
  TODAY            0.0
  MONTH TO DATE    0.0
  SINCE JUN 1      0.0
  SINCE JUL 1      0.0
  SNOW DEPTH       0

DEGREE DAYS
 HEATING
  TODAY            0                         0      0
  MONTH TO DATE    0                         0      0
  SINCE JUN 1      0                         0      0
  SINCE JUL 1      0                         0      0

 COOLING
  TODAY           22                        18      4
  MONTH TO DATE  528                       511     17
  SINCE JUN 1   1016                      1001     15
  SINCE JAN 1   2368                      2110    258
..................................................................


WIND (MPH)
  HIGHEST WIND SPEED    13   HIGHEST WIND DIRECTION     W (260)
  HIGHEST GUST SPEED    MM   HIGHEST GUST DIRECTION    MM
  AVERAGE WIND SPEED     7.6


SKY COVER
  AVERAGE SKY COVER 0.6


WEATHER CONDITIONS
 THE FOLLOWING WEATHER WAS RECORDED TODAY.
  THUNDERSTORM
  LIGHT RAIN


RELATIVE HUMIDITY (PERCENT)
 HIGHEST    85
 LOWEST     52
 AVERAGE    69

..........................................................


THE WEST PALM BEACH CLIMATE NORMALS FOR TOMORROW
                         NORMAL    RECORD    YEAR
 MAXIMUM TEMPERATURE (F)   90        96      2010
                                             1990
                                             1912
 MINIMUM TEMPERATURE (F)   76        68      1937
                                             1914
                                             1912


SUNRISE AND SUNSET
JULY 29 2014..........SUNRISE   644 AM EDT   SUNSET   810 PM EDT
JULY 30 2014..........SUNRISE   644 AM EDT   SUNSET   809 PM EDT


-  INDICATES NEGATIVE NUMBERS.
R  INDICATES RECORD WAS SET OR TIED.
MM INDICATES DATA IS MISSING.
T  INDICATES TRACE AMOUNT.




$$
