000
CDUS42 KMFL 202118
CLIPBI


CLIMATE REPORT
NATIONAL WEATHER SERVICE MIAMI, FL
418 PM EST SAT DEC 20 2014


...................................

...THE WEST PALM BEACH CLIMATE SUMMARY FOR DECEMBER 20 2014...
VALID TODAY AS OF 0400 PM LOCAL TIME.

CLIMATE NORMAL PERIOD 1981 TO 2010
CLIMATE RECORD PERIOD 1888 TO 2014


WEATHER ITEM   OBSERVED TIME   RECORD YEAR NORMAL DEPARTURE LAST
                VALUE   (LST)  VALUE       VALUE  FROM      YEAR
                                                  NORMAL
..................................................................
TEMPERATURE (F)
 TODAY
  MAXIMUM         79    301 PM  88    1948  76      3       82
  MINIMUM         58    657 AM  36    1981  59     -1       71
  AVERAGE         69                        67      2       77

PRECIPITATION (IN)
  TODAY            0.00          1.32 1994   0.11  -0.11     0.00
  MONTH TO DATE    0.41                      2.15  -1.74     4.18
  SINCE NOV 1      2.35                      6.90  -4.55     6.96
  SINCE JAN 1     59.94                     61.10  -1.16    64.82

SNOWFALL (IN)
  TODAY            0.0
  MONTH TO DATE    0.0
  SINCE DEC 1      0.0
  SINCE JUL 1      0.0
  SNOW DEPTH       0

DEGREE DAYS
 HEATING
  TODAY            0                         2     -2
  MONTH TO DATE   25                        30     -5
  SINCE DEC 1     25                        30     -5
  SINCE JUL 1     42                        42      0

 COOLING
  TODAY            4                         5     -1
  MONTH TO DATE   90                       109    -19
  SINCE DEC 1     90                       109    -19
  SINCE JAN 1   4230                      3975    255
..................................................................


WIND (MPH)
  HIGHEST WIND SPEED    15   HIGHEST WIND DIRECTION    SE (140)
  HIGHEST GUST SPEED    18   HIGHEST GUST DIRECTION    SE (130)
  AVERAGE WIND SPEED     4.9


SKY COVER
  AVERAGE SKY COVER 0.6


WEATHER CONDITIONS
 THE FOLLOWING WEATHER WAS RECORDED TODAY.
  FOG


RELATIVE HUMIDITY (PERCENT)
 HIGHEST    93
 LOWEST     54
 AVERAGE    74

..........................................................


THE WEST PALM BEACH CLIMATE NORMALS FOR TOMORROW
                         NORMAL    RECORD    YEAR
 MAXIMUM TEMPERATURE (F)   76        87      1948
                                             1914
 MINIMUM TEMPERATURE (F)   59        35      1935


SUNRISE AND SUNSET
DECEMBER 20 2014......SUNRISE   704 AM EST   SUNSET   532 PM EST
DECEMBER 21 2014......SUNRISE   705 AM EST   SUNSET   533 PM EST


-  INDICATES NEGATIVE NUMBERS.
R  INDICATES RECORD WAS SET OR TIED.
MM INDICATES DATA IS MISSING.
T  INDICATES TRACE AMOUNT.

$$
