000
CDUS46 KPDT 180907
CLIPDT

CLIMATE REPORT
NATIONAL WEATHER SERVICE PENDLETON OR
1250 AM PST SAT NOV 18 2017


...................................

...THE PENDLETON OR CLIMATE SUMMARY FOR NOVEMBER 17 2017...

CLIMATE NORMAL PERIOD 1981 TO 2010
CLIMATE RECORD PERIOD 1890 TO 2017


WEATHER ITEM   OBSERVED TIME   RECORD YEAR NORMAL DEPARTURE LAST
                VALUE   (LST)  VALUE       VALUE  FROM      YEAR
                                                  NORMAL
..................................................................
TEMPERATURE (F)
 YESTERDAY
  MAXIMUM         49    247 PM  75    1908  48      1       50
  MINIMUM         35    717 AM   4    2014  33      2       30
  AVERAGE         42                        41      1       40

PRECIPITATION (IN)
  YESTERDAY        0.00          0.38 1991   0.05  -0.05     0.00
  MONTH TO DATE    0.82                      0.85  -0.03     0.35
  SINCE OCT 1      2.23                      1.86   0.37     2.67
  SINCE JAN 1     14.52                     10.52   4.00    10.74

SNOWFALL (IN)
  YESTERDAY        0.0           0.3  1955   0.0    0.0      0.0
  MONTH TO DATE    0.0                       0.4   -0.4      0.0
  SINCE JAN 1     25.9                       8.2   17.7       T
  SINCE JUL 1      0.0                       0.5   -0.5      0.0
  SNOW DEPTH       0

DEGREE DAYS
 HEATING
  YESTERDAY       23                        24     -1       25
  MONTH TO DATE  383                       363     20      268
  SINCE SEP 1    933                       883     50      756
  SINCE JUL 1    935                       905     30      758

 COOLING
  YESTERDAY        0                         0      0        0
  MONTH TO DATE    0                         0      0        0
  SINCE SEP 1    113                        66     47       17
  SINCE JAN 1    894                       636    258      605
..................................................................


WIND (MPH)
  HIGHEST WIND SPEED    31   HIGHEST WIND DIRECTION     W (260)
  HIGHEST GUST SPEED    39   HIGHEST GUST DIRECTION     W (270)
  AVERAGE WIND SPEED    12.5


SKY COVER
  POSSIBLE SUNSHINE  MM
  AVERAGE SKY COVER 0.2


WEATHER CONDITIONS
 THE FOLLOWING WEATHER WAS RECORDED YESTERDAY.
  NO SIGNIFICANT WEATHER WAS OBSERVED.


RELATIVE HUMIDITY (PERCENT)
 HIGHEST    76           700 PM
 LOWEST     46           200 PM
 AVERAGE    61

..........................................................


THE PENDLETON OR CLIMATE NORMALS FOR TODAY
                         NORMAL    RECORD    YEAR
 MAXIMUM TEMPERATURE (F)   48        75      1897
 MINIMUM TEMPERATURE (F)   33         4      2014


SUNRISE AND SUNSET
NOVEMBER 18 2017......SUNRISE   700 AM PST   SUNSET   421 PM PST
NOVEMBER 19 2017......SUNRISE   701 AM PST   SUNSET   420 PM PST


-  INDICATES NEGATIVE NUMBERS.
R  INDICATES RECORD WAS SET OR TIED.
MM INDICATES DATA IS MISSING.
T  INDICATES TRACE AMOUNT.




$$
