000
CDUS46 KPDT 260828
CLIPDT

CLIMATE REPORT
NATIONAL WEATHER SERVICE PENDLETON OR
1227 AM PST MON JAN 26 2015


...................................

...THE PENDLETON OR CLIMATE SUMMARY FOR JANUARY 25 2015...

CLIMATE NORMAL PERIOD 1981 TO 2010
CLIMATE RECORD PERIOD 1890 TO 2015


WEATHER ITEM   OBSERVED TIME   RECORD YEAR NORMAL DEPARTURE LAST
                VALUE   (LST)  VALUE       VALUE  FROM      YEAR
                                                  NORMAL
..................................................................
TEMPERATURE (F)
 YESTERDAY
  MAXIMUM         58    141 PM  65    1935  43     15       27
  MINIMUM         32   1051 PM -10    1957  30      2       25
  AVERAGE         45                        36      9       26

PRECIPITATION (IN)
  YESTERDAY        0.00          1.10 1975   0.05  -0.05     0.00
  MONTH TO DATE    0.72                      1.19  -0.47     0.38
  SINCE OCT 1      5.42                      5.19   0.23     2.17
  SINCE JAN 1      0.72                      1.19  -0.47     0.38

SNOWFALL (IN)
  YESTERDAY        0.0           3.1  1965   0.1   -0.1      0.0
  MONTH TO DATE    0.4                       3.1   -2.7       T
  SINCE JAN 1      0.4                       3.1   -2.7       T
  SINCE JUL 1      7.2                      10.6   -3.4      6.5
  SNOW DEPTH       0

DEGREE DAYS
 HEATING
  YESTERDAY       20                        29     -9       39
  MONTH TO DATE  720                       753    -33      738
  SINCE DEC 1   1611                      1737   -126     1813
  SINCE JUL 1   2741                      2990   -249     3196

 COOLING
  YESTERDAY        0                         0      0        0
  MONTH TO DATE    0                         0      0        0
  SINCE DEC 1      0                         0      0        0
  SINCE JAN 1      0                         0      0        0
..................................................................


WIND (MPH)
  HIGHEST WIND SPEED    13   HIGHEST WIND DIRECTION    NW (310)
  HIGHEST GUST SPEED    14   HIGHEST GUST DIRECTION    NW (310)
  AVERAGE WIND SPEED     6.3


SKY COVER
  POSSIBLE SUNSHINE  MM
  AVERAGE SKY COVER  MM


WEATHER CONDITIONS
 THE FOLLOWING WEATHER WAS RECORDED YESTERDAY.
  FOG W/VISIBILITY <= 1/4 MILE


RELATIVE HUMIDITY (PERCENT)
 HIGHEST    MM
 LOWEST     MM
 AVERAGE    MM

..........................................................


THE PENDLETON OR CLIMATE NORMALS FOR TODAY
                         NORMAL    RECORD    YEAR
 MAXIMUM TEMPERATURE (F)   43        67      1934
 MINIMUM TEMPERATURE (F)   30       -18      1957


SUNRISE AND SUNSET
JANUARY 26 2015.......SUNRISE   724 AM PST   SUNSET   453 PM PST
JANUARY 27 2015.......SUNRISE   723 AM PST   SUNSET   454 PM PST


-  INDICATES NEGATIVE NUMBERS.
R  INDICATES RECORD WAS SET OR TIED.
MM INDICATES DATA IS MISSING.
T  INDICATES TRACE AMOUNT.




$$
