000
CDUS46 KPDT 250855
CLIPDT

CLIMATE REPORT
NATIONAL WEATHER SERVICE PENDLETON OR
154 AM PDT THU AUG 25 2016


...................................

...THE PENDLETON OR CLIMATE SUMMARY FOR AUGUST 24 2016...

CLIMATE NORMAL PERIOD 1981 TO 2010
CLIMATE RECORD PERIOD 1890 TO 2016


WEATHER ITEM   OBSERVED TIME   RECORD YEAR NORMAL DEPARTURE LAST
                VALUE   (LST)  VALUE       VALUE  FROM      YEAR
                                                  NORMAL
..................................................................
TEMPERATURE (F)
 YESTERDAY
  MAXIMUM         86    425 PM 105    1898  85      1       88
  MINIMUM         54    533 AM  32    1904  56     -2       60
  AVERAGE         70                        70      0       74

PRECIPITATION (IN)
  YESTERDAY        0.00          0.64 1977   0.02  -0.02     0.00
  MONTH TO DATE    0.07                      0.28  -0.21      T
  SINCE OCT 1     11.66                     11.99  -0.33     9.70
  SINCE JAN 1      7.39                      7.99  -0.60     5.00

SNOWFALL (IN)
  YESTERDAY        0.0           0.0  2002   0.0    0.0      0.0
                                      2001
                                      1999
  MONTH TO DATE    0.0                       0.0    0.0      0.0
  SINCE JAN 1      T                         7.7   -7.7      0.4
  SINCE JUL 1      0.0                       0.0    0.0      0.0
  SNOW DEPTH       0

DEGREE DAYS
 HEATING
  YESTERDAY        0                         1     -1        0
  MONTH TO DATE    2                         1      1        3
  SINCE JUN 1     71                        95    -24       13
  SINCE JUL 1      2                        12    -10        3

 COOLING
  YESTERDAY        5                         6     -1        9
  MONTH TO DATE  180                       188     -8      199
  SINCE JUN 1    523                       513     10      806
  SINCE JAN 1    541                       536      5      833
..................................................................


WIND (MPH)
  HIGHEST WIND SPEED    18   HIGHEST WIND DIRECTION    NW (320)
  HIGHEST GUST SPEED    24   HIGHEST GUST DIRECTION    NW (310)
  AVERAGE WIND SPEED     8.1


SKY COVER
  POSSIBLE SUNSHINE  MM
  AVERAGE SKY COVER 0.1


WEATHER CONDITIONS
 THE FOLLOWING WEATHER WAS RECORDED YESTERDAY.
  NO SIGNIFICANT WEATHER WAS OBSERVED.


RELATIVE HUMIDITY (PERCENT)
 HIGHEST    55           300 AM
 LOWEST     20           300 PM
 AVERAGE    38

..........................................................


THE PENDLETON OR CLIMATE NORMALS FOR TODAY
                         NORMAL    RECORD    YEAR
 MAXIMUM TEMPERATURE (F)   85       104      1996
 MINIMUM TEMPERATURE (F)   55        34      1910


SUNRISE AND SUNSET
AUGUST 25 2016........SUNRISE   609 AM PDT   SUNSET   745 PM PDT
AUGUST 26 2016........SUNRISE   610 AM PDT   SUNSET   743 PM PDT


-  INDICATES NEGATIVE NUMBERS.
R  INDICATES RECORD WAS SET OR TIED.
MM INDICATES DATA IS MISSING.
T  INDICATES TRACE AMOUNT.




$$
