000
CDUS46 KPDT 240906
CLIPDT

CLIMATE REPORT
NATIONAL WEATHER SERVICE PENDLETON OR
144 AM PDT MON APR 24 2017


...................................

...THE PENDLETON OR CLIMATE SUMMARY FOR APRIL 23 2017...

CLIMATE NORMAL PERIOD 1981 TO 2010
CLIMATE RECORD PERIOD 1890 TO 2017


WEATHER ITEM   OBSERVED TIME   RECORD YEAR NORMAL DEPARTURE LAST
                VALUE   (LST)  VALUE       VALUE  FROM      YEAR
                                                  NORMAL
..................................................................
TEMPERATURE (F)
 YESTERDAY
  MAXIMUM         59    347 PM  89    1910  64     -5       67
  MINIMUM         46   1159 PM  26    2013  40      6       49
  AVERAGE         53                        52      1       58

PRECIPITATION (IN)
  YESTERDAY        0.01          0.85 1981   0.04  -0.03     0.00
  MONTH TO DATE    1.28                      0.91   0.37     0.36
  SINCE OCT 1     13.07                      8.77   4.30     8.62
  SINCE JAN 1      7.55                      4.77   2.78     4.35

SNOWFALL (IN)
  YESTERDAY       MM             0.0  2002   0.0   MM        0.0
                                      2001
                                      2000
  MONTH TO DATE    T                         0.0    0.0      0.0
  SINCE JAN 1     25.9                       7.7   18.2       T
  SINCE JUL 1     44.4                      15.2   29.2      4.1
  SNOW DEPTH       0

DEGREE DAYS
 HEATING
  YESTERDAY       12                        13     -1        7
  MONTH TO DATE  358                       345     13      181
  SINCE MAR 1    943                       962    -19      744
  SINCE JUL 1   5245                      4861    384     4336

 COOLING
  YESTERDAY        0                         0      0        0
  MONTH TO DATE    0                         0      0        0
  SINCE MAR 1      0                         0      0        0
  SINCE JAN 1      0                         0      0        0
..................................................................


WIND (MPH)
  HIGHEST WIND SPEED    20   HIGHEST WIND DIRECTION     W (290)
  HIGHEST GUST SPEED    26   HIGHEST GUST DIRECTION     W (270)
  AVERAGE WIND SPEED     6.9


SKY COVER
  POSSIBLE SUNSHINE  MM
  AVERAGE SKY COVER 0.8


WEATHER CONDITIONS
 THE FOLLOWING WEATHER WAS RECORDED YESTERDAY.
  THUNDERSTORM
  LIGHT RAIN


RELATIVE HUMIDITY (PERCENT)
 HIGHEST    93          1100 PM
 LOWEST     51          1100 AM
 AVERAGE    72

..........................................................


THE PENDLETON OR CLIMATE NORMALS FOR TODAY
                         NORMAL    RECORD    YEAR
 MAXIMUM TEMPERATURE (F)   64        91      1977
 MINIMUM TEMPERATURE (F)   40        21      1924


SUNRISE AND SUNSET
APRIL 24 2017.........SUNRISE   554 AM PDT   SUNSET   754 PM PDT
APRIL 25 2017.........SUNRISE   552 AM PDT   SUNSET   755 PM PDT


-  INDICATES NEGATIVE NUMBERS.
R  INDICATES RECORD WAS SET OR TIED.
MM INDICATES DATA IS MISSING.
T  INDICATES TRACE AMOUNT.




$$
