000
CDUS46 KPDT 280830
CLIPDT

CLIMATE REPORT
NATIONAL WEATHER SERVICE PENDLETON OR
129 AM PDT SAT MAY 28 2016


...................................

...THE PENDLETON OR CLIMATE SUMMARY FOR MAY 27 2016...

CLIMATE NORMAL PERIOD 1981 TO 2010
CLIMATE RECORD PERIOD 1890 TO 2016


WEATHER ITEM   OBSERVED TIME   RECORD YEAR NORMAL DEPARTURE LAST
                VALUE   (LST)  VALUE       VALUE  FROM      YEAR
                                                  NORMAL
..................................................................
TEMPERATURE (F)
 YESTERDAY
  MAXIMUM         67    300 PM  99    1934  73     -6       78
  MINIMUM         47    503 AM  33    1932  48     -1       48
  AVERAGE         57                        61     -4       63

PRECIPITATION (IN)
  YESTERDAY        0.00          0.60 2010   0.05  -0.05     0.00
  MONTH TO DATE    1.19                      1.16   0.03     1.29
  SINCE OCT 1      9.86                     10.22  -0.36     9.12
  SINCE JAN 1      5.59                      6.22  -0.63     4.42

SNOWFALL (IN)
  YESTERDAY        0.0           0.0  2002   0.0    0.0      0.0
                                      2001
                                      2000
  MONTH TO DATE    0.0                       0.0    0.0      0.0
  SINCE JAN 1      T                         7.7   -7.7      0.4
  SINCE JUL 1      4.1                      15.2  -11.1      7.2
  SNOW DEPTH       0

DEGREE DAYS
 HEATING
  YESTERDAY        8                         6      2        2
  MONTH TO DATE  144                       226    -82      157
  SINCE MAR 1    964                      1274   -310     1103
  SINCE JUL 1   4556                      5173   -617     4596

 COOLING
  YESTERDAY        0                         1     -1        0
  MONTH TO DATE   18                        18      0        3
  SINCE MAR 1     18                        19     -1        3
  SINCE JAN 1     18                        19     -1        3
..................................................................


WIND (MPH)
  HIGHEST WIND SPEED    30   HIGHEST WIND DIRECTION     W (260)
  HIGHEST GUST SPEED    37   HIGHEST GUST DIRECTION     W (260)
  AVERAGE WIND SPEED    18.9


SKY COVER
  POSSIBLE SUNSHINE  MM
  AVERAGE SKY COVER 0.5


WEATHER CONDITIONS
 THE FOLLOWING WEATHER WAS RECORDED YESTERDAY.
  NO SIGNIFICANT WEATHER WAS OBSERVED.


RELATIVE HUMIDITY (PERCENT)
 HIGHEST    61           300 AM
 LOWEST     20           400 PM
 AVERAGE    41

..........................................................


THE PENDLETON OR CLIMATE NORMALS FOR TODAY
                         NORMAL    RECORD    YEAR
 MAXIMUM TEMPERATURE (F)   73       100      1934
 MINIMUM TEMPERATURE (F)   49        31      1918


SUNRISE AND SUNSET
MAY 28 2016...........SUNRISE   512 AM PDT   SUNSET   834 PM PDT
MAY 29 2016...........SUNRISE   511 AM PDT   SUNSET   835 PM PDT


-  INDICATES NEGATIVE NUMBERS.
R  INDICATES RECORD WAS SET OR TIED.
MM INDICATES DATA IS MISSING.
T  INDICATES TRACE AMOUNT.

$$
