000
CDUS46 KPDT 260920
CLIPDT

CLIMATE REPORT
NATIONAL WEATHER SERVICE PENDLETON OR
120 AM PST SUN FEB 26 2017


...................................

...THE PENDLETON OR CLIMATE SUMMARY FOR FEBRUARY 25 2017...

CLIMATE NORMAL PERIOD 1981 TO 2010
CLIMATE RECORD PERIOD 1890 TO 2017


WEATHER ITEM   OBSERVED TIME   RECORD YEAR NORMAL DEPARTURE LAST
                VALUE   (LST)  VALUE       VALUE  FROM      YEAR
                                                  NORMAL
..................................................................
TEMPERATURE (F)
 YESTERDAY
  MAXIMUM         43    355 PM  68    1932  49     -6       56
  MINIMUM         23    527 AM   6    2011  31     -8       30
  AVERAGE         33                        40     -7       43

PRECIPITATION (IN)
  YESTERDAY        T             0.44 1940   0.05  -0.05     0.00
  MONTH TO DATE    1.88                      0.99   0.89     0.82
  SINCE OCT 1      9.05                      6.42   2.63     6.60
  SINCE JAN 1      3.53                      2.42   1.11     2.33

SNOWFALL (IN)
  YESTERDAY        T             2.0  1930   0.1   -0.1      0.0
  MONTH TO DATE    3.0                       3.1   -0.1       T
  SINCE JAN 1     21.5                       6.8   14.7       T
  SINCE JUL 1     40.0                      14.3   25.7      4.1
  SNOW DEPTH       0

DEGREE DAYS
 HEATING
  YESTERDAY       32                        25      7       22
  MONTH TO DATE  742                       669     73      548
  SINCE DEC 1   3191                      2574    617     2314
  SINCE JUL 1   4215                      3827    388     3514

 COOLING
  YESTERDAY        0                         0      0        0
  MONTH TO DATE    0                         0      0        0
  SINCE DEC 1      0                         0      0        0
  SINCE JAN 1      0                         0      0        0
..................................................................


WIND (MPH)
  HIGHEST WIND SPEED    17   HIGHEST WIND DIRECTION    SW (240)
  HIGHEST GUST SPEED    22   HIGHEST GUST DIRECTION     W (270)
  AVERAGE WIND SPEED     7.4


SKY COVER
  POSSIBLE SUNSHINE  MM
  AVERAGE SKY COVER 0.5


WEATHER CONDITIONS
 THE FOLLOWING WEATHER WAS RECORDED YESTERDAY.
  LIGHT SNOW


RELATIVE HUMIDITY (PERCENT)
 HIGHEST    92           700 AM
 LOWEST     53           200 PM
 AVERAGE    73

..........................................................


THE PENDLETON OR CLIMATE NORMALS FOR TODAY
                         NORMAL    RECORD    YEAR
 MAXIMUM TEMPERATURE (F)   50        71      1926
 MINIMUM TEMPERATURE (F)   31         0      1993


SUNRISE AND SUNSET
FEBRUARY 26 2017......SUNRISE   639 AM PST   SUNSET   538 PM PST
FEBRUARY 27 2017......SUNRISE   637 AM PST   SUNSET   540 PM PST


-  INDICATES NEGATIVE NUMBERS.
R  INDICATES RECORD WAS SET OR TIED.
MM INDICATES DATA IS MISSING.
T  INDICATES TRACE AMOUNT.

$$
