000
CDUS46 KPDT 050840
CLIPDT

CLIMATE REPORT
NATIONAL WEATHER SERVICE PENDLETON OR
125 AM PDT SUN JUL 5 2015


...................................

...THE PENDLETON OR CLIMATE SUMMARY FOR JULY 4 2015...

CLIMATE NORMAL PERIOD 1981 TO 2010
CLIMATE RECORD PERIOD 1890 TO 2015


WEATHER ITEM   OBSERVED TIME   RECORD YEAR NORMAL DEPARTURE LAST
                VALUE   (LST)  VALUE       VALUE  FROM      YEAR
                                                  NORMAL
..................................................................
TEMPERATURE (F)
 YESTERDAY
  MAXIMUM        100    123 PM 107    1975  85     15       89
                                      1906
  MINIMUM         64    408 AM  40    1918  55      9       57
  AVERAGE         82                        70     12       73

PRECIPITATION (IN)
  YESTERDAY        0.00          0.44 1986   0.02  -0.02     0.00
  MONTH TO DATE    0.00                      0.06  -0.06     0.00
  SINCE OCT 1      9.70                     11.45  -1.75     9.28
  SINCE JAN 1      5.00                      7.45  -2.45     7.49

SNOWFALL (IN)
  YESTERDAY        0.0           0.0  2002   0.0    0.0      0.0
                                      2001
                                      2000
  MONTH TO DATE    0.0                       0.0    0.0      0.0
  SINCE JAN 1      0.4                       7.7   -7.3     15.2
  SINCE JUL 1      0.0                       0.0    0.0      0.0
  SNOW DEPTH       0

DEGREE DAYS
 HEATING
  YESTERDAY        0                         1     -1        0
  MONTH TO DATE    0                         4     -4        0
  SINCE JUN 1     10                        87    -77       43
  SINCE JUL 1      0                         4     -4        0

 COOLING
  YESTERDAY       17                         6     11        8
  MONTH TO DATE   73                        21     52       45
  SINCE JUN 1    326                       100    226      105
  SINCE JAN 1    353                       123    230      127
..................................................................


WIND (MPH)
  HIGHEST WIND SPEED    20   HIGHEST WIND DIRECTION     W (290)
  HIGHEST GUST SPEED    26   HIGHEST GUST DIRECTION     W (280)
  AVERAGE WIND SPEED     7.8


SKY COVER
  POSSIBLE SUNSHINE  MM
  AVERAGE SKY COVER 0.0


WEATHER CONDITIONS
 THE FOLLOWING WEATHER WAS RECORDED YESTERDAY.
  HAZE


RELATIVE HUMIDITY (PERCENT)
 HIGHEST    44           400 AM
 LOWEST     14           500 PM
 AVERAGE    29

..........................................................


THE PENDLETON OR CLIMATE NORMALS FOR TODAY
                         NORMAL    RECORD    YEAR
 MAXIMUM TEMPERATURE (F)   85       107      2007
 MINIMUM TEMPERATURE (F)   55        38      1932


SUNRISE AND SUNSET
JULY  5 2015..........SUNRISE   512 AM PDT   SUNSET   847 PM PDT
JULY  6 2015..........SUNRISE   513 AM PDT   SUNSET   847 PM PDT


-  INDICATES NEGATIVE NUMBERS.
R  INDICATES RECORD WAS SET OR TIED.
MM INDICATES DATA IS MISSING.
T  INDICATES TRACE AMOUNT.




$$
