000
CDUS46 KPDT 260827
CLIPDT

CLIMATE REPORT
NATIONAL WEATHER SERVICE PENDLETON OR
126 AM PDT WED JUL 26 2017


...................................

...THE PENDLETON OR CLIMATE SUMMARY FOR JULY 25 2017...

CLIMATE NORMAL PERIOD 1981 TO 2010
CLIMATE RECORD PERIOD 1890 TO 2017


WEATHER ITEM   OBSERVED TIME   RECORD YEAR NORMAL DEPARTURE LAST
                VALUE   (LST)  VALUE       VALUE  FROM      YEAR
                                                  NORMAL
..................................................................
TEMPERATURE (F)
 YESTERDAY
  MAXIMUM         96    346 PM 114    1928  90      6       98
  MINIMUM         55    503 AM  42    1897  59     -4       59
  AVERAGE         76                        74      2       79

PRECIPITATION (IN)
  YESTERDAY        0.00          0.98 1921   0.01  -0.01     0.00
  MONTH TO DATE    T                         0.27  -0.27     0.80
  SINCE OCT 1     16.82                     11.66   5.16    11.59
  SINCE JAN 1     11.30                      7.66   3.64     7.32

SNOWFALL (IN)
  YESTERDAY        0.0           0.0  2002   0.0    0.0      0.0
                                      2001
                                      2000
  MONTH TO DATE    0.0                       0.0    0.0      0.0
  SINCE JAN 1     25.9                       7.7   18.2       T
  SINCE JUL 1      0.0                       0.0    0.0      0.0
  SNOW DEPTH       0

DEGREE DAYS
 HEATING
  YESTERDAY        0                         0      0        0
  MONTH TO DATE    0                         7     -7        0
  SINCE JUN 1     75                        90    -15       69
  SINCE JUL 1      0                         7     -7        0

 COOLING
  YESTERDAY       11                         9      2       14
  MONTH TO DATE  249                       188     61      123
  SINCE JUN 1    348                       267     81      260
  SINCE JAN 1    376                       290     86      278
..................................................................


WIND (MPH)
  HIGHEST WIND SPEED    14   HIGHEST WIND DIRECTION    NW (330)
  HIGHEST GUST SPEED    23   HIGHEST GUST DIRECTION     N (350)
  AVERAGE WIND SPEED     6.9


SKY COVER
  POSSIBLE SUNSHINE  MM
  AVERAGE SKY COVER 0.0


WEATHER CONDITIONS
 THE FOLLOWING WEATHER WAS RECORDED YESTERDAY.
  NO SIGNIFICANT WEATHER WAS OBSERVED.


RELATIVE HUMIDITY (PERCENT)
 HIGHEST    51           500 AM
 LOWEST     10           300 PM
 AVERAGE    31

..........................................................


THE PENDLETON OR CLIMATE NORMALS FOR TODAY
                         NORMAL    RECORD    YEAR
 MAXIMUM TEMPERATURE (F)   90       109      1928
 MINIMUM TEMPERATURE (F)   59        40      1908


SUNRISE AND SUNSET
JULY 26 2017..........SUNRISE   532 AM PDT   SUNSET   831 PM PDT
JULY 27 2017..........SUNRISE   533 AM PDT   SUNSET   830 PM PDT


-  INDICATES NEGATIVE NUMBERS.
R  INDICATES RECORD WAS SET OR TIED.
MM INDICATES DATA IS MISSING.
T  INDICATES TRACE AMOUNT.




$$
