000
CDUS46 KPDT 050859
CLIPDT

CLIMATE REPORT
NATIONAL WEATHER SERVICE PENDLETON OR
159 AM PDT SAT SEP 5 2015


...................................

...THE PENDLETON OR CLIMATE SUMMARY FOR SEPTEMBER 4 2015...

CLIMATE NORMAL PERIOD 1981 TO 2010
CLIMATE RECORD PERIOD 1890 TO 2015


WEATHER ITEM   OBSERVED TIME   RECORD YEAR NORMAL DEPARTURE LAST
                VALUE   (LST)  VALUE       VALUE  FROM      YEAR
                                                  NORMAL
..................................................................
TEMPERATURE (F)
 YESTERDAY
  MAXIMUM         64    132 PM 100    1934  82    -18       77
  MINIMUM         39    513 AM  32    1892  53    -14       44
  AVERAGE         52                        67    -15       61

PRECIPITATION (IN)
  YESTERDAY        0.16          0.44 2013   0.01   0.15     0.00
  MONTH TO DATE    0.17                      0.06   0.11     0.00
  SINCE OCT 1      9.88                     12.15  -2.27    10.11
  SINCE JAN 1      5.18                      8.15  -2.97     8.32

SNOWFALL (IN)
  YESTERDAY        0.0           0.0  2002   0.0    0.0      0.0
                                      2001
                                      1999
  MONTH TO DATE    0.0                       0.0    0.0      0.0
  SINCE JAN 1      0.4                       7.7   -7.3     15.2
  SINCE JUL 1      0.0                       0.0    0.0      0.0
  SNOW DEPTH       0

DEGREE DAYS
 HEATING
  YESTERDAY       13                         1     12        4
  MONTH TO DATE   23                         4     19        8
  SINCE SEP 1     23                         4     19        8
  SINCE JUL 1     31                        26      5       11

 COOLING
  YESTERDAY        0                         4     -4        0
  MONTH TO DATE    1                        16    -15        3
  SINCE SEP 1      1                        16    -15        3
  SINCE JAN 1    877                       586    291      764
..................................................................


WIND (MPH)
  HIGHEST WIND SPEED    17   HIGHEST WIND DIRECTION    SW (240)
  HIGHEST GUST SPEED    22   HIGHEST GUST DIRECTION     W (250)
  AVERAGE WIND SPEED     8.7


SKY COVER
  POSSIBLE SUNSHINE  MM
  AVERAGE SKY COVER 0.5


WEATHER CONDITIONS
 THE FOLLOWING WEATHER WAS RECORDED YESTERDAY.
  RAIN
  LIGHT RAIN


RELATIVE HUMIDITY (PERCENT)
 HIGHEST    86          1100 PM
 LOWEST     36           100 PM
 AVERAGE    61

..........................................................


THE PENDLETON OR CLIMATE NORMALS FOR TODAY
                         NORMAL    RECORD    YEAR
 MAXIMUM TEMPERATURE (F)   81        99      1932
 MINIMUM TEMPERATURE (F)   53        36      1892


SUNRISE AND SUNSET
SEPTEMBER  5 2015.....SUNRISE   621 AM PDT   SUNSET   726 PM PDT
SEPTEMBER  6 2015.....SUNRISE   622 AM PDT   SUNSET   724 PM PDT


-  INDICATES NEGATIVE NUMBERS.
R  INDICATES RECORD WAS SET OR TIED.
MM INDICATES DATA IS MISSING.
T  INDICATES TRACE AMOUNT.

$$
