000
CDUS46 KPQR 230221
CLIPDX


CLIMATE REPORT
NATIONAL WEATHER SERVICE PORTLAND OREGON
721 PM PDT FRI MAY 22 2015


...................................

...THE PORTLAND OR CLIMATE SUMMARY FOR MAY 22 2015...
VALID TODAY AS OF 0700 PM LOCAL TIME.

CLIMATE NORMAL PERIOD 1981 TO 2010
CLIMATE RECORD PERIOD 1940 TO 2015


WEATHER ITEM   OBSERVED TIME   RECORD YEAR NORMAL DEPARTURE LAST
                VALUE   (LST)  VALUE       VALUE  FROM      YEAR
                                                  NORMAL
..................................................................
TEMPERATURE (F)
 TODAY
  MAXIMUM         60    559 PM  95    2001  69     -9       83
  MINIMUM         55    421 AM  33    1960  50      5       53
  AVERAGE         58                        60     -2       68

PRECIPITATION (IN)
  TODAY            T             1.19 2013   0.08  -0.08     0.00
  MONTH TO DATE    0.59                      1.71  -1.12     2.18
  SINCE OCT 1     29.07                     30.78  -1.71    26.37
  SINCE JAN 1     14.09                     16.66  -2.57    20.55

DEGREE DAYS
 HEATING
  TODAY            7                         6      1        0
  MONTH TO DATE  116                       175    -59      108
  SINCE MAR 1    859                      1080   -221      924
  SINCE JUL 1   3331                      4138   -807     4222

 COOLING
  TODAY            0                         1     -1        3
  MONTH TO DATE    3                         3      0       25
  SINCE MAR 1      5                         4      1       28
  SINCE JAN 1      5                         4      1       28
..................................................................


WIND (MPH)
  HIGHEST WIND SPEED     8   HIGHEST WIND DIRECTION    SW (210)
  HIGHEST GUST SPEED    10   HIGHEST GUST DIRECTION     N (350)
  AVERAGE WIND SPEED     2.7



WEATHER CONDITIONS
 THE FOLLOWING WEATHER WAS RECORDED TODAY.
  LIGHT RAIN


RELATIVE HUMIDITY (PERCENT)
 HIGHEST    86           300 PM
 LOWEST     72           900 AM
 AVERAGE    79

..........................................................


THE PORTLAND OR CLIMATE NORMALS FOR TOMORROW
                         NORMAL    RECORD    YEAR
 MAXIMUM TEMPERATURE (F)   70        90      1947
 MINIMUM TEMPERATURE (F)   50        35      1964


SUNRISE AND SUNSET
MAY 22 2015...........SUNRISE   532 AM PDT   SUNSET   842 PM PDT
MAY 23 2015...........SUNRISE   531 AM PDT   SUNSET   843 PM PDT


-  INDICATES NEGATIVE NUMBERS.
R  INDICATES RECORD WAS SET OR TIED.
MM INDICATES DATA IS MISSING.
T  INDICATES TRACE AMOUNT.




$$
