000
CDUS46 KPQR 281154
CLIPDX


CLIMATE REPORT
NATIONAL WEATHER SERVICE PORTLAND OREGON
454 AM PDT WED SEP 28 2016


...................................

...THE PORTLAND OR CLIMATE SUMMARY FOR SEPTEMBER 27 2016...

CLIMATE NORMAL PERIOD 1981 TO 2010
CLIMATE RECORD PERIOD 1940 TO 2016


WEATHER ITEM   OBSERVED TIME   RECORD YEAR NORMAL DEPARTURE LAST
                VALUE   (LST)  VALUE       VALUE  FROM      YEAR
                                                  NORMAL
..................................................................
TEMPERATURE (F)
 YESTERDAY
  MAXIMUM         74    417 PM  95    2003  72      2       71
  MINIMUM         59   1159 PM  37    1961  50      9       45
                                      1945
  AVERAGE         67                        61      6       58

PRECIPITATION (IN)
  YESTERDAY        0.00          1.30 1955   0.06  -0.06     0.00
  MONTH TO DATE    1.69                      1.28   0.41     1.26
  SINCE OCT 1     47.02                     35.84  11.18    31.96
  SINCE JAN 1     23.60                     21.72   1.88    16.98

DEGREE DAYS
 HEATING
  YESTERDAY        0                         4     -4        7
  MONTH TO DATE   60                        61     -1       74
  SINCE SEP 1     60                        61     -1       74
  SINCE JUL 1     66                        88    -22       74

 COOLING
  YESTERDAY        2                         1      1        0
  MONTH TO DATE   30                        57    -27       51
  SINCE SEP 1     30                        57    -27       51
  SINCE JAN 1    548                       420    128      780
..................................................................


WIND (MPH)
  HIGHEST WIND SPEED    14   HIGHEST WIND DIRECTION    NW (320)
  HIGHEST GUST SPEED    21   HIGHEST GUST DIRECTION    NW (330)
  AVERAGE WIND SPEED     8.4


SKY COVER
  POSSIBLE SUNSHINE  MM
  AVERAGE SKY COVER 0.5


WEATHER CONDITIONS
 THE FOLLOWING WEATHER WAS RECORDED YESTERDAY.
  NO SIGNIFICANT WEATHER WAS OBSERVED.


RELATIVE HUMIDITY (PERCENT)
 HIGHEST    84           400 AM
 LOWEST     49           300 PM
 AVERAGE    67

..........................................................


THE PORTLAND OR CLIMATE NORMALS FOR TODAY
                         NORMAL    RECORD    YEAR
 MAXIMUM TEMPERATURE (F)   72        89      1989
 MINIMUM TEMPERATURE (F)   50        37      1983


SUNRISE AND SUNSET
SEPTEMBER 28 2016.....SUNRISE   706 AM PDT   SUNSET   655 PM PDT
SEPTEMBER 29 2016.....SUNRISE   707 AM PDT   SUNSET   653 PM PDT


-  INDICATES NEGATIVE NUMBERS.
R  INDICATES RECORD WAS SET OR TIED.
MM INDICATES DATA IS MISSING.
T  INDICATES TRACE AMOUNT.




$$
