000
CDUS46 KPQR 241141
CLIPDX


CLIMATE REPORT
NATIONAL WEATHER SERVICE PORTLAND OREGON
440 AM PDT WED AUG 24 2016


...................................

...THE PORTLAND OR CLIMATE SUMMARY FOR AUGUST 23 2016...

CLIMATE NORMAL PERIOD 1981 TO 2010
CLIMATE RECORD PERIOD 1940 TO 2016


WEATHER ITEM   OBSERVED TIME   RECORD YEAR NORMAL DEPARTURE LAST
                VALUE   (LST)  VALUE       VALUE  FROM      YEAR
                                                  NORMAL
..................................................................
TEMPERATURE (F)
 YESTERDAY
  MAXIMUM         85    434 PM 101    1988  80      5       88
  MINIMUM         55    546 AM  48    1951  58     -3       57
  AVERAGE         70                        69      1       73

PRECIPITATION (IN)
  YESTERDAY        0.00          1.20 1977   0.02  -0.02     0.00
  MONTH TO DATE    0.09                      0.43  -0.34     0.12
  SINCE OCT 1     45.33                     34.32  11.01    30.16
  SINCE JAN 1     21.91                     20.20   1.71    15.18

DEGREE DAYS
 HEATING
  YESTERDAY        0                         0      0        0
  MONTH TO DATE    2                         0      2        0
  SINCE JUN 1     72                       108    -36       19
  SINCE JUL 1      5                        17    -12        0

 COOLING
  YESTERDAY        5                         4      1        8
  MONTH TO DATE  164                       122     42      191
  SINCE JUN 1    409                       316     93      663
  SINCE JAN 1    458                       333    125      685
..................................................................


WIND (MPH)
  HIGHEST WIND SPEED    16   HIGHEST WIND DIRECTION    NW (320)
  HIGHEST GUST SPEED    19   HIGHEST GUST DIRECTION    NW (320)
  AVERAGE WIND SPEED     6.7


SKY COVER
  POSSIBLE SUNSHINE  MM
  AVERAGE SKY COVER 0.2


WEATHER CONDITIONS
 THE FOLLOWING WEATHER WAS RECORDED YESTERDAY.
  NO SIGNIFICANT WEATHER WAS OBSERVED.


RELATIVE HUMIDITY (PERCENT)
 HIGHEST    86           500 AM
 LOWEST     25           400 PM
 AVERAGE    56

..........................................................


THE PORTLAND OR CLIMATE NORMALS FOR TODAY
                         NORMAL    RECORD    YEAR
 MAXIMUM TEMPERATURE (F)   80        99      1982
 MINIMUM TEMPERATURE (F)   57        47      1992


SUNRISE AND SUNSET
AUGUST 24 2016........SUNRISE   623 AM PDT   SUNSET   802 PM PDT
AUGUST 25 2016........SUNRISE   624 AM PDT   SUNSET   800 PM PDT


-  INDICATES NEGATIVE NUMBERS.
R  INDICATES RECORD WAS SET OR TIED.
MM INDICATES DATA IS MISSING.
T  INDICATES TRACE AMOUNT.




$$
