000
CDUS46 KPQR 051141
CLIPDX


CLIMATE REPORT
NATIONAL WEATHER SERVICE PORTLAND OREGON
440 AM PDT SAT SEP 5 2015


...................................

...THE PORTLAND OR CLIMATE SUMMARY FOR SEPTEMBER 4 2015...

CLIMATE NORMAL PERIOD 1981 TO 2010
CLIMATE RECORD PERIOD 1940 TO 2015


WEATHER ITEM   OBSERVED TIME   RECORD YEAR NORMAL DEPARTURE LAST
                VALUE   (LST)  VALUE       VALUE  FROM      YEAR
                                                  NORMAL
..................................................................
TEMPERATURE (F)
 YESTERDAY
  MAXIMUM         70    308 PM  98    1955  79     -9       85
  MINIMUM         49    730 AM  43    1956  56     -7       51
  AVERAGE         60                        67     -7       68

PRECIPITATION (IN)
  YESTERDAY        0.00          1.00 1959   0.04  -0.04     0.00
  MONTH TO DATE    0.11                      0.14  -0.03     0.00
  SINCE OCT 1     30.81                     34.70  -3.89    29.97
  SINCE JAN 1     15.83                     20.58  -4.75    24.15

DEGREE DAYS
 HEATING
  YESTERDAY        5                         1      4        0
  MONTH TO DATE   11                         4      7        1
  SINCE SEP 1     11                         4      7        1
  SINCE JUL 1     11                        31    -20        2

 COOLING
  YESTERDAY        0                         3     -3        3
  MONTH TO DATE    3                        12     -9        8
  SINCE SEP 1      3                        12     -9        8
  SINCE JAN 1    732                       375    357      543
..................................................................


WIND (MPH)
  HIGHEST WIND SPEED    16   HIGHEST WIND DIRECTION    NW (300)
  HIGHEST GUST SPEED    20   HIGHEST GUST DIRECTION    NW (300)
  AVERAGE WIND SPEED     7.1


SKY COVER
  POSSIBLE SUNSHINE  MM
  AVERAGE SKY COVER 0.6


WEATHER CONDITIONS
 THE FOLLOWING WEATHER WAS RECORDED YESTERDAY.
  FOG


RELATIVE HUMIDITY (PERCENT)
 HIGHEST   100           200 AM
 LOWEST     39           300 PM
 AVERAGE    70

..........................................................


THE PORTLAND OR CLIMATE NORMALS FOR TODAY
                         NORMAL    RECORD    YEAR
 MAXIMUM TEMPERATURE (F)   79       101      1944
 MINIMUM TEMPERATURE (F)   56        44      1956


SUNRISE AND SUNSET
SEPTEMBER  5 2015.....SUNRISE   636 AM PDT   SUNSET   741 PM PDT
SEPTEMBER  6 2015.....SUNRISE   638 AM PDT   SUNSET   739 PM PDT


-  INDICATES NEGATIVE NUMBERS.
R  INDICATES RECORD WAS SET OR TIED.
MM INDICATES DATA IS MISSING.
T  INDICATES TRACE AMOUNT.




$$
