000
CDUS46 KPQR 281141
CLIPDX


CLIMATE REPORT
NATIONAL WEATHER SERVICE PORTLAND OREGON
441 AM PDT WED JUN 28 2017


...................................

...THE PORTLAND OR CLIMATE SUMMARY FOR JUNE 27 2017...

CLIMATE NORMAL PERIOD 1981 TO 2010
CLIMATE RECORD PERIOD 1940 TO 2017


WEATHER ITEM   OBSERVED TIME   RECORD YEAR NORMAL DEPARTURE LAST
                VALUE   (LST)  VALUE       VALUE  FROM      YEAR
                                                  NORMAL
..................................................................
TEMPERATURE (F)
 YESTERDAY
  MAXIMUM         76    626 PM  98    2000  76      0       87
  MINIMUM         57    502 AM  41    1965  55      2       60
  AVERAGE         67                        66      1       74

PRECIPITATION (IN)
  YESTERDAY        0.00          0.51 2014   0.04  -0.04     0.00
  MONTH TO DATE    1.08                      1.60  -0.52     1.42
  SINCE OCT 1     49.01                     33.14  15.87    44.58
  SINCE JAN 1     29.26                     19.02  10.24    21.16

SNOWFALL (IN)
  YESTERDAY        0.0          MM      MM
  MONTH TO DATE    0.0
  SINCE JUN 1      0.0
  SINCE JUL 1     11.2

DEGREE DAYS
 HEATING
  YESTERDAY        0                         2     -2        0
  MONTH TO DATE   69                        86    -17       67
  SINCE JUN 1     69                        86    -17       67
  SINCE JUL 1   4421                      4273    148     3455

 COOLING
  YESTERDAY        2                         2      0        9
  MONTH TO DATE   76                        38     38       96
  SINCE JUN 1     76                        38     38       96
  SINCE JAN 1    117                        55     62      145
..................................................................


WIND (MPH)
  HIGHEST WIND SPEED    12   HIGHEST WIND DIRECTION     N (360)
  HIGHEST GUST SPEED    17   HIGHEST GUST DIRECTION     N (350)
  AVERAGE WIND SPEED     5.6


SKY COVER
  POSSIBLE SUNSHINE  MM
  AVERAGE SKY COVER 0.7


WEATHER CONDITIONS
 THE FOLLOWING WEATHER WAS RECORDED YESTERDAY.
  NO SIGNIFICANT WEATHER WAS OBSERVED.


RELATIVE HUMIDITY (PERCENT)
 HIGHEST    72          1200 AM
 LOWEST     41           500 PM
 AVERAGE    57

..........................................................


THE PORTLAND OR CLIMATE NORMALS FOR TODAY
                         NORMAL    RECORD    YEAR
 MAXIMUM TEMPERATURE (F)   76       100      2008
 MINIMUM TEMPERATURE (F)   55        42      1964
                                             1954


SUNRISE AND SUNSET
JUNE 28 2017..........SUNRISE   524 AM PDT   SUNSET   904 PM PDT
JUNE 29 2017..........SUNRISE   524 AM PDT   SUNSET   903 PM PDT


-  INDICATES NEGATIVE NUMBERS.
R  INDICATES RECORD WAS SET OR TIED.
MM INDICATES DATA IS MISSING.
T  INDICATES TRACE AMOUNT.




$$
