000
CDUS41 KPBZ 190700
CLIPHD


CLIMATE REPORT
NATIONAL WEATHER SERVICE PITTSBURGH PA
300 AM EDT THU OCT 9  2017


...................................

...THE NEW PHILADELPHIA OH CLIMATE SUMMARY FOR OCTOBER 18 2017...

CLIMATE NORMAL PERIOD 1981 TO 2010
CLIMATE RECORD PERIOD 1948 TO 2017


WEATHER ITEM   OBSERVED TIME   RECORD YEAR NORMAL DEPARTURE LAST
                VALUE   (LST)  VALUE       VALUE  FROM      YEAR
                                                  NORMAL
..................................................................
TEMPERATURE (F)
 YESTERDAY
  MAXIMUM         70    437 PM  83    1968  64      6       82
  MINIMUM         38            25    2015  40     -2       65
                                      1976
  AVERAGE         54                        52      2       74

PRECIPITATION (IN)
  YESTERDAY        0.00          2.22 1975   0.10  -0.10     0.05
  MONTH TO DATE    2.55                      1.60   0.95     0.23
  SINCE JUN 1     13.50                     16.21  -2.71    11.36
  SINCE JAN 1     34.25                     31.81   2.44    26.01

DEGREE DAYS
 HEATING
  YESTERDAY       11                        13     -2        0
  MONTH TO DATE   48                       193   -145      105
  SINCE SEP 1    129                       289   -160      125
  SINCE JUL 1    139                       299   -160      125

 COOLING
  YESTERDAY        0                         0      0        9
  MONTH TO DATE   46                         9     37       22
  SINCE SEP 1    163                        75     88      206
  SINCE JAN 1    831                       697    134     1334
..................................................................


WIND (MPH)
  HIGHEST WIND SPEED    12   HIGHEST WIND DIRECTION     S (190)
  HIGHEST GUST SPEED    17   HIGHEST GUST DIRECTION     S (190)
  AVERAGE WIND SPEED     4.3


SKY COVER
  POSSIBLE SUNSHINE  MM
  AVERAGE SKY COVER 0.0


WEATHER CONDITIONS
 THE FOLLOWING WEATHER WAS RECORDED YESTERDAY.
  FOG


RELATIVE HUMIDITY (PERCENT)
 HIGHEST    89          1100 PM
 LOWEST     33           500 PM
 AVERAGE    61

..........................................................


THE NEW PHILADELPHIA OH CLIMATE NORMALS FOR TODAY
                         NORMAL    RECORD    YEAR
 MAXIMUM TEMPERATURE (F)   63        79      1985
                                             1963
 MINIMUM TEMPERATURE (F)   40        25      2015


SUNRISE AND SUNSET
OCTOBER 19 2017.......SUNRISE   741 AM EDT   SUNSET   639 PM EDT
OCTOBER 20 2017.......SUNRISE   742 AM EDT   SUNSET   638 PM EDT


-  INDICATES NEGATIVE NUMBERS.
R  INDICATES RECORD WAS SET OR TIED.
MM INDICATES DATA IS MISSING.
T  INDICATES TRACE AMOUNT.




$$
