000
CDUS41 KPBZ 120807
CLIPHD


CLIMATE REPORT
NATIONAL WEATHER SERVICE PITTSBURGH PA
307 AM EST TUE DEC 12 2017


...................................

...THE NEW PHILADELPHIA OH CLIMATE SUMMARY FOR DECEMBER 11 2017...

CLIMATE NORMAL PERIOD 1981 TO 2010
CLIMATE RECORD PERIOD 1948 TO 2017


WEATHER ITEM   OBSERVED TIME   RECORD YEAR NORMAL DEPARTURE LAST
                VALUE   (LST)  VALUE       VALUE  FROM      YEAR
                                                  NORMAL
..................................................................
TEMPERATURE (F)
 YESTERDAY
  MAXIMUM         37    426 PM  71    1971  42     -5       35
  MINIMUM         30             1    1977  26      4       23
  AVERAGE         34                        34      0       29

PRECIPITATION (IN)
  YESTERDAY        0.00          0.62 1966   0.09  -0.09     0.33
  MONTH TO DATE    0.25                      1.05  -0.80     0.90
  SINCE JUN 1     19.56                     21.68  -2.12    17.84
  SINCE JAN 1     40.31                     37.28   3.03    32.49

DEGREE DAYS
 HEATING
  YESTERDAY       31                        31      0       36
  MONTH TO DATE  334                       325      9      354
  SINCE DEC 1    334                       325      9      354
  SINCE JUL 1   1336                      1483   -147     1221

 COOLING
  YESTERDAY        0                         0      0        0
  MONTH TO DATE    0                         0      0        0
  SINCE DEC 1      0                         0      0        0
  SINCE JAN 1    831                       697    134     1339
..................................................................


WIND (MPH)
  HIGHEST WIND SPEED    12   HIGHEST WIND DIRECTION     S (180)
  HIGHEST GUST SPEED    15   HIGHEST GUST DIRECTION     W (280)
  AVERAGE WIND SPEED     5.0


SKY COVER
  POSSIBLE SUNSHINE  MM
  AVERAGE SKY COVER 0.8


WEATHER CONDITIONS
 THE FOLLOWING WEATHER WAS RECORDED YESTERDAY.
  NO SIGNIFICANT WEATHER WAS OBSERVED.


RELATIVE HUMIDITY (PERCENT)
 HIGHEST    72          1000 PM
 LOWEST     56          1200 PM
 AVERAGE    64

..........................................................


THE NEW PHILADELPHIA OH CLIMATE NORMALS FOR TODAY
                         NORMAL    RECORD    YEAR
 MAXIMUM TEMPERATURE (F)   42        70      2015
 MINIMUM TEMPERATURE (F)   25       -10      1962


SUNRISE AND SUNSET
DECEMBER 12 2017......SUNRISE   740 AM EST   SUNSET   459 PM EST
DECEMBER 13 2017......SUNRISE   741 AM EST   SUNSET   459 PM EST


-  INDICATES NEGATIVE NUMBERS.
R  INDICATES RECORD WAS SET OR TIED.
MM INDICATES DATA IS MISSING.
T  INDICATES TRACE AMOUNT.




$$
