000
CDUS41 KPBZ 202213
CLIPHD


CLIMATE REPORT
NATIONAL WEATHER SERVICE PITTSBURGH PA
512 PM EST SAT DEC 20 2014


...................................

...THE NEW PHILADELPHIA OH CLIMATE SUMMARY FOR DECEMBER 20 2014...
VALID TODAY AS OF 0500 PM LOCAL TIME.

CLIMATE NORMAL PERIOD 1981 TO 2010
CLIMATE RECORD PERIOD 1946 TO 2014


WEATHER ITEM   OBSERVED TIME   RECORD YEAR NORMAL DEPARTURE LAST
                VALUE   (LST)  VALUE       VALUE  FROM      YEAR
                                                  NORMAL
..................................................................
TEMPERATURE (F)
 TODAY
  MAXIMUM         32    359 PM  59    1976  39     -7       56
  MINIMUM         30   1110 AM  -4    1963  23      7       37
  AVERAGE         31                        31      0       47

PRECIPITATION (IN)
  TODAY            0.00         MM      MM   0.08  -0.08      T
  MONTH TO DATE    1.97                      1.74   0.23     1.40
  SINCE JUN 1     23.88                     22.37   1.51    22.60
  SINCE JAN 1     39.06                     37.97   1.09    32.64

DEGREE DAYS
 HEATING
  TODAY           34                        34      0       18
  MONTH TO DATE  576                       620    -44      663
  SINCE DEC 1    576                       620    -44      663
  SINCE JUL 1   1810                      1778     32     1899

 COOLING
  TODAY            0                         0      0        0
  MONTH TO DATE    0                         0      0        0
  SINCE DEC 1      0                         0      0        0
  SINCE JAN 1    630                       697    -67      755
..................................................................


WIND (MPH)
  HIGHEST WIND SPEED     6   HIGHEST WIND DIRECTION     N (20)
  HIGHEST GUST SPEED     7   HIGHEST GUST DIRECTION    NE (40)
  AVERAGE WIND SPEED     1.2


SKY COVER
  POSSIBLE SUNSHINE  MM
  AVERAGE SKY COVER 1.0


WEATHER CONDITIONS
 THE FOLLOWING WEATHER WAS RECORDED TODAY.
  NO SIGNIFICANT WEATHER WAS OBSERVED.


RELATIVE HUMIDITY (PERCENT)
 HIGHEST    69          1200 AM
 LOWEST     59           100 PM
 AVERAGE    64

..........................................................


THE NEW PHILADELPHIA OH CLIMATE NORMALS FOR TOMORROW
                         NORMAL    RECORD    YEAR
 MAXIMUM TEMPERATURE (F)   39        66      2013
 MINIMUM TEMPERATURE (F)   23        -6      2004


SUNRISE AND SUNSET
DECEMBER 20 2014......SUNRISE   745 AM EST   SUNSET   502 PM EST
DECEMBER 21 2014......SUNRISE   745 AM EST   SUNSET   502 PM EST


-  INDICATES NEGATIVE NUMBERS.
R  INDICATES RECORD WAS SET OR TIED.
MM INDICATES DATA IS MISSING.
T  INDICATES TRACE AMOUNT.




$$
