208
CDUS41 KPBZ 130803
CLIPHD


CLIMATE REPORT
NATIONAL WEATHER SERVICE PITTSBURGH PA
302 AM EST SAT FEB 13 2016


...................................

...THE NEW PHILADELPHIA OH CLIMATE SUMMARY FOR FEBRUARY 12 2016...

CLIMATE NORMAL PERIOD 1981 TO 2010
CLIMATE RECORD PERIOD 1946 TO 2016


WEATHER ITEM   OBSERVED TIME   RECORD YEAR NORMAL DEPARTURE LAST
                VALUE   (LST)  VALUE       VALUE  FROM      YEAR
                                                  NORMAL
..................................................................
TEMPERATURE (F)
 YESTERDAY
  MAXIMUM         22    515 PM  72    1999  40    -18       34
  MINIMUM          5            -8    2014  22    -17        7
  AVERAGE         14                        31    -17       21

PRECIPITATION (IN)
  YESTERDAY        T            MM      MM   0.09  -0.09     0.02
  MONTH TO DATE    0.95                      0.99  -0.04     0.86
  SINCE JUN 1     20.07                     26.89  -6.82    27.39
  SINCE JAN 1      1.99                      3.59  -1.60     2.66

DEGREE DAYS
 HEATING
  YESTERDAY       51                        34     17       44
  MONTH TO DATE  404                       416    -12      446
  SINCE DEC 1   2215                      2530   -315     2541
  SINCE JUL 1   3111                      3688   -577     3775

 COOLING
  YESTERDAY        0                         0      0        0
  MONTH TO DATE    0                         0      0        0
  SINCE DEC 1      0                         0      0        0
  SINCE JAN 1      0                         0      0        0
..................................................................


WIND (MPH)
  HIGHEST WIND SPEED    20   HIGHEST WIND DIRECTION     W (280)
  HIGHEST GUST SPEED    31   HIGHEST GUST DIRECTION     W (270)
  AVERAGE WIND SPEED     6.7


SKY COVER
  POSSIBLE SUNSHINE  MM
  AVERAGE SKY COVER 0.7


WEATHER CONDITIONS
 THE FOLLOWING WEATHER WAS RECORDED YESTERDAY.
  SNOW
  LIGHT SNOW
  FOG
  HAZE


RELATIVE HUMIDITY (PERCENT)
 HIGHEST    91           800 AM
 LOWEST     56          1200 PM
 AVERAGE    74

..........................................................


THE NEW PHILADELPHIA OH CLIMATE NORMALS FOR TODAY
                         NORMAL    RECORD    YEAR
 MAXIMUM TEMPERATURE (F)   40        70      1984
 MINIMUM TEMPERATURE (F)   22        -5      1981


SUNRISE AND SUNSET
FEBRUARY 13 2016......SUNRISE   722 AM EST   SUNSET   558 PM EST
FEBRUARY 14 2016......SUNRISE   721 AM EST   SUNSET   559 PM EST


-  INDICATES NEGATIVE NUMBERS.
R  INDICATES RECORD WAS SET OR TIED.
MM INDICATES DATA IS MISSING.
T  INDICATES TRACE AMOUNT.




$$
