000
CDUS41 KPBZ 292111
CLIPHD


CLIMATE REPORT
NATIONAL WEATHER SERVICE PITTSBURGH PA
510 PM EDT FRI MAY 29 2015


...................................

...THE NEW PHILADELPHIA OH CLIMATE SUMMARY FOR MAY 29 2015...
VALID TODAY AS OF 0500 PM LOCAL TIME.

CLIMATE NORMAL PERIOD 1981 TO 2010
CLIMATE RECORD PERIOD 1946 TO 2015


WEATHER ITEM   OBSERVED TIME   RECORD YEAR NORMAL DEPARTURE LAST
                VALUE   (LST)  VALUE       VALUE  FROM      YEAR
                                                  NORMAL
..................................................................
TEMPERATURE (F)
 TODAY
  MAXIMUM         86    349 PM  90    1977  76     10       80
  MINIMUM         60    532 AM  35    1964  52      8       56
  AVERAGE         73                        64      9       68

PRECIPITATION (IN)
  TODAY            0.00         MM      MM   0.14  -0.14      T
  MONTH TO DATE    2.79                      3.86  -1.07     3.39
  SINCE JUN 1     37.77                     38.59  -0.82    39.82
  SINCE JAN 1     13.04                     15.29  -2.25    15.18

DEGREE DAYS
 HEATING
  TODAY            0                         4     -4        0
  MONTH TO DATE   87                       188   -101      156
  SINCE MAR 1   1279                      1396   -117     1527
  SINCE JUL 1   5897                      5603    294     6160

 COOLING
  TODAY            8                         2      6        3
  MONTH TO DATE  143                        29    114       62
  SINCE MAR 1    146                        36    110       63
  SINCE JAN 1    146                        36    110       63
..................................................................


WIND (MPH)
  HIGHEST WIND SPEED    14   HIGHEST WIND DIRECTION     S (180)
  HIGHEST GUST SPEED    21   HIGHEST GUST DIRECTION     S (180)
  AVERAGE WIND SPEED     3.0


SKY COVER
  POSSIBLE SUNSHINE  MM
  AVERAGE SKY COVER 0.2


WEATHER CONDITIONS
 THE FOLLOWING WEATHER WAS RECORDED TODAY.
  FOG
  HAZE


RELATIVE HUMIDITY (PERCENT)
 HIGHEST    90           100 AM
 LOWEST     48           300 PM
 AVERAGE    69

..........................................................


THE NEW PHILADELPHIA OH CLIMATE NORMALS FOR TOMORROW
                         NORMAL    RECORD    YEAR
 MAXIMUM TEMPERATURE (F)   76        91      1991
 MINIMUM TEMPERATURE (F)   52        33      1961


SUNRISE AND SUNSET
MAY 29 2015...........SUNRISE   559 AM EDT   SUNSET   847 PM EDT
MAY 30 2015...........SUNRISE   559 AM EDT   SUNSET   848 PM EDT


-  INDICATES NEGATIVE NUMBERS.
R  INDICATES RECORD WAS SET OR TIED.
MM INDICATES DATA IS MISSING.
T  INDICATES TRACE AMOUNT.




$$
