000
CDUS41 KPBZ 240803
CLIPHD


CLIMATE REPORT
NATIONAL WEATHER SERVICE PITTSBURGH PA
303 AM EST TUE JAN 24 2017


...................................

...THE NEW PHILADELPHIA OH CLIMATE SUMMARY FOR JANUARY 23 2017...

CLIMATE NORMAL PERIOD 1981 TO 2010
CLIMATE RECORD PERIOD 1946 TO 2017


WEATHER ITEM   OBSERVED TIME   RECORD YEAR NORMAL DEPARTURE LAST
                VALUE   (LST)  VALUE       VALUE  FROM      YEAR
                                                  NORMAL
..................................................................
TEMPERATURE (F)
 YESTERDAY
  MAXIMUM         55    110 AM  69    1999  38     17       31
  MINIMUM         39            -7    1978  21     18       10
  AVERAGE         47                        29     18       21

PRECIPITATION (IN)
  YESTERDAY        0.34         MM      MM   0.07   0.27     0.02
  MONTH TO DATE    3.40                      1.95   1.45     0.99
  SINCE JUN 1     23.98                     25.25  -1.27    19.07
  SINCE JAN 1      3.40                      1.95   1.45     0.99

DEGREE DAYS
 HEATING
  YESTERDAY       18                        36    -18       44
  MONTH TO DATE  679                       828   -149      924
  SINCE DEC 1   1710                      1831   -121     1561
  SINCE JUL 1   2577                      2989   -412     2457

 COOLING
  YESTERDAY        0                         0      0        0
  MONTH TO DATE    0                         0      0        0
  SINCE DEC 1      0                         0      0        0
  SINCE JAN 1      0                         0      0        0
..................................................................


WIND (MPH)
  HIGHEST WIND SPEED    15   HIGHEST WIND DIRECTION     E (100)
  HIGHEST GUST SPEED    22   HIGHEST GUST DIRECTION     E (110)
  AVERAGE WIND SPEED     8.1


SKY COVER
  POSSIBLE SUNSHINE  MM
  AVERAGE SKY COVER 1.0


WEATHER CONDITIONS
 THE FOLLOWING WEATHER WAS RECORDED YESTERDAY.
  LIGHT RAIN
  FOG


RELATIVE HUMIDITY (PERCENT)
 HIGHEST    93           300 PM
 LOWEST     72           100 AM
 AVERAGE    83

..........................................................


THE NEW PHILADELPHIA OH CLIMATE NORMALS FOR TODAY
                         NORMAL    RECORD    YEAR
 MAXIMUM TEMPERATURE (F)   38        65      1967
 MINIMUM TEMPERATURE (F)   21       -17      1963


SUNRISE AND SUNSET
JANUARY 24 2017.......SUNRISE   742 AM EST   SUNSET   534 PM EST
JANUARY 25 2017.......SUNRISE   741 AM EST   SUNSET   536 PM EST


-  INDICATES NEGATIVE NUMBERS.
R  INDICATES RECORD WAS SET OR TIED.
MM INDICATES DATA IS MISSING.
T  INDICATES TRACE AMOUNT.




$$
