000
CDUS41 KPBZ 250700
CLIPHD


CLIMATE REPORT
NATIONAL WEATHER SERVICE PITTSBURGH PA
300 AM EDT THU AUG 25 2016


...................................

...THE NEW PHILADELPHIA OH CLIMATE SUMMARY FOR AUGUST 24 2016...

CLIMATE NORMAL PERIOD 1981 TO 2010
CLIMATE RECORD PERIOD 1946 TO 2016


WEATHER ITEM   OBSERVED TIME   RECORD YEAR NORMAL DEPARTURE LAST
                VALUE   (LST)  VALUE       VALUE  FROM      YEAR
                                                  NORMAL
..................................................................
TEMPERATURE (F)
 YESTERDAY
  MAXIMUM         87    327 PM  96    1968  82      5       79
  MINIMUM         58            43    1971  59     -1       53
  AVERAGE         73                        71      2       66

PRECIPITATION (IN)
  YESTERDAY        0.00         MM      MM   0.12  -0.12      T
  MONTH TO DATE    3.08                      2.66   0.42     0.13
  SINCE JUN 1      6.94                     10.42  -3.48     8.38
  SINCE JAN 1     21.59                     26.02  -4.43    21.60

DEGREE DAYS
 HEATING
  YESTERDAY        0                         0      0        0
  MONTH TO DATE    0                         0      0        1
  SINCE JUN 1      7                        38    -31       24
  SINCE JUL 1      0                         3     -3        1

 COOLING
  YESTERDAY        8                         6      2        1
  MONTH TO DATE  283                       164    119      126
  SINCE JUN 1    950                       541    409      532
  SINCE JAN 1   1029                       584    445      693
..................................................................


WIND (MPH)
  HIGHEST WIND SPEED    14   HIGHEST WIND DIRECTION    SW (220)
  HIGHEST GUST SPEED    19   HIGHEST GUST DIRECTION    SW (220)
  AVERAGE WIND SPEED     4.4


SKY COVER
  POSSIBLE SUNSHINE  MM
  AVERAGE SKY COVER 0.2


WEATHER CONDITIONS
 THE FOLLOWING WEATHER WAS RECORDED YESTERDAY.
  FOG


RELATIVE HUMIDITY (PERCENT)
 HIGHEST    93           500 AM
 LOWEST     47          1200 PM
 AVERAGE    70

..........................................................


THE NEW PHILADELPHIA OH CLIMATE NORMALS FOR TODAY
                         NORMAL    RECORD    YEAR
 MAXIMUM TEMPERATURE (F)   82        96      1968
 MINIMUM TEMPERATURE (F)   59        44      1977


SUNRISE AND SUNSET
AUGUST 25 2016........SUNRISE   647 AM EDT   SUNSET   808 PM EDT
AUGUST 26 2016........SUNRISE   648 AM EDT   SUNSET   806 PM EDT


-  INDICATES NEGATIVE NUMBERS.
R  INDICATES RECORD WAS SET OR TIED.
MM INDICATES DATA IS MISSING.
T  INDICATES TRACE AMOUNT.




$$
