000
CDUS41 KPBZ 290716
CLIPHD


CLIMATE REPORT
NATIONAL WEATHER SERVICE PITTSBURGH PA
315 AM EDT THU SEP 29 2016


...................................

...THE NEW PHILADELPHIA OH CLIMATE SUMMARY FOR SEPTEMBER 28 2016...

CLIMATE NORMAL PERIOD 1981 TO 2010
CLIMATE RECORD PERIOD 1946 TO 2016


WEATHER ITEM   OBSERVED TIME   RECORD YEAR NORMAL DEPARTURE LAST
                VALUE   (LST)  VALUE       VALUE  FROM      YEAR
                                                  NORMAL
..................................................................
TEMPERATURE (F)
 YESTERDAY
  MAXIMUM         75   1158 AM  84    1998  71      4       78
  MINIMUM         47            33    1991  47      0       62
  AVERAGE         61                        59      2       70

PRECIPITATION (IN)
  YESTERDAY        0.05         MM      MM   0.09  -0.04     0.03
  MONTH TO DATE    1.77                      3.09  -1.32     1.44
  SINCE JUN 1      9.63                     14.44  -4.81     9.85
  SINCE JAN 1     24.28                     30.04  -5.76    23.07

DEGREE DAYS
 HEATING
  YESTERDAY        4                         7     -3        0
  MONTH TO DATE   12                        83    -71       28
  SINCE SEP 1     12                        83    -71       28
  SINCE JUL 1     12                        93    -81       41

 COOLING
  YESTERDAY        0                         1     -1        5
  MONTH TO DATE  184                        64    120      142
  SINCE SEP 1    184                        64    120      142
  SINCE JAN 1   1312                       686    626      861
..................................................................


WIND (MPH)
  HIGHEST WIND SPEED    14   HIGHEST WIND DIRECTION    SE (130)
  HIGHEST GUST SPEED    20   HIGHEST GUST DIRECTION    SE (130)
  AVERAGE WIND SPEED     4.7


SKY COVER
  POSSIBLE SUNSHINE  MM
  AVERAGE SKY COVER 0.4


WEATHER CONDITIONS
 THE FOLLOWING WEATHER WAS RECORDED YESTERDAY.
  LIGHT RAIN


RELATIVE HUMIDITY (PERCENT)
 HIGHEST    93           500 AM
 LOWEST     35          1200 PM
 AVERAGE    64

..........................................................


THE NEW PHILADELPHIA OH CLIMATE NORMALS FOR TODAY
                         NORMAL    RECORD    YEAR
 MAXIMUM TEMPERATURE (F)   71        85      1971
 MINIMUM TEMPERATURE (F)   47        31      1961


SUNRISE AND SUNSET
SEPTEMBER 29 2016.....SUNRISE   721 AM EDT   SUNSET   710 PM EDT
SEPTEMBER 30 2016.....SUNRISE   722 AM EDT   SUNSET   709 PM EDT


-  INDICATES NEGATIVE NUMBERS.
R  INDICATES RECORD WAS SET OR TIED.
MM INDICATES DATA IS MISSING.
T  INDICATES TRACE AMOUNT.




$$
