000
CDUS41 KPBZ 262220
CLIPHD


CLIMATE REPORT
NATIONAL WEATHER SERVICE PITTSBURGH PA
520 PM EST THU FEB 26 2015


...................................

...THE NEW PHILADELPHIA OH CLIMATE SUMMARY FOR FEBRUARY 26 2015...
VALID TODAY AS OF 0500 PM LOCAL TIME.

CLIMATE NORMAL PERIOD 1981 TO 2010
CLIMATE RECORD PERIOD 1946 TO 2015


WEATHER ITEM   OBSERVED TIME   RECORD YEAR NORMAL DEPARTURE LAST
                VALUE   (LST)  VALUE       VALUE  FROM      YEAR
                                                  NORMAL
..................................................................
TEMPERATURE (F)
 TODAY
  MAXIMUM         20    323 PM  67    2001  44    -24       24
  MINIMUM         13    857 AM -14    1963  24    -11       14
  AVERAGE         17                        34    -17       19

PRECIPITATION (IN)
  TODAY            T            MM      MM   0.09  -0.09      T
  MONTH TO DATE    1.27                      2.17  -0.90     1.97
  SINCE JUN 1     27.80                     28.07  -0.27    28.43
  SINCE JAN 1      3.07                      4.77  -1.70     3.79

DEGREE DAYS
 HEATING
  TODAY           48                        31     17       46
  MONTH TO DATE 1181                       873    308     1047
  SINCE DEC 1   3276                      2987    289     3296
  SINCE JUL 1   4510                      4145    365     4532

 COOLING
  TODAY            0                         0      0        0
  MONTH TO DATE    0                         0      0        0
  SINCE DEC 1      0                         0      0        0
  SINCE JAN 1      0                         0      0        0
..................................................................


WIND (MPH)
  HIGHEST WIND SPEED    14   HIGHEST WIND DIRECTION    NW (320)
  HIGHEST GUST SPEED    18   HIGHEST GUST DIRECTION    NW (320)
  AVERAGE WIND SPEED     8.1


SKY COVER
  POSSIBLE SUNSHINE  MM
  AVERAGE SKY COVER 0.8


WEATHER CONDITIONS
 THE FOLLOWING WEATHER WAS RECORDED TODAY.
  LIGHT SNOW
  HAZE


RELATIVE HUMIDITY (PERCENT)
 HIGHEST    67           800 AM
 LOWEST     47          1200 AM
 AVERAGE    57

..........................................................


THE NEW PHILADELPHIA OH CLIMATE NORMALS FOR TOMORROW
                         NORMAL    RECORD    YEAR
 MAXIMUM TEMPERATURE (F)   44        62      1976
 MINIMUM TEMPERATURE (F)   24       -14      1963


SUNRISE AND SUNSET
FEBRUARY 26 2015......SUNRISE   704 AM EST   SUNSET   613 PM EST
FEBRUARY 27 2015......SUNRISE   703 AM EST   SUNSET   615 PM EST


-  INDICATES NEGATIVE NUMBERS.
R  INDICATES RECORD WAS SET OR TIED.
MM INDICATES DATA IS MISSING.
T  INDICATES TRACE AMOUNT.




$$
