000
CDUS41 KPBZ 212113
CLIPHD


CLIMATE REPORT
NATIONAL WEATHER SERVICE PITTSBURGH PA
513 PM EDT TUE OCT 21 2014


...................................

...THE NEW PHILADELPHIA OH CLIMATE SUMMARY FOR OCTOBER 21 2014...
VALID TODAY AS OF 0500 PM LOCAL TIME.

CLIMATE NORMAL PERIOD 1981 TO 2010
CLIMATE RECORD PERIOD 1946 TO 2014


WEATHER ITEM   OBSERVED TIME   RECORD YEAR NORMAL DEPARTURE LAST
                VALUE   (LST)  VALUE       VALUE  FROM      YEAR
                                                  NORMAL
..................................................................
TEMPERATURE (F)
 TODAY
  MAXIMUM         53   1224 PM  80    1979  63    -10       66
  MINIMUM         50    359 PM  23    1992  39     11       39
  AVERAGE         52                        51      1       53

PRECIPITATION (IN)
  TODAY            0.07         MM      MM   0.08  -0.01      T
  MONTH TO DATE    1.64                      1.86  -0.22     2.36
  SINCE JUN 1     19.42                     16.47   2.95    17.36
  SINCE JAN 1     34.60                     32.07   2.53    27.40

DEGREE DAYS
 HEATING
  TODAY           13                        14     -1       12
  MONTH TO DATE  175                       235    -60      134
  SINCE SEP 1    275                       331    -56      236
  SINCE JUL 1    307                       341    -34      250

 COOLING
  TODAY            0                         0      0        0
  MONTH TO DATE    9                         9      0       31
  SINCE SEP 1     81                        75      6      110
  SINCE JAN 1    630                       697    -67      755
..................................................................


WIND (MPH)
  HIGHEST WIND SPEED    16   HIGHEST WIND DIRECTION    NW (330)
  HIGHEST GUST SPEED    25   HIGHEST GUST DIRECTION    NW (320)
  AVERAGE WIND SPEED     2.6


SKY COVER
  POSSIBLE SUNSHINE  MM
  AVERAGE SKY COVER 1.0


WEATHER CONDITIONS
 THE FOLLOWING WEATHER WAS RECORDED TODAY.
  LIGHT RAIN
  FOG


RELATIVE HUMIDITY (PERCENT)
 HIGHEST    96           400 AM
 LOWEST     74           400 PM
 AVERAGE    85

..........................................................


THE NEW PHILADELPHIA OH CLIMATE NORMALS FOR TOMORROW
                         NORMAL    RECORD    YEAR
 MAXIMUM TEMPERATURE (F)   62        83      1979
 MINIMUM TEMPERATURE (F)   39        26      1974


SUNRISE AND SUNSET
OCTOBER 21 2014.......SUNRISE   743 AM EDT   SUNSET   637 PM EDT
OCTOBER 22 2014.......SUNRISE   744 AM EDT   SUNSET   635 PM EDT


-  INDICATES NEGATIVE NUMBERS.
R  INDICATES RECORD WAS SET OR TIED.
MM INDICATES DATA IS MISSING.
T  INDICATES TRACE AMOUNT.




$$
