000
CDUS41 KPBZ 240704
CLIPHD


CLIMATE REPORT
NATIONAL WEATHER SERVICE PITTSBURGH PA
304 AM EDT WED MAY 24 2017


...................................

...THE NEW PHILADELPHIA OH CLIMATE SUMMARY FOR MAY 23 2017...

CLIMATE NORMAL PERIOD 1981 TO 2010
CLIMATE RECORD PERIOD 1946 TO 2017


WEATHER ITEM   OBSERVED TIME   RECORD YEAR NORMAL DEPARTURE LAST
                VALUE   (LST)  VALUE       VALUE  FROM      YEAR
                                                  NORMAL
..................................................................
TEMPERATURE (F)
 YESTERDAY
  MAXIMUM         75    521 PM  88    2009  74      1       79
                                      1991
  MINIMUM         49            32    1967  50     -1       47
  AVERAGE         62                        62      0       63

PRECIPITATION (IN)
  YESTERDAY        0.00          1.18 1999   0.16  -0.16     0.00
  MONTH TO DATE    4.08                      2.99   1.09     3.13
  SINCE JUN 1     39.92                     37.72   2.20    32.73
  SINCE JAN 1     19.34                     14.42   4.92    14.65

DEGREE DAYS
 HEATING
  YESTERDAY        3                         5     -2        2
  MONTH TO DATE  161                       163     -2      173
  SINCE MAR 1   1179                      1371   -192     1197
  SINCE JUL 1   4676                      5578   -902     4811

 COOLING
  YESTERDAY        0                         2     -2        0
  MONTH TO DATE   26                        17      9        5
  SINCE MAR 1     51                        24     27        5
  SINCE JAN 1     51                        24     27        5
..................................................................


WIND (MPH)
  HIGHEST WIND SPEED    15   HIGHEST WIND DIRECTION     E (90)
  HIGHEST GUST SPEED    19   HIGHEST GUST DIRECTION     E (100)
  AVERAGE WIND SPEED     4.8


SKY COVER
  POSSIBLE SUNSHINE  MM
  AVERAGE SKY COVER 0.2


WEATHER CONDITIONS
 THE FOLLOWING WEATHER WAS RECORDED YESTERDAY.
  NO SIGNIFICANT WEATHER WAS OBSERVED.


RELATIVE HUMIDITY (PERCENT)
 HIGHEST   100           300 AM
 LOWEST     36           400 PM
 AVERAGE    68

..........................................................


THE NEW PHILADELPHIA OH CLIMATE NORMALS FOR TODAY
                         NORMAL    RECORD    YEAR
 MAXIMUM TEMPERATURE (F)   74        89      1964
 MINIMUM TEMPERATURE (F)   50        27      1963


SUNRISE AND SUNSET
MAY 24 2017...........SUNRISE   602 AM EDT   SUNSET   844 PM EDT
MAY 25 2017...........SUNRISE   601 AM EDT   SUNSET   845 PM EDT


-  INDICATES NEGATIVE NUMBERS.
R  INDICATES RECORD WAS SET OR TIED.
MM INDICATES DATA IS MISSING.
T  INDICATES TRACE AMOUNT.




$$
