000
CDUS41 KPHI 160640
CLIPHL


CLIMATE REPORT
NATIONAL WEATHER SERVICE MOUNT HOLLY NJ
233 AM EDT WED APR 16 2014


...................................

...THE PHILADELPHIA PA CLIMATE SUMMARY FOR APRIL 15 2014...

CLIMATE NORMAL PERIOD 1981 TO 2010
CLIMATE RECORD PERIOD 1872 TO 2014


WEATHER ITEM   OBSERVED TIME   RECORD YEAR NORMAL DEPARTURE LAST
                VALUE   (LST)  VALUE       VALUE  FROM      YEAR
                                                  NORMAL
..................................................................
TEMPERATURE (F)
 YESTERDAY
  MAXIMUM         69    251 PM  88    1941  64      5       61
  MINIMUM         37   1040 PM  27    1943  44     -7       47
  AVERAGE         53                        54     -1       54

PRECIPITATION (IN)
  YESTERDAY        0.76          4.19 2007   0.12   0.64     0.01
  MONTH TO DATE    1.38                      1.87  -0.49     1.47
  SINCE MAR 1      5.61                      5.66  -0.05     3.89
  SINCE JAN 1     14.28                     11.34   2.94     9.35

SNOWFALL (IN)
  YESTERDAY        T             0.3  1892   0.0    0.0      0.0
  MONTH TO DATE    T                         0.4   -0.4      0.0
  SINCE MAR 1      8.5                       3.3    5.2      1.3
  SINCE JUL 1     68.0                      22.3   45.7      8.3
  SNOW DEPTH       0

DEGREE DAYS
 HEATING
  YESTERDAY       12                        12      0       11
  MONTH TO DATE  152                       208    -56      188
  SINCE MAR 1    953                       873     80      918
  SINCE JUL 1   4609                      4355    254     4125

 COOLING
  YESTERDAY        0                         0      0        0
  MONTH TO DATE    9                         0      9       16
  SINCE MAR 1      9                         1      8       16
  SINCE JAN 1      9                         1      8       16
..................................................................


WIND (MPH)
  HIGHEST WIND SPEED    31   HIGHEST WIND DIRECTION    NW (310)
  HIGHEST GUST SPEED    41   HIGHEST GUST DIRECTION    SW (210)
  AVERAGE WIND SPEED    17.7


SKY COVER
  POSSIBLE SUNSHINE  MM
  AVERAGE SKY COVER 1.0


WEATHER CONDITIONS
 THE FOLLOWING WEATHER WAS RECORDED YESTERDAY.
  HEAVY RAIN
  RAIN
  LIGHT RAIN
  SLEET
  FOG


RELATIVE HUMIDITY (PERCENT)
 HIGHEST    87           500 AM
 LOWEST     68          1200 AM
 AVERAGE    78

..........................................................


THE PHILADELPHIA PA CLIMATE NORMALS FOR TODAY
                         NORMAL    RECORD    YEAR
 MAXIMUM TEMPERATURE (F)   64        90      2002
 MINIMUM TEMPERATURE (F)   44        27      1943


SUNRISE AND SUNSET
APRIL 16 2014.........SUNRISE   622 AM EDT   SUNSET   740 PM EDT
APRIL 17 2014.........SUNRISE   620 AM EDT   SUNSET   741 PM EDT


-  INDICATES NEGATIVE NUMBERS.
R  INDICATES RECORD WAS SET OR TIED.
MM INDICATES DATA IS MISSING.
T  INDICATES TRACE AMOUNT.




$$
