000
CDUS41 KPHI 220630
CLIPHL


CLIMATE REPORT
NATIONAL WEATHER SERVICE MOUNT HOLLY NJ
229 AM EDT MON SEP 22 2014


...................................

...THE PHILADELPHIA PA CLIMATE SUMMARY FOR SEPTEMBER 21 2014...

CLIMATE NORMAL PERIOD 1981 TO 2010
CLIMATE RECORD PERIOD 1872 TO 2014


WEATHER ITEM   OBSERVED TIME   RECORD YEAR NORMAL DEPARTURE LAST
                VALUE   (LST)  VALUE       VALUE  FROM      YEAR
                                                  NORMAL
..................................................................
TEMPERATURE (F)
 YESTERDAY
  MAXIMUM         79    421 PM  97    1895  76      3       80
  MINIMUM         65    355 AM  38    1956  58      7       56
  AVERAGE         72                        67      5       68

PRECIPITATION (IN)
  YESTERDAY        T             2.44 1983   0.13  -0.13     1.05
  MONTH TO DATE    0.76                      2.59  -1.83     3.19
  SINCE SEP 1      0.76                      2.59  -1.83     3.19
  SINCE JAN 1     36.57                     30.61   5.96    45.43

SNOWFALL (IN)
  YESTERDAY        0.0           0.0  1870   0.0    0.0      0.0
  MONTH TO DATE    0.0                       0.0    0.0      0.0
  SINCE SEP 1      0.0                       0.0    0.0      0.0
  SINCE JUL 1      0.0                       0.0    0.0      0.0
  SNOW DEPTH       0

DEGREE DAYS
 HEATING
  YESTERDAY        0                         2     -2        0
  MONTH TO DATE    6                        11     -5       20
  SINCE SEP 1      6                        11     -5       20
  SINCE JUL 1      6                        12     -6       20

 COOLING
  YESTERDAY        7                         4      3        3
  MONTH TO DATE  160                       137     23      128
  SINCE SEP 1    160                       137     23      128
  SINCE JAN 1   1258                      1254      4     1344
..................................................................


WIND (MPH)
  HIGHEST WIND SPEED    20   HIGHEST WIND DIRECTION     W (290)
  HIGHEST GUST SPEED    26   HIGHEST GUST DIRECTION    NW (300)
  AVERAGE WIND SPEED     5.9


SKY COVER
  POSSIBLE SUNSHINE  MM
  AVERAGE SKY COVER 0.8


WEATHER CONDITIONS
 THE FOLLOWING WEATHER WAS RECORDED YESTERDAY.
  LIGHT RAIN
  FOG
  HAZE


RELATIVE HUMIDITY (PERCENT)
 HIGHEST    93           400 AM
 LOWEST     62           400 PM
 AVERAGE    78

..........................................................


THE PHILADELPHIA PA CLIMATE NORMALS FOR TODAY
                         NORMAL    RECORD    YEAR
 MAXIMUM TEMPERATURE (F)   76        97      1895
 MINIMUM TEMPERATURE (F)   58        39      1962


SUNRISE AND SUNSET
SEPTEMBER 22 2014.....SUNRISE   649 AM EDT   SUNSET   658 PM EDT
SEPTEMBER 23 2014.....SUNRISE   649 AM EDT   SUNSET   656 PM EDT


-  INDICATES NEGATIVE NUMBERS.
R  INDICATES RECORD WAS SET OR TIED.
MM INDICATES DATA IS MISSING.
T  INDICATES TRACE AMOUNT.




$$
