297
CDUS41 KPHI 270630
CLIPHL


CLIMATE REPORT
NATIONAL WEATHER SERVICE MOUNT HOLLY NJ
229 AM EDT MON MAR 27 2017


...................................

...THE PHILADELPHIA PA CLIMATE SUMMARY FOR MARCH 26 2017...

CLIMATE NORMAL PERIOD 1981 TO 2010
CLIMATE RECORD PERIOD 1872 TO 2017


WEATHER ITEM   OBSERVED TIME   RECORD YEAR NORMAL DEPARTURE LAST
                VALUE   (LST)  VALUE       VALUE  FROM      YEAR
                                                  NORMAL
..................................................................
TEMPERATURE (F)
 YESTERDAY
  MAXIMUM         45    348 PM  80    1921  56    -11       60
  MINIMUM         41   1129 PM  21    1960  37      4       38
  AVERAGE         43                        47     -4       49

PRECIPITATION (IN)
  YESTERDAY        0.00          1.62 1978   0.13  -0.13     0.00
  MONTH TO DATE    2.08                      3.13  -1.05     1.55
  SINCE MAR 1      2.08                      3.13  -1.05     1.55
  SINCE JAN 1      6.29                      8.81  -2.52     8.54

SNOWFALL (IN)
  YESTERDAY        0.0           0.8  2001   0.0    0.0      0.0
  MONTH TO DATE    7.0                       2.7    4.3      1.0
  SINCE MAR 1      7.0                       2.7    4.3      1.0
  SINCE JUL 1     15.0                      21.7   -6.7     27.2
  SNOW DEPTH       0

DEGREE DAYS
 HEATING
  YESTERDAY       22                        18      4       16
  MONTH TO DATE  625                       580     45      380
  SINCE MAR 1    625                       580     45      380
  SINCE JUL 1   3451                      4062   -611     3066

 COOLING
  YESTERDAY        0                         0      0        0
  MONTH TO DATE    0                         0      0        5
  SINCE MAR 1      0                         0      0        5
  SINCE JAN 1      0                         0      0        5
..................................................................


WIND (MPH)
  HIGHEST WIND SPEED    18   HIGHEST WIND DIRECTION     E (80)
  HIGHEST GUST SPEED    24   HIGHEST GUST DIRECTION     E (80)
  AVERAGE WIND SPEED    12.4


SKY COVER
  POSSIBLE SUNSHINE  MM
  AVERAGE SKY COVER 1.0


WEATHER CONDITIONS
 THE FOLLOWING WEATHER WAS RECORDED YESTERDAY.
  FOG


RELATIVE HUMIDITY (PERCENT)
 HIGHEST    93           900 PM
 LOWEST     76           100 AM
 AVERAGE    85

..........................................................


THE PHILADELPHIA PA CLIMATE NORMALS FOR TODAY
                         NORMAL    RECORD    YEAR
 MAXIMUM TEMPERATURE (F)   57        83      1921
 MINIMUM TEMPERATURE (F)   38        21      1894


SUNRISE AND SUNSET
MARCH 27 2017.........SUNRISE   653 AM EDT   SUNSET   720 PM EDT
MARCH 28 2017.........SUNRISE   651 AM EDT   SUNSET   721 PM EDT


-  INDICATES NEGATIVE NUMBERS.
R  INDICATES RECORD WAS SET OR TIED.
MM INDICATES DATA IS MISSING.
T  INDICATES TRACE AMOUNT.




$$
