000
CDUS41 KPHI 260659
CLIPHL


CLIMATE REPORT
NATIONAL WEATHER SERVICE MOUNT HOLLY NJ
238 AM EDT TUE JUL 26 2016


...................................

...THE PHILADELPHIA PA CLIMATE SUMMARY FOR JULY 25 2016...

CLIMATE NORMAL PERIOD 1981 TO 2010
CLIMATE RECORD PERIOD 1872 TO 2016


WEATHER ITEM   OBSERVED TIME   RECORD YEAR NORMAL DEPARTURE LAST
                VALUE   (LST)  VALUE       VALUE  FROM      YEAR
                                                  NORMAL
..................................................................
TEMPERATURE (F)
 YESTERDAY
  MAXIMUM         97R   458 PM  96    1999  87     10       90
  MINIMUM         74    719 PM  56    1953  70      4       68
  AVERAGE         86                        78      8       79

PRECIPITATION (IN)
  YESTERDAY        1.68R         1.35 1902   0.14   1.54     0.00
  MONTH TO DATE    2.89                      3.49  -0.60     2.18
  SINCE JUN 1      4.76                      6.92  -2.16    11.06
  SINCE JAN 1     22.16                     23.66  -1.50    28.23

SNOWFALL (IN)
  YESTERDAY        0.0           0.0  1870   0.0    0.0      0.0
  MONTH TO DATE    0.0                       0.0    0.0      0.0
  SINCE JUN 1      0.0                       0.0    0.0      0.0
  SINCE JUL 1      0.0                       0.0    0.0      0.0
  SNOW DEPTH       0

DEGREE DAYS
 HEATING
  YESTERDAY        0                         0      0        0
  MONTH TO DATE    0                         0      0        0
  SINCE JUN 1      0                        11    -11       12
  SINCE JUL 1      0                         0      0        0

 COOLING
  YESTERDAY       21                        13      8       14
  MONTH TO DATE  402                       322     80      346
  SINCE JUN 1    684                       580    104      660
  SINCE JAN 1    798                       671    127      859
..................................................................


WIND (MPH)
  HIGHEST WIND SPEED    33   HIGHEST WIND DIRECTION     N (10)
  HIGHEST GUST SPEED    41   HIGHEST GUST DIRECTION     N (340)
  AVERAGE WIND SPEED     9.1


SKY COVER
  POSSIBLE SUNSHINE  MM
  AVERAGE SKY COVER 0.8


WEATHER CONDITIONS
 THE FOLLOWING WEATHER WAS RECORDED YESTERDAY.
  THUNDERSTORM
  HEAVY RAIN
  RAIN
  LIGHT RAIN
  FOG


RELATIVE HUMIDITY (PERCENT)
 HIGHEST    94           700 AM
 LOWEST     48           500 PM
 AVERAGE    71

..........................................................


THE PHILADELPHIA PA CLIMATE NORMALS FOR TODAY
                         NORMAL    RECORD    YEAR
 MAXIMUM TEMPERATURE (F)   87       101      1892
 MINIMUM TEMPERATURE (F)   70        56      1920


SUNRISE AND SUNSET
JULY 26 2016..........SUNRISE   555 AM EDT   SUNSET   820 PM EDT
JULY 27 2016..........SUNRISE   556 AM EDT   SUNSET   819 PM EDT


-  INDICATES NEGATIVE NUMBERS.
R  INDICATES RECORD WAS SET OR TIED.
MM INDICATES DATA IS MISSING.
T  INDICATES TRACE AMOUNT.




$$
