000
CDUS41 KPHI 012130
CLIPHL


CLIMATE REPORT
NATIONAL WEATHER SERVICE MOUNT HOLLY NJ
530 PM EDT FRI AUG 1 2014


...................................

...THE PHILADELPHIA PA CLIMATE SUMMARY FOR AUGUST 1 2014...
VALID TODAY AS OF 0500 PM LOCAL TIME.

CLIMATE NORMAL PERIOD 1981 TO 2010
CLIMATE RECORD PERIOD 1872 TO 2014


WEATHER ITEM   OBSERVED TIME   RECORD YEAR NORMAL DEPARTURE LAST
                VALUE   (LST)  VALUE       VALUE  FROM      YEAR
                                                  NORMAL
..................................................................
TEMPERATURE (F)
 TODAY
  MAXIMUM         83   1242 PM  99    2002  87     -4       74
  MINIMUM         70    335 PM  56    1964  69      1       68
                                      1895
  AVERAGE         77                        78     -1       71

PRECIPITATION (IN)
  TODAY            0.18          2.01 1971   0.13   0.05     1.33
  MONTH TO DATE    0.18                      0.13   0.05     1.33
  SINCE JUN 1      9.94                      7.91   2.03    25.13
  SINCE JAN 1     32.44                     24.65   7.79    37.66

SNOWFALL (IN)
  TODAY            0.0           0.0  1870   0.0    0.0      0.0
  MONTH TO DATE    0.0                       0.0    0.0      0.0
  SINCE JUN 1      0.0                       0.0    0.0      0.0
  SINCE JUL 1      0.0                       0.0    0.0      0.0
  SNOW DEPTH       0

DEGREE DAYS
 HEATING
  TODAY            0                         0      0        0
  MONTH TO DATE    0                         0      0        0
  SINCE JUN 1      0                        11    -11        0
  SINCE JUL 1      0                         0      0        0

 COOLING
  TODAY           12                        13     -1        6
  MONTH TO DATE   12                        13     -1        6
  SINCE JUN 1    716                       679     37      792
  SINCE JAN 1    799                       770     29      916
..................................................................


WIND (MPH)
  HIGHEST WIND SPEED    17   HIGHEST WIND DIRECTION     S (170)
  HIGHEST GUST SPEED    24   HIGHEST GUST DIRECTION     S (160)
  AVERAGE WIND SPEED     6.0


SKY COVER
  POSSIBLE SUNSHINE  MM
  AVERAGE SKY COVER 0.9


WEATHER CONDITIONS
 THE FOLLOWING WEATHER WAS RECORDED TODAY.
  HEAVY RAIN
  RAIN
  LIGHT RAIN
  FOG


RELATIVE HUMIDITY (PERCENT)
 HIGHEST    90           300 PM
 LOWEST     62           100 PM
 AVERAGE    76

..........................................................


THE PHILADELPHIA PA CLIMATE NORMALS FOR TOMORROW
                         NORMAL    RECORD    YEAR
 MAXIMUM TEMPERATURE (F)   87        99      1975
                                             1955
 MINIMUM TEMPERATURE (F)   69        58      1947
                                             1876
                                             1875


SUNRISE AND SUNSET
AUGUST  1 2014........SUNRISE   600 AM EDT   SUNSET   814 PM EDT
AUGUST  2 2014........SUNRISE   601 AM EDT   SUNSET   813 PM EDT


-  INDICATES NEGATIVE NUMBERS.
R  INDICATES RECORD WAS SET OR TIED.
MM INDICATES DATA IS MISSING.
T  INDICATES TRACE AMOUNT.




$$
