000
CDUS41 KPHI 230631
CLIPHL


CLIMATE REPORT
NATIONAL WEATHER SERVICE MOUNT HOLLY NJ
230 AM EDT SAT MAY 23 2015


...................................

...THE PHILADELPHIA PA CLIMATE SUMMARY FOR MAY 22 2015...

CLIMATE NORMAL PERIOD 1981 TO 2010
CLIMATE RECORD PERIOD 1872 TO 2015


WEATHER ITEM   OBSERVED TIME   RECORD YEAR NORMAL DEPARTURE LAST
                VALUE   (LST)  VALUE       VALUE  FROM      YEAR
                                                  NORMAL
..................................................................
TEMPERATURE (F)
 YESTERDAY
  MAXIMUM         77    456 PM  96    1941  76      1       79
  MINIMUM         53    600 AM  43    1895  56     -3       62
  AVERAGE         65                        66     -1       71

PRECIPITATION (IN)
  YESTERDAY        0.00          1.67 1947   0.13  -0.13     0.08
  MONTH TO DATE    0.59                      2.59  -2.00     1.95
  SINCE MAR 1      9.69                      9.94  -0.25    12.87
  SINCE JAN 1     16.57                     15.62   0.95    21.54

SNOWFALL (IN)
  YESTERDAY        0.0           0.0  1870   0.0    0.0      0.0
  MONTH TO DATE    0.0                       0.0    0.0      0.0
  SINCE MAR 1     12.0                       3.4    8.6      8.5
  SINCE JUL 1     27.0                      22.4    4.6     68.0
  SNOW DEPTH       0

DEGREE DAYS
 HEATING
  YESTERDAY        0                         2     -2        0
  MONTH TO DATE   28                        95    -67       46
  SINCE MAR 1   1107                      1103      4     1186
  SINCE JUL 1   4760                      4585    175     4842

 COOLING
  YESTERDAY        0                         3     -3        6
  MONTH TO DATE  101                        40     61       41
  SINCE MAR 1    104                        53     51       50
  SINCE JAN 1    104                        53     51       50
..................................................................


WIND (MPH)
  HIGHEST WIND SPEED    28   HIGHEST WIND DIRECTION     W (270)
  HIGHEST GUST SPEED    36   HIGHEST GUST DIRECTION     W (250)
  AVERAGE WIND SPEED    13.7


SKY COVER
  POSSIBLE SUNSHINE  MM
  AVERAGE SKY COVER 0.3


WEATHER CONDITIONS
 THE FOLLOWING WEATHER WAS RECORDED YESTERDAY.
  NO SIGNIFICANT WEATHER WAS OBSERVED.


RELATIVE HUMIDITY (PERCENT)
 HIGHEST    77          1200 AM
 LOWEST     18          1100 PM
 AVERAGE    48

..........................................................


THE PHILADELPHIA PA CLIMATE NORMALS FOR TODAY
                         NORMAL    RECORD    YEAR
 MAXIMUM TEMPERATURE (F)   76        96      1925
 MINIMUM TEMPERATURE (F)   56        41      1961


SUNRISE AND SUNSET
MAY 23 2015...........SUNRISE   540 AM EDT   SUNSET   816 PM EDT
MAY 24 2015...........SUNRISE   539 AM EDT   SUNSET   817 PM EDT


-  INDICATES NEGATIVE NUMBERS.
R  INDICATES RECORD WAS SET OR TIED.
MM INDICATES DATA IS MISSING.
T  INDICATES TRACE AMOUNT.




$$
