000
CDUS41 KPHI 210546
CLIPHL


CLIMATE REPORT
NATIONAL WEATHER SERVICE MOUNT HOLLY NJ
144 AM EDT THU SEP 21 2017


...................................

...THE PHILADELPHIA PA CLIMATE SUMMARY FOR SEPTEMBER 20 2017...

CLIMATE NORMAL PERIOD 1981 TO 2010
CLIMATE RECORD PERIOD 1872 TO 2017


WEATHER ITEM   OBSERVED TIME   RECORD YEAR NORMAL DEPARTURE LAST
                VALUE   (LST)  VALUE       VALUE  FROM      YEAR
                                                  NORMAL
..................................................................
TEMPERATURE (F)
 YESTERDAY
  MAXIMUM         86    451 PM  90    1983  77      9       82
                                      1895
  MINIMUM         70    547 AM  45    1979  59     11       69
                                      1956
  AVERAGE         78                        68     10       76

PRECIPITATION (IN)
  YESTERDAY        0.00          3.04 1938   0.13  -0.13     0.00
  MONTH TO DATE    3.86                      2.46   1.40     1.76
  SINCE SEP 1      3.86                      2.46   1.40     1.76
  SINCE JAN 1     35.07                     30.48   4.59    26.61

SNOWFALL (IN)
  YESTERDAY        0.0           0.0    MM   0.0    0.0      0.0
  MONTH TO DATE    0.0                       0.0    0.0      0.0
  SINCE SEP 1      0.0                       0.0    0.0      0.0
  SINCE JUL 1      0.0                       0.0    0.0      0.0
  SNOW DEPTH       0

DEGREE DAYS
 HEATING
  YESTERDAY        0                         1     -1        0
  MONTH TO DATE    7                         9     -2        0
  SINCE SEP 1      7                         9     -2        0
  SINCE JUL 1      7                        10     -3        0

 COOLING
  YESTERDAY       13                         4      9       11
  MONTH TO DATE  115                       133    -18      235
  SINCE SEP 1    115                       133    -18      235
  SINCE JAN 1   1305                      1250     55     1647
..................................................................


WIND (MPH)
  HIGHEST WIND SPEED    21   HIGHEST WIND DIRECTION     N (350)
  HIGHEST GUST SPEED    31   HIGHEST GUST DIRECTION     N (350)
  AVERAGE WIND SPEED    10.4


SKY COVER
  POSSIBLE SUNSHINE  MM
  AVERAGE SKY COVER 0.5


WEATHER CONDITIONS
 THE FOLLOWING WEATHER WAS RECORDED YESTERDAY.
  NO SIGNIFICANT WEATHER WAS OBSERVED.


RELATIVE HUMIDITY (PERCENT)
 HIGHEST    79          1200 AM
 LOWEST     42           400 PM
 AVERAGE    61

..........................................................


THE PHILADELPHIA PA CLIMATE NORMALS FOR TODAY
                         NORMAL    RECORD    YEAR
 MAXIMUM TEMPERATURE (F)   76        97      1895
 MINIMUM TEMPERATURE (F)   58        38      1956


SUNRISE AND SUNSET
SEPTEMBER 21 2017.....SUNRISE   648 AM EDT   SUNSET   659 PM EDT
SEPTEMBER 22 2017.....SUNRISE   649 AM EDT   SUNSET   658 PM EDT


-  INDICATES NEGATIVE NUMBERS.
R  INDICATES RECORD WAS SET OR TIED.
MM INDICATES DATA IS MISSING.
T  INDICATES TRACE AMOUNT.




$$
