921
CDUS41 KPHI 230549
CLIPHL


CLIMATE REPORT
NATIONAL WEATHER SERVICE MOUNT HOLLY NJ
148 AM EDT SUN JUL 23 2017


...................................

...THE PHILADELPHIA PA CLIMATE SUMMARY FOR JULY 22 2017...

CLIMATE NORMAL PERIOD 1981 TO 2010
CLIMATE RECORD PERIOD 1872 TO 2017


WEATHER ITEM   OBSERVED TIME   RECORD YEAR NORMAL DEPARTURE LAST
                VALUE   (LST)  VALUE       VALUE  FROM      YEAR
                                                  NORMAL
..................................................................
TEMPERATURE (F)
 YESTERDAY
  MAXIMUM         93    327 PM 103    2011  87      6       94
  MINIMUM         79    550 AM  56    1944  70      9       73
  AVERAGE         86                        78      8       84

PRECIPITATION (IN)
  YESTERDAY        0.00          2.98 1946   0.14  -0.14     0.00
  MONTH TO DATE    2.17                      3.07  -0.90     1.21
  SINCE JUN 1      4.03                      6.50  -2.47     3.08
  SINCE JAN 1     21.98                     23.24  -1.26    20.48

SNOWFALL (IN)
  YESTERDAY        0.0           0.0  1870   0.0    0.0      0.0
  MONTH TO DATE    0.0                       0.0    0.0      0.0
  SINCE JUN 1      0.0                       0.0    0.0      0.0
  SINCE JUL 1      0.0                       0.0    0.0      0.0
  SNOW DEPTH       0

DEGREE DAYS
 HEATING
  YESTERDAY        0                         0      0        0
  MONTH TO DATE    0                         0      0        0
  SINCE JUN 1      8                        11     -3        0
  SINCE JUL 1      0                         0      0        0

 COOLING
  YESTERDAY       21                        13      8       19
  MONTH TO DATE  351                       283     68      339
  SINCE JUN 1    655                       541    114      621
  SINCE JAN 1    766                       632    134      735
..................................................................


WIND (MPH)
  HIGHEST WIND SPEED    21   HIGHEST WIND DIRECTION    NW (310)
  HIGHEST GUST SPEED    30   HIGHEST GUST DIRECTION    NW (330)
  AVERAGE WIND SPEED     7.1


SKY COVER
  POSSIBLE SUNSHINE  MM
  AVERAGE SKY COVER 0.8


WEATHER CONDITIONS
 THE FOLLOWING WEATHER WAS RECORDED YESTERDAY.
  THUNDERSTORM


RELATIVE HUMIDITY (PERCENT)
 HIGHEST    85           300 AM
 LOWEST     38           100 PM
 AVERAGE    62

..........................................................


THE PHILADELPHIA PA CLIMATE NORMALS FOR TODAY
                         NORMAL    RECORD    YEAR
 MAXIMUM TEMPERATURE (F)   87       101      2011
 MINIMUM TEMPERATURE (F)   70        58      1950


SUNRISE AND SUNSET
JULY 23 2017..........SUNRISE   552 AM EDT   SUNSET   823 PM EDT
JULY 24 2017..........SUNRISE   553 AM EDT   SUNSET   822 PM EDT


-  INDICATES NEGATIVE NUMBERS.
R  INDICATES RECORD WAS SET OR TIED.
MM INDICATES DATA IS MISSING.
T  INDICATES TRACE AMOUNT.




$$
