000
CDUS41 KPHI 260630
CLIPHL


CLIMATE REPORT
NATIONAL WEATHER SERVICE MOUNT HOLLY NJ
129 AM EST FRI DEC 26 2014


...................................

...THE PHILADELPHIA PA CLIMATE SUMMARY FOR DECEMBER 25 2014...

CLIMATE NORMAL PERIOD 1981 TO 2010
CLIMATE RECORD PERIOD 1872 TO 2014


WEATHER ITEM   OBSERVED TIME   RECORD YEAR NORMAL DEPARTURE LAST
                VALUE   (LST)  VALUE       VALUE  FROM      YEAR
                                                  NORMAL
..................................................................
TEMPERATURE (F)
 YESTERDAY
  MAXIMUM         65    208 AM  68    1964  42     23       32
  MINIMUM         39   1159 PM   1    1983  28     11       21
                                      1980
  AVERAGE         52                        35     17       27

PRECIPITATION (IN)
  YESTERDAY        0.03          1.11 1945   0.11  -0.08     0.00
  MONTH TO DATE    3.25                      2.97   0.28     4.01
  SINCE DEC 1      3.25                      2.97   0.28     4.01
  SINCE JAN 1     47.35                     40.94   6.41    54.69

SNOWFALL (IN)
  YESTERDAY        0.0           5.5  1909   0.2   -0.2      0.0
  MONTH TO DATE    0.1                       2.4   -2.3     11.2
  SINCE DEC 1      0.1                       2.4   -2.3     11.2
  SINCE JUL 1      0.1                       2.7   -2.6     11.2
  SNOW DEPTH       0

DEGREE DAYS
 HEATING
  YESTERDAY       13                        30    -17       38
  MONTH TO DATE  584                       670    -86      641
  SINCE DEC 1    584                       670    -86      641
  SINCE JUL 1   1362                      1486   -124     1447

 COOLING
  YESTERDAY        0                         0      0        0
  MONTH TO DATE    0                         0      0        0
  SINCE DEC 1      0                         0      0        0
  SINCE JAN 1   1311                      1301     10     1411
..................................................................


WIND (MPH)
  HIGHEST WIND SPEED    31   HIGHEST WIND DIRECTION     W (280)
  HIGHEST GUST SPEED    40   HIGHEST GUST DIRECTION     W (270)
  AVERAGE WIND SPEED    15.3


SKY COVER
  POSSIBLE SUNSHINE  MM
  AVERAGE SKY COVER 0.6


WEATHER CONDITIONS
 THE FOLLOWING WEATHER WAS RECORDED YESTERDAY.
  LIGHT RAIN
  FOG


RELATIVE HUMIDITY (PERCENT)
 HIGHEST    93          1200 AM
 LOWEST     41           100 PM
 AVERAGE    67

..........................................................


THE PHILADELPHIA PA CLIMATE NORMALS FOR TODAY
                         NORMAL    RECORD    YEAR
 MAXIMUM TEMPERATURE (F)   42        68      1964
                                             1889
 MINIMUM TEMPERATURE (F)   28         3      1983


SUNRISE AND SUNSET
DECEMBER 26 2014......SUNRISE   721 AM EST   SUNSET   442 PM EST
DECEMBER 27 2014......SUNRISE   721 AM EST   SUNSET   443 PM EST


-  INDICATES NEGATIVE NUMBERS.
R  INDICATES RECORD WAS SET OR TIED.
MM INDICATES DATA IS MISSING.
T  INDICATES TRACE AMOUNT.




$$
