000
CDUS41 KPHI 300628
CLIPHL


CLIMATE REPORT
NATIONAL WEATHER SERVICE MOUNT HOLLY NJ
228 AM EDT SAT APR 30 2016


...................................

...THE PHILADELPHIA PA CLIMATE SUMMARY FOR APRIL 29 2016...

CLIMATE NORMAL PERIOD 1981 TO 2010
CLIMATE RECORD PERIOD 1872 TO 2016


WEATHER ITEM   OBSERVED TIME   RECORD YEAR NORMAL DEPARTURE LAST
                VALUE   (LST)  VALUE       VALUE  FROM      YEAR
                                                  NORMAL
..................................................................
TEMPERATURE (F)
 YESTERDAY
  MAXIMUM         53    150 PM  90    1974  69    -16       77
                                      1888
  MINIMUM         45    233 AM  29    1874  49     -4       51
  AVERAGE         49                        59    -10       64

PRECIPITATION (IN)
  YESTERDAY        T             0.85 1874   0.12  -0.12     0.00
  MONTH TO DATE    1.75                      3.46  -1.71     3.58
  SINCE MAR 1      3.76                      7.25  -3.49     9.10
  SINCE JAN 1     10.75                     12.93  -2.18    15.98

SNOWFALL (IN)
  YESTERDAY        0.0           0.0  1870   0.0    0.0      0.0
  MONTH TO DATE    0.3                       0.5   -0.2      0.0
  SINCE MAR 1      1.3                       3.4   -2.1     12.0
  SINCE JUL 1     27.5                      22.4    5.1     27.0
  SNOW DEPTH       0

DEGREE DAYS
 HEATING
  YESTERDAY       16                         7      9        1
  MONTH TO DATE  315                       336    -21      282
  SINCE MAR 1    747                      1001   -254     1075
  SINCE JUL 1   3433                      4483  -1050     4728

 COOLING
  YESTERDAY        0                         1     -1        0
  MONTH TO DATE   18                        11      7        3
  SINCE MAR 1     23                        12     11        3
  SINCE JAN 1     23                        12     11        3
..................................................................


WIND (MPH)
  HIGHEST WIND SPEED    16   HIGHEST WIND DIRECTION     E (80)
  HIGHEST GUST SPEED    20   HIGHEST GUST DIRECTION     E (80)
  AVERAGE WIND SPEED     9.2


SKY COVER
  POSSIBLE SUNSHINE  MM
  AVERAGE SKY COVER 1.0


WEATHER CONDITIONS
 THE FOLLOWING WEATHER WAS RECORDED YESTERDAY.
  LIGHT RAIN
  FOG


RELATIVE HUMIDITY (PERCENT)
 HIGHEST    89          1200 AM
 LOWEST     59           100 PM
 AVERAGE    74

..........................................................


THE PHILADELPHIA PA CLIMATE NORMALS FOR TODAY
                         NORMAL    RECORD    YEAR
 MAXIMUM TEMPERATURE (F)   69        91      1888
 MINIMUM TEMPERATURE (F)   49        34      1874


SUNRISE AND SUNSET
APRIL 30 2016.........SUNRISE   602 AM EDT   SUNSET   755 PM EDT
MAY  1 2016...........SUNRISE   601 AM EDT   SUNSET   756 PM EDT


-  INDICATES NEGATIVE NUMBERS.
R  INDICATES RECORD WAS SET OR TIED.
MM INDICATES DATA IS MISSING.
T  INDICATES TRACE AMOUNT.




$$
