825
CDUS41 KPHI 200548
CLIPHL


CLIMATE REPORT
NATIONAL WEATHER SERVICE MOUNT HOLLY NJ
1245 AM EST SAT JAN 20 2018


...................................

...THE PHILADELPHIA PA CLIMATE SUMMARY FOR JANUARY 19 2018...

CLIMATE NORMAL PERIOD 1981 TO 2010
CLIMATE RECORD PERIOD 1872 TO 2018


WEATHER ITEM   OBSERVED TIME   RECORD YEAR NORMAL DEPARTURE LAST
                VALUE   (LST)  VALUE       VALUE  FROM      YEAR
                                                  NORMAL
..................................................................
TEMPERATURE (F)
 YESTERDAY
  MAXIMUM         46    350 PM  65    1951  40      6       49
  MINIMUM         23    554 AM  -5    1994  25     -2       37
  AVERAGE         35                        33      2       43

PRECIPITATION (IN)
  YESTERDAY        0.00          1.40 1936   0.09  -0.09     0.00
  MONTH TO DATE    1.85                      1.85   0.00     1.75
  SINCE DEC 1      3.16                      5.41  -2.25     4.47
  SINCE JAN 1      1.85                      1.85   0.00     1.75

SNOWFALL (IN)
  YESTERDAY        0.0           7.4  1961   0.2   -0.2      0.0
  MONTH TO DATE    4.3                       3.5    0.8      4.9
  SINCE DEC 1     12.9                       6.9    6.0      5.2
  SINCE JUL 1     12.9                       7.2    5.7      5.2
  SNOW DEPTH       0

DEGREE DAYS
 HEATING
  YESTERDAY       30                        32     -2       22
  MONTH TO DATE  701                       606     95      529
  SINCE DEC 1   1592                      1460    132     1333
  SINCE JUL 1   2227                      2276    -49     1964

 COOLING
  YESTERDAY        0                         0      0        0
  MONTH TO DATE    0                         0      0        0
  SINCE DEC 1      0                         0      0        0
  SINCE JAN 1      0                         0      0        0
..................................................................


WIND (MPH)
  HIGHEST WIND SPEED    20   HIGHEST WIND DIRECTION     W (260)
  HIGHEST GUST SPEED    25   HIGHEST GUST DIRECTION     W (260)
  AVERAGE WIND SPEED     9.1


SKY COVER
  POSSIBLE SUNSHINE  MM
  AVERAGE SKY COVER 0.4


WEATHER CONDITIONS
 THE FOLLOWING WEATHER WAS RECORDED YESTERDAY.
  NO SIGNIFICANT WEATHER WAS OBSERVED.


RELATIVE HUMIDITY (PERCENT)
 HIGHEST    75           800 AM
 LOWEST     31           200 PM
 AVERAGE    53

..........................................................


THE PHILADELPHIA PA CLIMATE NORMALS FOR TODAY
                         NORMAL    RECORD    YEAR
 MAXIMUM TEMPERATURE (F)   40        65      1951
 MINIMUM TEMPERATURE (F)   25        -3      1984


SUNRISE AND SUNSET
JANUARY 20 2018.......SUNRISE   718 AM EST   SUNSET   506 PM EST
JANUARY 21 2018.......SUNRISE   718 AM EST   SUNSET   507 PM EST


-  INDICATES NEGATIVE NUMBERS.
R  INDICATES RECORD WAS SET OR TIED.
MM INDICATES DATA IS MISSING.
T  INDICATES TRACE AMOUNT.




$$
