363
CDUS43 KUNR 280833
CLIPHP


CLIMATE REPORT
NATIONAL WEATHER SERVICE RAPID CITY SD
232 AM MDT WED JUN 28 2017


...................................

...THE PHILIP SD CLIMATE SUMMARY FOR JUNE 27 2017...

CLIMATE NORMAL PERIOD 1981 TO 2010
CLIMATE RECORD PERIOD 9999 TO 9999


WEATHER ITEM   OBSERVED TIME   NORMAL DEPARTURE LAST
                VALUE   (LST)  VALUE  FROM      YEAR
                                      NORMAL
......................................................
TEMPERATURE (F)
 YESTERDAY
  MAXIMUM         96    316 PM  85     11       88
  MINIMUM         57    201 AM  56      1       56
  AVERAGE         77            70      7       72

PRECIPITATION (IN)
  YESTERDAY        0.58          0.10   0.48     0.00
  MONTH TO DATE    2.06          2.67  -0.61     0.50
  SINCE JUN 1      2.06          2.67  -0.61     0.50
  SINCE JAN 1      6.90          9.59  -2.69     7.22

DEGREE DAYS
 HEATING
  YESTERDAY        0             1     -1        0
  MONTH TO DATE   22            61    -39        7
  SINCE JUN 1     22            61    -39        7
  SINCE JUL 1   6674          7195   -521     6323

 COOLING
  YESTERDAY       12             6      6        7
  MONTH TO DATE  141           103     38      207
  SINCE JUN 1    141           103     38      207
  SINCE JAN 1    154           130     24      221
......................................................


WIND (MPH)
  HIGHEST WIND SPEED    44   HIGHEST WIND DIRECTION    SW (240)
  HIGHEST GUST SPEED    58   HIGHEST GUST DIRECTION    SW (240)
  AVERAGE WIND SPEED    16.3


SKY COVER
  AVERAGE SKY COVER 0.2


WEATHER CONDITIONS
 THE FOLLOWING WEATHER WAS RECORDED YESTERDAY.
  THUNDERSTORM
  HEAVY RAIN
  LIGHT RAIN


RELATIVE HUMIDITY (PERCENT)
 HIGHEST    73          1100 PM
 LOWEST     28           100 PM
 AVERAGE    51

..........................................................




SUNRISE AND SUNSET
JUNE 28 2017..........SUNRISE   506 AM MDT   SUNSET   833 PM MDT
JUNE 29 2017..........SUNRISE   506 AM MDT   SUNSET   833 PM MDT


-  INDICATES NEGATIVE NUMBERS.
R  INDICATES RECORD WAS SET OR TIED.
MM INDICATES DATA IS MISSING.
T  INDICATES TRACE AMOUNT.




$$
