897
CDUS43 KUNR 080832
CLIPHP


CLIMATE REPORT
NATIONAL WEATHER SERVICE RAPID CITY SD
131 AM MST MON FEB 8 2016


...................................

...THE PHILIP SD CLIMATE SUMMARY FOR FEBRUARY 7 2016...

CLIMATE NORMAL PERIOD 1981 TO 2010
CLIMATE RECORD PERIOD 9999 TO 9999


WEATHER ITEM   OBSERVED TIME   NORMAL DEPARTURE LAST
                VALUE   (LST)  VALUE  FROM      YEAR
                                      NORMAL
......................................................
TEMPERATURE (F)
 YESTERDAY
  MAXIMUM         41    243 PM  37      4       74
  MINIMUM         31   1159 PM  11     20       36
  AVERAGE         36            24     12       55

PRECIPITATION (IN)
  YESTERDAY        0.00          0.01  -0.01     0.00
  MONTH TO DATE    0.05          0.08  -0.03     0.03
  SINCE DEC 1      1.25          0.81   0.44     0.35
  SINCE JAN 1      0.26          0.38  -0.12     0.05

DEGREE DAYS
 HEATING
  YESTERDAY       29            41    -12       10
  MONTH TO DATE  256           289    -33      255
  SINCE DEC 1   2865          2919    -54     2646
  SINCE JUL 1   4205          4554   -349     4301

 COOLING
  YESTERDAY        0             0      0        0
  MONTH TO DATE    0             0      0        0
  SINCE DEC 1      0             0      0        0
  SINCE JAN 1      0             0      0        0
......................................................


WIND (MPH)
  HIGHEST WIND SPEED    56   HIGHEST WIND DIRECTION    NW (320)
  HIGHEST GUST SPEED    70   HIGHEST GUST DIRECTION    NW (330)
  AVERAGE WIND SPEED    30.1


SKY COVER
  AVERAGE SKY COVER 0.1


WEATHER CONDITIONS
 THE FOLLOWING WEATHER WAS RECORDED YESTERDAY.
  NO SIGNIFICANT WEATHER WAS OBSERVED.


RELATIVE HUMIDITY (PERCENT)
 HIGHEST    69           300 AM
 LOWEST     37          1000 AM
 AVERAGE    53

..........................................................




SUNRISE AND SUNSET
FEBRUARY  8 2016......SUNRISE   656 AM MST   SUNSET   506 PM MST
FEBRUARY  9 2016......SUNRISE   655 AM MST   SUNSET   507 PM MST


-  INDICATES NEGATIVE NUMBERS.
R  INDICATES RECORD WAS SET OR TIED.
MM INDICATES DATA IS MISSING.
T  INDICATES TRACE AMOUNT.




$$
