000
CDUS43 KUNR 290832
CLIPHP


CLIMATE REPORT
NATIONAL WEATHER SERVICE RAPID CITY SD
231 AM MDT SAT APR 29 2017


...................................

...THE PHILIP SD CLIMATE SUMMARY FOR APRIL 28 2017...

CLIMATE NORMAL PERIOD 1981 TO 2010
CLIMATE RECORD PERIOD 9999 TO 9999


WEATHER ITEM   OBSERVED TIME   NORMAL DEPARTURE LAST
                VALUE   (LST)  VALUE  FROM      YEAR
                                      NORMAL
......................................................
TEMPERATURE (F)
 YESTERDAY
  MAXIMUM         52    418 PM  65    -13       45
  MINIMUM         30   1159 PM  37     -7       34
  AVERAGE         41            51    -10       40

PRECIPITATION (IN)
  YESTERDAY        0.00          0.09  -0.09      T
  MONTH TO DATE    1.76          1.65   0.11     3.96
  SINCE MAR 1      2.56          2.92  -0.36     4.67
  SINCE JAN 1      3.63          3.70  -0.07     5.35

DEGREE DAYS
 HEATING
  YESTERDAY       24            14     10       25
  MONTH TO DATE  474           535    -61      469
  SINCE MAR 1   1287          1473   -186     1200
  SINCE JUL 1   6347          6838   -491     6012

 COOLING
  YESTERDAY        0             0      0        0
  MONTH TO DATE    0             0      0        1
  SINCE MAR 1      0             0      0        1
  SINCE JAN 1      0             0      0        1
......................................................


WIND (MPH)
  HIGHEST WIND SPEED    21   HIGHEST WIND DIRECTION    NE (60)
  HIGHEST GUST SPEED    28   HIGHEST GUST DIRECTION    NE (60)
  AVERAGE WIND SPEED    10.3


SKY COVER
  AVERAGE SKY COVER 0.3


WEATHER CONDITIONS
 THE FOLLOWING WEATHER WAS RECORDED YESTERDAY.
  NO SIGNIFICANT WEATHER WAS OBSERVED.


RELATIVE HUMIDITY (PERCENT)
 HIGHEST    92          1200 AM
 LOWEST     32           500 PM
 AVERAGE    62

..........................................................




SUNRISE AND SUNSET
APRIL 29 2017.........SUNRISE   540 AM MDT   SUNSET   748 PM MDT
APRIL 30 2017.........SUNRISE   539 AM MDT   SUNSET   749 PM MDT


-  INDICATES NEGATIVE NUMBERS.
R  INDICATES RECORD WAS SET OR TIED.
MM INDICATES DATA IS MISSING.
T  INDICATES TRACE AMOUNT.




$$
