000
CDUS43 KUNR 300830
CLIPHP


CLIMATE REPORT
NATIONAL WEATHER SERVICE RAPID CITY SD
230 AM MDT SUN AUG 30 2015


...................................

...THE PHILIP SD CLIMATE SUMMARY FOR AUGUST 29 2015...

CLIMATE NORMAL PERIOD 1981 TO 2010
CLIMATE RECORD PERIOD 9999 TO 9999


WEATHER ITEM   OBSERVED TIME   NORMAL DEPARTURE LAST
                VALUE   (LST)  VALUE  FROM      YEAR
                                      NORMAL
......................................................
TEMPERATURE (F)
 YESTERDAY
  MAXIMUM         95    251 PM  85     10       80
  MINIMUM         58    502 AM  54      4       55
  AVERAGE         77            70      7       68

PRECIPITATION (IN)
  YESTERDAY        0.00          0.05  -0.05      T
  MONTH TO DATE    2.89          1.40   1.49     4.19
  SINCE JUN 1      9.34          6.36   2.98     8.30
  SINCE JAN 1     16.32         13.28   3.04    13.12

DEGREE DAYS
 HEATING
  YESTERDAY        0             1     -1        0
  MONTH TO DATE   32             9     23        3
  SINCE JUN 1     44            80    -36       97
  SINCE JUL 1     32            17     15       19

 COOLING
  YESTERDAY       12             6      6        3
  MONTH TO DATE  202           267    -65      228
  SINCE JUN 1    593           695   -102      534
  SINCE JAN 1    599           722   -123      574
......................................................


WIND (MPH)
  HIGHEST WIND SPEED    14   HIGHEST WIND DIRECTION    SW (210)
  HIGHEST GUST SPEED    18   HIGHEST GUST DIRECTION    SW (220)
  AVERAGE WIND SPEED     5.1


SKY COVER
  AVERAGE SKY COVER 0.0


WEATHER CONDITIONS
 THE FOLLOWING WEATHER WAS RECORDED YESTERDAY.
  FOG


RELATIVE HUMIDITY (PERCENT)
 HIGHEST   100           500 AM
 LOWEST     28           100 PM
 AVERAGE    64

..........................................................




SUNRISE AND SUNSET
AUGUST 30 2015........SUNRISE   607 AM MDT   SUNSET   726 PM MDT
AUGUST 31 2015........SUNRISE   608 AM MDT   SUNSET   724 PM MDT


-  INDICATES NEGATIVE NUMBERS.
R  INDICATES RECORD WAS SET OR TIED.
MM INDICATES DATA IS MISSING.
T  INDICATES TRACE AMOUNT.




$$
