000
CDUS43 KUNR 300833
CLIPHP


CLIMATE REPORT
NATIONAL WEATHER SERVICE RAPID CITY SD
233 AM MDT WED JUL 30 2014


...................................

...THE PHILIP SD CLIMATE SUMMARY FOR JULY 29 2014...

CLIMATE NORMAL PERIOD 1981 TO 2010
CLIMATE RECORD PERIOD 9999 TO 9999


WEATHER ITEM   OBSERVED TIME   NORMAL DEPARTURE LAST
                VALUE   (LST)  VALUE  FROM      YEAR
                                      NORMAL
......................................................
TEMPERATURE (F)
 YESTERDAY
  MAXIMUM         84    400 PM  91     -7       89
  MINIMUM         50    457 AM  61    -11       62
  AVERAGE         67            76     -9       76

PRECIPITATION (IN)
  YESTERDAY        0.00          0.05  -0.05     0.00
  MONTH TO DATE    0.11          1.92  -1.81     1.12
  SINCE JUN 1      4.11          4.85  -0.74     3.02
  SINCE JAN 1      8.93         11.77  -2.84     8.58

DEGREE DAYS
 HEATING
  YESTERDAY        0             0      0        0
  MONTH TO DATE   16             3     13        3
  SINCE JUN 1     94            66     28       67
  SINCE JUL 1     16             3     13        3

 COOLING
  YESTERDAY        2            11     -9       11
  MONTH TO DATE  236           282    -46      315
  SINCE JUN 1    292           405   -113      442
  SINCE JAN 1    332           432   -100      463
......................................................


WIND (MPH)
  HIGHEST WIND SPEED    13   HIGHEST WIND DIRECTION     E (70)
  HIGHEST GUST SPEED    15   HIGHEST GUST DIRECTION    NE (60)
  AVERAGE WIND SPEED     3.6


SKY COVER
  AVERAGE SKY COVER 0.0


WEATHER CONDITIONS
 THE FOLLOWING WEATHER WAS RECORDED YESTERDAY.
  NO SIGNIFICANT WEATHER WAS OBSERVED.


RELATIVE HUMIDITY (PERCENT)
 HIGHEST    89           400 AM
 LOWEST     29           400 PM
 AVERAGE    59

..........................................................




SUNRISE AND SUNSET
JULY 30 2014..........SUNRISE   532 AM MDT   SUNSET   813 PM MDT
JULY 31 2014..........SUNRISE   533 AM MDT   SUNSET   812 PM MDT


-  INDICATES NEGATIVE NUMBERS.
R  INDICATES RECORD WAS SET OR TIED.
MM INDICATES DATA IS MISSING.
T  INDICATES TRACE AMOUNT.




$$
