000
CDUS43 KUNR 170836
CLIPHP


CLIMATE REPORT
NATIONAL WEATHER SERVICE RAPID CITY SD
235 AM MDT TUE OCT 17 2017


...................................

...THE PHILIP SD CLIMATE SUMMARY FOR OCTOBER 16 2017...

CLIMATE NORMAL PERIOD 1981 TO 2010
CLIMATE RECORD PERIOD 9999 TO 9999


WEATHER ITEM   OBSERVED TIME   NORMAL DEPARTURE LAST
                VALUE   (LST)  VALUE  FROM      YEAR
                                      NORMAL
......................................................
TEMPERATURE (F)
 YESTERDAY
  MAXIMUM         78    235 PM  63     15       89
  MINIMUM         27    559 AM  34     -7       40
  AVERAGE         53            48      5       65

PRECIPITATION (IN)
  YESTERDAY        0.00          0.06  -0.06     0.00
  MONTH TO DATE    1.38          0.81   0.57     0.15
  SINCE SEP 1      2.41          2.30   0.11     0.38
  SINCE JAN 1     10.27         15.68  -5.41    12.39

DEGREE DAYS
 HEATING
  YESTERDAY       12            17     -5        0
  MONTH TO DATE  243           215     28      189
  SINCE SEP 1    393           376     17      281
  SINCE JUL 1    399           401     -2      300

 COOLING
  YESTERDAY        0             0      0        0
  MONTH TO DATE    0             0      0       12
  SINCE SEP 1    109            79     30       74
  SINCE JAN 1    905           814     91      904
......................................................


WIND (MPH)
  HIGHEST WIND SPEED    17   HIGHEST WIND DIRECTION     W (250)
  HIGHEST GUST SPEED    21   HIGHEST GUST DIRECTION     W (250)
  AVERAGE WIND SPEED     6.2


SKY COVER
  AVERAGE SKY COVER 0.0


WEATHER CONDITIONS
 THE FOLLOWING WEATHER WAS RECORDED YESTERDAY.
  NO SIGNIFICANT WEATHER WAS OBSERVED.


RELATIVE HUMIDITY (PERCENT)
 HIGHEST   100           300 AM
 LOWEST     16           300 PM
 AVERAGE    58

..........................................................




SUNRISE AND SUNSET
OCTOBER 17 2017.......SUNRISE   704 AM MDT   SUNSET   559 PM MDT
OCTOBER 18 2017.......SUNRISE   705 AM MDT   SUNSET   557 PM MDT


-  INDICATES NEGATIVE NUMBERS.
R  INDICATES RECORD WAS SET OR TIED.
MM INDICATES DATA IS MISSING.
T  INDICATES TRACE AMOUNT.




$$
