000
CDUS43 KUNR 130832
CLIPHP


CLIMATE REPORT
NATIONAL WEATHER SERVICE RAPID CITY SD
131 AM MST WED DEC 13 2017


...................................

...THE PHILIP SD CLIMATE SUMMARY FOR DECEMBER 12 2017...

CLIMATE NORMAL PERIOD 1981 TO 2010
CLIMATE RECORD PERIOD 9999 TO 9999


WEATHER ITEM   OBSERVED TIME   NORMAL DEPARTURE LAST
                VALUE   (LST)  VALUE  FROM      YEAR
                                      NORMAL
......................................................
TEMPERATURE (F)
 YESTERDAY
  MAXIMUM         62    253 PM  36     26       13
  MINIMUM         20    551 AM  11      9       -9
  AVERAGE         41            23     18        2

PRECIPITATION (IN)
  YESTERDAY        0.00          0.01  -0.01      T
  MONTH TO DATE    0.04          0.18  -0.14     0.08
  SINCE DEC 1      0.04          0.18  -0.14     0.08
  SINCE JAN 1     10.63         17.10  -6.47    12.93

DEGREE DAYS
 HEATING
  YESTERDAY       24            42    -18       63
  MONTH TO DATE  365           481   -116      612
  SINCE DEC 1    365           481   -116      612
  SINCE JUL 1   1814          2116   -302     1750

 COOLING
  YESTERDAY        0             0      0        0
  MONTH TO DATE    0             0      0        0
  SINCE DEC 1      0             0      0        0
  SINCE JAN 1    911           818     93      908
......................................................


WIND (MPH)
  HIGHEST WIND SPEED    35   HIGHEST WIND DIRECTION    NW (300)
  HIGHEST GUST SPEED    50   HIGHEST GUST DIRECTION    NW (310)
  AVERAGE WIND SPEED    12.8


SKY COVER
  AVERAGE SKY COVER 0.0


WEATHER CONDITIONS
 THE FOLLOWING WEATHER WAS RECORDED YESTERDAY.
  NO SIGNIFICANT WEATHER WAS OBSERVED.


RELATIVE HUMIDITY (PERCENT)
 HIGHEST   100           300 AM
 LOWEST     20           200 PM
 AVERAGE    60

..........................................................




SUNRISE AND SUNSET
DECEMBER 13 2017......SUNRISE   713 AM MST   SUNSET   408 PM MST
DECEMBER 14 2017......SUNRISE   714 AM MST   SUNSET   409 PM MST


-  INDICATES NEGATIVE NUMBERS.
R  INDICATES RECORD WAS SET OR TIED.
MM INDICATES DATA IS MISSING.
T  INDICATES TRACE AMOUNT.




$$
