972
CDUS43 KUNR 190835
CLIPHP


CLIMATE REPORT
NATIONAL WEATHER SERVICE RAPID CITY SD
134 AM MST MON FEB 19 2018


...................................

...THE PHILIP SD CLIMATE SUMMARY FOR FEBRUARY 18 2018...

CLIMATE NORMAL PERIOD 1981 TO 2010
CLIMATE RECORD PERIOD 9999 TO 9999


WEATHER ITEM   OBSERVED TIME   NORMAL DEPARTURE LAST
                VALUE   (LST)  VALUE  FROM      YEAR
                                      NORMAL
......................................................
TEMPERATURE (F)
 YESTERDAY
  MAXIMUM         33    207 AM  39     -6       66
  MINIMUM          8   1159 PM  13     -5       24
  AVERAGE         21            26     -5       45

PRECIPITATION (IN)
  YESTERDAY        0.01          0.01   0.00     0.00
  MONTH TO DATE    0.60          0.22   0.38     0.13
  SINCE DEC 1      1.29          0.95   0.34     1.36
  SINCE JAN 1      0.90          0.52   0.38     0.94

DEGREE DAYS
 HEATING
  YESTERDAY       44            39      5       20
  MONTH TO DATE  936           727    209      653
  SINCE DEC 1   3547          3357    190     3649
  SINCE JUL 1   4996          4992      4     4787

 COOLING
  YESTERDAY        0             0      0        0
  MONTH TO DATE    0             0      0        0
  SINCE DEC 1      0             0      0        0
  SINCE JAN 1      0             0      0        0
......................................................


WIND (MPH)
  HIGHEST WIND SPEED    28   HIGHEST WIND DIRECTION     N (360)
  HIGHEST GUST SPEED    33   HIGHEST GUST DIRECTION     N (350)
  AVERAGE WIND SPEED    16.7


SKY COVER
  AVERAGE SKY COVER 0.7


WEATHER CONDITIONS
 THE FOLLOWING WEATHER WAS RECORDED YESTERDAY.
  LIGHT SNOW
  FOG


RELATIVE HUMIDITY (PERCENT)
 HIGHEST    96           600 AM
 LOWEST     69           200 AM
 AVERAGE    83

..........................................................




SUNRISE AND SUNSET
FEBRUARY 19 2018......SUNRISE   639 AM MST   SUNSET   522 PM MST
FEBRUARY 20 2018......SUNRISE   638 AM MST   SUNSET   523 PM MST


-  INDICATES NEGATIVE NUMBERS.
R  INDICATES RECORD WAS SET OR TIED.
MM INDICATES DATA IS MISSING.
T  INDICATES TRACE AMOUNT.




$$
