000
CDUS45 KPSR 240822
CLIPHX

CLIMATE REPORT
NATIONAL WEATHER SERVICE PHOENIX AZ
117 AM MST SUN SEP 24 2017


...................................

...THE PHOENIX AZ CLIMATE SUMMARY FOR SEPTEMBER 23 2017...

CLIMATE NORMAL PERIOD 1981 TO 2010
CLIMATE RECORD PERIOD 1895 TO 2017


WEATHER ITEM   OBSERVED TIME   RECORD YEAR NORMAL DEPARTURE LAST
                VALUE   (LST)  VALUE       VALUE  FROM      YEAR
                                                  NORMAL
..................................................................
TEMPERATURE (F)
 YESTERDAY
  MAXIMUM         86    231 PM 108    2011  98    -12       88
                                      2002
                                      2001
  MINIMUM         66    634 AM  54    1968  75     -9       71
                                      1965
  AVERAGE         76                        86    -10       80

PRECIPITATION (IN)
  YESTERDAY        0.00          0.72 1976   0.02  -0.02     0.00
  MONTH TO DATE    T                         0.51  -0.51     0.30
  SINCE OCT 1      6.56                      7.90  -1.34     5.51
  SINCE JAN 1      4.73                      5.79  -1.06     4.34

SNOWFALL (IN)
  YESTERDAY        0.0
  MONTH TO DATE    0.0
  SINCE JAN 1      0.0
  SINCE JUL 1      0.0
  SNOW DEPTH       0

DEGREE DAYS
 HEATING
  YESTERDAY        0                         0      0        0
  MONTH TO DATE    0                         0      0        0
  SINCE SEP 1      0                         0      0        0
  SINCE JUL 1      0                         0      0        0

 COOLING
  YESTERDAY       11                        21    -10       15
  MONTH TO DATE  593                       566     27      538
  SINCE SEP 1    593                       566     27      538
  SINCE JAN 1   4410                      4035    375     4290
..................................................................


WIND (MPH)
  HIGHEST WIND SPEED    18   HIGHEST WIND DIRECTION     W (270)
  HIGHEST GUST SPEED    26   HIGHEST GUST DIRECTION     W (280)
  AVERAGE WIND SPEED     5.8


SKY COVER
  AVERAGE SKY COVER 0.2


WEATHER CONDITIONS
 THE FOLLOWING WEATHER WAS RECORDED YESTERDAY.
  NO SIGNIFICANT WEATHER WAS OBSERVED.


RELATIVE HUMIDITY (PERCENT)
 HIGHEST    29           600 AM
 LOWEST     12          1200 AM
 AVERAGE    21

..........................................................


THE PHOENIX AZ CLIMATE NORMALS FOR TODAY
                         NORMAL    RECORD    YEAR
 MAXIMUM TEMPERATURE (F)   97       108      2002
 MINIMUM TEMPERATURE (F)   74        55      1968
                                             1941
                                             1923


SUNRISE AND SUNSET
SEPTEMBER 24 2017.....SUNRISE   618 AM MST   SUNSET   622 PM MST
SEPTEMBER 25 2017.....SUNRISE   618 AM MST   SUNSET   620 PM MST


-  INDICATES NEGATIVE NUMBERS.
R  INDICATES RECORD WAS SET OR TIED.
MM INDICATES DATA IS MISSING.
T  INDICATES TRACE AMOUNT.

&&
.....................................................................

DEW POINT
  HIGHEST DEW POINT    34
   LOWEST DEW POINT    22
  AVERAGE DEW POINT    28
.....................................................................

$$
