000
CDUS45 KPSR 170819
CLIPHX

CLIMATE REPORT
NATIONAL WEATHER SERVICE PHOENIX AZ
119 AM MST THU APR 17 2014


...................................

...THE PHOENIX AZ CLIMATE SUMMARY FOR APRIL 16 2014...

CLIMATE NORMAL PERIOD 1981 TO 2010
CLIMATE RECORD PERIOD 1895 TO 2014


WEATHER ITEM   OBSERVED TIME   RECORD YEAR NORMAL DEPARTURE LAST
                VALUE   (LST)  VALUE       VALUE  FROM      YEAR
                                                  NORMAL
..................................................................
TEMPERATURE (F)
 YESTERDAY
  MAXIMUM         93    422 PM 101    1984  85      8       83
  MINIMUM         60    616 AM  40    1924  60      0       65
  AVERAGE         77                        73      4       74

PRECIPITATION (IN)
  YESTERDAY        0.00          0.67 1958   0.01  -0.01     0.00
  MONTH TO DATE    0.00                      0.21  -0.21     0.06
  SINCE OCT 1      3.81                      5.14  -1.33     3.53
  SINCE JAN 1      0.99                      3.03  -2.04     2.61

SNOWFALL (IN)
  YESTERDAY        0.0
  MONTH TO DATE    0.0
  SINCE JAN 1      0.0
  SINCE JUL 1      0.0
  SNOW DEPTH       0

DEGREE DAYS
 HEATING
  YESTERDAY        0                         1     -1        0
  MONTH TO DATE    5                        16    -11        0
  SINCE MAR 1     12                        97    -85       34
  SINCE JUL 1    546                       930   -384      881

 COOLING
  YESTERDAY       12                         8      4        9
  MONTH TO DATE  140                       105     35      140
  SINCE MAR 1    277                       192     85      320
  SINCE JAN 1    339                       209    130      328
..................................................................


WIND (MPH)
  HIGHEST WIND SPEED    17   HIGHEST WIND DIRECTION     W (280)
  HIGHEST GUST SPEED    22   HIGHEST GUST DIRECTION     W (270)
  AVERAGE WIND SPEED     7.0


SKY COVER
  AVERAGE SKY COVER 0.2


WEATHER CONDITIONS
 THE FOLLOWING WEATHER WAS RECORDED YESTERDAY.
  NO SIGNIFICANT WEATHER WAS OBSERVED.


RELATIVE HUMIDITY (PERCENT)
 HIGHEST    21           500 AM
 LOWEST      5           100 PM
 AVERAGE    13

..........................................................


THE PHOENIX AZ CLIMATE NORMALS FOR TODAY
                         NORMAL    RECORD    YEAR
 MAXIMUM TEMPERATURE (F)   86       100      1987
                                             1946
                                             1936
 MINIMUM TEMPERATURE (F)   61        38      1924
                                             1922


SUNRISE AND SUNSET
APRIL 17 2014.........SUNRISE   555 AM MST   SUNSET   700 PM MST
APRIL 18 2014.........SUNRISE   554 AM MST   SUNSET   701 PM MST


-  INDICATES NEGATIVE NUMBERS.
R  INDICATES RECORD WAS SET OR TIED.
MM INDICATES DATA IS MISSING.
T  INDICATES TRACE AMOUNT.

&&
.....................................................................

DEW POINT
  HIGHEST DEW POINT    23
   LOWEST DEW POINT    10
  AVERAGE DEW POINT    18
.....................................................................

$$
