000
CDUS45 KPSR 280819
CLIPHX

CLIMATE REPORT
NATIONAL WEATHER SERVICE PHOENIX AZ
117 AM MST FRI JUL 28 2017


...................................

...THE PHOENIX AZ CLIMATE SUMMARY FOR JULY 27 2017...

CLIMATE NORMAL PERIOD 1981 TO 2010
CLIMATE RECORD PERIOD 1895 TO 2017


WEATHER ITEM   OBSERVED TIME   RECORD YEAR NORMAL DEPARTURE LAST
                VALUE   (LST)  VALUE       VALUE  FROM      YEAR
                                                  NORMAL
..................................................................
TEMPERATURE (F)
 YESTERDAY
  MAXIMUM        110    242 PM 118    1995 105      5      112
  MINIMUM         89    615 AM  65    1913  84      5       91
  AVERAGE        100                        95      5      102

PRECIPITATION (IN)
  YESTERDAY        0.00          1.23 1936   0.04  -0.04     0.00
  MONTH TO DATE    0.87                      0.88  -0.01     0.36
  SINCE OCT 1      5.11                      6.22  -1.11     3.41
  SINCE JAN 1      3.28                      4.11  -0.83     2.24

SNOWFALL (IN)
  YESTERDAY        0.0
  MONTH TO DATE    0.0
  SINCE JAN 1      0.0
  SINCE JUL 1      0.0
  SNOW DEPTH       0

DEGREE DAYS
 HEATING
  YESTERDAY        0                         0      0        0
  MONTH TO DATE    0                         0      0        0
  SINCE JUN 1      0                         0      0        0
  SINCE JUL 1      0                         0      0        0

 COOLING
  YESTERDAY       35                        30      5       37
  MONTH TO DATE  825                       807     18      886
  SINCE JUN 1   1724                      1581    143     1786
  SINCE JAN 1   2798                      2467    331     2793
..................................................................


WIND (MPH)
  HIGHEST WIND SPEED    24   HIGHEST WIND DIRECTION     E (80)
  HIGHEST GUST SPEED    32   HIGHEST GUST DIRECTION     S (160)
  AVERAGE WIND SPEED     8.3


SKY COVER
  AVERAGE SKY COVER 0.6


WEATHER CONDITIONS
 THE FOLLOWING WEATHER WAS RECORDED YESTERDAY.
  NO SIGNIFICANT WEATHER WAS OBSERVED.


RELATIVE HUMIDITY (PERCENT)
 HIGHEST    37           500 AM
 LOWEST     17           500 PM
 AVERAGE    27

..........................................................


THE PHOENIX AZ CLIMATE NORMALS FOR TODAY
                         NORMAL    RECORD    YEAR
 MAXIMUM TEMPERATURE (F)  105       121      1995
 MINIMUM TEMPERATURE (F)   84        66      1913


SUNRISE AND SUNSET
JULY 28 2017..........SUNRISE   538 AM MST   SUNSET   731 PM MST
JULY 29 2017..........SUNRISE   539 AM MST   SUNSET   730 PM MST


-  INDICATES NEGATIVE NUMBERS.
R  INDICATES RECORD WAS SET OR TIED.
MM INDICATES DATA IS MISSING.
T  INDICATES TRACE AMOUNT.

&&
.....................................................................

DEW POINT
  HIGHEST DEW POINT    62
   LOWEST DEW POINT    54
  AVERAGE DEW POINT    58
.....................................................................

$$
