008
CDUS45 KPSR 180823
CLIPHX

CLIMATE REPORT
NATIONAL WEATHER SERVICE PHOENIX AZ
122 AM MST THU JAN 18 2018


...................................

...THE PHOENIX AZ CLIMATE SUMMARY FOR JANUARY 17 2018...

CLIMATE NORMAL PERIOD 1981 TO 2010
CLIMATE RECORD PERIOD 1895 TO 2018


WEATHER ITEM   OBSERVED TIME   RECORD YEAR NORMAL DEPARTURE LAST
                VALUE   (LST)  VALUE       VALUE  FROM      YEAR
                                                  NORMAL
..................................................................
TEMPERATURE (F)
 YESTERDAY
  MAXIMUM         72    501 PM  83    1976  67      5       63
  MINIMUM         52    759 AM  26    1964  46      6       45
  AVERAGE         62                        56      6       54

PRECIPITATION (IN)
  YESTERDAY        0.00          1.07 1933   0.03  -0.03     0.00
  MONTH TO DATE    0.21                      0.52  -0.31     0.23
  SINCE OCT 1      0.44                      2.63  -2.19     2.06
  SINCE JAN 1      0.21                      0.52  -0.31     0.23

SNOWFALL (IN)
  YESTERDAY        0.0
  MONTH TO DATE    0.0
  SINCE JAN 1      0.0
  SINCE JUL 1      0.0
  SNOW DEPTH       0

DEGREE DAYS
 HEATING
  YESTERDAY        3                         9     -6       11
  MONTH TO DATE   45                       159   -114      131
  SINCE DEC 1    238                       457   -219      342
  SINCE JUL 1    239                       560   -321      400

 COOLING
  YESTERDAY        0                         0      0        0
  MONTH TO DATE    5                         0      5        0
  SINCE DEC 1     24                         1     23        1
  SINCE JAN 1      5                         0      5        0
..................................................................


WIND (MPH)
  HIGHEST WIND SPEED    21   HIGHEST WIND DIRECTION     E (100)
  HIGHEST GUST SPEED    24   HIGHEST GUST DIRECTION     E (90)
  AVERAGE WIND SPEED     7.3


SKY COVER
  AVERAGE SKY COVER 0.3


WEATHER CONDITIONS
 THE FOLLOWING WEATHER WAS RECORDED YESTERDAY.
  NO SIGNIFICANT WEATHER WAS OBSERVED.


RELATIVE HUMIDITY (PERCENT)
 HIGHEST    43          1100 PM
 LOWEST     17           300 PM
 AVERAGE    30

..........................................................


THE PHOENIX AZ CLIMATE NORMALS FOR TODAY
                         NORMAL    RECORD    YEAR
 MAXIMUM TEMPERATURE (F)   68        80      1986
                                             1971
                                             1923
 MINIMUM TEMPERATURE (F)   46        27      1915


SUNRISE AND SUNSET
JANUARY 18 2018.......SUNRISE   731 AM MST   SUNSET   546 PM MST
JANUARY 19 2018.......SUNRISE   731 AM MST   SUNSET   547 PM MST


-  INDICATES NEGATIVE NUMBERS.
R  INDICATES RECORD WAS SET OR TIED.
MM INDICATES DATA IS MISSING.
T  INDICATES TRACE AMOUNT.

&&
.....................................................................

DEW POINT
  HIGHEST DEW POINT    34
   LOWEST DEW POINT    22
  AVERAGE DEW POINT    26
.....................................................................

$$
