804
CDUS45 KPSR 120909
CLIPHX

CLIMATE REPORT
NATIONAL WEATHER SERVICE PHOENIX AZ
159 AM MST FRI FEB 12 2016


...................................

...THE PHOENIX AZ CLIMATE SUMMARY FOR FEBRUARY 11 2016...

CLIMATE NORMAL PERIOD 1981 TO 2010
CLIMATE RECORD PERIOD 1895 TO 2016


WEATHER ITEM   OBSERVED TIME   RECORD YEAR NORMAL DEPARTURE LAST
                VALUE   (LST)  VALUE       VALUE  FROM      YEAR
                                                  NORMAL
..................................................................
TEMPERATURE (F)
 YESTERDAY
  MAXIMUM         85R   502 PM  83    1951  70     15       81
  MINIMUM         55    729 AM  26    1933  48      7       54
  AVERAGE         70                        59     11       68

PRECIPITATION (IN)
  YESTERDAY        0.00          0.77 2005   0.03  -0.03     0.00
  MONTH TO DATE    0.00                      0.32  -0.32     0.00
  SINCE OCT 1      2.48                      3.34  -0.86     1.85
  SINCE JAN 1      1.31                      1.23   0.08     0.81

SNOWFALL (IN)
  YESTERDAY        0.0
  MONTH TO DATE    0.0
  SINCE JAN 1      0.0
  SINCE JUL 1      0.0
  SNOW DEPTH       0

DEGREE DAYS
 HEATING
  YESTERDAY        0                         6     -6        0
  MONTH TO DATE   86                        74     12       11
  SINCE DEC 1    692                       641     51      427
  SINCE JUL 1    813                       744     69      481

 COOLING
  YESTERDAY        5                         0      5        3
  MONTH TO DATE   21                         0     21       24
  SINCE DEC 1     21                         3     18       34
  SINCE JAN 1     21                         2     19       24
..................................................................

CDUS45 KPSR DDHHMM
CLIPHX

WIND (MPH)
  HIGHEST WIND SPEED    13   HIGHEST WIND DIRECTION     E (80)
  HIGHEST GUST SPEED    14   HIGHEST GUST DIRECTION     E (80)
  AVERAGE WIND SPEED     4.3


SKY COVER
  AVERAGE SKY COVER 0.1


WEATHER CONDITIONS
 THE FOLLOWING WEATHER WAS RECORDED YESTERDAY.
  NO SIGNIFICANT WEATHER WAS OBSERVED.


RELATIVE HUMIDITY (PERCENT)
 HIGHEST    43           700 AM
 LOWEST     11           400 PM
 AVERAGE    27

..........................................................


THE PHOENIX AZ CLIMATE NORMALS FOR TODAY
                         NORMAL    RECORD    YEAR
 MAXIMUM TEMPERATURE (F)   70        84      1988
                                             1971
                                             1921
 MINIMUM TEMPERATURE (F)   48        28      1965
                                             1948


SUNRISE AND SUNSET
FEBRUARY 12 2016......SUNRISE   715 AM MST   SUNSET   610 PM MST
FEBRUARY 13 2016......SUNRISE   714 AM MST   SUNSET   611 PM MST


-  INDICATES NEGATIVE NUMBERS.
R  INDICATES RECORD WAS SET OR TIED.
MM INDICATES DATA IS MISSING.
T  INDICATES TRACE AMOUNT.

&&
.....................................................................

DEW POINT
  HIGHEST DEW POINT    35
   LOWEST DEW POINT    25
  AVERAGE DEW POINT    31
.....................................................................

$$
