000
CDUS45 KPSR 230814
CLIPHX

CLIMATE REPORT
NATIONAL WEATHER SERVICE PHOENIX AZ
114 AM MST SUN APR 23 2017


...................................

...THE PHOENIX AZ CLIMATE SUMMARY FOR APRIL 22 2017...

CLIMATE NORMAL PERIOD 1981 TO 2010
CLIMATE RECORD PERIOD 1895 TO 2017


WEATHER ITEM   OBSERVED TIME   RECORD YEAR NORMAL DEPARTURE LAST
                VALUE   (LST)  VALUE       VALUE  FROM      YEAR
                                                  NORMAL
..................................................................
TEMPERATURE (F)
 YESTERDAY
  MAXIMUM         96    423 PM 105    2012  87      9       97
  MINIMUM         65    622 AM  39    1904  62      3       69
  AVERAGE         81                        75      6       83

PRECIPITATION (IN)
  YESTERDAY        0.00          0.90 1908   0.01  -0.01     0.00
  MONTH TO DATE    T                         0.25  -0.25     0.51
  SINCE OCT 1      4.23                      5.18  -0.95     2.99
  SINCE JAN 1      2.40                      3.07  -0.67     1.82

SNOWFALL (IN)
  YESTERDAY        0.0
  MONTH TO DATE    0.0
  SINCE JAN 1      0.0
  SINCE JUL 1      0.0
  SNOW DEPTH       0

DEGREE DAYS
 HEATING
  YESTERDAY        0                         0      0        0
  MONTH TO DATE    2                        17    -15        0
  SINCE MAR 1     25                        98    -73       16
  SINCE JUL 1    693                       931   -238      829

 COOLING
  YESTERDAY       16                        10      6       18
  MONTH TO DATE  220                       161     59      200
  SINCE MAR 1    425                       248    177      365
  SINCE JAN 1    445                       265    180      478
..................................................................


WIND (MPH)
  HIGHEST WIND SPEED    12   HIGHEST WIND DIRECTION    NW (300)
  HIGHEST GUST SPEED    19   HIGHEST GUST DIRECTION     W (270)
  AVERAGE WIND SPEED     5.5


SKY COVER
  AVERAGE SKY COVER 0.2


WEATHER CONDITIONS
 THE FOLLOWING WEATHER WAS RECORDED YESTERDAY.
  NO SIGNIFICANT WEATHER WAS OBSERVED.


RELATIVE HUMIDITY (PERCENT)
 HIGHEST    28           500 AM
 LOWEST      7           200 PM
 AVERAGE    18

..........................................................


THE PHOENIX AZ CLIMATE NORMALS FOR TODAY
                         NORMAL    RECORD    YEAR
 MAXIMUM TEMPERATURE (F)   87       103      2012
 MINIMUM TEMPERATURE (F)   62        40      1923


SUNRISE AND SUNSET
APRIL 23 2017.........SUNRISE   548 AM MST   SUNSET   705 PM MST
APRIL 24 2017.........SUNRISE   547 AM MST   SUNSET   706 PM MST


-  INDICATES NEGATIVE NUMBERS.
R  INDICATES RECORD WAS SET OR TIED.
MM INDICATES DATA IS MISSING.
T  INDICATES TRACE AMOUNT.

&&
.....................................................................

DEW POINT
  HIGHEST DEW POINT    34
   LOWEST DEW POINT    19
  AVERAGE DEW POINT    25
.....................................................................

$$
