000
CDUS45 KPSR 260815
CLIPHX

CLIMATE REPORT
NATIONAL WEATHER SERVICE PHOENIX AZ
113 AM MST SAT JUL 26 2014


...................................

...THE PHOENIX AZ CLIMATE SUMMARY FOR JULY 25 2014...

CLIMATE NORMAL PERIOD 1981 TO 2010
CLIMATE RECORD PERIOD 1895 TO 2014


WEATHER ITEM   OBSERVED TIME   RECORD YEAR NORMAL DEPARTURE LAST
                VALUE   (LST)  VALUE       VALUE  FROM      YEAR
                                                  NORMAL
..................................................................
TEMPERATURE (F)
 YESTERDAY
  MAXIMUM        109    344 PM 115    1943 106      3      101
  MINIMUM         87    931 PM  67    1897  84      3       76
  AVERAGE         98                        95      3       89

PRECIPITATION (IN)
  YESTERDAY        T             1.10 1907   0.05  -0.05     0.75
  MONTH TO DATE    0.06                      0.80  -0.74     1.77
  SINCE OCT 1      3.87                      6.14  -2.27     5.30
  SINCE JAN 1      1.05                      4.03  -2.98     4.38

SNOWFALL (IN)
  YESTERDAY        0.0
  MONTH TO DATE    0.0
  SINCE JAN 1      0.0
  SINCE JUL 1      0.0
  SNOW DEPTH       0

DEGREE DAYS
 HEATING
  YESTERDAY        0                         0      0        0
  MONTH TO DATE    0                         0      0        0
  SINCE JUN 1      0                         0      0        0
  SINCE JUL 1      0                         0      0        0

 COOLING
  YESTERDAY       33                        30      3       24
  MONTH TO DATE  787                       747     40      768
  SINCE JUN 1   1642                      1521    121     1670
  SINCE JAN 1   2717                      2407    310     2768
..................................................................


WIND (MPH)
  HIGHEST WIND SPEED    32   HIGHEST WIND DIRECTION     S (180)
  HIGHEST GUST SPEED    46   HIGHEST GUST DIRECTION     S (190)
  AVERAGE WIND SPEED    10.6


SKY COVER
  AVERAGE SKY COVER 0.6


WEATHER CONDITIONS
 THE FOLLOWING WEATHER WAS RECORDED YESTERDAY.
  LIGHT RAIN
  HAZE
  SANDSTORM


RELATIVE HUMIDITY (PERCENT)
 HIGHEST    46          1000 PM
 LOWEST     20           500 PM
 AVERAGE    33

..........................................................


THE PHOENIX AZ CLIMATE NORMALS FOR TODAY
                         NORMAL    RECORD    YEAR
 MAXIMUM TEMPERATURE (F)  105       116      1995
 MINIMUM TEMPERATURE (F)   84        65      1952


SUNRISE AND SUNSET
JULY 26 2014..........SUNRISE   537 AM MST   SUNSET   732 PM MST
JULY 27 2014..........SUNRISE   537 AM MST   SUNSET   732 PM MST


-  INDICATES NEGATIVE NUMBERS.
R  INDICATES RECORD WAS SET OR TIED.
MM INDICATES DATA IS MISSING.
T  INDICATES TRACE AMOUNT.

&&
.....................................................................

DEW POINT
  HIGHEST DEW POINT    65
   LOWEST DEW POINT    58
  AVERAGE DEW POINT    62
.....................................................................

$$
