000
CDUS45 KPSR 262314
CLIPHX

CLIMATE REPORT
NATIONAL WEATHER SERVICE PHOENIX AZ
413 PM MST FRI MAY 26 2017


...................................

...THE PHOENIX AZ CLIMATE SUMMARY FOR MAY 26 2017...
VALID TODAY AS OF 0400 PM LOCAL TIME.

CLIMATE NORMAL PERIOD 1981 TO 2010
CLIMATE RECORD PERIOD 1895 TO 2017


WEATHER ITEM   OBSERVED TIME   RECORD YEAR NORMAL DEPARTURE LAST
                VALUE   (LST)  VALUE       VALUE  FROM      YEAR
                                                  NORMAL
..................................................................
TEMPERATURE (F)
 TODAY
  MAXIMUM         96    325 PM 112    1951  98     -2       85
  MINIMUM         74    624 AM  48    1916  72      2       65
  AVERAGE         85                        85      0       75

PRECIPITATION (IN)
  TODAY            0.00          0.14 1926   0.01  -0.01     0.00
  MONTH TO DATE    0.01                      0.10  -0.09     0.05
  SINCE OCT 1      4.24                      5.31  -1.07     3.04
  SINCE JAN 1      2.41                      3.20  -0.79     1.87

SNOWFALL (IN)
  TODAY            0.0
  MONTH TO DATE    0.0
  SINCE JAN 1      0.0
  SINCE JUL 1      0.0
  SNOW DEPTH       0

DEGREE DAYS
 HEATING
  TODAY            0                         0      0        0
  MONTH TO DATE    0                         0      0        0
  SINCE MAR 1     25                       101    -76       16
  SINCE JUL 1    693                       934   -241      829

 COOLING
  TODAY           20                        20      0       10
  MONTH TO DATE  418                       427     -9      379
  SINCE MAR 1    942                       765    177      804
  SINCE JAN 1    962                       782    180      917
..................................................................


WIND (MPH)
  HIGHEST WIND SPEED    21   HIGHEST WIND DIRECTION     S (190)
  HIGHEST GUST SPEED    24   HIGHEST GUST DIRECTION     S (160)
  AVERAGE WIND SPEED    10.3


SKY COVER
  AVERAGE SKY COVER 0.0


WEATHER CONDITIONS
 THE FOLLOWING WEATHER WAS RECORDED TODAY.
  NO SIGNIFICANT WEATHER WAS OBSERVED.


RELATIVE HUMIDITY (PERCENT)
 HIGHEST    19           500 AM
 LOWEST      7           200 PM
 AVERAGE    13

..........................................................


THE PHOENIX AZ CLIMATE NORMALS FOR TOMORROW
                         NORMAL    RECORD    YEAR
 MAXIMUM TEMPERATURE (F)   98       111      1983
 MINIMUM TEMPERATURE (F)   72        48      1917


SUNRISE AND SUNSET
MAY 26 2017...........SUNRISE   521 AM MST   SUNSET   729 PM MST
MAY 27 2017...........SUNRISE   521 AM MST   SUNSET   730 PM MST


-  INDICATES NEGATIVE NUMBERS.
R  INDICATES RECORD WAS SET OR TIED.
MM INDICATES DATA IS MISSING.
T  INDICATES TRACE AMOUNT.

$$
