000
CDUS45 KPSR 260012
CLIPHX

CLIMATE REPORT
NATIONAL WEATHER SERVICE PHOENIX AZ
512 PM MST MON MAY 25 2015


...................................

...THE PHOENIX AZ CLIMATE SUMMARY FOR MAY 25 2015...
VALID TODAY AS OF 0500 PM LOCAL TIME.

CLIMATE NORMAL PERIOD 1981 TO 2010
CLIMATE RECORD PERIOD 1895 TO 2015


WEATHER ITEM   OBSERVED TIME   RECORD YEAR NORMAL DEPARTURE LAST
                VALUE   (LST)  VALUE       VALUE  FROM      YEAR
                                                  NORMAL
..................................................................
TEMPERATURE (F)
 TODAY
  MAXIMUM         92    306 PM 108    2001  98     -6       96
  MINIMUM         67    540 AM  48    1965  72     -5       77
  AVERAGE         80                        85     -5       87

PRECIPITATION (IN)
  TODAY            0.00          0.05 1992   0.00   0.00     0.00
  MONTH TO DATE    1.17                      0.09   1.08     0.00
  SINCE OCT 1      3.54                      5.30  -1.76     3.81
  SINCE JAN 1      2.50                      3.19  -0.69     0.99

SNOWFALL (IN)
  TODAY            0.0
  MONTH TO DATE    0.0
  SINCE JAN 1      0.0
  SINCE JUL 1      0.0
  SNOW DEPTH       0

DEGREE DAYS
 HEATING
  TODAY            0                         0      0        0
  MONTH TO DATE    0                         0      0        0
  SINCE MAR 1     25                       101    -76       12
  SINCE JUL 1    520                       934   -414      546

 COOLING
  TODAY           15                        20     -5       22
  MONTH TO DATE  300                       407   -107      406
  SINCE MAR 1    842                       745     97      849
  SINCE JAN 1    890                       762    128      911
..................................................................


WIND (MPH)
  HIGHEST WIND SPEED    16   HIGHEST WIND DIRECTION     W (280)
  HIGHEST GUST SPEED    22   HIGHEST GUST DIRECTION     W (280)
  AVERAGE WIND SPEED     6.0


SKY COVER
  AVERAGE SKY COVER 0.2


WEATHER CONDITIONS
 THE FOLLOWING WEATHER WAS RECORDED TODAY.
  NO SIGNIFICANT WEATHER WAS OBSERVED.


RELATIVE HUMIDITY (PERCENT)
 HIGHEST    40           700 AM
 LOWEST     17           300 PM
 AVERAGE    29

..........................................................


THE PHOENIX AZ CLIMATE NORMALS FOR TOMORROW
                         NORMAL    RECORD    YEAR
 MAXIMUM TEMPERATURE (F)   98       112      1951
 MINIMUM TEMPERATURE (F)   72        48      1916


SUNRISE AND SUNSET
MAY 25 2015...........SUNRISE   522 AM MST   SUNSET   728 PM MST
MAY 26 2015...........SUNRISE   522 AM MST   SUNSET   729 PM MST


-  INDICATES NEGATIVE NUMBERS.
R  INDICATES RECORD WAS SET OR TIED.
MM INDICATES DATA IS MISSING.
T  INDICATES TRACE AMOUNT.

$$
