000
CDUS45 KPSR 020011
CLIPHX

CLIMATE REPORT
NATIONAL WEATHER SERVICE PHOENIX AZ
510 PM MST TUE SEP 1 2015


...................................

...THE PHOENIX AZ CLIMATE SUMMARY FOR SEPTEMBER 1 2015...
VALID TODAY AS OF 0500 PM LOCAL TIME.

CLIMATE NORMAL PERIOD 1981 TO 2010
CLIMATE RECORD PERIOD 1895 TO 2015


WEATHER ITEM   OBSERVED TIME   RECORD YEAR NORMAL DEPARTURE LAST
                VALUE   (LST)  VALUE       VALUE  FROM      YEAR
                                                  NORMAL
..................................................................
TEMPERATURE (F)
 TODAY
  MAXIMUM         99    425 PM 116    1950 104     -5      108
  MINIMUM         79    650 AM  63    1962  81     -2       81
  AVERAGE         89                        92     -3       95

PRECIPITATION (IN)
  TODAY            0.00          1.21 1984   0.03  -0.03     0.00
  MONTH TO DATE    0.00                      0.03  -0.03     0.00
  SINCE OCT 1      6.21                      7.42  -1.21     5.04
  SINCE JAN 1      5.17                      5.31  -0.14     2.22

SNOWFALL (IN)
  TODAY            0.0
  MONTH TO DATE    0.0
  SINCE JAN 1      0.0
  SINCE JUL 1      0.0
  SNOW DEPTH       0

DEGREE DAYS
 HEATING
  TODAY            0                         0      0        0
  MONTH TO DATE    0                         0      0        0
  SINCE SEP 1      0                         0      0        0
  SINCE JUL 1      0                         0      0        0

 COOLING
  TODAY           24                        27     -3       30
  MONTH TO DATE   24                        27     -3       30
  SINCE SEP 1     24                        27     -3       30
  SINCE JAN 1   3840                      3496    344     3775
..................................................................


WIND (MPH)
  HIGHEST WIND SPEED    12   HIGHEST WIND DIRECTION     E (110)
  HIGHEST GUST SPEED    15   HIGHEST GUST DIRECTION    SE (120)
  AVERAGE WIND SPEED     5.4


SKY COVER
  AVERAGE SKY COVER 0.6


WEATHER CONDITIONS
 THE FOLLOWING WEATHER WAS RECORDED TODAY.
  NO SIGNIFICANT WEATHER WAS OBSERVED.


RELATIVE HUMIDITY (PERCENT)
 HIGHEST    69           700 AM
 LOWEST     29           400 PM
 AVERAGE    49

..........................................................


THE PHOENIX AZ CLIMATE NORMALS FOR TOMORROW
                         NORMAL    RECORD    YEAR
 MAXIMUM TEMPERATURE (F)  103       112      1982
                                             1948
                                             1947
 MINIMUM TEMPERATURE (F)   81        64      1964
                                             1914


SUNRISE AND SUNSET
SEPTEMBER  1 2015.....SUNRISE   602 AM MST   SUNSET   654 PM MST
SEPTEMBER  2 2015.....SUNRISE   603 AM MST   SUNSET   652 PM MST


-  INDICATES NEGATIVE NUMBERS.
R  INDICATES RECORD WAS SET OR TIED.
MM INDICATES DATA IS MISSING.
T  INDICATES TRACE AMOUNT.

$$
