000
CDUS45 KPSR 010015
CLIPHX

CLIMATE REPORT
NATIONAL WEATHER SERVICE PHOENIX AZ
513 PM MST TUE MAY 31 2016


...................................

...THE PHOENIX AZ CLIMATE SUMMARY FOR MAY 31 2016...
VALID TODAY AS OF 0500 PM LOCAL TIME.

CLIMATE NORMAL PERIOD 1981 TO 2010
CLIMATE RECORD PERIOD 1895 TO 2016


WEATHER ITEM   OBSERVED TIME   RECORD YEAR NORMAL DEPARTURE LAST
                VALUE   (LST)  VALUE       VALUE  FROM      YEAR
                                                  NORMAL
..................................................................
TEMPERATURE (F)
 TODAY
  MAXIMUM         98    426 PM 109    2012 100     -2      107
                                      2001
  MINIMUM         70    553 AM  54    1918  73     -3       78
  AVERAGE         84                        87     -3       93

PRECIPITATION (IN)
  TODAY            0.00          0.10 1973   0.00   0.00     0.00
  MONTH TO DATE    0.05                      0.11  -0.06     1.17
  SINCE OCT 1      3.04                      5.32  -2.28     3.54
  SINCE JAN 1      1.87                      3.21  -1.34     2.50

SNOWFALL (IN)
  TODAY            0.0
  MONTH TO DATE    0.0
  SINCE JAN 1      0.0
  SINCE JUL 1      0.0
  SNOW DEPTH       0

DEGREE DAYS
 HEATING
  TODAY            0                         0      0        0
  MONTH TO DATE    0                         0      0        0
  SINCE MAR 1     16                       102    -86       25
  SINCE JUL 1    829                       935   -106      520

 COOLING
  TODAY           19                        22     -3       28
  MONTH TO DATE  469                       531    -62      435
  SINCE MAR 1    894                       869     25      977
  SINCE JAN 1   1007                       886    121     1025
..................................................................


WIND (MPH)
  HIGHEST WIND SPEED    17   HIGHEST WIND DIRECTION     W (290)
  HIGHEST GUST SPEED    23   HIGHEST GUST DIRECTION     W (290)
  AVERAGE WIND SPEED     5.5


SKY COVER
  AVERAGE SKY COVER 0.2


WEATHER CONDITIONS
 THE FOLLOWING WEATHER WAS RECORDED TODAY.
  NO SIGNIFICANT WEATHER WAS OBSERVED.


RELATIVE HUMIDITY (PERCENT)
 HIGHEST    25           600 AM
 LOWEST      8           100 PM
 AVERAGE    17

..........................................................


THE PHOENIX AZ CLIMATE NORMALS FOR TOMORROW
                         NORMAL    RECORD    YEAR
 MAXIMUM TEMPERATURE (F)  100       111      2012
 MINIMUM TEMPERATURE (F)   74        50      1917


SUNRISE AND SUNSET
MAY 31 2016...........SUNRISE   519 AM MST   SUNSET   733 PM MST
JUNE  1 2016..........SUNRISE   519 AM MST   SUNSET   733 PM MST


-  INDICATES NEGATIVE NUMBERS.
R  INDICATES RECORD WAS SET OR TIED.
MM INDICATES DATA IS MISSING.
T  INDICATES TRACE AMOUNT.

$$
