000
CDUS45 KPSR 010854
CLIPHX

CDUS45 KPSR DDHHMM
CLIPHX

CLIMATE REPORT
NATIONAL WEATHER SERVICE PHOENIX AZ
150 AM MST SAT OCT 1 2016


...................................

...THE PHOENIX AZ CLIMATE SUMMARY FOR SEPTEMBER 30 2016...

CLIMATE NORMAL PERIOD 1981 TO 2010
CLIMATE RECORD PERIOD 1895 TO 2016


WEATHER ITEM   OBSERVED TIME   RECORD YEAR NORMAL DEPARTURE LAST
                VALUE   (LST)  VALUE       VALUE  FROM      YEAR
                                                  NORMAL
..................................................................
TEMPERATURE (F)
 YESTERDAY
  MAXIMUM         96    417 PM 107    2010  95      1      106
                                      2003
                                      1980
  MINIMUM         73    632 AM  49    1965  72      1       78
  AVERAGE         85                        83      2       92

PRECIPITATION (IN)
  YESTERDAY        0.00          0.31 1932   0.02  -0.02     0.00
                                      1921
  MONTH TO DATE    0.32                      0.64  -0.32     0.81
  SINCE OCT 1      5.53                      8.03  -2.50     7.02
  SINCE JAN 1      4.36                      5.92  -1.56     5.98

SNOWFALL (IN)
  YESTERDAY        0.0
  MONTH TO DATE    0.0
  SINCE JAN 1      0.0
  SINCE JUL 1      0.0
  SNOW DEPTH       0

DEGREE DAYS
 HEATING
  YESTERDAY        0                         0      0        0
  MONTH TO DATE    0                         0      0        0
  SINCE SEP 1      0                         0      0        0
  SINCE JUL 1      0                         0      0        0

 COOLING
  YESTERDAY       20                        18      2       27
  MONTH TO DATE  655                       700    -45      752
  SINCE SEP 1    655                       700    -45      752
  SINCE JAN 1   4407                      4169    238     4568
..................................................................


WIND (MPH)
  HIGHEST WIND SPEED    20   HIGHEST WIND DIRECTION     N (350)
  HIGHEST GUST SPEED    27   HIGHEST GUST DIRECTION     N (360)
  AVERAGE WIND SPEED     6.8


SKY COVER
  AVERAGE SKY COVER 0.2


WEATHER CONDITIONS
 THE FOLLOWING WEATHER WAS RECORDED YESTERDAY.
  NO SIGNIFICANT WEATHER WAS OBSERVED.


RELATIVE HUMIDITY (PERCENT)
 HIGHEST    61           700 AM
 LOWEST     22           400 PM
 AVERAGE    42

..........................................................


THE PHOENIX AZ CLIMATE NORMALS FOR TODAY
                         NORMAL    RECORD    YEAR
 MAXIMUM TEMPERATURE (F)   94       107      1980
 MINIMUM TEMPERATURE (F)   71        49      1927


SUNRISE AND SUNSET
OCTOBER  1 2016.......SUNRISE   623 AM MST   SUNSET   612 PM MST
OCTOBER  2 2016.......SUNRISE   623 AM MST   SUNSET   610 PM MST


-  INDICATES NEGATIVE NUMBERS.
R  INDICATES RECORD WAS SET OR TIED.
MM INDICATES DATA IS MISSING.
T  INDICATES TRACE AMOUNT.

&&
.....................................................................

DEW POINT
  HIGHEST DEW POINT    61
   LOWEST DEW POINT    49
  AVERAGE DEW POINT    56
.....................................................................

$$
