000
CDUS43 KILX 290640
CLIPIA


CLIMATE REPORT
NATIONAL WEATHER SERVICE LINCOLN IL
1234 AM CST THU JAN 29 2015


...................................

...THE PEORIA IL CLIMATE SUMMARY FOR JANUARY 28 2015...

CLIMATE NORMAL PERIOD 1981 TO 2010
CLIMATE RECORD PERIOD 1883 TO 2015


WEATHER ITEM   OBSERVED TIME   RECORD YEAR NORMAL DEPARTURE LAST
                VALUE   (LST)  VALUE       VALUE  FROM      YEAR
                                                  NORMAL
..................................................................
TEMPERATURE (F)
 YESTERDAY
  MAXIMUM         42    311 PM  62    1914  33      9       13
  MINIMUM         26    804 AM -22    1885  17      9       -5
  AVERAGE         34                        25      9        4

PRECIPITATION (IN)
  YESTERDAY        T             0.93 2006   0.05  -0.05     0.00
  MONTH TO DATE    1.94                      1.62   0.32     1.93
  SINCE DEC 1      3.17                      4.04  -0.87     3.42
  SINCE JAN 1      1.94                      1.62   0.32     1.93

SNOWFALL (IN)
  YESTERDAY        0.0           1.4  2003   0.2   -0.2      0.0
                                      1955
  MONTH TO DATE    9.9                       6.2    3.7     15.0
  SINCE DEC 1      9.9                      13.3   -3.4     23.5
  SINCE JUL 1     11.2                      14.4   -3.2     24.1
  SNOW DEPTH       0

DEGREE DAYS
 HEATING
  YESTERDAY       31                        40     -9       61
  MONTH TO DATE 1110                      1120    -10     1313
  SINCE DEC 1   2078                      2250   -172     2557
  SINCE JUL 1   3319                      3398    -79     3739

 COOLING
  YESTERDAY        0                         0      0        0
  MONTH TO DATE    0                         0      0        0
  SINCE DEC 1      0                         0      0        0
  SINCE JAN 1      0                         0      0        0
..................................................................


WIND (MPH)
  HIGHEST WIND SPEED    23   HIGHEST WIND DIRECTION     S (160)
  HIGHEST GUST SPEED    31   HIGHEST GUST DIRECTION     S (160)
  AVERAGE WIND SPEED    13.6


SKY COVER
  POSSIBLE SUNSHINE  MM
  AVERAGE SKY COVER 0.2


WEATHER CONDITIONS
 THE FOLLOWING WEATHER WAS RECORDED YESTERDAY.
  LIGHT RAIN
  FOG
  HAZE


RELATIVE HUMIDITY (PERCENT)
 HIGHEST    81           400 AM
 LOWEST     63          1000 AM
 AVERAGE    72

..........................................................


THE PEORIA IL CLIMATE NORMALS FOR TODAY
                         NORMAL    RECORD    YEAR
 MAXIMUM TEMPERATURE (F)   34        64      2013
 MINIMUM TEMPERATURE (F)   17       -14      1966


SUNRISE AND SUNSET
JANUARY 29 2015.......SUNRISE   712 AM CST   SUNSET   513 PM CST
JANUARY 30 2015.......SUNRISE   711 AM CST   SUNSET   514 PM CST


-  INDICATES NEGATIVE NUMBERS.
R  INDICATES RECORD WAS SET OR TIED.
MM INDICATES DATA IS MISSING.
T  INDICATES TRACE AMOUNT.




$$
