000
CDUS43 KILX 232127
CLIPIA


CLIMATE REPORT
NATIONAL WEATHER SERVICE LINCOLN IL
427 PM CDT SAT JUL 23 2016


...................................

...THE PEORIA IL CLIMATE SUMMARY FOR JULY 23 2016...
VALID TODAY AS OF 0400 PM LOCAL TIME.

CLIMATE NORMAL PERIOD 1981 TO 2010
CLIMATE RECORD PERIOD 1883 TO 2016


WEATHER ITEM   OBSERVED TIME   RECORD YEAR NORMAL DEPARTURE LAST
                VALUE   (LST)  VALUE       VALUE  FROM      YEAR
                                                  NORMAL
..................................................................
TEMPERATURE (F)
 TODAY
  MAXIMUM         90    259 PM 105    1934  85      5       87
  MINIMUM         75    518 AM  52    1947  65     10       66
                                      1925
  AVERAGE         83                        75      8       77

PRECIPITATION (IN)
  TODAY            0.00          3.36 1993   0.12  -0.12     0.00
  MONTH TO DATE    5.00                      2.90   2.10     5.40
  SINCE JUN 1      8.44                      6.43   2.01    17.00
  SINCE JAN 1     17.55                     20.76  -3.21    29.77

SNOWFALL (IN)
  TODAY            0.0           0.0    MM   0.0    0.0      0.0
  MONTH TO DATE    0.0                       0.0    0.0      0.0
  SINCE JUN 1      0.0                       0.0    0.0      0.0
  SINCE JUL 1      0.0                       0.0    0.0      0.0
  SNOW DEPTH       0

DEGREE DAYS
 HEATING
  TODAY            0                         0      0        0
  MONTH TO DATE    4                         0      4        5
  SINCE JUN 1      4                        18    -14       12
  SINCE JUL 1      4                         0      4        5

 COOLING
  TODAY           18                        10      8       12
  MONTH TO DATE  258                       249      9      245
  SINCE JUN 1    585                       471    114      533
  SINCE JAN 1    691                       552    139      687
..................................................................


WIND (MPH)
  HIGHEST WIND SPEED    14   HIGHEST WIND DIRECTION     S (180)
  HIGHEST GUST SPEED    17   HIGHEST GUST DIRECTION     N (350)
  AVERAGE WIND SPEED     4.8


SKY COVER
  POSSIBLE SUNSHINE  MM
  AVERAGE SKY COVER 0.0


WEATHER CONDITIONS
 THE FOLLOWING WEATHER WAS RECORDED TODAY.
  NO SIGNIFICANT WEATHER WAS OBSERVED.


RELATIVE HUMIDITY (PERCENT)
 HIGHEST   100           300 AM
 LOWEST     64           100 PM
 AVERAGE    82

..........................................................


THE PEORIA IL CLIMATE NORMALS FOR TOMORROW
                         NORMAL    RECORD    YEAR
 MAXIMUM TEMPERATURE (F)   85       106      1901
 MINIMUM TEMPERATURE (F)   65        51      1906


SUNRISE AND SUNSET
JULY 23 2016..........SUNRISE   548 AM CDT   SUNSET   822 PM CDT
JULY 24 2016..........SUNRISE   549 AM CDT   SUNSET   821 PM CDT


-  INDICATES NEGATIVE NUMBERS.
R  INDICATES RECORD WAS SET OR TIED.
MM INDICATES DATA IS MISSING.
T  INDICATES TRACE AMOUNT.




$$
