000
CDUS43 KILX 300636
CLIPIA


CLIMATE REPORT
NATIONAL WEATHER SERVICE LINCOLN IL
136 AM CDT THU MAR 30 2017


...................................

...THE PEORIA IL CLIMATE SUMMARY FOR MARCH 29 2017...

CLIMATE NORMAL PERIOD 1981 TO 2010
CLIMATE RECORD PERIOD 1883 TO 2017


WEATHER ITEM   OBSERVED TIME   RECORD YEAR NORMAL DEPARTURE LAST
                VALUE   (LST)  VALUE       VALUE  FROM      YEAR
                                                  NORMAL
..................................................................
TEMPERATURE (F)
 YESTERDAY
  MAXIMUM         52    610 PM  86    1986  56     -4       61
                                      1895
  MINIMUM         42    146 AM  13    1887  36      6       35
  AVERAGE         47                        46      1       48

PRECIPITATION (IN)
  YESTERDAY        0.76          0.99 1988   0.10   0.66     0.00
  MONTH TO DATE    2.79                      2.58   0.21     2.07
  SINCE MAR 1      2.79                      2.58   0.21     2.07
  SINCE JAN 1      5.45                      6.15  -0.70     3.45

SNOWFALL (IN)
  YESTERDAY        0.0           5.1  1972   0.0    0.0      0.0
  MONTH TO DATE    4.2                       2.6    1.6      0.2
  SINCE MAR 1      4.2                       2.6    1.6      0.2
  SINCE JUL 1     13.9                      23.9  -10.0     15.3
  SNOW DEPTH       0

DEGREE DAYS
 HEATING
  YESTERDAY       18                        19     -1       17
  MONTH TO DATE  651                       719    -68      527
  SINCE MAR 1    651                       719    -68      527
  SINCE JUL 1   4258                      5235   -977     4110

 COOLING
  YESTERDAY        0                         0      0        0
  MONTH TO DATE    0                         0      0        0
  SINCE MAR 1      0                         0      0        0
  SINCE JAN 1      0                         0      0        0
..................................................................


WIND (MPH)
  HIGHEST WIND SPEED    24   HIGHEST WIND DIRECTION     E (70)
  HIGHEST GUST SPEED    32   HIGHEST GUST DIRECTION     E (80)
  AVERAGE WIND SPEED    13.5


SKY COVER
  POSSIBLE SUNSHINE  MM
  AVERAGE SKY COVER 1.0


WEATHER CONDITIONS
 THE FOLLOWING WEATHER WAS RECORDED YESTERDAY.
  THUNDERSTORM
  HEAVY RAIN
  RAIN
  LIGHT RAIN
  FOG


RELATIVE HUMIDITY (PERCENT)
 HIGHEST    96           300 AM
 LOWEST     68           400 PM
 AVERAGE    82

..........................................................


THE PEORIA IL CLIMATE NORMALS FOR TODAY
                         NORMAL    RECORD    YEAR
 MAXIMUM TEMPERATURE (F)   57        83      1986
 MINIMUM TEMPERATURE (F)   36        15      1969
                                             1964


SUNRISE AND SUNSET
MARCH 30 2017.........SUNRISE   645 AM CDT   SUNSET   722 PM CDT
MARCH 31 2017.........SUNRISE   644 AM CDT   SUNSET   723 PM CDT


-  INDICATES NEGATIVE NUMBERS.
R  INDICATES RECORD WAS SET OR TIED.
MM INDICATES DATA IS MISSING.
T  INDICATES TRACE AMOUNT.




$$
