000
CDUS43 KILX 200649
CLIPIA


CLIMATE REPORT
NATIONAL WEATHER SERVICE LINCOLN IL
1243 AM CST TUE FEB 20 2018


...................................

...THE PEORIA IL CLIMATE SUMMARY FOR FEBRUARY 19 2018...

CLIMATE NORMAL PERIOD 1981 TO 2010
CLIMATE RECORD PERIOD 1883 TO 2018


WEATHER ITEM   OBSERVED TIME   RECORD YEAR NORMAL DEPARTURE LAST
                VALUE   (LST)  VALUE       VALUE  FROM      YEAR
                                                  NORMAL
..................................................................
TEMPERATURE (F)
 YESTERDAY
  MAXIMUM         63    806 PM  71    1930  39     24       69
  MINIMUM         41    106 AM -12    1979  22     19       34
  AVERAGE         52                        31     21       52

PRECIPITATION (IN)
  YESTERDAY        1.66R         1.36 1891   0.07   1.59     0.00
  MONTH TO DATE    2.48                      1.12   1.36     0.57
  SINCE DEC 1      5.02                      5.32  -0.30     3.36
  SINCE JAN 1      4.22                      2.90   1.32     2.14

SNOWFALL (IN)
  YESTERDAY        0.0           5.0  1938   0.2   -0.2      0.0
  MONTH TO DATE    9.4                       4.5    4.9      3.5
  SINCE DEC 1     20.3                      18.5    1.8      9.5
  SINCE JUL 1     20.3                      19.6    0.7      9.5
  SNOW DEPTH       0

DEGREE DAYS
 HEATING
  YESTERDAY       13                        34    -21       13
  MONTH TO DATE  773                       703     70      536
  SINCE DEC 1   3169                      3076     93     2727
  SINCE JUL 1   4156                      4224    -68     3465

 COOLING
  YESTERDAY        0                         0      0        0
  MONTH TO DATE    0                         0      0        0
  SINCE DEC 1      0                         0      0        0
  SINCE JAN 1      0                         0      0        0
..................................................................


WIND (MPH)
  HIGHEST WIND SPEED    25   HIGHEST WIND DIRECTION     S (180)
  HIGHEST GUST SPEED    36   HIGHEST GUST DIRECTION     S (180)
  AVERAGE WIND SPEED    13.6


SKY COVER
  POSSIBLE SUNSHINE  MM
  AVERAGE SKY COVER 0.9


WEATHER CONDITIONS
 THE FOLLOWING WEATHER WAS RECORDED YESTERDAY.
  THUNDERSTORM
  HEAVY RAIN
  RAIN
  LIGHT RAIN
  FOG


RELATIVE HUMIDITY (PERCENT)
 HIGHEST   100           900 AM
 LOWEST     83           400 AM
 AVERAGE    92

..........................................................


THE PEORIA IL CLIMATE NORMALS FOR TODAY
                         NORMAL    RECORD    YEAR
 MAXIMUM TEMPERATURE (F)   39        74      2017
 MINIMUM TEMPERATURE (F)   23       -13      1885


SUNRISE AND SUNSET
FEBRUARY 20 2018......SUNRISE   646 AM CST   SUNSET   540 PM CST
FEBRUARY 21 2018......SUNRISE   644 AM CST   SUNSET   541 PM CST


-  INDICATES NEGATIVE NUMBERS.
R  INDICATES RECORD WAS SET OR TIED.
MM INDICATES DATA IS MISSING.
T  INDICATES TRACE AMOUNT.




$$
