000
CDUS43 KILX 060641
CLIPIA


CLIMATE REPORT
NATIONAL WEATHER SERVICE LINCOLN IL
1241 AM CST FRI MAR 6 2015


...................................

...THE PEORIA IL CLIMATE SUMMARY FOR MARCH 5 2015...

CLIMATE NORMAL PERIOD 1981 TO 2010
CLIMATE RECORD PERIOD 1883 TO 2015


WEATHER ITEM   OBSERVED TIME   RECORD YEAR NORMAL DEPARTURE LAST
                VALUE   (LST)  VALUE       VALUE  FROM      YEAR
                                                  NORMAL
..................................................................
TEMPERATURE (F)
 YESTERDAY
  MAXIMUM         17    325 PM  70    1946  45    -28       28
                                      1918
  MINIMUM          3   1140 PM  -8    1960  27    -24       22
  AVERAGE         10                        36    -26       25

PRECIPITATION (IN)
  YESTERDAY        0.00          1.30 1894   0.08  -0.08     0.09
  MONTH TO DATE    0.27                      0.41  -0.14     0.41
  SINCE MAR 1      0.27                      0.41  -0.14     0.41
  SINCE JAN 1      3.99                      3.98   0.01     5.28

SNOWFALL (IN)
  YESTERDAY        0.0           3.4  1915   0.2   -0.2      1.2
  MONTH TO DATE    2.7                       0.7    2.0      4.4
  SINCE MAR 1      2.7                       0.7    2.0      4.4
  SINCE JUL 1     27.0                      22.0    5.0     54.6
  SNOW DEPTH       2

DEGREE DAYS
 HEATING
  YESTERDAY       55                        29     26       40
  MONTH TO DATE  207                       148     59      240
  SINCE MAR 1    207                       148     59      240
  SINCE JUL 1   4913                      4664    249     5419

 COOLING
  YESTERDAY        0                         0      0        0
  MONTH TO DATE    0                         0      0        0
  SINCE MAR 1      0                         0      0        0
  SINCE JAN 1      0                         0      0        0
..................................................................


WIND (MPH)
  HIGHEST WIND SPEED    14   HIGHEST WIND DIRECTION    NW (300)
  HIGHEST GUST SPEED    19   HIGHEST GUST DIRECTION     W (280)
  AVERAGE WIND SPEED     5.8


SKY COVER
  POSSIBLE SUNSHINE  MM
  AVERAGE SKY COVER 0.1


WEATHER CONDITIONS
 THE FOLLOWING WEATHER WAS RECORDED YESTERDAY.
  NO SIGNIFICANT WEATHER WAS OBSERVED.


RELATIVE HUMIDITY (PERCENT)
 HIGHEST    76          1100 PM
 LOWEST     48          1100 AM
 AVERAGE    62

..........................................................


THE PEORIA IL CLIMATE NORMALS FOR TODAY
                         NORMAL    RECORD    YEAR
 MAXIMUM TEMPERATURE (F)   46        75      1956
 MINIMUM TEMPERATURE (F)   28       -10      1960


SUNRISE AND SUNSET
MARCH  6 2015.........SUNRISE   625 AM CST   SUNSET   555 PM CST
MARCH  7 2015.........SUNRISE   624 AM CST   SUNSET   556 PM CST


-  INDICATES NEGATIVE NUMBERS.
R  INDICATES RECORD WAS SET OR TIED.
MM INDICATES DATA IS MISSING.
T  INDICATES TRACE AMOUNT.




$$
