000
CDUS43 KILX 230629
CLIPIA


CLIMATE REPORT
NATIONAL WEATHER SERVICE LINCOLN IL
128 AM CDT TUE SEP 23 2014


...................................

...THE PEORIA IL CLIMATE SUMMARY FOR SEPTEMBER 22 2014...

CLIMATE NORMAL PERIOD 1981 TO 2010
CLIMATE RECORD PERIOD 1883 TO 2014


WEATHER ITEM   OBSERVED TIME   RECORD YEAR NORMAL DEPARTURE LAST
                VALUE   (LST)  VALUE       VALUE  FROM      YEAR
                                                  NORMAL
..................................................................
TEMPERATURE (F)
 YESTERDAY
  MAXIMUM         72    424 PM  93    1930  75     -3       73
  MINIMUM         47    611 AM  34    1995  52     -5       47
  AVERAGE         60                        63     -3       60

PRECIPITATION (IN)
  YESTERDAY        0.00          3.18 1970   0.10  -0.10     0.00
  MONTH TO DATE    4.98                      2.37   2.61     1.31
  SINCE SEP 1      4.98                      2.37   2.61     1.31
  SINCE JAN 1     35.06                     27.32   7.74    33.14

SNOWFALL (IN)
  YESTERDAY        0.0           0.0    MM   0.0    0.0      0.0
  MONTH TO DATE    0.0                       0.0    0.0      0.0
  SINCE SEP 1      0.0                       0.0    0.0      0.0
  SINCE JUL 1      0.0                       0.0    0.0      0.0
  SNOW DEPTH       0

DEGREE DAYS
 HEATING
  YESTERDAY        5                         4      1        5
  MONTH TO DATE   71                        41     30       20
  SINCE SEP 1     71                        41     30       20
  SINCE JUL 1     73                        47     26       25

 COOLING
  YESTERDAY        0                         2     -2        0
  MONTH TO DATE   82                       102    -20      173
  SINCE SEP 1     82                       102    -20      173
  SINCE JAN 1   1106                      1009     97     1115
..................................................................


WIND (MPH)
  HIGHEST WIND SPEED     7   HIGHEST WIND DIRECTION    NE (60)
  HIGHEST GUST SPEED    10   HIGHEST GUST DIRECTION    NE (60)
  AVERAGE WIND SPEED     1.9


SKY COVER
  POSSIBLE SUNSHINE  MM
  AVERAGE SKY COVER 0.0


WEATHER CONDITIONS
 THE FOLLOWING WEATHER WAS RECORDED YESTERDAY.
  NO SIGNIFICANT WEATHER WAS OBSERVED.


RELATIVE HUMIDITY (PERCENT)
 HIGHEST    86           300 AM
 LOWEST     37           100 PM
 AVERAGE    62

..........................................................


THE PEORIA IL CLIMATE NORMALS FOR TODAY
                         NORMAL    RECORD    YEAR
 MAXIMUM TEMPERATURE (F)   74        92      1937
                                             1892
                                             1891
 MINIMUM TEMPERATURE (F)   52        29      1995


SUNRISE AND SUNSET
SEPTEMBER 23 2014.....SUNRISE   647 AM CDT   SUNSET   654 PM CDT
SEPTEMBER 24 2014.....SUNRISE   648 AM CDT   SUNSET   653 PM CDT


-  INDICATES NEGATIVE NUMBERS.
R  INDICATES RECORD WAS SET OR TIED.
MM INDICATES DATA IS MISSING.
T  INDICATES TRACE AMOUNT.




$$
