000
CDUS43 KILX 200642
CLIPIA


CLIMATE REPORT
NATIONAL WEATHER SERVICE LINCOLN IL
1240 AM CST MON FEB 20 2017


...................................

...THE PEORIA IL CLIMATE SUMMARY FOR FEBRUARY 19 2017...

CLIMATE NORMAL PERIOD 1981 TO 2010
CLIMATE RECORD PERIOD 1883 TO 2017


WEATHER ITEM   OBSERVED TIME   RECORD YEAR NORMAL DEPARTURE LAST
                VALUE   (LST)  VALUE       VALUE  FROM      YEAR
                                                  NORMAL
..................................................................
TEMPERATURE (F)
 YESTERDAY
  MAXIMUM         69    351 PM  71    1930  39     30       65
  MINIMUM         34    719 AM -12    1979  22     12       44
  AVERAGE         52                        31     21       55

PRECIPITATION (IN)
  YESTERDAY        0.00          1.36 1891   0.07  -0.07     0.00
  MONTH TO DATE    0.57                      1.12  -0.55     0.61
  SINCE DEC 1      3.36                      5.32  -1.96     7.68
  SINCE JAN 1      2.14                      2.90  -0.76     1.37

SNOWFALL (IN)
  YESTERDAY        0.0           5.0  1938   0.2   -0.2      0.0
  MONTH TO DATE    3.5                       4.5   -1.0      2.8
  SINCE DEC 1      9.5                      18.5   -9.0     10.5
  SINCE JUL 1      9.5                      19.6  -10.1     15.1
  SNOW DEPTH       0

DEGREE DAYS
 HEATING
  YESTERDAY       13                        34    -21       10
  MONTH TO DATE  536                       703   -167      678
  SINCE DEC 1   2727                      3076   -349     2591
  SINCE JUL 1   3465                      4224   -759     3348

 COOLING
  YESTERDAY        0                         0      0        0
  MONTH TO DATE    0                         0      0        0
  SINCE DEC 1      0                         0      0        0
  SINCE JAN 1      0                         0      0        0
..................................................................


WIND (MPH)
  HIGHEST WIND SPEED    12   HIGHEST WIND DIRECTION     S (180)
  HIGHEST GUST SPEED    15   HIGHEST GUST DIRECTION     S (160)
  AVERAGE WIND SPEED     4.5


SKY COVER
  POSSIBLE SUNSHINE  MM
  AVERAGE SKY COVER 0.1


WEATHER CONDITIONS
 THE FOLLOWING WEATHER WAS RECORDED YESTERDAY.
  FOG
  FOG W/VISIBILITY <= 1/4 MILE
  HAZE


RELATIVE HUMIDITY (PERCENT)
 HIGHEST   100           700 AM
 LOWEST     42           300 PM
 AVERAGE    71

..........................................................


THE PEORIA IL CLIMATE NORMALS FOR TODAY
                         NORMAL    RECORD    YEAR
 MAXIMUM TEMPERATURE (F)   39        68      2016
 MINIMUM TEMPERATURE (F)   23       -13      1885


SUNRISE AND SUNSET
FEBRUARY 20 2017......SUNRISE   645 AM CST   SUNSET   540 PM CST
FEBRUARY 21 2017......SUNRISE   644 AM CST   SUNSET   541 PM CST


-  INDICATES NEGATIVE NUMBERS.
R  INDICATES RECORD WAS SET OR TIED.
MM INDICATES DATA IS MISSING.
T  INDICATES TRACE AMOUNT.




$$
