119
CDUS43 KILX 210653
CLIPIA


CLIMATE REPORT
NATIONAL WEATHER SERVICE LINCOLN IL
1251 AM CST SAT JAN 21 2017


...................................

...THE PEORIA IL CLIMATE SUMMARY FOR JANUARY 20 2017...

CLIMATE NORMAL PERIOD 1981 TO 2010
CLIMATE RECORD PERIOD 1883 TO 2017


WEATHER ITEM   OBSERVED TIME   RECORD YEAR NORMAL DEPARTURE LAST
                VALUE   (LST)  VALUE       VALUE  FROM      YEAR
                                                  NORMAL
..................................................................
TEMPERATURE (F)
 YESTERDAY
  MAXIMUM         51   1159 PM  65    1906  33     18       26
  MINIMUM         38    737 AM -22    1985  17     21       12
  AVERAGE         45                        25     20       19

PRECIPITATION (IN)
  YESTERDAY        0.02          1.14 1959   0.05  -0.03     0.01
  MONTH TO DATE    1.51                      1.21   0.30     0.72
  SINCE DEC 1      2.73                      3.63  -0.90     7.03
  SINCE JAN 1      1.51                      1.21   0.30     0.72

SNOWFALL (IN)
  YESTERDAY        0.0           6.4  1959   0.2   -0.2      0.1
  MONTH TO DATE    0.4                       4.5   -4.1      5.2
  SINCE DEC 1      5.9                      11.6   -5.7      7.7
  SINCE JUL 1      5.9                      12.7   -6.8     12.3
  SNOW DEPTH       0

DEGREE DAYS
 HEATING
  YESTERDAY       20                        40    -20       46
  MONTH TO DATE  737                       800    -63      817
  SINCE DEC 1   1865                      1930    -65     1548
  SINCE JUL 1   2603                      3078   -475     2305

 COOLING
  YESTERDAY        0                         0      0        0
  MONTH TO DATE    0                         0      0        0
  SINCE DEC 1      0                         0      0        0
  SINCE JAN 1      0                         0      0        0
..................................................................


WIND (MPH)
  HIGHEST WIND SPEED    13   HIGHEST WIND DIRECTION     S (170)
  HIGHEST GUST SPEED    19   HIGHEST GUST DIRECTION     W (260)
  AVERAGE WIND SPEED     4.2


SKY COVER
  POSSIBLE SUNSHINE  MM
  AVERAGE SKY COVER 1.0


WEATHER CONDITIONS
 THE FOLLOWING WEATHER WAS RECORDED YESTERDAY.
  LIGHT RAIN
  FOG
  FOG W/VISIBILITY <= 1/4 MILE


RELATIVE HUMIDITY (PERCENT)
 HIGHEST   100          1200 AM
 LOWEST     93           100 PM
 AVERAGE    97

..........................................................


THE PEORIA IL CLIMATE NORMALS FOR TODAY
                         NORMAL    RECORD    YEAR
 MAXIMUM TEMPERATURE (F)   33        62      1957
 MINIMUM TEMPERATURE (F)   17       -19      1883


SUNRISE AND SUNSET
JANUARY 21 2017.......SUNRISE   717 AM CST   SUNSET   503 PM CST
JANUARY 22 2017.......SUNRISE   717 AM CST   SUNSET   505 PM CST


-  INDICATES NEGATIVE NUMBERS.
R  INDICATES RECORD WAS SET OR TIED.
MM INDICATES DATA IS MISSING.
T  INDICATES TRACE AMOUNT.




$$
