000
CDUS43 KILX 210652
CLIPIA


CLIMATE REPORT
NATIONAL WEATHER SERVICE LINCOLN IL
1252 AM CST FRI NOV 21 2014


...................................

...THE PEORIA IL CLIMATE SUMMARY FOR NOVEMBER 20 2014...

CLIMATE NORMAL PERIOD 1981 TO 2010
CLIMATE RECORD PERIOD 1883 TO 2014


WEATHER ITEM   OBSERVED TIME   RECORD YEAR NORMAL DEPARTURE LAST
                VALUE   (LST)  VALUE       VALUE  FROM      YEAR
                                                  NORMAL
..................................................................
TEMPERATURE (F)
 YESTERDAY
  MAXIMUM         34    232 PM  72    1942  48    -14       42
  MINIMUM         18   1127 PM   7    1914  31    -13       32
  AVERAGE         26                        39    -13       37

PRECIPITATION (IN)
  YESTERDAY        T             1.88 1883   0.11  -0.11     0.17
  MONTH TO DATE    0.18                      2.10  -1.92     3.11
  SINCE SEP 1      7.57                      8.09  -0.52    10.09
  SINCE JAN 1     37.65                     33.04   4.61    41.92

SNOWFALL (IN)
  YESTERDAY        T             0.6  1950   0.1   -0.1      0.0
  MONTH TO DATE    0.1                       0.4   -0.3      0.5
  SINCE SEP 1      0.1                       0.4   -0.3      0.5
  SINCE JUL 1      0.1                       0.4   -0.3      0.5
  SNOW DEPTH       0

DEGREE DAYS
 HEATING
  YESTERDAY       39                        26     13       28
  MONTH TO DATE  571                       417    154      445
  SINCE SEP 1    945                       857     88      818
  SINCE JUL 1    947                       863     84      823

 COOLING
  YESTERDAY        0                         0      0        0
  MONTH TO DATE    0                         0      0        0
  SINCE SEP 1    132                       132      0      232
  SINCE JAN 1   1156                      1039    117     1174
..................................................................


WIND (MPH)
  HIGHEST WIND SPEED    20   HIGHEST WIND DIRECTION     W (270)
  HIGHEST GUST SPEED    27   HIGHEST GUST DIRECTION    NW (310)
  AVERAGE WIND SPEED     8.1


SKY COVER
  POSSIBLE SUNSHINE  MM
  AVERAGE SKY COVER 0.1


WEATHER CONDITIONS
 THE FOLLOWING WEATHER WAS RECORDED YESTERDAY.
  LIGHT SNOW


RELATIVE HUMIDITY (PERCENT)
 HIGHEST    67           500 AM
 LOWEST     32           300 PM
 AVERAGE    50

..........................................................


THE PEORIA IL CLIMATE NORMALS FOR TODAY
                         NORMAL    RECORD    YEAR
 MAXIMUM TEMPERATURE (F)   47        74      1913
 MINIMUM TEMPERATURE (F)   31         4      1937


SUNRISE AND SUNSET
NOVEMBER 21 2014......SUNRISE   652 AM CST   SUNSET   437 PM CST
NOVEMBER 22 2014......SUNRISE   653 AM CST   SUNSET   436 PM CST


-  INDICATES NEGATIVE NUMBERS.
R  INDICATES RECORD WAS SET OR TIED.
MM INDICATES DATA IS MISSING.
T  INDICATES TRACE AMOUNT.




$$
