000
CDUS43 KILX 112313
CLIPIA


CLIMATE REPORT
NATIONAL WEATHER SERVICE LINCOLN IL
512 PM CST THU FEB 11 2016


...................................

...THE PEORIA IL CLIMATE SUMMARY FOR FEBRUARY 11 2016...
VALID TODAY AS OF 0400 PM LOCAL TIME.

CLIMATE NORMAL PERIOD 1981 TO 2010
CLIMATE RECORD PERIOD 1883 TO 2016


WEATHER ITEM   OBSERVED TIME   RECORD YEAR NORMAL DEPARTURE LAST
                VALUE   (LST)  VALUE       VALUE  FROM      YEAR
                                                  NORMAL
..................................................................
TEMPERATURE (F)
 TODAY
  MAXIMUM         27    345 PM  68    1999  36     -9       37
  MINIMUM          9    712 AM -13    2014  20    -11       21
  AVERAGE         18                        28    -10       29

PRECIPITATION (IN)
  TODAY            0.00          2.85 1887   0.06  -0.06      T
  MONTH TO DATE    0.41                      0.61  -0.20     1.24
  SINCE DEC 1      7.48                      4.81   2.67     4.69
  SINCE JAN 1      1.17                      2.39  -1.22     3.46

SNOWFALL (IN)
  TODAY            0.0           1.8  1956   0.2   -0.2      0.0
  MONTH TO DATE    0.7                       2.6   -1.9      9.3
  SINCE DEC 1      8.4                      16.6   -8.2     19.5
  SINCE JUL 1     13.0                      17.7   -4.7     20.8
  SNOW DEPTH       T

DEGREE DAYS
 HEATING
  TODAY           47                        37     10       36
  MONTH TO DATE  399                       419    -20      446
  SINCE DEC 1   2312                      2792   -480     2620
  SINCE JUL 1   3069                      3940   -871     3861

 COOLING
  TODAY            0                         0      0        0
  MONTH TO DATE    0                         0      0        0
  SINCE DEC 1      0                         0      0        0
  SINCE JAN 1      0                         0      0        0
..................................................................


WIND (MPH)
  HIGHEST WIND SPEED     8   HIGHEST WIND DIRECTION     W (280)
  HIGHEST GUST SPEED    11   HIGHEST GUST DIRECTION     N (10)
  AVERAGE WIND SPEED     3.9


SKY COVER
  POSSIBLE SUNSHINE  MM
  AVERAGE SKY COVER 0.1


WEATHER CONDITIONS
 THE FOLLOWING WEATHER WAS RECORDED TODAY.
  NO SIGNIFICANT WEATHER WAS OBSERVED.


RELATIVE HUMIDITY (PERCENT)
 HIGHEST    73           400 AM
 LOWEST     32           400 PM
 AVERAGE    53

..........................................................


THE PEORIA IL CLIMATE NORMALS FOR TOMORROW
                         NORMAL    RECORD    YEAR
 MAXIMUM TEMPERATURE (F)   37        69      1938
 MINIMUM TEMPERATURE (F)   20       -16      1905


SUNRISE AND SUNSET
FEBRUARY 11 2016......SUNRISE   658 AM CST   SUNSET   528 PM CST
FEBRUARY 12 2016......SUNRISE   657 AM CST   SUNSET   529 PM CST


-  INDICATES NEGATIVE NUMBERS.
R  INDICATES RECORD WAS SET OR TIED.
MM INDICATES DATA IS MISSING.
T  INDICATES TRACE AMOUNT.




$$
