000
CDUS43 KILX 102211
CLIPIA


CLIMATE REPORT
NATIONAL WEATHER SERVICE LINCOLN IL
500 PM CDT THU JUL 10 2014


...................................

...THE PEORIA IL CLIMATE SUMMARY FOR JULY 10 2014...
VALID TODAY AS OF 0400 PM LOCAL TIME.

CLIMATE NORMAL PERIOD 1981 TO 2010
CLIMATE RECORD PERIOD 1883 TO 2014


WEATHER ITEM   OBSERVED TIME   RECORD YEAR NORMAL DEPARTURE LAST
                VALUE   (LST)  VALUE       VALUE  FROM      YEAR
                                                  NORMAL
..................................................................
TEMPERATURE (F)
 TODAY
  MAXIMUM         83    146 PM 106    1936  86     -3       88
  MINIMUM         60    459 AM  51    1963  66     -6       68
  AVERAGE         72                        76     -4       78

PRECIPITATION (IN)
  TODAY            0.00          1.89 1912   0.14  -0.14     0.00
  MONTH TO DATE    0.73                      1.26  -0.53     0.39
  SINCE JUN 1     10.40                      4.79   5.61     2.58
  SINCE JAN 1     22.38                     19.12   3.26    30.10

SNOWFALL (IN)
  TODAY            0.0           0.0    MM   0.0    0.0      0.0
  MONTH TO DATE    0.0                       0.0    0.0      0.0
  SINCE JUN 1      0.0                       0.0    0.0      0.0
  SINCE JUL 1      0.0                       0.0    0.0      0.0
  SNOW DEPTH       0

DEGREE DAYS
 HEATING
  TODAY            0                         0      0        0
  MONTH TO DATE    0                         0      0        0
  SINCE JUN 1      0                        18    -18       18
  SINCE JUL 1      0                         0      0        0

 COOLING
  TODAY            7                        11     -4       13
  MONTH TO DATE   73                       108    -35      101
  SINCE JUN 1    365                       330     35      324
  SINCE JAN 1    523                       411    112      431
..................................................................


WIND (MPH)
  HIGHEST WIND SPEED     9   HIGHEST WIND DIRECTION     S (170)
  HIGHEST GUST SPEED    13   HIGHEST GUST DIRECTION     S (190)
  AVERAGE WIND SPEED     3.0


SKY COVER
  POSSIBLE SUNSHINE  MM
  AVERAGE SKY COVER 0.2


WEATHER CONDITIONS
 THE FOLLOWING WEATHER WAS RECORDED TODAY.
  NO SIGNIFICANT WEATHER WAS OBSERVED.


RELATIVE HUMIDITY (PERCENT)
 HIGHEST    90           300 AM
 LOWEST     42          1200 PM
 AVERAGE    66

..........................................................


THE PEORIA IL CLIMATE NORMALS FOR TOMORROW
                         NORMAL    RECORD    YEAR
 MAXIMUM TEMPERATURE (F)   86       108      1936
 MINIMUM TEMPERATURE (F)   66        50      1898


SUNRISE AND SUNSET
JULY 10 2014..........SUNRISE   537 AM CDT   SUNSET   831 PM CDT
JULY 11 2014..........SUNRISE   538 AM CDT   SUNSET   831 PM CDT


-  INDICATES NEGATIVE NUMBERS.
R  INDICATES RECORD WAS SET OR TIED.
MM INDICATES DATA IS MISSING.
T  INDICATES TRACE AMOUNT.




$$
