000
CDUS43 KILX 182231
CLIPIA


CLIMATE REPORT
NATIONAL WEATHER SERVICE LINCOLN IL
429 PM CST THU DEC 18 2014


...................................

...THE PEORIA IL CLIMATE SUMMARY FOR DECEMBER 18 2014...
VALID TODAY AS OF 0400 PM LOCAL TIME.

CLIMATE NORMAL PERIOD 1981 TO 2010
CLIMATE RECORD PERIOD 1883 TO 2014


WEATHER ITEM   OBSERVED TIME   RECORD YEAR NORMAL DEPARTURE LAST
                VALUE   (LST)  VALUE       VALUE  FROM      YEAR
                                                  NORMAL
..................................................................
TEMPERATURE (F)
 TODAY
  MAXIMUM         30    353 PM  62    1939  35     -5       38
  MINIMUM         19    635 AM -12    1985  20     -1       13
  AVERAGE         25                        28     -3       26

PRECIPITATION (IN)
  TODAY            0.00          2.60 1895   0.07  -0.07     0.00
  MONTH TO DATE    0.55                      1.53  -0.98     0.76
  SINCE DEC 1      0.55                      1.53  -0.98     0.76
  SINCE JAN 1     39.09                     35.60   3.49    42.83

SNOWFALL (IN)
  TODAY            0.0           4.2  1929   0.2   -0.2      0.0
  MONTH TO DATE    T                         3.8   -3.8      7.7
  SINCE DEC 1      T                         3.8   -3.8      7.7
  SINCE JUL 1      1.3                       4.9   -3.6      8.3
  SNOW DEPTH       0

DEGREE DAYS
 HEATING
  TODAY           40                        38      2       39
  MONTH TO DATE  563                       625    -62      726
  SINCE DEC 1    563                       625    -62      726
  SINCE JUL 1   1804                      1773     31     1908

 COOLING
  TODAY            0                         0      0        0
  MONTH TO DATE    0                         0      0        0
  SINCE DEC 1      0                         0      0        0
  SINCE JAN 1   1156                      1039    117     1174
..................................................................


WIND (MPH)
  HIGHEST WIND SPEED     6   HIGHEST WIND DIRECTION     N (10)
  HIGHEST GUST SPEED     9   HIGHEST GUST DIRECTION    NW (300)
  AVERAGE WIND SPEED     1.6


SKY COVER
  POSSIBLE SUNSHINE  MM
  AVERAGE SKY COVER 0.5


WEATHER CONDITIONS
 THE FOLLOWING WEATHER WAS RECORDED TODAY.
  NO SIGNIFICANT WEATHER WAS OBSERVED.


RELATIVE HUMIDITY (PERCENT)
 HIGHEST    84          1200 AM
 LOWEST     58           300 PM
 AVERAGE    71

..........................................................


THE PEORIA IL CLIMATE NORMALS FOR TOMORROW
                         NORMAL    RECORD    YEAR
 MAXIMUM TEMPERATURE (F)   35        61      1988
 MINIMUM TEMPERATURE (F)   20       -15      1983


SUNRISE AND SUNSET
DECEMBER 18 2014......SUNRISE   717 AM CST   SUNSET   433 PM CST
DECEMBER 19 2014......SUNRISE   718 AM CST   SUNSET   434 PM CST


-  INDICATES NEGATIVE NUMBERS.
R  INDICATES RECORD WAS SET OR TIED.
MM INDICATES DATA IS MISSING.
T  INDICATES TRACE AMOUNT.




$$
