568
CDUS43 KILX 260639
CLIPIA

CLIMATE REPORT
NATIONAL WEATHER SERVICE LINCOLN IL
136 AM CDT FRI MAY 26 2017

...................................

...THE PEORIA IL CLIMATE SUMMARY FOR MAY 25 2017...

CLIMATE NORMAL PERIOD 1981 TO 2010
CLIMATE RECORD PERIOD 1883 TO 2017


WEATHER ITEM   OBSERVED TIME   RECORD YEAR NORMAL DEPARTURE LAST
                VALUE   (LST)  VALUE       VALUE  FROM      YEAR
                                                  NORMAL
..................................................................
TEMPERATURE (F)
 YESTERDAY
  MAXIMUM         72    300 PM  93    1911  76     -4       86
  MINIMUM         53    331 AM  30    1925  54     -1       64
  AVERAGE         63                        65     -2       75

PRECIPITATION (IN)
  YESTERDAY        0.00          2.79 2011   0.14  -0.14     0.00
  MONTH TO DATE    2.76                      3.55  -0.79     2.56
  SINCE MAR 1     14.97                      9.98   4.99     7.43
  SINCE JAN 1     17.63                     13.55   4.08     8.81

SNOWFALL (IN)
  YESTERDAY        0.0           0.0    MM   0.0    0.0      0.0
  MONTH TO DATE    0.0                       0.0    0.0      0.0
  SINCE MAR 1      4.2                       3.3    0.9      0.2
  SINCE JUL 1     13.9                      24.6  -10.7     15.3
  SNOW DEPTH       0

DEGREE DAYS
 HEATING
  YESTERDAY        2                         3     -1        0
  MONTH TO DATE  149                       133     16      147
  SINCE MAR 1   1093                      1282   -189     1058
  SINCE JUL 1   4700                      5798  -1098     4641

 COOLING
  YESTERDAY        0                         3     -3       10
  MONTH TO DATE   50                        45      5       32
  SINCE MAR 1     68                        59      9       50
  SINCE JAN 1     68                        59      9       50
..................................................................


WIND (MPH)
  HIGHEST WIND SPEED    13   HIGHEST WIND DIRECTION    NW (310)
  HIGHEST GUST SPEED    18   HIGHEST GUST DIRECTION    NW (300)
  AVERAGE WIND SPEED     5.5


SKY COVER
  POSSIBLE SUNSHINE  MM
  AVERAGE SKY COVER 0.5


WEATHER CONDITIONS
 THE FOLLOWING WEATHER WAS RECORDED YESTERDAY.
  NO SIGNIFICANT WEATHER WAS OBSERVED.


RELATIVE HUMIDITY (PERCENT)
 HIGHEST    93          1200 AM
 LOWEST     61           200 PM
 AVERAGE    77

..........................................................


THE PEORIA IL CLIMATE NORMALS FOR TODAY
                         NORMAL    RECORD    YEAR
 MAXIMUM TEMPERATURE (F)   76        95      1911
 MINIMUM TEMPERATURE (F)   55        34      1979


SUNRISE AND SUNSET
MAY 26 2017...........SUNRISE   533 AM CDT   SUNSET   819 PM CDT
MAY 27 2017...........SUNRISE   532 AM CDT   SUNSET   820 PM CDT


-  INDICATES NEGATIVE NUMBERS.
R  INDICATES RECORD WAS SET OR TIED.
MM INDICATES DATA IS MISSING.
T  INDICATES TRACE AMOUNT.


$$
