000
CDUS45 KPIH 210735
CLIPIH


CLIMATE REPORT
NATIONAL WEATHER SERVICE POCATELLO ID
1233 AM MST SUN DEC 21 2014


...................................

...THE POCATELLO ID CLIMATE SUMMARY FOR DECEMBER 20 2014...

CLIMATE NORMAL PERIOD 1981 TO 2010
CLIMATE RECORD PERIOD 1939 TO 2014


WEATHER ITEM   OBSERVED TIME   RECORD YEAR NORMAL DEPARTURE LAST
                VALUE   (LST)  VALUE       VALUE  FROM      YEAR
                                                  NORMAL
..................................................................
TEMPERATURE (F)
 YESTERDAY
  MAXIMUM         41    354 PM  56    1941  32      9       27
  MINIMUM         34    531 AM -13    1990  15     19       20
  AVERAGE         38                        24     14       24

PRECIPITATION (IN)
  YESTERDAY        0.02          0.53 1952   0.04  -0.02     0.07
  MONTH TO DATE    0.36                      0.82  -0.46     0.40
  SINCE OCT 1      1.98                      2.80  -0.82     1.34
  SINCE JAN 1     12.24                     11.71   0.53     6.14

SNOWFALL (IN)
  YESTERDAY        0.0
  MONTH TO DATE    1.2
  SINCE DEC 1      1.2
  SINCE JUL 1      5.8
  SNOW DEPTH       0

DEGREE DAYS
 HEATING
  YESTERDAY       27                        41    -14       41
  MONTH TO DATE  543                       799   -256      978
  SINCE DEC 1    543                       799   -256      978
  SINCE JUL 1   2070                      2527   -457     2590

 COOLING
  YESTERDAY        0                         0      0        0
  MONTH TO DATE    0                         0      0        0
  SINCE DEC 1      0                         0      0        0
  SINCE JAN 1    421                       392     29      688
..................................................................


WIND (MPH)
  HIGHEST WIND SPEED    21   HIGHEST WIND DIRECTION     S (190)
  HIGHEST GUST SPEED    25   HIGHEST GUST DIRECTION     S (200)
  AVERAGE WIND SPEED    11.2


SKY COVER
  POSSIBLE SUNSHINE  MM
  AVERAGE SKY COVER 1.0


WEATHER CONDITIONS
 THE FOLLOWING WEATHER WAS RECORDED YESTERDAY.
  LIGHT RAIN


RELATIVE HUMIDITY (PERCENT)
 HIGHEST    92           100 AM
 LOWEST     73           300 PM
 AVERAGE    83

..........................................................


THE POCATELLO ID CLIMATE NORMALS FOR TODAY
                         NORMAL    RECORD    YEAR
 MAXIMUM TEMPERATURE (F)   32        54      1969
                                             1955
 MINIMUM TEMPERATURE (F)   15       -25      1990


SUNRISE AND SUNSET
DECEMBER 21 2014......SUNRISE   758 AM MST   SUNSET   459 PM MST
DECEMBER 22 2014......SUNRISE   759 AM MST   SUNSET   500 PM MST


-  INDICATES NEGATIVE NUMBERS.
R  INDICATES RECORD WAS SET OR TIED.
MM INDICATES DATA IS MISSING.
T  INDICATES TRACE AMOUNT.




$$
