000
CDUS45 KPIH 062322
CLIPIH


CLIMATE REPORT
NATIONAL WEATHER SERVICE POCATELLO ID
520 PM MDT MON JUL 6 2015


...................................

...THE POCATELLO ID CLIMATE SUMMARY FOR JULY 6 2015...
VALID TODAY AS OF 0500 PM LOCAL TIME.

CLIMATE NORMAL PERIOD 1981 TO 2010
CLIMATE RECORD PERIOD 1939 TO 2015


WEATHER ITEM   OBSERVED TIME   RECORD YEAR NORMAL DEPARTURE LAST
                VALUE   (LST)  VALUE       VALUE  FROM      YEAR
                                                  NORMAL
..................................................................
TEMPERATURE (F)
 TODAY
  MAXIMUM         84    314 PM 102    2007  86     -2       97
  MINIMUM         65    640 AM  35    1986  51     14       49
  AVERAGE         75                        68      7       73

PRECIPITATION (IN)
  TODAY            0.00          0.20 2002   0.02  -0.02     0.00
  MONTH TO DATE    0.01                      0.11  -0.10      T
  SINCE OCT 1      7.31                     10.15  -2.84     7.51
  SINCE JAN 1      4.92                      6.93  -2.01     6.14

SNOWFALL (IN)
  TODAY            0.0
  MONTH TO DATE    0.0
  SINCE JUN 1      0.0
  SINCE JUL 1      0.0
  SNOW DEPTH       0

DEGREE DAYS
 HEATING
  TODAY            0                         1     -1        0
  MONTH TO DATE    0                         7     -7        2
  SINCE JUN 1     28                       138   -110      112
  SINCE JUL 1      0                         7     -7        2

 COOLING
  TODAY           10                         4      6        8
  MONTH TO DATE   77                        23     54       39
  SINCE JUN 1    212                        69    143       59
  SINCE JAN 1    216                        74    142       59
..................................................................


WIND (MPH)
  HIGHEST WIND SPEED    16   HIGHEST WIND DIRECTION    NW (320)
  HIGHEST GUST SPEED    22   HIGHEST GUST DIRECTION    NE (40)
  AVERAGE WIND SPEED     8.1


SKY COVER
  POSSIBLE SUNSHINE  MM
  AVERAGE SKY COVER 0.7


WEATHER CONDITIONS
 THE FOLLOWING WEATHER WAS RECORDED TODAY.
  NO SIGNIFICANT WEATHER WAS OBSERVED.


RELATIVE HUMIDITY (PERCENT)
 HIGHEST    68           700 AM
 LOWEST     34           400 PM
 AVERAGE    51

..........................................................


THE POCATELLO ID CLIMATE NORMALS FOR TOMORROW
                         NORMAL    RECORD    YEAR
 MAXIMUM TEMPERATURE (F)   86        98      2002
 MINIMUM TEMPERATURE (F)   51        39      1996
                                             1993


SUNRISE AND SUNSET
JULY  6 2015..........SUNRISE   558 AM MDT   SUNSET   912 PM MDT
JULY  7 2015..........SUNRISE   559 AM MDT   SUNSET   911 PM MDT


-  INDICATES NEGATIVE NUMBERS.
R  INDICATES RECORD WAS SET OR TIED.
MM INDICATES DATA IS MISSING.
T  INDICATES TRACE AMOUNT.




$$
