000
CDUS45 KPIH 070743
CLIPIH


CLIMATE REPORT
NATIONAL WEATHER SERVICE POCATELLO ID
1239 AM MST WED DEC 7 2016


...................................

...THE POCATELLO ID CLIMATE SUMMARY FOR DECEMBER 6 2016...

CLIMATE NORMAL PERIOD 1981 TO 2010
CLIMATE RECORD PERIOD 1939 TO 2016


WEATHER ITEM   OBSERVED TIME   RECORD YEAR NORMAL DEPARTURE LAST
                VALUE   (LST)  VALUE       VALUE  FROM      YEAR
                                                  NORMAL
..................................................................
TEMPERATURE (F)
 YESTERDAY
  MAXIMUM         20    516 PM  57    1981  34    -14       43
  MINIMUM          3    248 AM -12    1972  17    -14       15
  AVERAGE         12                        26    -14       29

PRECIPITATION (IN)
  YESTERDAY        0.12          0.45 1971   0.05   0.07     0.00
  MONTH TO DATE    0.24                      0.26  -0.02     0.00
  SINCE OCT 1      3.94                      2.24   1.70     2.63
  SINCE JAN 1     13.62                     11.15   2.47    10.37

SNOWFALL (IN)
  YESTERDAY        1.7
  MONTH TO DATE    3.2
  SINCE DEC 1      3.2
  SINCE JUL 1      5.8
  SNOW DEPTH       T

DEGREE DAYS
 HEATING
  YESTERDAY       53                        39     14       36
  MONTH TO DATE  238                       231      7      252
  SINCE DEC 1    238                       231      7      252
  SINCE JUL 1   1673                      1959   -286     1696

 COOLING
  YESTERDAY        0                         0      0        0
  MONTH TO DATE    0                         0      0        0
  SINCE DEC 1      0                         0      0        0
  SINCE JAN 1    416                       392     24      502
..................................................................


WIND (MPH)
  HIGHEST WIND SPEED    10   HIGHEST WIND DIRECTION    NW (320)
  HIGHEST GUST SPEED    13   HIGHEST GUST DIRECTION     E (80)
  AVERAGE WIND SPEED     5.0


SKY COVER
  POSSIBLE SUNSHINE  MM
  AVERAGE SKY COVER 0.6


WEATHER CONDITIONS
 THE FOLLOWING WEATHER WAS RECORDED YESTERDAY.
  SNOW
  LIGHT SNOW
  FOG


RELATIVE HUMIDITY (PERCENT)
 HIGHEST    92           900 PM
 LOWEST     61          1000 AM
 AVERAGE    77

..........................................................


THE POCATELLO ID CLIMATE NORMALS FOR TODAY
                         NORMAL    RECORD    YEAR
 MAXIMUM TEMPERATURE (F)   34        54      1981
 MINIMUM TEMPERATURE (F)   17        -9      2005


SUNRISE AND SUNSET
DECEMBER  7 2016......SUNRISE   748 AM MST   SUNSET   456 PM MST
DECEMBER  8 2016......SUNRISE   749 AM MST   SUNSET   456 PM MST


-  INDICATES NEGATIVE NUMBERS.
R  INDICATES RECORD WAS SET OR TIED.
MM INDICATES DATA IS MISSING.
T  INDICATES TRACE AMOUNT.




$$
