000
CDUS45 KPIH 180731
CLIPIH


CLIMATE REPORT
NATIONAL WEATHER SERVICE POCATELLO ID
1229 AM MST THU JAN 18 2018


...................................

...THE POCATELLO ID CLIMATE SUMMARY FOR JANUARY 17 2018...

CLIMATE NORMAL PERIOD 1981 TO 2010
CLIMATE RECORD PERIOD 1939 TO 2018


WEATHER ITEM   OBSERVED TIME   RECORD YEAR NORMAL DEPARTURE LAST
                VALUE   (LST)  VALUE       VALUE  FROM      YEAR
                                                  NORMAL
..................................................................
TEMPERATURE (F)
 YESTERDAY
  MAXIMUM         44    220 PM  54    1961  33     11       17
  MINIMUM         25    735 AM -23    1984  16      9       -4
  AVERAGE         35                        24     11        7

PRECIPITATION (IN)
  YESTERDAY        0.00          0.70 1950   0.03  -0.03      T
  MONTH TO DATE    0.45                      0.59  -0.14     1.68
  SINCE OCT 1      3.24                      3.81  -0.57     8.24
  SINCE JAN 1      0.45                      0.59  -0.14     1.68

SNOWFALL (IN)
  YESTERDAY        0.0
  MONTH TO DATE    T
  SINCE DEC 1     12.8
  SINCE JUL 1     13.8
  SNOW DEPTH       0

DEGREE DAYS
 HEATING
  YESTERDAY       30                        41    -11       58
  MONTH TO DATE  545                       697   -152      879
  SINCE DEC 1   1760                      1954   -194     2276
  SINCE JUL 1   3394                      3682   -288     3711

 COOLING
  YESTERDAY        0                         0      0        0
  MONTH TO DATE    0                         0      0        0
  SINCE DEC 1      0                         0      0        0
  SINCE JAN 1      0                         0      0        0
..................................................................


WIND (MPH)
  HIGHEST WIND SPEED    14   HIGHEST WIND DIRECTION     E (90)
  HIGHEST GUST SPEED    16   HIGHEST GUST DIRECTION     E (90)
  AVERAGE WIND SPEED     3.5


SKY COVER
  POSSIBLE SUNSHINE  MM
  AVERAGE SKY COVER 0.2


WEATHER CONDITIONS
 THE FOLLOWING WEATHER WAS RECORDED YESTERDAY.
  FOG


RELATIVE HUMIDITY (PERCENT)
 HIGHEST   100           700 AM
 LOWEST     57           300 PM
 AVERAGE    79

..........................................................


THE POCATELLO ID CLIMATE NORMALS FOR TODAY
                         NORMAL    RECORD    YEAR
 MAXIMUM TEMPERATURE (F)   33        54      2015
 MINIMUM TEMPERATURE (F)   16       -28      1984


SUNRISE AND SUNSET
JANUARY 18 2018.......SUNRISE   757 AM MST   SUNSET   525 PM MST
JANUARY 19 2018.......SUNRISE   756 AM MST   SUNSET   526 PM MST


-  INDICATES NEGATIVE NUMBERS.
R  INDICATES RECORD WAS SET OR TIED.
MM INDICATES DATA IS MISSING.
T  INDICATES TRACE AMOUNT.




$$
