000
CDUS45 KPIH 270737
CLIPIH


CLIMATE REPORT
NATIONAL WEATHER SERVICE POCATELLO ID
1236 AM MST THU NOV 27 2014


...................................

...THE POCATELLO ID CLIMATE SUMMARY FOR NOVEMBER 26 2014...

CLIMATE NORMAL PERIOD 1981 TO 2010
CLIMATE RECORD PERIOD 1939 TO 2014


WEATHER ITEM   OBSERVED TIME   RECORD YEAR NORMAL DEPARTURE LAST
                VALUE   (LST)  VALUE       VALUE  FROM      YEAR
                                                  NORMAL
..................................................................
TEMPERATURE (F)
 YESTERDAY
  MAXIMUM         55    202 PM  63    1998  39     16       49
  MINIMUM         43    715 PM -14    1993  20     23       16
  AVERAGE         49                        29     20       33

PRECIPITATION (IN)
  YESTERDAY        0.00          0.82 1995   0.04  -0.04     0.00
  MONTH TO DATE    1.36                      0.95   0.41     0.42
  SINCE OCT 1      1.40                      1.82  -0.42     0.91
  SINCE JAN 1     11.66                     10.73   0.93     5.71

SNOWFALL (IN)
  YESTERDAY        0.0
  MONTH TO DATE    4.6
  SINCE SEP 1      4.6
  SINCE JUL 1      4.6
  SNOW DEPTH       0

DEGREE DAYS
 HEATING
  YESTERDAY       16                        36    -20       32
  MONTH TO DATE  841                       774     67      719
  SINCE SEP 1   1408                      1535   -127     1487
  SINCE JUL 1   1443                      1581   -138     1487

 COOLING
  YESTERDAY        0                         0      0        0
  MONTH TO DATE    0                         0      0        0
  SINCE SEP 1     35                        22     13       61
  SINCE JAN 1    421                       392     29      688
..................................................................


WIND (MPH)
  HIGHEST WIND SPEED    36   HIGHEST WIND DIRECTION    SW (240)
  HIGHEST GUST SPEED    45   HIGHEST GUST DIRECTION    SW (240)
  AVERAGE WIND SPEED    18.5


SKY COVER
  POSSIBLE SUNSHINE  MM
  AVERAGE SKY COVER 0.2


WEATHER CONDITIONS
 THE FOLLOWING WEATHER WAS RECORDED YESTERDAY.
  NO SIGNIFICANT WEATHER WAS OBSERVED.


RELATIVE HUMIDITY (PERCENT)
 HIGHEST    76           100 AM
 LOWEST     41          1100 PM
 AVERAGE    59

..........................................................


THE POCATELLO ID CLIMATE NORMALS FOR TODAY
                         NORMAL    RECORD    YEAR
 MAXIMUM TEMPERATURE (F)   38        62      1949
 MINIMUM TEMPERATURE (F)   20       -12      1993


SUNRISE AND SUNSET
NOVEMBER 27 2014......SUNRISE   737 AM MST   SUNSET   459 PM MST
NOVEMBER 28 2014......SUNRISE   738 AM MST   SUNSET   458 PM MST


-  INDICATES NEGATIVE NUMBERS.
R  INDICATES RECORD WAS SET OR TIED.
MM INDICATES DATA IS MISSING.
T  INDICATES TRACE AMOUNT.




$$
