000
CDUS45 KPIH 210730
CLIPIH


CLIMATE REPORT
NATIONAL WEATHER SERVICE POCATELLO ID
1229 AM MST TUE FEB 21 2017


...................................

...THE POCATELLO ID CLIMATE SUMMARY FOR FEBRUARY 20 2017...

CLIMATE NORMAL PERIOD 1981 TO 2010
CLIMATE RECORD PERIOD 1939 TO 2017


WEATHER ITEM   OBSERVED TIME   RECORD YEAR NORMAL DEPARTURE LAST
                VALUE   (LST)  VALUE       VALUE  FROM      YEAR
                                                  NORMAL
..................................................................
TEMPERATURE (F)
 YESTERDAY
  MAXIMUM         45   1003 PM  60    1995  39      6       44
                                      1958
  MINIMUM         28    230 AM -11    1984  20      8       27
                                      1942
  AVERAGE         37                        30      7       36

PRECIPITATION (IN)
  YESTERDAY        0.20          0.62 2001   0.04   0.16     0.00
  MONTH TO DATE    2.00                      0.66   1.34     0.20
  SINCE OCT 1     11.41                      4.87   6.54     5.18
  SINCE JAN 1      4.85                      1.65   3.20     1.61

SNOWFALL (IN)
  YESTERDAY        0.0
  MONTH TO DATE    5.7
  SINCE DEC 1     66.4
  SINCE JUL 1     69.0
  SNOW DEPTH       0

DEGREE DAYS
 HEATING
  YESTERDAY       28                        35     -7       29
  MONTH TO DATE  597                       757   -160      698
  SINCE DEC 1   3495                      3276    219     3146
  SINCE JUL 1   4930                      5004    -74     4590

 COOLING
  YESTERDAY        0                         0      0        0
  MONTH TO DATE    0                         0      0        0
  SINCE DEC 1      0                         0      0        0
  SINCE JAN 1      0                         0      0        0
..................................................................


WIND (MPH)
  HIGHEST WIND SPEED    35   HIGHEST WIND DIRECTION     S (180)
  HIGHEST GUST SPEED    42   HIGHEST GUST DIRECTION     S (180)
  AVERAGE WIND SPEED    16.8


SKY COVER
  POSSIBLE SUNSHINE  MM
  AVERAGE SKY COVER 0.8


WEATHER CONDITIONS
 THE FOLLOWING WEATHER WAS RECORDED YESTERDAY.
  LIGHT RAIN
  FOG


RELATIVE HUMIDITY (PERCENT)
 HIGHEST    92          1200 AM
 LOWEST     65           900 AM
 AVERAGE    79

..........................................................


THE POCATELLO ID CLIMATE NORMALS FOR TODAY
                         NORMAL    RECORD    YEAR
 MAXIMUM TEMPERATURE (F)   40        62      1982
 MINIMUM TEMPERATURE (F)   21        -1      1984


SUNRISE AND SUNSET
FEBRUARY 21 2017......SUNRISE   718 AM MST   SUNSET   610 PM MST
FEBRUARY 22 2017......SUNRISE   717 AM MST   SUNSET   611 PM MST


-  INDICATES NEGATIVE NUMBERS.
R  INDICATES RECORD WAS SET OR TIED.
MM INDICATES DATA IS MISSING.
T  INDICATES TRACE AMOUNT.




$$
