000
CDUS45 KPIH 240737
CLIPIH


CLIMATE REPORT
NATIONAL WEATHER SERVICE POCATELLO ID
1235 AM MST TUE JAN 24 2017


...................................

...THE POCATELLO ID CLIMATE SUMMARY FOR JANUARY 23 2017...

CLIMATE NORMAL PERIOD 1981 TO 2010
CLIMATE RECORD PERIOD 1939 TO 2017


WEATHER ITEM   OBSERVED TIME   RECORD YEAR NORMAL DEPARTURE LAST
                VALUE   (LST)  VALUE       VALUE  FROM      YEAR
                                                  NORMAL
..................................................................
TEMPERATURE (F)
 YESTERDAY
  MAXIMUM         34    204 PM  55    1994  33      1       38
                                      1970
  MINIMUM         26   1159 PM -27    1962  16     10       24
  AVERAGE         30                        25      5       31

PRECIPITATION (IN)
  YESTERDAY        0.52R         0.33 1950   0.02   0.50     0.11
  MONTH TO DATE    2.52                      0.76   1.76     0.82
  SINCE OCT 1      9.08                      3.98   5.10     4.39
  SINCE JAN 1      2.52                      0.76   1.76     0.82

SNOWFALL (IN)
  YESTERDAY        8.6
  MONTH TO DATE   26.6
  SINCE DEC 1     55.1
  SINCE JUL 1     57.7
  SNOW DEPTH       6

DEGREE DAYS
 HEATING
  YESTERDAY       35                        40     -5       34
  MONTH TO DATE 1100                       940    160      896
  SINCE DEC 1   2497                      2197    300     2131
  SINCE JUL 1   3932                      3925      7     3575

 COOLING
  YESTERDAY        0                         0      0        0
  MONTH TO DATE    0                         0      0        0
  SINCE DEC 1      0                         0      0        0
  SINCE JAN 1      0                         0      0        0
..................................................................


WIND (MPH)
  HIGHEST WIND SPEED    25   HIGHEST WIND DIRECTION    NW (300)
  HIGHEST GUST SPEED    30   HIGHEST GUST DIRECTION    NW (300)
  AVERAGE WIND SPEED    10.1


SKY COVER
  POSSIBLE SUNSHINE  MM
  AVERAGE SKY COVER 1.0


WEATHER CONDITIONS
 THE FOLLOWING WEATHER WAS RECORDED YESTERDAY.
  SNOW
  LIGHT SNOW
  FOG


RELATIVE HUMIDITY (PERCENT)
 HIGHEST   100           900 AM
 LOWEST     85           300 AM
 AVERAGE    93

..........................................................


THE POCATELLO ID CLIMATE NORMALS FOR TODAY
                         NORMAL    RECORD    YEAR
 MAXIMUM TEMPERATURE (F)   33        52      1994
                                             1953
 MINIMUM TEMPERATURE (F)   16       -19      1949


SUNRISE AND SUNSET
JANUARY 24 2017.......SUNRISE   752 AM MST   SUNSET   533 PM MST
JANUARY 25 2017.......SUNRISE   752 AM MST   SUNSET   534 PM MST


-  INDICATES NEGATIVE NUMBERS.
R  INDICATES RECORD WAS SET OR TIED.
MM INDICATES DATA IS MISSING.
T  INDICATES TRACE AMOUNT.




$$
