000
CDUS45 KPIH 230737
CLIPIH


CLIMATE REPORT
NATIONAL WEATHER SERVICE POCATELLO ID
133 AM MDT WED AUG 23 2017


...................................

...THE POCATELLO ID CLIMATE SUMMARY FOR AUGUST 22 2017...

CLIMATE NORMAL PERIOD 1981 TO 2010
CLIMATE RECORD PERIOD 1939 TO 2017


WEATHER ITEM   OBSERVED TIME   RECORD YEAR NORMAL DEPARTURE LAST
                VALUE   (LST)  VALUE       VALUE  FROM      YEAR
                                                  NORMAL
..................................................................
TEMPERATURE (F)
 YESTERDAY
  MAXIMUM         93    435 PM  98    1991  86      7       85
  MINIMUM         43    401 AM  34    1966  50     -7       48
  AVERAGE         68                        68      0       67

PRECIPITATION (IN)
  YESTERDAY        0.00          0.64 1960   0.02  -0.02     0.00
  MONTH TO DATE    0.33                      0.41  -0.08     0.24
  SINCE OCT 1     18.09                     11.09   7.00    11.15
  SINCE JAN 1     11.53                      7.87   3.66     7.58

SNOWFALL (IN)
  YESTERDAY        0.0
  MONTH TO DATE    0.0
  SINCE JUN 1      0.0
  SINCE JUL 1      0.0
  SNOW DEPTH       0

DEGREE DAYS
 HEATING
  YESTERDAY        0                         1     -1        0
  MONTH TO DATE    4                         9     -5        5
  SINCE JUN 1     93                       160    -67       65
  SINCE JUL 1      4                        29    -25       22

 COOLING
  YESTERDAY        3                         4     -1        2
  MONTH TO DATE  110                       118     -8       95
  SINCE JUN 1    449                       336    113      381
  SINCE JAN 1    451                       341    110      381
..................................................................


WIND (MPH)
  HIGHEST WIND SPEED    16   HIGHEST WIND DIRECTION     S (190)
  HIGHEST GUST SPEED    22   HIGHEST GUST DIRECTION     W (270)
  AVERAGE WIND SPEED     6.7


SKY COVER
  POSSIBLE SUNSHINE  MM
  AVERAGE SKY COVER 0.0


WEATHER CONDITIONS
 THE FOLLOWING WEATHER WAS RECORDED YESTERDAY.
  NO SIGNIFICANT WEATHER WAS OBSERVED.


RELATIVE HUMIDITY (PERCENT)
 HIGHEST    76           400 AM
 LOWEST     11           300 PM
 AVERAGE    44

..........................................................


THE POCATELLO ID CLIMATE NORMALS FOR TODAY
                         NORMAL    RECORD    YEAR
 MAXIMUM TEMPERATURE (F)   86        97      1969
                                             1967
 MINIMUM TEMPERATURE (F)   50        36      2015
                                             1988
                                             1978


SUNRISE AND SUNSET
AUGUST 23 2017........SUNRISE   646 AM MDT   SUNSET   819 PM MDT
AUGUST 24 2017........SUNRISE   647 AM MDT   SUNSET   818 PM MDT


-  INDICATES NEGATIVE NUMBERS.
R  INDICATES RECORD WAS SET OR TIED.
MM INDICATES DATA IS MISSING.
T  INDICATES TRACE AMOUNT.




$$
