000
CDUS45 KPIH 260734
CLIPIH


CLIMATE REPORT
NATIONAL WEATHER SERVICE POCATELLO ID
132 AM MDT FRI AUG 26 2016


...................................

...THE POCATELLO ID CLIMATE SUMMARY FOR AUGUST 25 2016...

CLIMATE NORMAL PERIOD 1981 TO 2010
CLIMATE RECORD PERIOD 1939 TO 2016


WEATHER ITEM   OBSERVED TIME   RECORD YEAR NORMAL DEPARTURE LAST
                VALUE   (LST)  VALUE       VALUE  FROM      YEAR
                                                  NORMAL
..................................................................
TEMPERATURE (F)
 YESTERDAY
  MAXIMUM         80    359 PM  98    1988  85     -5       97
                                      1985
                                      1981
  MINIMUM         44    612 AM  30    1992  49     -5       48
  AVERAGE         62                        67     -5       73

PRECIPITATION (IN)
  YESTERDAY        0.00          0.27 1955   0.03  -0.03     0.00
  MONTH TO DATE    0.24                      0.48  -0.24     0.48
  SINCE OCT 1     11.15                     11.16  -0.01     9.16
  SINCE JAN 1      7.58                      7.94  -0.36     6.77

SNOWFALL (IN)
  YESTERDAY        0.0
  MONTH TO DATE    0.0
  SINCE JUN 1      0.0
  SINCE JUL 1      0.0
  SNOW DEPTH       0

DEGREE DAYS
 HEATING
  YESTERDAY        3                         1      2        0
  MONTH TO DATE   14                        12      2       15
  SINCE JUN 1     74                       163    -89       66
  SINCE JUL 1     31                        32     -1       38

 COOLING
  YESTERDAY        0                         3     -3        8
  MONTH TO DATE   95                       128    -33      123
  SINCE JUN 1    381                       346     35      419
  SINCE JAN 1    381                       351     30      423
..................................................................


WIND (MPH)
  HIGHEST WIND SPEED    16   HIGHEST WIND DIRECTION    NE (30)
  HIGHEST GUST SPEED    19   HIGHEST GUST DIRECTION    NE (40)
  AVERAGE WIND SPEED     6.9


SKY COVER
  POSSIBLE SUNSHINE  MM
  AVERAGE SKY COVER 0.0


WEATHER CONDITIONS
 THE FOLLOWING WEATHER WAS RECORDED YESTERDAY.
  HAZE


RELATIVE HUMIDITY (PERCENT)
 HIGHEST    70           600 AM
 LOWEST     15           400 PM
 AVERAGE    43

..........................................................


THE POCATELLO ID CLIMATE NORMALS FOR TODAY
                         NORMAL    RECORD    YEAR
 MAXIMUM TEMPERATURE (F)   85       100      2010
 MINIMUM TEMPERATURE (F)   49        31      1992


SUNRISE AND SUNSET
AUGUST 26 2016........SUNRISE   649 AM MDT   SUNSET   814 PM MDT
AUGUST 27 2016........SUNRISE   650 AM MDT   SUNSET   812 PM MDT


-  INDICATES NEGATIVE NUMBERS.
R  INDICATES RECORD WAS SET OR TIED.
MM INDICATES DATA IS MISSING.
T  INDICATES TRACE AMOUNT.




$$
