000
CDUS45 KPIH 270807
CLIPIH


CLIMATE REPORT
NATIONAL WEATHER SERVICE POCATELLO ID
204 AM MDT WED JUL 27 2016


...................................

...THE POCATELLO ID CLIMATE SUMMARY FOR JULY 26 2016...

CLIMATE NORMAL PERIOD 1981 TO 2010
CLIMATE RECORD PERIOD 1939 TO 2016


WEATHER ITEM   OBSERVED TIME   RECORD YEAR NORMAL DEPARTURE LAST
                VALUE   (LST)  VALUE       VALUE  FROM      YEAR
                                                  NORMAL
..................................................................
TEMPERATURE (F)
 YESTERDAY
  MAXIMUM         98    436 PM 102    1994  90      8       88
  MINIMUM         50    510 AM  42    1999  53     -3       55
  AVERAGE         74                        71      3       72

PRECIPITATION (IN)
  YESTERDAY        0.00          0.24 1993   0.02  -0.02     0.00
  MONTH TO DATE    0.14                      0.53  -0.39     1.19
  SINCE OCT 1     10.90                     10.57   0.33     8.49
  SINCE JAN 1      7.33                      7.35  -0.02     6.10

SNOWFALL (IN)
  YESTERDAY        0.0
  MONTH TO DATE    0.0
  SINCE JUN 1      0.0
  SINCE JUL 1      0.0
  SNOW DEPTH       0

DEGREE DAYS
 HEATING
  YESTERDAY        0                         0      0        0
  MONTH TO DATE   17                        17      0        2
  SINCE JUN 1     60                       148    -88       30
  SINCE JUL 1     17                        17      0        2

 COOLING
  YESTERDAY        9                         7      2        7
  MONTH TO DATE  140                       137      3      155
  SINCE JUN 1    230                       183     47      290
  SINCE JAN 1    230                       188     42      294
..................................................................


WIND (MPH)
  HIGHEST WIND SPEED    20   HIGHEST WIND DIRECTION     W (260)
  HIGHEST GUST SPEED    25   HIGHEST GUST DIRECTION     W (250)
  AVERAGE WIND SPEED     7.0


SKY COVER
  POSSIBLE SUNSHINE  MM
  AVERAGE SKY COVER 0.0


WEATHER CONDITIONS
 THE FOLLOWING WEATHER WAS RECORDED YESTERDAY.
  NO SIGNIFICANT WEATHER WAS OBSERVED.


RELATIVE HUMIDITY (PERCENT)
 HIGHEST    59           500 AM
 LOWEST      7           500 PM
 AVERAGE    33

..........................................................


THE POCATELLO ID CLIMATE NORMALS FOR TODAY
                         NORMAL    RECORD    YEAR
 MAXIMUM TEMPERATURE (F)   90       100      1969
 MINIMUM TEMPERATURE (F)   53        41      2005


SUNRISE AND SUNSET
JULY 27 2016..........SUNRISE   617 AM MDT   SUNSET   856 PM MDT
JULY 28 2016..........SUNRISE   618 AM MDT   SUNSET   855 PM MDT


-  INDICATES NEGATIVE NUMBERS.
R  INDICATES RECORD WAS SET OR TIED.
MM INDICATES DATA IS MISSING.
T  INDICATES TRACE AMOUNT.




$$
