000
CDUS45 KPIH 220732
CLIPIH


CLIMATE REPORT
NATIONAL WEATHER SERVICE POCATELLO ID
129 AM MDT THU JUN 22 2017


...................................

...THE POCATELLO ID CLIMATE SUMMARY FOR JUNE 21 2017...

CLIMATE NORMAL PERIOD 1981 TO 2010
CLIMATE RECORD PERIOD 1939 TO 2017


WEATHER ITEM   OBSERVED TIME   RECORD YEAR NORMAL DEPARTURE LAST
                VALUE   (LST)  VALUE       VALUE  FROM      YEAR
                                                  NORMAL
..................................................................
TEMPERATURE (F)
 YESTERDAY
  MAXIMUM         87    256 PM  97    1988  80      7       85
  MINIMUM         57    325 AM  30    1989  48      9       54
  AVERAGE         72                        64      8       70

PRECIPITATION (IN)
  YESTERDAY        0.00          1.05 1948   0.02  -0.02     0.00
  MONTH TO DATE    1.14                      0.80   0.34     0.02
  SINCE OCT 1     17.61                      9.85   7.76    10.73
  SINCE JAN 1     11.05                      6.63   4.42     7.16

SNOWFALL (IN)
  YESTERDAY        0.0
  MONTH TO DATE    0.0
  SINCE JUN 1      0.0
  SINCE JUL 1     87.6
  SNOW DEPTH       0

DEGREE DAYS
 HEATING
  YESTERDAY        0                         3     -3        0
  MONTH TO DATE   77                       110    -33       35
  SINCE JUN 1     77                       110    -33       35
  SINCE JUL 1   6938                      7157   -219     6384

 COOLING
  YESTERDAY        7                         2      5        5
  MONTH TO DATE   42                        24     18       56
  SINCE JUN 1     42                        24     18       56
  SINCE JAN 1     44                        29     15       56
..................................................................


WIND (MPH)
  HIGHEST WIND SPEED    29   HIGHEST WIND DIRECTION    SW (220)
  HIGHEST GUST SPEED    37   HIGHEST GUST DIRECTION    SW (220)
  AVERAGE WIND SPEED    16.1


SKY COVER
  POSSIBLE SUNSHINE  MM
  AVERAGE SKY COVER 0.0


WEATHER CONDITIONS
 THE FOLLOWING WEATHER WAS RECORDED YESTERDAY.
  NO SIGNIFICANT WEATHER WAS OBSERVED.


RELATIVE HUMIDITY (PERCENT)
 HIGHEST    80           200 AM
 LOWEST     26           200 PM
 AVERAGE    53

..........................................................


THE POCATELLO ID CLIMATE NORMALS FOR TODAY
                         NORMAL    RECORD    YEAR
 MAXIMUM TEMPERATURE (F)   80        99      1954
 MINIMUM TEMPERATURE (F)   48        36      1995


SUNRISE AND SUNSET
JUNE 22 2017..........SUNRISE   552 AM MDT   SUNSET   913 PM MDT
JUNE 23 2017..........SUNRISE   552 AM MDT   SUNSET   913 PM MDT


-  INDICATES NEGATIVE NUMBERS.
R  INDICATES RECORD WAS SET OR TIED.
MM INDICATES DATA IS MISSING.
T  INDICATES TRACE AMOUNT.




$$
