000
CDUS45 KPIH 302328
CLIPIH


CLIMATE REPORT
NATIONAL WEATHER SERVICE POCATELLO ID
526 PM MDT FRI SEP 30 2016


...................................

...THE POCATELLO ID CLIMATE SUMMARY FOR SEPTEMBER 30 2016...
VALID TODAY AS OF 0500 PM LOCAL TIME.

CLIMATE NORMAL PERIOD 1981 TO 2010
CLIMATE RECORD PERIOD 1939 TO 2016


WEATHER ITEM   OBSERVED TIME   RECORD YEAR NORMAL DEPARTURE LAST
                VALUE   (LST)  VALUE       VALUE  FROM      YEAR
                                                  NORMAL
..................................................................
TEMPERATURE (F)
 TODAY
  MAXIMUM         79    339 PM  90    2011  69     10       86
                                      1957
  MINIMUM         46    550 AM  19    1985  37      9       45
  AVERAGE         63                        53     10       66

PRECIPITATION (IN)
  TODAY            0.00          0.49 1986   0.03  -0.03      T
                                      1971
  MONTH TO DATE    2.10                      0.84   1.26     0.82
  SINCE OCT 1     13.25                     12.13   1.12    10.13
  SINCE JAN 1      9.68                      8.91   0.77     7.74

SNOWFALL (IN)
  TODAY            0.0
  MONTH TO DATE    0.0
  SINCE SEP 1      0.0
  SINCE JUL 1      0.0
  SNOW DEPTH       0

DEGREE DAYS
 HEATING
  TODAY            2                        12    -10        0
  MONTH TO DATE  205                       203      2      102
  SINCE SEP 1    205                       203      2      102
  SINCE JUL 1    243                       249     -6      141

 COOLING
  TODAY            0                         0      0        1
  MONTH TO DATE   17                        22     -5       38
  SINCE SEP 1     17                        22     -5       38
  SINCE JAN 1    416                       392     24      499
..................................................................


WIND (MPH)
  HIGHEST WIND SPEED    14   HIGHEST WIND DIRECTION     S (190)
  HIGHEST GUST SPEED    16   HIGHEST GUST DIRECTION     S (190)
  AVERAGE WIND SPEED     5.1


SKY COVER
  POSSIBLE SUNSHINE  MM
  AVERAGE SKY COVER 0.3


WEATHER CONDITIONS
 THE FOLLOWING WEATHER WAS RECORDED TODAY.
  NO SIGNIFICANT WEATHER WAS OBSERVED.


RELATIVE HUMIDITY (PERCENT)
 HIGHEST    93           500 AM
 LOWEST     32           300 PM
 AVERAGE    63

..........................................................


THE POCATELLO ID CLIMATE NORMALS FOR TOMORROW
                         NORMAL    RECORD    YEAR
 MAXIMUM TEMPERATURE (F)   68        91      1992
 MINIMUM TEMPERATURE (F)   37        18      1950


SUNRISE AND SUNSET
SEPTEMBER 30 2016.....SUNRISE   727 AM MDT   SUNSET   712 PM MDT
OCTOBER  1 2016.......SUNRISE   728 AM MDT   SUNSET   711 PM MDT


-  INDICATES NEGATIVE NUMBERS.
R  INDICATES RECORD WAS SET OR TIED.
MM INDICATES DATA IS MISSING.
T  INDICATES TRACE AMOUNT.




$$
