000
CDUS43 KABR 101033
CLIPIR


CLIMATE REPORT
NATIONAL WEATHER SERVICE ABERDEEN SD
432 AM CST SAT DEC 10 2016


...................................

...THE PIERRE SD CLIMATE SUMMARY FOR DECEMBER 9 2016...

CLIMATE NORMAL PERIOD 1981 TO 2010
CLIMATE RECORD PERIOD 1892 TO 2016


WEATHER ITEM   OBSERVED TIME   RECORD YEAR NORMAL DEPARTURE LAST
                VALUE   (LST)  VALUE       VALUE  FROM      YEAR
                                                  NORMAL
..................................................................
TEMPERATURE (F)
 YESTERDAY
  MAXIMUM          7    213 PM  70    1939  33    -26       60
  MINIMUM         -7    958 PM -16    1955  13    -20       29
  AVERAGE          0                        23    -23       45

PRECIPITATION (IN)
  YESTERDAY       MM             0.29 2012   0.02  MM        0.00
  MONTH TO DATE    0.04                      0.17  -0.13     0.08
  SINCE DEC 1      0.04                      0.17  -0.13     0.08
  SINCE JAN 1     19.35                     19.63  -0.28    21.57

SNOWFALL (IN)
  YESTERDAY       MM             5.0  2012   0.2   MM        0.0
  MONTH TO DATE    0.5                       1.6   -1.1      0.8
  SINCE OCT 1     10.6                       7.9    2.7      5.9
  SINCE JUL 1     10.6                       7.9    2.7      5.9
  SNOW DEPTH       2

DEGREE DAYS
 HEATING
  YESTERDAY       65                        42     23       20
  MONTH TO DATE  418                       366     52      278
  SINCE DEC 1    418                       366     52      278
  SINCE JUL 1   1555                      1986   -431     1575

 COOLING
  YESTERDAY        0                         0      0        0
  MONTH TO DATE    0                         0      0        0
  SINCE DEC 1      0                         0      0        0
  SINCE JAN 1    961                       868     93      839
..................................................................


WIND (MPH)
  RESULTANT WIND SPEED   7   RESULTANT WIND DIRECTION  NE (50)
  HIGHEST WIND SPEED    14   HIGHEST WIND DIRECTION     N (20)
  HIGHEST GUST SPEED    15   HIGHEST GUST DIRECTION     N (20)
  AVERAGE WIND SPEED     8.5




RELATIVE HUMIDITY (PERCENT)
 HIGHEST    87           200 AM
 LOWEST     75           700 PM
 AVERAGE    81

..........................................................


THE PIERRE SD CLIMATE NORMALS FOR TODAY
                         NORMAL    RECORD    YEAR
 MAXIMUM TEMPERATURE (F)   32        58      1987
 MINIMUM TEMPERATURE (F)   13       -14      1972


SUNRISE AND SUNSET
DECEMBER 10 2016......SUNRISE   807 AM CST   SUNSET   502 PM CST
DECEMBER 11 2016......SUNRISE   807 AM CST   SUNSET   502 PM CST


-  INDICATES NEGATIVE NUMBERS.
R  INDICATES RECORD WAS SET OR TIED.
MM INDICATES DATA IS MISSING.
T  INDICATES TRACE AMOUNT.




$$
