000
CDUS43 KABR 051040
CLIPIR


CLIMATE REPORT
NATIONAL WEATHER SERVICE ABERDEEN SD
439 AM CST THU MAR 5 2015


...................................

...THE PIERRE SD CLIMATE SUMMARY FOR MARCH 4 2015...

CLIMATE NORMAL PERIOD 1981 TO 2010
CLIMATE RECORD PERIOD 1892 TO 2015


WEATHER ITEM   OBSERVED TIME   RECORD YEAR NORMAL DEPARTURE LAST
                VALUE   (LST)  VALUE       VALUE  FROM      YEAR
                                                  NORMAL
..................................................................
TEMPERATURE (F)
 YESTERDAY
  MAXIMUM         14    527 PM  75    2000  40    -26       18
  MINIMUM         -9   1159 PM -18    1960  19    -28        1
  AVERAGE          3                        30    -27       10

PRECIPITATION (IN)
  YESTERDAY        0.00          0.60 1966   0.03  -0.03     0.07
  MONTH TO DATE    0.18                      0.12   0.06     0.21
  SINCE MAR 1      0.18                      0.12   0.06     0.21
  SINCE JAN 1      0.53                      1.13  -0.60     0.78

SNOWFALL (IN)
  YESTERDAY        0.0           5.8  1966   0.3   -0.3      0.8
  MONTH TO DATE    1.8                       1.0    0.8      3.0
  SINCE OCT 1     24.1                      22.8    1.3     27.9
  SINCE JUL 1     24.1                      22.8    1.3     27.9
  SNOW DEPTH       1

DEGREE DAYS
 HEATING
  YESTERDAY       62                        35     27       55
  MONTH TO DATE  190                       143     47      263
  SINCE MAR 1    190                       143     47      263
  SINCE JUL 1   5699                      5641     58     6258

 COOLING
  YESTERDAY        0                         0      0        0
  MONTH TO DATE    0                         0      0        0
  SINCE MAR 1      0                         0      0        0
  SINCE JAN 1      0                         0      0        0
..................................................................


WIND (MPH)
  RESULTANT WIND SPEED  10   RESULTANT WIND DIRECTION  NW (310)
  HIGHEST WIND SPEED    25   HIGHEST WIND DIRECTION    NW (320)
  HIGHEST GUST SPEED    30   HIGHEST GUST DIRECTION    NW (320)
  AVERAGE WIND SPEED    13.3




RELATIVE HUMIDITY (PERCENT)
 HIGHEST    79           100 AM
 LOWEST     46           400 PM
 AVERAGE    63

..........................................................


THE PIERRE SD CLIMATE NORMALS FOR TODAY
                         NORMAL    RECORD    YEAR
 MAXIMUM TEMPERATURE (F)   41        80      2000
 MINIMUM TEMPERATURE (F)   20       -13      1989


SUNRISE AND SUNSET
MARCH  5 2015.........SUNRISE   712 AM CST   SUNSET   634 PM CST
MARCH  6 2015.........SUNRISE   710 AM CST   SUNSET   635 PM CST


-  INDICATES NEGATIVE NUMBERS.
R  INDICATES RECORD WAS SET OR TIED.
MM INDICATES DATA IS MISSING.
T  INDICATES TRACE AMOUNT.




$$
