000
CDUS43 KABR 301039
CLIPIR


CLIMATE REPORT
NATIONAL WEATHER SERVICE ABERDEEN SD
538 AM CDT THU OCT 30 2014


...................................

...THE PIERRE SD CLIMATE SUMMARY FOR OCTOBER 29 2014...

CLIMATE NORMAL PERIOD 1981 TO 2010
CLIMATE RECORD PERIOD 1892 TO 2014


WEATHER ITEM   OBSERVED TIME   RECORD YEAR NORMAL DEPARTURE LAST
                VALUE   (LST)  VALUE       VALUE  FROM      YEAR
                                                  NORMAL
..................................................................
TEMPERATURE (F)
 YESTERDAY
  MAXIMUM         61    351 PM  92    1933  54      7       31
  MINIMUM         17    616 AM   9    1991  31    -14       28
  AVERAGE         39                        43     -4       30

PRECIPITATION (IN)
  YESTERDAY        0.00          0.92 2004   0.04  -0.04      T
  MONTH TO DATE    0.30                      1.58  -1.28     4.76
  SINCE SEP 1      0.91                      3.45  -2.54     5.92
  SINCE JAN 1     17.13                     18.63  -1.50    22.84

SNOWFALL (IN)
  YESTERDAY        0.0           3.4  1970   0.0    0.0       T
  MONTH TO DATE    0.0                       0.8   -0.8      0.5
  SINCE OCT 1      0.0                       0.8   -0.8      0.5
  SINCE JUL 1      0.0                       0.8   -0.8      0.5
  SNOW DEPTH       0

DEGREE DAYS
 HEATING
  YESTERDAY       26                        22      4       35
  MONTH TO DATE  359                       464   -105      557
  SINCE SEP 1    486                       615   -129      613
  SINCE JUL 1    514                       635   -121      622

 COOLING
  YESTERDAY        0                         0      0        0
  MONTH TO DATE    2                         2      0        0
  SINCE SEP 1     86                        88     -2      167
  SINCE JAN 1    622                       865   -243      853
..................................................................


WIND (MPH)
  RESULTANT WIND SPEED   5   RESULTANT WIND DIRECTION   S (160)
  HIGHEST WIND SPEED    18   HIGHEST WIND DIRECTION    SE (140)
  HIGHEST GUST SPEED    23   HIGHEST GUST DIRECTION    SE (150)
  AVERAGE WIND SPEED     7.7




RELATIVE HUMIDITY (PERCENT)
 HIGHEST    92           700 AM
 LOWEST     27           300 PM
 AVERAGE    60

..........................................................


THE PIERRE SD CLIMATE NORMALS FOR TODAY
                         NORMAL    RECORD    YEAR
 MAXIMUM TEMPERATURE (F)   54        88      1950
 MINIMUM TEMPERATURE (F)   31         6      1991


SUNRISE AND SUNSET
OCTOBER 30 2014.......SUNRISE   816 AM CDT   SUNSET   633 PM CDT
OCTOBER 31 2014.......SUNRISE   817 AM CDT   SUNSET   632 PM CDT


-  INDICATES NEGATIVE NUMBERS.
R  INDICATES RECORD WAS SET OR TIED.
MM INDICATES DATA IS MISSING.
T  INDICATES TRACE AMOUNT.




$$
