000
CDUS43 KABR 231041
CLIPIR


CLIMATE REPORT
NATIONAL WEATHER SERVICE ABERDEEN SD
540 AM CDT THU OCT 23 2014


...................................

...THE PIERRE SD CLIMATE SUMMARY FOR OCTOBER 22 2014...

CLIMATE NORMAL PERIOD 1981 TO 2010
CLIMATE RECORD PERIOD 1892 TO 2014


WEATHER ITEM   OBSERVED TIME   RECORD YEAR NORMAL DEPARTURE LAST
                VALUE   (LST)  VALUE       VALUE  FROM      YEAR
                                                  NORMAL
..................................................................
TEMPERATURE (F)
 YESTERDAY
  MAXIMUM         65    435 PM  85    1992  58      7       44
  MINIMUM         45   1159 PM  18    1981  34     11       31
  AVERAGE         55                        46      9       38

PRECIPITATION (IN)
  YESTERDAY        0.11          0.49 1957   0.05   0.06      T
  MONTH TO DATE    0.29                      1.30  -1.01     4.64
  SINCE SEP 1      0.90                      3.17  -2.27     5.80
  SINCE JAN 1     17.12                     18.35  -1.23    22.72

SNOWFALL (IN)
  YESTERDAY        0.0           3.5  2002   0.0    0.0      0.0
  MONTH TO DATE    0.0                       0.4   -0.4       T
  SINCE OCT 1      0.0                       0.4   -0.4       T
  SINCE JUL 1      0.0                       0.4   -0.4       T
  SNOW DEPTH       0

DEGREE DAYS
 HEATING
  YESTERDAY       10                        19     -9       27
  MONTH TO DATE  256                       319    -63      371
  SINCE SEP 1    383                       470    -87      427
  SINCE JUL 1    411                       490    -79      436

 COOLING
  YESTERDAY        0                         0      0        0
  MONTH TO DATE    2                         2      0        0
  SINCE SEP 1     86                        88     -2      167
  SINCE JAN 1    622                       865   -243      853
..................................................................


WIND (MPH)
  RESULTANT WIND SPEED   3   RESULTANT WIND DIRECTION   W (280)
  HIGHEST WIND SPEED    30   HIGHEST WIND DIRECTION    NW (310)
  HIGHEST GUST SPEED    37   HIGHEST GUST DIRECTION    NW (320)
  AVERAGE WIND SPEED    10.9




RELATIVE HUMIDITY (PERCENT)
 HIGHEST    93          1100 AM
 LOWEST     43           400 PM
 AVERAGE    68

..........................................................


THE PIERRE SD CLIMATE NORMALS FOR TODAY
                         NORMAL    RECORD    YEAR
 MAXIMUM TEMPERATURE (F)   58        85      1973
 MINIMUM TEMPERATURE (F)   34        15      1981


SUNRISE AND SUNSET
OCTOBER 23 2014.......SUNRISE   806 AM CDT   SUNSET   644 PM CDT
OCTOBER 24 2014.......SUNRISE   808 AM CDT   SUNSET   642 PM CDT


-  INDICATES NEGATIVE NUMBERS.
R  INDICATES RECORD WAS SET OR TIED.
MM INDICATES DATA IS MISSING.
T  INDICATES TRACE AMOUNT.




$$
