330
CDUS43 KABR 211508
CLIPIR


CLIMATE REPORT
NATIONAL WEATHER SERVICE ABERDEEN SD
908 AM CST TUE FEB 21 2017


...................................

...THE PIERRE SD CLIMATE SUMMARY FOR FEBRUARY 20 2017...

CLIMATE NORMAL PERIOD 1981 TO 2010
CLIMATE RECORD PERIOD 1892 TO 2017


WEATHER ITEM   OBSERVED TIME   RECORD YEAR NORMAL DEPARTURE LAST
                VALUE   (LST)  VALUE       VALUE  FROM      YEAR
                                                  NORMAL
..................................................................
TEMPERATURE (F)
 YESTERDAY
  MAXIMUM         60    442 PM  61    2000  36     24       49
  MINIMUM         34   1128 PM -15    1936  15     19       28
  AVERAGE         47                        26     21       39

PRECIPITATION (IN)
  YESTERDAY        0.11          1.24 2011   0.02   0.09     0.00
  MONTH TO DATE    0.16                      0.37  -0.21     0.41
  SINCE DEC 1      2.81                      1.34   1.47     1.59
  SINCE JAN 1      1.11                      0.79   0.32     0.58

SNOWFALL (IN)
  YESTERDAY        0.0          11.8  2011   0.3   -0.3      0.0
  MONTH TO DATE    0.2                       3.9   -3.7      1.3
  SINCE OCT 1     27.1                      19.8    7.3     24.2
  SINCE JUL 1     27.1                      19.8    7.3     24.2
  SNOW DEPTH       0

DEGREE DAYS
 HEATING
  YESTERDAY       18                        39    -21       26
  MONTH TO DATE  721                       836   -115      651
  SINCE DEC 1   3772                      3576    196     3276
  SINCE JUL 1   4909                      5196   -287     4573

 COOLING
  YESTERDAY        0                         0      0        0
  MONTH TO DATE    0                         0      0        0
  SINCE DEC 1      0                         0      0        0
  SINCE JAN 1      0                         0      0        0
..................................................................


WIND (MPH)
  RESULTANT WIND SPEED   6   RESULTANT WIND DIRECTION  NW (310)
  HIGHEST WIND SPEED    30   HIGHEST WIND DIRECTION    NW (320)
  HIGHEST GUST SPEED    37   HIGHEST GUST DIRECTION    NW (310)
  AVERAGE WIND SPEED    12.0




RELATIVE HUMIDITY (PERCENT)
 HIGHEST    89           900 AM
 LOWEST     33           500 PM
 AVERAGE    61

..........................................................


THE PIERRE SD CLIMATE NORMALS FOR TODAY
                         NORMAL    RECORD    YEAR
 MAXIMUM TEMPERATURE (F)   37        73      1982
 MINIMUM TEMPERATURE (F)   16       -17      1936


SUNRISE AND SUNSET
FEBRUARY 21 2017......SUNRISE   731 AM CST   SUNSET   619 PM CST
FEBRUARY 22 2017......SUNRISE   730 AM CST   SUNSET   620 PM CST


-  INDICATES NEGATIVE NUMBERS.
R  INDICATES RECORD WAS SET OR TIED.
MM INDICATES DATA IS MISSING.
T  INDICATES TRACE AMOUNT.




$$
