000
CDUS43 KABR 251033
CLIPIR


CLIMATE REPORT
NATIONAL WEATHER SERVICE ABERDEEN SD
533 AM CDT MON MAY 25 2015


...................................

...THE PIERRE SD CLIMATE SUMMARY FOR MAY 24 2015...

CLIMATE NORMAL PERIOD 1981 TO 2010
CLIMATE RECORD PERIOD 1892 TO 2015


WEATHER ITEM   OBSERVED TIME   RECORD YEAR NORMAL DEPARTURE LAST
                VALUE   (LST)  VALUE       VALUE  FROM      YEAR
                                                  NORMAL
..................................................................
TEMPERATURE (F)
 YESTERDAY
  MAXIMUM         65   1217 PM  90    1959  72     -7       81
  MINIMUM         54    429 AM  28    2002  49      5       59
  AVERAGE         60                        60      0       70

PRECIPITATION (IN)
  YESTERDAY        0.03          1.70 1944   0.11  -0.08     0.00
  MONTH TO DATE    3.56                      2.35   1.21     1.60
  SINCE MAR 1      4.38                      5.39  -1.01     4.56
  SINCE JAN 1      4.73                      6.40  -1.67     5.13

DEGREE DAYS
 HEATING
  YESTERDAY        5                         6     -1        0
  MONTH TO DATE  255                       213     42      293
  SINCE MAR 1   1458                      1705   -247     1965
  SINCE JUL 1   6967                      7203   -236     7960

 COOLING
  YESTERDAY        0                         1     -1        5
  MONTH TO DATE    5                        22    -17       10
  SINCE MAR 1     10                        26    -16       10
  SINCE JAN 1     10                        26    -16       10
..................................................................


WIND (MPH)
  RESULTANT WIND SPEED  11   RESULTANT WIND DIRECTION   E (70)
  HIGHEST WIND SPEED    20   HIGHEST WIND DIRECTION     E (70)
  HIGHEST GUST SPEED    23   HIGHEST GUST DIRECTION     E (70)
  AVERAGE WIND SPEED     9.8




RELATIVE HUMIDITY (PERCENT)
 HIGHEST   100           300 AM
 LOWEST     73           100 PM
 AVERAGE    87

..........................................................


THE PIERRE SD CLIMATE NORMALS FOR TODAY
                         NORMAL    RECORD    YEAR
 MAXIMUM TEMPERATURE (F)   72        95      1985
 MINIMUM TEMPERATURE (F)   49        34      1992


SUNRISE AND SUNSET
MAY 25 2015...........SUNRISE   605 AM CDT   SUNSET   912 PM CDT
MAY 26 2015...........SUNRISE   604 AM CDT   SUNSET   913 PM CDT


-  INDICATES NEGATIVE NUMBERS.
R  INDICATES RECORD WAS SET OR TIED.
MM INDICATES DATA IS MISSING.
T  INDICATES TRACE AMOUNT.




$$
