000
CDUS43 KABR 272235
CLIPIR


CLIMATE REPORT
NATIONAL WEATHER SERVICE ABERDEEN SD
531 PM CDT THU APR 27 2017


...................................

...THE PIERRE SD CLIMATE SUMMARY FOR APRIL 27 2017...
VALID TODAY AS OF 0500 PM LOCAL TIME.

CLIMATE NORMAL PERIOD 1981 TO 2010
CLIMATE RECORD PERIOD 1892 TO 2017


WEATHER ITEM   OBSERVED TIME   RECORD YEAR NORMAL DEPARTURE LAST
                VALUE   (LST)  VALUE       VALUE  FROM      YEAR
                                                  NORMAL
..................................................................
TEMPERATURE (F)
 TODAY
  MAXIMUM         51    359 PM  90    1952  65    -14       42
  MINIMUM         21R   201 AM  21    1950  39    -18       35
  AVERAGE         36                        52    -16       39

PRECIPITATION (IN)
  TODAY            0.00          2.00 1964   0.08  -0.08     1.10
  MONTH TO DATE    1.78                      1.58   0.20     3.92
  SINCE MAR 1      2.12                      2.81  -0.69     5.24
  SINCE JAN 1      3.35                      3.82  -0.47     6.24

SNOWFALL (IN)
  TODAY            0.0
  MONTH TO DATE    T
  SINCE OCT 1     32.6
  SINCE JUL 1     32.6
  SNOW DEPTH       0

DEGREE DAYS
 HEATING
  TODAY           29                        14     15       26
  MONTH TO DATE  461                       507    -46      448
  SINCE MAR 1   1331                      1454   -123     1204
  SINCE JUL 1   6487                      6952   -465     6038

 COOLING
  TODAY            0                         0      0        0
  MONTH TO DATE    1                         0      1        6
  SINCE MAR 1      1                         0      1        6
  SINCE JAN 1      1                         0      1        6
..................................................................


WIND (MPH)
  HIGHEST GUST SPEED    16   HIGHEST GUST DIRECTION     N (10)




..........................................................


THE PIERRE SD CLIMATE NORMALS FOR TOMORROW
                         NORMAL    RECORD    YEAR
 MAXIMUM TEMPERATURE (F)   65        96      2001
 MINIMUM TEMPERATURE (F)   39        20      2008


SUNRISE AND SUNSET
APRIL 27 2017.........SUNRISE   637 AM CDT   SUNSET   841 PM CDT
APRIL 28 2017.........SUNRISE   636 AM CDT   SUNSET   842 PM CDT


-  INDICATES NEGATIVE NUMBERS.
R  INDICATES RECORD WAS SET OR TIED.
MM INDICATES DATA IS MISSING.
T  INDICATES TRACE AMOUNT.




$$
