000
CDUS43 KABR 281032
CLIPIR


CLIMATE REPORT
NATIONAL WEATHER SERVICE ABERDEEN SD
531 AM CDT WED JUN 28 2017


...................................

...THE PIERRE SD CLIMATE SUMMARY FOR JUNE 27 2017...

CLIMATE NORMAL PERIOD 1981 TO 2010
CLIMATE RECORD PERIOD 1892 TO 2017


WEATHER ITEM   OBSERVED TIME   RECORD YEAR NORMAL DEPARTURE LAST
                VALUE   (LST)  VALUE       VALUE  FROM      YEAR
                                                  NORMAL
..................................................................
TEMPERATURE (F)
 YESTERDAY
  MAXIMUM         91    612 PM 103    1990  85      6       86
  MINIMUM         54    512 AM  46    1976  59     -5       56
  AVERAGE         73                        72      1       71

PRECIPITATION (IN)
  YESTERDAY        T             1.12 1955   0.10  -0.10     0.00
  MONTH TO DATE    2.48                      3.28  -0.80     1.70
  SINCE JUN 1      2.48                      3.28  -0.80     1.70
  SINCE JAN 1      6.93                     10.48  -3.55     9.14

DEGREE DAYS
 HEATING
  YESTERDAY        0                         1     -1        0
  MONTH TO DATE   20                        53    -33       12
  SINCE JUN 1     20                        53    -33       12
  SINCE JUL 1   6804                      7290   -486     6342

 COOLING
  YESTERDAY        8                         7      1        6
  MONTH TO DATE  158                       110     48      210
  SINCE JUN 1    158                       110     48      210
  SINCE JAN 1    179                       142     37      233
..................................................................


WIND (MPH)
  RESULTANT WIND SPEED  16   RESULTANT WIND DIRECTION   S (170)
  HIGHEST WIND SPEED    43   HIGHEST WIND DIRECTION    SW (230)
  HIGHEST GUST SPEED    53   HIGHEST GUST DIRECTION    SW (240)
  AVERAGE WIND SPEED    19.5




RELATIVE HUMIDITY (PERCENT)
 HIGHEST    66           500 AM
 LOWEST     34           200 PM
 AVERAGE    50

..........................................................


THE PIERRE SD CLIMATE NORMALS FOR TODAY
                         NORMAL    RECORD    YEAR
 MAXIMUM TEMPERATURE (F)   85       108      1936
 MINIMUM TEMPERATURE (F)   59        42      1951


SUNRISE AND SUNSET
JUNE 28 2017..........SUNRISE   559 AM CDT   SUNSET   929 PM CDT
JUNE 29 2017..........SUNRISE   600 AM CDT   SUNSET   929 PM CDT


-  INDICATES NEGATIVE NUMBERS.
R  INDICATES RECORD WAS SET OR TIED.
MM INDICATES DATA IS MISSING.
T  INDICATES TRACE AMOUNT.




$$
