000
CDUS43 KABR 242239
CLIPIR


CLIMATE REPORT
NATIONAL WEATHER SERVICE ABERDEEN SD
537 PM CDT THU APR 24 2014


...................................

...THE PIERRE SD CLIMATE SUMMARY FOR APRIL 24 2014...
VALID TODAY AS OF 0500 PM LOCAL TIME.

CLIMATE NORMAL PERIOD 1981 TO 2010
CLIMATE RECORD PERIOD 1892 TO 2014


WEATHER ITEM   OBSERVED TIME   RECORD YEAR NORMAL DEPARTURE LAST
                VALUE   (LST)  VALUE       VALUE  FROM      YEAR
                                                  NORMAL
..................................................................
TEMPERATURE (F)
 TODAY
  MAXIMUM         67    303 PM  93    1962  64      3       49
  MINIMUM         42    611 AM  25    1934  37      5       26
  AVERAGE         55                        50      5       38

PRECIPITATION (IN)
  TODAY            0.00          1.03 1990   0.08  -0.08      T
  MONTH TO DATE    0.07                      1.36  -1.29     2.88
  SINCE MAR 1      1.06                      2.59  -1.53     3.03
  SINCE JAN 1      1.63                      3.60  -1.97     4.69

SNOWFALL (IN)
  TODAY            0.0
  MONTH TO DATE    T
  SINCE OCT 1     34.6
  SINCE JUL 1     34.6
  SNOW DEPTH       0

DEGREE DAYS
 HEATING
  TODAY           10                        15     -5       27
  MONTH TO DATE  493                       465     28      761
  SINCE MAR 1   1566                      1412    154     1862
  SINCE JUL 1   7561                      6910    651     7286

 COOLING
  TODAY            0                         0      0        0
  MONTH TO DATE    0                         0      0        0
  SINCE MAR 1      0                         0      0        0
  SINCE JAN 1      0                         0      0        0
..................................................................


WIND (MPH)
  HIGHEST GUST SPEED    44   HIGHEST GUST DIRECTION     W (280)




..........................................................


THE PIERRE SD CLIMATE NORMALS FOR TOMORROW
                         NORMAL    RECORD    YEAR
 MAXIMUM TEMPERATURE (F)   64        94      1962
 MINIMUM TEMPERATURE (F)   38        22      2013


SUNRISE AND SUNSET
APRIL 24 2014.........SUNRISE   642 AM CDT   SUNSET   837 PM CDT
APRIL 25 2014.........SUNRISE   641 AM CDT   SUNSET   838 PM CDT


-  INDICATES NEGATIVE NUMBERS.
R  INDICATES RECORD WAS SET OR TIED.
MM INDICATES DATA IS MISSING.
T  INDICATES TRACE AMOUNT.




$$
