000
CDUS43 KABR 162237
CLIPIR


CLIMATE REPORT
NATIONAL WEATHER SERVICE ABERDEEN SD
534 PM CDT WED AUG 16 2017


...................................

...THE PIERRE SD CLIMATE SUMMARY FOR AUGUST 16 2017...
VALID TODAY AS OF 0500 PM LOCAL TIME.

CLIMATE NORMAL PERIOD 1981 TO 2010
CLIMATE RECORD PERIOD 1892 TO 2017


WEATHER ITEM   OBSERVED TIME   RECORD YEAR NORMAL DEPARTURE LAST
                VALUE   (LST)  VALUE       VALUE  FROM      YEAR
                                                  NORMAL
..................................................................
TEMPERATURE (F)
 TODAY
  MAXIMUM         70    359 PM 106    1988  88    -18       89
  MINIMUM         63    803 AM  48    1977  61      2       61
  AVERAGE         67                        74     -7       75

PRECIPITATION (IN)
  TODAY            0.01          0.96 1941   0.06  -0.05     0.00
  MONTH TO DATE    1.65                      1.05   0.60     1.84
  SINCE JUN 1      4.52                      7.23  -2.71     7.98
  SINCE JAN 1      8.97                     14.43  -5.46    15.42

DEGREE DAYS
 COOLING
  TODAY            2                         9     -7       10
  MONTH TO DATE   52                       167   -115      170
  SINCE JUN 1    652                       628     24      748
  SINCE JAN 1    673                       660     13      771
..................................................................


WIND (MPH)
  HIGHEST GUST SPEED    25   HIGHEST GUST DIRECTION    NW (330)




..........................................................


THE PIERRE SD CLIMATE NORMALS FOR TOMORROW
                         NORMAL    RECORD    YEAR
 MAXIMUM TEMPERATURE (F)   88       108      1976
 MINIMUM TEMPERATURE (F)   60        41      2012


SUNRISE AND SUNSET
AUGUST 16 2017........SUNRISE   646 AM CDT   SUNSET   844 PM CDT
AUGUST 17 2017........SUNRISE   647 AM CDT   SUNSET   843 PM CDT


-  INDICATES NEGATIVE NUMBERS.
R  INDICATES RECORD WAS SET OR TIED.
MM INDICATES DATA IS MISSING.
T  INDICATES TRACE AMOUNT.




$$
