000
CDUS41 KPBZ 242134
CLIPIT


CLIMATE REPORT
NATIONAL WEATHER SERVICE PITTSBURGH PA
534 PM EDT FRI OCT 24 2014


...................................

...THE PITTSBURGH PA CLIMATE SUMMARY FOR OCTOBER 24 2014...
VALID TODAY AS OF 0500 PM LOCAL TIME.

CLIMATE NORMAL PERIOD 1981 TO 2010
CLIMATE RECORD PERIOD 1871 TO 2014


WEATHER ITEM   OBSERVED TIME   RECORD YEAR NORMAL DEPARTURE LAST
                VALUE   (LST)  VALUE       VALUE  FROM      YEAR
                                                  NORMAL
..................................................................
TEMPERATURE (F)
 TODAY
  MAXIMUM         61    344 PM  81    1963  60      1       47
  MINIMUM         36    655 AM  21    1969  41     -5       34
  AVERAGE         49                        50     -1       41

PRECIPITATION (IN)
  TODAY            0.00          1.15 1871   0.07  -0.07      T
  MONTH TO DATE    1.70                      1.72  -0.02     2.17
  SINCE JUN 1     16.96                     16.44   0.52    17.90
  SINCE JAN 1     32.05                     31.54   0.51    30.24

SNOWFALL (IN)
  TODAY            0.0           3.0  1917   0.1   -0.1       T
  MONTH TO DATE    T                         0.2   -0.2       T
  SINCE OCT 1      T                         0.2   -0.2       T
  SINCE JUL 1      T                         0.2   -0.2       T
  SNOW DEPTH       0

DEGREE DAYS
 HEATING
  TODAY           16                        15      1       24
  MONTH TO DATE  252                       277    -25      170
  SINCE SEP 1    344                       378    -34      268
  SINCE JUL 1    365                       391    -26      279

 COOLING
  TODAY            0                         0      0        0
  MONTH TO DATE    4                         6     -2       36
  SINCE SEP 1     79                        82     -3      112
  SINCE JAN 1    700                       734    -34      831
..................................................................


WIND (MPH)
  HIGHEST WIND SPEED    13   HIGHEST WIND DIRECTION     W (280)
  HIGHEST GUST SPEED    16   HIGHEST GUST DIRECTION     W (270)
  AVERAGE WIND SPEED     4.2


SKY COVER
  POSSIBLE SUNSHINE  MM
  AVERAGE SKY COVER 0.7


WEATHER CONDITIONS
 THE FOLLOWING WEATHER WAS RECORDED TODAY.
  NO SIGNIFICANT WEATHER WAS OBSERVED.


RELATIVE HUMIDITY (PERCENT)
 HIGHEST   100           200 AM
 LOWEST     42           300 PM
 AVERAGE    71

..........................................................


THE PITTSBURGH PA CLIMATE NORMALS FOR TOMORROW
                         NORMAL    RECORD    YEAR
 MAXIMUM TEMPERATURE (F)   60        82      2012
 MINIMUM TEMPERATURE (F)   40        26      1965


SUNRISE AND SUNSET
OCTOBER 24 2014.......SUNRISE   742 AM EDT   SUNSET   628 PM EDT
OCTOBER 25 2014.......SUNRISE   743 AM EDT   SUNSET   626 PM EDT


-  INDICATES NEGATIVE NUMBERS.
R  INDICATES RECORD WAS SET OR TIED.
MM INDICATES DATA IS MISSING.
T  INDICATES TRACE AMOUNT.





&&
SNOW DEPTH IS MEASURED AT 7 AM EST OR 8 AM EDT.
$$
