000
CDUS41 KPBZ 110812
CLIPIT

CLIMATE REPORT
NATIONAL WEATHER SERVICE PITTSBURGH PA
312 AM EST THU FEB 11 2016

...................................

...THE PITTSBURGH PA CLIMATE SUMMARY FOR FEBRUARY 10 2016...

CLIMATE NORMAL PERIOD 1981 TO 2010
CLIMATE RECORD PERIOD 1871 TO 2016

WEATHER ITEM   OBSERVED TIME   RECORD YEAR NORMAL DEPARTURE LAST
                VALUE   (LST)  VALUE       VALUE  FROM      YEAR
                                                  NORMAL
..................................................................
TEMPERATURE (F)
 YESTERDAY
  MAXIMUM         24    300 AM  65    1959  38    -14       32
  MINIMUM         14   1159 PM -20    1899  22     -8       19
  AVERAGE         19                        30    -11       26

PRECIPITATION (IN)
  YESTERDAY        0.10          0.98 1887   0.08   0.02      T
  MONTH TO DATE    0.84                      0.86  -0.02     0.81
  SINCE JUN 1     28.71                     26.65   2.06    24.81
  SINCE JAN 1      2.63                      3.56  -0.93     3.06

SNOWFALL (IN)
  YESTERDAY        2.5           5.2  2010   0.4    2.1       T
                                      1926
  MONTH TO DATE    4.7                       3.7    0.0      3.8
  SINCE OCT 1     19.6                      26.2   -6.6     26.6
  SINCE JUL 1     19.6                      26.2   -6.6     26.6
  SNOW DEPTH       1

DEGREE DAYS
 HEATING
  YESTERDAY       46                        35     11       39
  MONTH TO DATE  296                       355    -59      369
  SINCE DEC 1   2103                      2501   -398     2500
  SINCE JUL 1   2957                      3664   -707     3738

 COOLING
  YESTERDAY        0                         0      0        0
  MONTH TO DATE    0                         0      0        0
  SINCE DEC 1      0                         0      0        0
  SINCE JAN 1      0                         0      0        0
..................................................................

WIND (MPH)
  HIGHEST WIND SPEED    21   HIGHEST WIND DIRECTION     W (270)
  HIGHEST GUST SPEED    26   HIGHEST GUST DIRECTION     W (250)
  AVERAGE WIND SPEED    11.7


SKY COVER
  POSSIBLE SUNSHINE  MM
  AVERAGE SKY COVER 1.0


WEATHER CONDITIONS
 THE FOLLOWING WEATHER WAS RECORDED YESTERDAY.
  SNOW
  LIGHT SNOW
  FOG
  BLOWING SNOW


RELATIVE HUMIDITY (PERCENT)
 HIGHEST    88           900 PM
 LOWEST     67           100 PM
 AVERAGE    78

..........................................................


THE PITTSBURGH PA CLIMATE NORMALS FOR TODAY
                         NORMAL    RECORD    YEAR
 MAXIMUM TEMPERATURE (F)   38        75      1932
 MINIMUM TEMPERATURE (F)   22       -12      1979


SUNRISE AND SUNSET
FEBRUARY 11 2016......SUNRISE   720 AM EST   SUNSET   551 PM EST
FEBRUARY 12 2016......SUNRISE   719 AM EST   SUNSET   552 PM EST


-  INDICATES NEGATIVE NUMBERS.
R  INDICATES RECORD WAS SET OR TIED.
MM INDICATES DATA IS MISSING.
T  INDICATES TRACE AMOUNT.

&&

SNOW DEPTH IS MEASURED AT 7 AM EST OR 8 AM EDT.

$$
