000
CDUS41 KPBZ 012112
CLIPIT


CLIMATE REPORT
NATIONAL WEATHER SERVICE PITTSBURGH PA
512 PM EDT MON SEP 1 2014


...................................

...THE PITTSBURGH PA CLIMATE SUMMARY FOR SEPTEMBER 1 2014...
VALID TODAY AS OF 0500 PM LOCAL TIME.

CLIMATE NORMAL PERIOD 1981 TO 2010
CLIMATE RECORD PERIOD 1871 TO 2014


WEATHER ITEM   OBSERVED TIME   RECORD YEAR NORMAL DEPARTURE LAST
                VALUE   (LST)  VALUE       VALUE  FROM      YEAR
                                                  NORMAL
..................................................................
TEMPERATURE (F)
 TODAY
  MAXIMUM         83    152 PM  97    1953  79      4       80
  MINIMUM         69    611 AM  45    1967  59     10       70
  AVERAGE         76                        69      7       75

PRECIPITATION (IN)
  TODAY            0.21          1.29 1912   0.11   0.10     0.01
  MONTH TO DATE    0.21                      0.11   0.10     0.01
  SINCE JUN 1     14.50                     11.72   2.78    13.43
  SINCE JAN 1     29.59                     26.82   2.77    25.77

SNOWFALL (IN)
  TODAY            0.0           0.0  2002   0.0    0.0      0.0
                                      2001
  MONTH TO DATE    0.0                       0.0    0.0      0.0
  SINCE OCT 1     63.4                      41.4   22.0     57.4
  SINCE JUL 1      0.0                       0.0    0.0      0.0
  SNOW DEPTH       0

DEGREE DAYS
 HEATING
  TODAY            0                         1     -1        0
  MONTH TO DATE    0                         1     -1        0
  SINCE SEP 1      0                         1     -1        0
  SINCE JUL 1     21                        14      7       11

 COOLING
  TODAY           11                         5      6       10
  MONTH TO DATE   11                         5      6       10
  SINCE SEP 1     11                         5      6       10
  SINCE JAN 1    632                       657    -25      729
..................................................................


WIND (MPH)
  HIGHEST WIND SPEED    16   HIGHEST WIND DIRECTION    SW (220)
  HIGHEST GUST SPEED    22   HIGHEST GUST DIRECTION    SW (230)
  AVERAGE WIND SPEED     6.2


SKY COVER
  POSSIBLE SUNSHINE  MM
  AVERAGE SKY COVER 0.9


WEATHER CONDITIONS
 THE FOLLOWING WEATHER WAS RECORDED TODAY.
  RAIN
  LIGHT RAIN
  FOG


RELATIVE HUMIDITY (PERCENT)
 HIGHEST    97           200 AM
 LOWEST     63           200 PM
 AVERAGE    80

..........................................................


THE PITTSBURGH PA CLIMATE NORMALS FOR TOMORROW
                         NORMAL    RECORD    YEAR
 MAXIMUM TEMPERATURE (F)   79        94      1953
 MINIMUM TEMPERATURE (F)   59        45      1965
                                             1909


SUNRISE AND SUNSET
SEPTEMBER  1 2014.....SUNRISE   648 AM EDT   SUNSET   753 PM EDT
SEPTEMBER  2 2014.....SUNRISE   649 AM EDT   SUNSET   751 PM EDT


-  INDICATES NEGATIVE NUMBERS.
R  INDICATES RECORD WAS SET OR TIED.
MM INDICATES DATA IS MISSING.
T  INDICATES TRACE AMOUNT.






&&
SNOW DEPTH IS MEASURED AT 7 AM EST OR 8 AM EDT.
$$
