000
CDUS41 KPBZ 020700
CLIPIT

CLIMATE REPORT
NATIONAL WEATHER SERVICE PITTSBURGH PA
300 AM EDT THU JUL 2 2015

...................................

...THE PITTSBURGH PA CLIMATE SUMMARY FOR JULY 1 2015...

CLIMATE NORMAL PERIOD 1981 TO 2010
CLIMATE RECORD PERIOD 1871 TO 2015

WEATHER ITEM   OBSERVED TIME   RECORD YEAR NORMAL DEPARTURE LAST
                VALUE   (LST)  VALUE       VALUE  FROM      YEAR
                                                  NORMAL
..................................................................
TEMPERATURE (F)
 YESTERDAY
  MAXIMUM         75    517 PM  98    1901  82     -7       88
  MINIMUM         61    428 AM  46    1982  62     -1       71
                                      1943
  AVERAGE         68                        72     -4       80

PRECIPITATION (IN)
  YESTERDAY        T             1.69 1891   0.13  -0.13     0.00
  MONTH TO DATE    T                         0.13  -0.13     0.00
  SINCE JUN 1      7.34                      4.43   2.91     4.05
  SINCE JAN 1     21.82                     19.53   2.29    19.14

SNOWFALL (IN)
  YESTERDAY        0.0           0.0  2002   0.0    0.0      0.0
                                      2001
  MONTH TO DATE    0.0                       0.0    0.0      0.0
  SINCE OCT 1     47.5                      41.9    5.6     63.4
  SINCE JUL 1      0.0                       0.0    0.0      0.0
  SNOW DEPTH       0

DEGREE DAYS
 HEATING
  YESTERDAY        0                         0      0        0
  MONTH TO DATE    0                         0      0        0
  SINCE JUN 1     25                        38    -13        9
  SINCE JUL 1      0                         0      0        0

 COOLING
  YESTERDAY        3                         7     -4       15
  MONTH TO DATE    3                         7     -4       15
  SINCE JUN 1    196                       157     39      200
  SINCE JAN 1    330                       209    121      274
..................................................................

WIND (MPH)
  HIGHEST WIND SPEED    14   HIGHEST WIND DIRECTION    SW (240)
  HIGHEST GUST SPEED    20   HIGHEST GUST DIRECTION    SW (230)
  AVERAGE WIND SPEED     6.3


SKY COVER
  POSSIBLE SUNSHINE  MM
  AVERAGE SKY COVER 0.7


WEATHER CONDITIONS
 THE FOLLOWING WEATHER WAS RECORDED YESTERDAY.
  LIGHT RAIN
  FOG
  HAZE


RELATIVE HUMIDITY (PERCENT)
 HIGHEST    97           400 AM
 LOWEST     54           300 PM
 AVERAGE    76

..........................................................


THE PITTSBURGH PA CLIMATE NORMALS FOR TODAY
                         NORMAL    RECORD    YEAR
 MAXIMUM TEMPERATURE (F)   82        97      1966
                                             1931
 MINIMUM TEMPERATURE (F)   62        46      1982


SUNRISE AND SUNSET
JULY  2 2015..........SUNRISE   555 AM EDT   SUNSET   855 PM EDT
JULY  3 2015..........SUNRISE   555 AM EDT   SUNSET   855 PM EDT


-  INDICATES NEGATIVE NUMBERS.
R  INDICATES RECORD WAS SET OR TIED.
MM INDICATES DATA IS MISSING.
T  INDICATES TRACE AMOUNT.

&&

SNOW DEPTH IS MEASURED AT 7 AM EST OR 8 AM EDT.

$$
