000
CDUS41 KPBZ 200705
CLIPIT


CLIMATE REPORT
NATIONAL WEATHER SERVICE PITTSBURGH PA
305 AM EDT WED AUG 20 2014


...................................

...THE PITTSBURGH PA CLIMATE SUMMARY FOR AUGUST 19 2014...

CLIMATE NORMAL PERIOD 1981 TO 2010
CLIMATE RECORD PERIOD 1871 TO 2014


WEATHER ITEM   OBSERVED TIME   RECORD YEAR NORMAL DEPARTURE LAST
                VALUE   (LST)  VALUE       VALUE  FROM      YEAR
                                                  NORMAL
..................................................................
TEMPERATURE (F)
 YESTERDAY
  MAXIMUM         85    323 PM  96    1884  82      3       79
  MINIMUM         65    648 AM  43    1977  61      4       62
  AVERAGE         75                        71      4       71

PRECIPITATION (IN)
  YESTERDAY        0.00          1.91 1990   0.11  -0.11     0.42
  MONTH TO DATE    2.08                      2.20  -0.12     0.95
  SINCE JUN 1     11.32                     10.33   0.99    12.59
  SINCE JAN 1     26.41                     25.43   0.98    24.93

SNOWFALL (IN)
  YESTERDAY        0.0           0.0  2002   0.0    0.0      0.0
                                      2001
  MONTH TO DATE    0.0                       0.0    0.0      0.0
  SINCE OCT 1     63.4                      41.4   22.0     57.4
  SINCE JUL 1      0.0                       0.0    0.0      0.0
  SNOW DEPTH       0

DEGREE DAYS
 HEATING
  YESTERDAY        0                         0      0        0
  MONTH TO DATE   10                         0     10       10
  SINCE JUN 1     30                        42    -12       27
  SINCE JUL 1     21                         4     17       11

 COOLING
  YESTERDAY       10                         7      3        6
  MONTH TO DATE   92                       137    -45       84
  SINCE JUN 1    465                       528    -63      505
  SINCE JAN 1    539                       580    -41      609
..................................................................


WIND (MPH)
  HIGHEST WIND SPEED    25   HIGHEST WIND DIRECTION     N (340)
  HIGHEST GUST SPEED    30   HIGHEST GUST DIRECTION    NW (330)
  AVERAGE WIND SPEED     2.9


SKY COVER
  POSSIBLE SUNSHINE  MM
  AVERAGE SKY COVER 0.5


WEATHER CONDITIONS
 THE FOLLOWING WEATHER WAS RECORDED YESTERDAY.
  THUNDERSTORM


RELATIVE HUMIDITY (PERCENT)
 HIGHEST    87           100 AM
 LOWEST     44           300 PM
 AVERAGE    66

..........................................................


THE PITTSBURGH PA CLIMATE NORMALS FOR TODAY
                         NORMAL    RECORD    YEAR
 MAXIMUM TEMPERATURE (F)   81        98      1884
 MINIMUM TEMPERATURE (F)   61        45      1977


SUNRISE AND SUNSET
AUGUST 20 2014........SUNRISE   636 AM EDT   SUNSET   811 PM EDT
AUGUST 21 2014........SUNRISE   637 AM EDT   SUNSET   810 PM EDT


-  INDICATES NEGATIVE NUMBERS.
R  INDICATES RECORD WAS SET OR TIED.
MM INDICATES DATA IS MISSING.
T  INDICATES TRACE AMOUNT.





&&
SNOW DEPTH IS MEASURED AT 7 AM EST OR 8 AM EDT.
$$
