000
CDUS41 KPBZ 261233
CLIPIT

CLIMATE REPORT
NATIONAL WEATHER SERVICE PITTSBURGH PA
833 AM EDT TUE MAY 26 2015

...................................

...THE PITTSBURGH PA CLIMATE SUMMARY FOR MAY 26 2015...
VALID AS OF 0800 AM LOCAL TIME.

CLIMATE NORMAL PERIOD 1981 TO 2010
CLIMATE RECORD PERIOD 1871 TO 2015

WEATHER ITEM   OBSERVED TIME   RECORD YEAR NORMAL DEPARTURE LAST
                VALUE   (LST)  VALUE       VALUE  FROM      YEAR
                                                  NORMAL
..................................................................
TEMPERATURE (F)
 TODAY
  MAXIMUM         73    223 AM  94    1880
  MINIMUM         66    550 AM  34    1969  52     14       52

PRECIPITATION (IN)
  TODAY            0.00          0.80 1901   0.14  -0.14     0.00
  MONTH TO DATE    1.94                      3.23  -1.29     2.86
  SINCE JUN 1     35.45                     37.47  -2.02    37.94
  SINCE JAN 1     13.70                     14.38  -0.68    13.63

SNOWFALL (IN)
  TODAY            0.0           T    1961   0.0    0.0      0.0
  MONTH TO DATE    0.0                       0.0    0.0      0.0
  SINCE OCT 1     47.5                      41.9    5.6     63.4
  SINCE JUL 1     47.5                      41.9    5.6     63.4
  SNOW DEPTH       0

DEGREE DAYS
 HEATING
  TODAY            0

 COOLING
  TODAY            5
..................................................................


WEATHER CONDITIONS
 THE FOLLOWING WEATHER WAS RECORDED TODAY.
  NO SIGNIFICANT WEATHER WAS OBSERVED.


RELATIVE HUMIDITY (PERCENT)
 HIGHEST    81           500 AM

..........................................................


THE PITTSBURGH PA CLIMATE NORMALS FOR TOMORROW
                         NORMAL    RECORD    YEAR
 MAXIMUM TEMPERATURE (F)   74        92      1880
 MINIMUM TEMPERATURE (F)   53        34      1961


SUNRISE AND SUNSET
MAY 26 2015...........SUNRISE   556 AM EDT   SUNSET   840 PM EDT
MAY 27 2015...........SUNRISE   555 AM EDT   SUNSET   841 PM EDT


-  INDICATES NEGATIVE NUMBERS.
R  INDICATES RECORD WAS SET OR TIED.
MM INDICATES DATA IS MISSING.
T  INDICATES TRACE AMOUNT.

&&

SNOW DEPTH IS MEASURED AT 7 AM EST OR 8 AM EDT.

$$
