000
CDUS41 KPBZ 222118
CLIPIT

CLIMATE REPORT
NATIONAL WEATHER SERVICE PITTSBURGH PA
518 PM EDT TUE AUG 22 2017

...................................

...THE PITTSBURGH PA CLIMATE SUMMARY FOR AUGUST 22 2017...
VALID TODAY AS OF 0500 PM LOCAL TIME.

CLIMATE NORMAL PERIOD 1981 TO 2010
CLIMATE RECORD PERIOD 1871 TO 2017

WEATHER ITEM   OBSERVED TIME   RECORD YEAR NORMAL DEPARTURE LAST
                VALUE   (LST)  VALUE       VALUE  FROM      YEAR
                                                  NORMAL
..................................................................
TEMPERATURE (F)
 TODAY
  MAXIMUM         85   1158 AM  95    1936  81      4       77
  MINIMUM         71    626 AM  46    1956  61     10       58
  AVERAGE         78                        71      7       68

PRECIPITATION (IN)
  TODAY            0.60          1.38 1959   0.10   0.50     0.00
  MONTH TO DATE    2.53                      2.51   0.02     2.84
  SINCE JUN 1     12.73                     10.64   2.09     9.06
  SINCE JAN 1     31.44                     25.74   5.70    22.68

SNOWFALL (IN)
  TODAY            0.0           0.0  2002   0.0    0.0      0.0
                                      2001
                                      2000
  MONTH TO DATE    0.0                       0.0    0.0      0.0
  SINCE OCT 1     32.0                      41.9   -9.9     29.6
  SINCE JUL 1      0.0                       0.0    0.0      0.0
  SNOW DEPTH       0

DEGREE DAYS
 HEATING
  TODAY            0                         0      0        0
  MONTH TO DATE    0                         0      0        0
  SINCE JUN 1     26                        42    -16       15
  SINCE JUL 1      0                         4     -4        1

 COOLING
  TODAY           13                         6      7        3
  MONTH TO DATE  160                       156      4      254
  SINCE JUN 1    612                       547     65      809
  SINCE JAN 1    686                       599     87      879
..................................................................

WIND (MPH)
  HIGHEST WIND SPEED    23   HIGHEST WIND DIRECTION    SW (210)
  HIGHEST GUST SPEED    36   HIGHEST GUST DIRECTION    SW (230)
  AVERAGE WIND SPEED     8.7


SKY COVER
  POSSIBLE SUNSHINE  MM
  AVERAGE SKY COVER 0.8


WEATHER CONDITIONS
 THE FOLLOWING WEATHER WAS RECORDED TODAY.
  THUNDERSTORM
  LIGHT RAIN
  FOG


RELATIVE HUMIDITY (PERCENT)
 HIGHEST    93           400 AM
 LOWEST     61          1200 PM
 AVERAGE    77

..........................................................


THE PITTSBURGH PA CLIMATE NORMALS FOR TOMORROW
                         NORMAL    RECORD    YEAR
 MAXIMUM TEMPERATURE (F)   81        95      1936
 MINIMUM TEMPERATURE (F)   61        46      1923


SUNRISE AND SUNSET
AUGUST 22 2017........SUNRISE   639 AM EDT   SUNSET   808 PM EDT
AUGUST 23 2017........SUNRISE   640 AM EDT   SUNSET   806 PM EDT


-  INDICATES NEGATIVE NUMBERS.
R  INDICATES RECORD WAS SET OR TIED.
MM INDICATES DATA IS MISSING.
T  INDICATES TRACE AMOUNT.

&&

SNOW DEPTH IS MEASURED AT 7 AM EST OR 8 AM EDT.

$$
