000
CDUS41 KPBZ 222112
CLIPIT


CLIMATE REPORT
NATIONAL WEATHER SERVICE PITTSBURGH PA
512 PM EDT MON SEP 22 2014


...................................

...THE PITTSBURGH PA CLIMATE SUMMARY FOR SEPTEMBER 22 2014...
VALID TODAY AS OF 0500 PM LOCAL TIME.

CLIMATE NORMAL PERIOD 1981 TO 2010
CLIMATE RECORD PERIOD 1871 TO 2014


WEATHER ITEM   OBSERVED TIME   RECORD YEAR NORMAL DEPARTURE LAST
                VALUE   (LST)  VALUE       VALUE  FROM      YEAR
                                                  NORMAL
..................................................................
TEMPERATURE (F)
 TODAY
  MAXIMUM         58    344 PM  94    1895  72    -14       62
  MINIMUM         52    720 AM  37    1999  52      0       51
                                      1983
  AVERAGE         55                        62     -7       57

PRECIPITATION (IN)
  TODAY            T             1.85 1973   0.10  -0.10      T
  MONTH TO DATE    0.48                      2.37  -1.89     2.31
  SINCE JUN 1     14.77                     13.98   0.79    15.73
  SINCE JAN 1     29.86                     29.08   0.78    28.07

SNOWFALL (IN)
  TODAY            0.0           0.0  2002   0.0    0.0      0.0
                                      2001
  MONTH TO DATE    0.0                       0.0    0.0      0.0
  SINCE OCT 1     63.4                      41.4   22.0     57.4
  SINCE JUL 1      0.0                       0.0    0.0      0.0
  SNOW DEPTH       0

DEGREE DAYS
 HEATING
  TODAY           10                         5      5        8
  MONTH TO DATE   67                        52     15       54
  SINCE SEP 1     67                        52     15       54
  SINCE JUL 1     88                        65     23       65

 COOLING
  TODAY            0                         1     -1        0
  MONTH TO DATE   73                        67      6       76
  SINCE SEP 1     73                        67      6       76
  SINCE JAN 1    694                       719    -25      795
..................................................................


WIND (MPH)
  HIGHEST WIND SPEED    21   HIGHEST WIND DIRECTION    NW (320)
  HIGHEST GUST SPEED    27   HIGHEST GUST DIRECTION    NW (320)
  AVERAGE WIND SPEED    12.6


SKY COVER
  POSSIBLE SUNSHINE  MM
  AVERAGE SKY COVER 0.8


WEATHER CONDITIONS
 THE FOLLOWING WEATHER WAS RECORDED TODAY.
  LIGHT RAIN
  FOG


RELATIVE HUMIDITY (PERCENT)
 HIGHEST    83           200 AM
 LOWEST     57           400 PM
 AVERAGE    70

..........................................................


THE PITTSBURGH PA CLIMATE NORMALS FOR TOMORROW
                         NORMAL    RECORD    YEAR
 MAXIMUM TEMPERATURE (F)   71        91      1936
 MINIMUM TEMPERATURE (F)   51        33      1962


SUNRISE AND SUNSET
SEPTEMBER 22 2014.....SUNRISE   708 AM EDT   SUNSET   718 PM EDT
SEPTEMBER 23 2014.....SUNRISE   709 AM EDT   SUNSET   716 PM EDT


-  INDICATES NEGATIVE NUMBERS.
R  INDICATES RECORD WAS SET OR TIED.
MM INDICATES DATA IS MISSING.
T  INDICATES TRACE AMOUNT.






&&
SNOW DEPTH IS MEASURED AT 7 AM EST OR 8 AM EDT.
$$
