408
CDUS41 KRLX 240718
CLIPKB


CLIMATE REPORT
NATIONAL WEATHER SERVICE CHARLESTON WV
318 AM EDT TUE MAY 24 2016


...................................

...THE PARKERSBURG WV CLIMATE SUMMARY FOR MAY 23 2016...

CLIMATE NORMAL PERIOD 1981 TO 2010
CLIMATE RECORD PERIOD 1889 TO 2016


WEATHER ITEM   OBSERVED TIME   RECORD YEAR NORMAL DEPARTURE LAST
                VALUE   (LST)  VALUE       VALUE  FROM      YEAR
                                                  NORMAL
..................................................................
TEMPERATURE (F)
 YESTERDAY
  MAXIMUM         78    452 PM  92    1925  76      2       77
  MINIMUM         47    548 AM  34    2006  53     -6       43
  AVERAGE         63                        64     -1       60

PRECIPITATION (IN)
  YESTERDAY        0.00          0.39 2005   0.15  -0.15     0.00
  MONTH TO DATE    3.69                      3.12   0.57     0.69
  SINCE JAN 1     16.41                     15.77   0.64    16.95

SNOWFALL (IN)
  YESTERDAY       MM
  MONTH TO DATE   MM
  SINCE SEP 1     MM
  SNOW DEPTH      MM

DEGREE DAYS
 HEATING
  YESTERDAY        2                         4     -2        5
  MONTH TO DATE  159                       125     34       75
  SINCE MAR 1    928                      1141   -213     1124
  SINCE JUL 1   4141                      4931   -790     5342

 COOLING
  YESTERDAY        0                         3     -3        0
  MONTH TO DATE   14                        37    -23       91
  SINCE MAR 1     34                        58    -24      103
  SINCE JAN 1     34                        58    -24      103
..................................................................


WIND (MPH)
  HIGHEST WIND SPEED    12   HIGHEST WIND DIRECTION     E (90)
  HIGHEST GUST SPEED    16   HIGHEST GUST DIRECTION    NW (300)
  AVERAGE WIND SPEED     2.1


SKY COVER
  POSSIBLE SUNSHINE  MM
  AVERAGE SKY COVER 0.4


WEATHER CONDITIONS
 THE FOLLOWING WEATHER WAS RECORDED YESTERDAY.
  FOG


RELATIVE HUMIDITY (PERCENT)
 HIGHEST   100           300 AM
 LOWEST     38           600 PM
 AVERAGE    69

..........................................................


THE PARKERSBURG WV CLIMATE NORMALS FOR TODAY
                         NORMAL    RECORD    YEAR
 MAXIMUM TEMPERATURE (F)   76        89      1922
 MINIMUM TEMPERATURE (F)   53        35      1956


SUNRISE AND SUNSET
MAY 24 2016...........SUNRISE   605 AM EDT   SUNSET   841 PM EDT
MAY 25 2016...........SUNRISE   604 AM EDT   SUNSET   842 PM EDT


-  INDICATES NEGATIVE NUMBERS.
R  INDICATES RECORD WAS SET OR TIED.
MM INDICATES DATA IS MISSING.
T  INDICATES TRACE AMOUNT.




$$
