000
CDUS41 KRLX 280720
CLIPKB


CLIMATE REPORT
NATIONAL WEATHER SERVICE CHARLESTON WV
318 AM EDT TUE JUL 28 2015


...................................

...THE PARKERSBURG WV CLIMATE SUMMARY FOR JULY 27 2015...

CLIMATE NORMAL PERIOD 1981 TO 2010
CLIMATE RECORD PERIOD 1889 TO 2015


WEATHER ITEM   OBSERVED TIME   RECORD YEAR NORMAL DEPARTURE LAST
                VALUE   (LST)  VALUE       VALUE  FROM      YEAR
                                                  NORMAL
..................................................................
TEMPERATURE (F)
 YESTERDAY
  MAXIMUM         85    605 PM 102    1936  85      0       MM
  MINIMUM         71   1153 PM  50    1962  64      7       MM
  AVERAGE         78                        74      4       MM

PRECIPITATION (IN)
  YESTERDAY        0.05          0.57 2007   0.15  -0.10    MM
  MONTH TO DATE    1.15                      3.69  -2.54    MM
  SINCE JAN 1     25.23                     24.66   0.57    MM

SNOWFALL (IN)
  YESTERDAY        0.0
  MONTH TO DATE    0.0
  SINCE SEP 1      0.0
  SINCE JUL 1      0.0
  SNOW DEPTH       0

DEGREE DAYS
 HEATING
  YESTERDAY        0                         0      0       MM
  MONTH TO DATE    0                         0      0       MM
  SINCE JUN 1     15                        19     -4       MM
  SINCE JUL 1      0                         0      0       MM

 COOLING
  YESTERDAY       13                         9      4       MM
  MONTH TO DATE  228                       255    -27       MM
  SINCE JUN 1    451                       446      5       MM
  SINCE JAN 1    612                       530     82       MM
..................................................................


WIND (MPH)
  HIGHEST WIND SPEED    13   HIGHEST WIND DIRECTION    NE (40)
  HIGHEST GUST SPEED    15   HIGHEST GUST DIRECTION    NE (40)
  AVERAGE WIND SPEED     0.8


SKY COVER
  POSSIBLE SUNSHINE  MM
  AVERAGE SKY COVER 0.2


WEATHER CONDITIONS
 THE FOLLOWING WEATHER WAS RECORDED YESTERDAY.
  THUNDERSTORM
  LIGHT RAIN
  FOG
  HAZE


RELATIVE HUMIDITY (PERCENT)
 HIGHEST    93           300 AM
 LOWEST     65           500 PM
 AVERAGE    79

..........................................................


THE PARKERSBURG WV CLIMATE NORMALS FOR TODAY
                         NORMAL    RECORD    YEAR
 MAXIMUM TEMPERATURE (F)   85       104      1930
 MINIMUM TEMPERATURE (F)   64        50      1962


SUNRISE AND SUNSET
JULY 28 2015..........SUNRISE   622 AM EDT   SUNSET   842 PM EDT
JULY 29 2015..........SUNRISE   623 AM EDT   SUNSET   841 PM EDT


-  INDICATES NEGATIVE NUMBERS.
R  INDICATES RECORD WAS SET OR TIED.
MM INDICATES DATA IS MISSING.
T  INDICATES TRACE AMOUNT.




$$
