000
CDUS41 KRLX 292116
CLIPKB


CLIMATE REPORT
NATIONAL WEATHER SERVICE CHARLESTON WV
516 PM EDT FRI JUL 29 2016


...................................

...THE PARKERSBURG WV CLIMATE SUMMARY FOR JULY 29 2016...
VALID TODAY AS OF 0500 PM LOCAL TIME.

CLIMATE NORMAL PERIOD 1981 TO 2010
CLIMATE RECORD PERIOD 1889 TO 2016


WEATHER ITEM   OBSERVED TIME   RECORD YEAR NORMAL DEPARTURE LAST
                VALUE   (LST)  VALUE       VALUE  FROM      YEAR
                                                  NORMAL
..................................................................
TEMPERATURE (F)
 TODAY
  MAXIMUM         84    247 PM  97    1953  85     -1       92
  MINIMUM         70    615 AM  50    1925  64      6       69
  AVERAGE         77                        74      3       81

PRECIPITATION (IN)
  TODAY            0.05          1.04 2001   0.13  -0.08     0.00
  MONTH TO DATE    4.18                      3.96   0.22     1.15
  SINCE JUN 1      8.02                      7.98   0.04     7.04
  SINCE JAN 1     24.55                     24.93  -0.38    25.23

DEGREE DAYS
 HEATING
  TODAY            0                         0      0        0
  MONTH TO DATE    0                         0      0        0
  SINCE JUN 1      7                        19    -12       15
  SINCE JUL 1      0                         0      0        0

 COOLING
  TODAY           12                         9      3       16
  MONTH TO DATE  318                       273     45      260
  SINCE JUN 1    550                       464     86      483
  SINCE JAN 1    638                       548     90      644
..................................................................


WIND (MPH)
  HIGHEST WIND SPEED     8   HIGHEST WIND DIRECTION    NW (320)
  HIGHEST GUST SPEED    17   HIGHEST GUST DIRECTION    NW (330)
  AVERAGE WIND SPEED     1.6


SKY COVER
  POSSIBLE SUNSHINE  MM
  AVERAGE SKY COVER 0.9


WEATHER CONDITIONS
 THE FOLLOWING WEATHER WAS RECORDED TODAY.
  RAIN
  LIGHT RAIN
  FOG


RELATIVE HUMIDITY (PERCENT)
 HIGHEST   100          1200 AM
 LOWEST     63           200 PM
 AVERAGE    82

..........................................................


THE PARKERSBURG WV CLIMATE NORMALS FOR TOMORROW
                         NORMAL    RECORD    YEAR
 MAXIMUM TEMPERATURE (F)   85       100      1999
 MINIMUM TEMPERATURE (F)   64        53      2014
                                             1981


SUNRISE AND SUNSET
JULY 29 2016..........SUNRISE   623 AM EDT   SUNSET   840 PM EDT
JULY 30 2016..........SUNRISE   624 AM EDT   SUNSET   839 PM EDT


-  INDICATES NEGATIVE NUMBERS.
R  INDICATES RECORD WAS SET OR TIED.
MM INDICATES DATA IS MISSING.
T  INDICATES TRACE AMOUNT.




$$
