000
CDUS41 KRLX 052119
CLIPKB


CLIMATE REPORT
NATIONAL WEATHER SERVICE CHARLESTON WV
519 PM EDT THU MAY 5 2016


...................................

...THE PARKERSBURG WV CLIMATE SUMMARY FOR MAY 5 2016...
VALID TODAY AS OF 0500 PM LOCAL TIME.

CLIMATE NORMAL PERIOD 1981 TO 2010
CLIMATE RECORD PERIOD 1889 TO 2016


WEATHER ITEM   OBSERVED TIME   RECORD YEAR NORMAL DEPARTURE LAST
                VALUE   (LST)  VALUE       VALUE  FROM      YEAR
                                                  NORMAL
..................................................................
TEMPERATURE (F)
 TODAY
  MAXIMUM         60    352 PM  94    1895  72    -12       82
  MINIMUM         45    701 AM  29    1973  47     -2       59
  AVERAGE         53                        60     -7       71

PRECIPITATION (IN)
  TODAY            0.06          1.11 2003   0.14  -0.08      T
  MONTH TO DATE    0.71                      0.63   0.08     0.01
  SINCE MAR 1      7.89                      7.63   0.26    12.38
  SINCE JAN 1     13.43                     13.28   0.15    16.27

DEGREE DAYS
 HEATING
  TODAY           12                         6      6        0
  MONTH TO DATE   26                        34     -8       16
  SINCE MAR 1    795                      1050   -255     1065
  SINCE JUL 1   4008                      4840   -832     5283

 COOLING
  TODAY            0                         1     -1        6
  MONTH TO DATE    7                         5      2        6
  SINCE MAR 1     27                        26      1       18
  SINCE JAN 1     27                        26      1       18
..................................................................


WIND (MPH)
  HIGHEST WIND SPEED    16   HIGHEST WIND DIRECTION    NW (310)
  HIGHEST GUST SPEED    22   HIGHEST GUST DIRECTION    NW (310)
  AVERAGE WIND SPEED     7.6


SKY COVER
  POSSIBLE SUNSHINE  MM
  AVERAGE SKY COVER 1.0


WEATHER CONDITIONS
 THE FOLLOWING WEATHER WAS RECORDED TODAY.
  LIGHT RAIN
  FOG


RELATIVE HUMIDITY (PERCENT)
 HIGHEST    93          1200 AM
 LOWEST     67           300 PM
 AVERAGE    80

..........................................................


THE PARKERSBURG WV CLIMATE NORMALS FOR TOMORROW
                         NORMAL    RECORD    YEAR
 MAXIMUM TEMPERATURE (F)   72        93      1959
 MINIMUM TEMPERATURE (F)   48        33      1973


SUNRISE AND SUNSET
MAY  5 2016...........SUNRISE   622 AM EDT   SUNSET   824 PM EDT
MAY  6 2016...........SUNRISE   621 AM EDT   SUNSET   825 PM EDT


-  INDICATES NEGATIVE NUMBERS.
R  INDICATES RECORD WAS SET OR TIED.
MM INDICATES DATA IS MISSING.
T  INDICATES TRACE AMOUNT.




$$
