000
CDUS46 KLOX 270905
CLIPMD


CLIMATE REPORT
NATIONAL WEATHER SERVICE LOS ANGELES/OXNARD CA
105 AM PST THU NOV 27 2014


...................................

...THE PALMDALE AIRPORT CA CLIMATE SUMMARY FOR NOVEMBER 26 2014...

CLIMATE NORMAL PERIOD 1981 TO 2010
CLIMATE RECORD PERIOD 1931 TO 2014


WEATHER ITEM   OBSERVED TIME   RECORD YEAR NORMAL DEPARTURE LAST
                VALUE   (LST)  VALUE       VALUE  FROM      YEAR
                                                  NORMAL
..................................................................
TEMPERATURE (F)
 YESTERDAY
  MAXIMUM         70    411 PM  84    1977  63      7       62
  MINIMUM         34    644 AM  21    2010  33      1       37
  AVERAGE         52                        48      4       50

PRECIPITATION (IN)
  YESTERDAY        0.00          0.76 2008   0.02  -0.02     0.00
  MONTH TO DATE    T                         0.63  -0.63     1.84
  SINCE JUL 1      0.16                      1.76  -1.60     2.05
  SINCE JAN 1      3.21                      7.08  -3.87     2.91

SNOWFALL (IN)
  YESTERDAY        0.0           0.0  2002  MM               0.0
  MONTH TO DATE    0.0                      MM               0.0
  SINCE SEP 1      0.0                      MM               0.0
  SINCE JUL 1      0.0                      MM               0.0
  SNOW DEPTH       0

DEGREE DAYS
 HEATING
  YESTERDAY       13                        17     -4       15
  MONTH TO DATE  252                       328    -76      289
  SINCE SEP 1    278                       455   -177      450
  SINCE JUL 1    278                       455   -177      450

 COOLING
  YESTERDAY        0                         0      0        0
  MONTH TO DATE    1                         0      1        0
  SINCE SEP 1    510                       332    178      361
  SINCE JAN 1   2223                      1814    409     2126
..................................................................


WIND (MPH)
  HIGHEST WIND SPEED     9   HIGHEST WIND DIRECTION     S (200)
  HIGHEST GUST SPEED     9   HIGHEST GUST DIRECTION    SW (220)
  AVERAGE WIND SPEED     3.2


SKY COVER
  POSSIBLE SUNSHINE  MM
  AVERAGE SKY COVER 0.0


WEATHER CONDITIONS
 THE FOLLOWING WEATHER WAS RECORDED YESTERDAY.
  NO SIGNIFICANT WEATHER WAS OBSERVED.


RELATIVE HUMIDITY (PERCENT)
 HIGHEST    38           500 AM
 LOWEST      9           200 PM
 AVERAGE    24

..........................................................


THE PALMDALE AIRPORT CA CLIMATE NORMALS FOR TODAY
                         NORMAL    RECORD    YEAR
 MAXIMUM TEMPERATURE (F)   62        78      1953
 MINIMUM TEMPERATURE (F)   33        18      1978


SUNRISE AND SUNSET
NOVEMBER 27 2014......SUNRISE   637 AM PST   SUNSET   442 PM PST
NOVEMBER 28 2014......SUNRISE   638 AM PST   SUNSET   442 PM PST


-  INDICATES NEGATIVE NUMBERS.
R  INDICATES RECORD WAS SET OR TIED.
MM INDICATES DATA IS MISSING.
T  INDICATES TRACE AMOUNT.




$$
