213
CDUS46 KLOX 240901
CLIPMD


CLIMATE REPORT
NATIONAL WEATHER SERVICE LOS ANGELES/OXNARD CA
101 AM PST TUE JAN 24 2017


...................................

...THE PALMDALE AIRPORT CA CLIMATE SUMMARY FOR JANUARY 23 2017...

CLIMATE NORMAL PERIOD 1981 TO 2010
CLIMATE RECORD PERIOD 1931 TO 2017


WEATHER ITEM   OBSERVED TIME   RECORD YEAR NORMAL DEPARTURE LAST
                VALUE   (LST)  VALUE       VALUE  FROM      YEAR
                                                  NORMAL
..................................................................
TEMPERATURE (F)
 YESTERDAY
  MAXIMUM         48   1208 AM  78    1970  59    -11       61
  MINIMUM         36   1127 PM  11    1937  32      4       41
  AVERAGE         42                        45     -3       51

PRECIPITATION (IN)
  YESTERDAY        0.26          2.40 1943   0.04   0.22     0.00
  MONTH TO DATE    2.32                      1.26   1.06     1.20
  SINCE OCT 1      4.11                      3.71   0.40     3.01
  SINCE JAN 1      2.32                      1.26   1.06     1.20

SNOWFALL (IN)
  YESTERDAY       MM             T    1962  MM               0.0
  MONTH TO DATE    0.0                      MM               0.0
  SINCE DEC 1      0.0                      MM               0.0
  SINCE JUL 1      0.0                      MM               0.0
  SNOW DEPTH       0

DEGREE DAYS
 HEATING
  YESTERDAY       23                        20      3       14
  MONTH TO DATE  431                       469    -38      464
  SINCE DEC 1   1003                      1106   -103     1142
  SINCE JUL 1   1386                      1633   -247     1665

 COOLING
  YESTERDAY        0                         0      0        0
  MONTH TO DATE    0                         0      0        0
  SINCE DEC 1      0                         0      0        0
  SINCE JAN 1      0                         0      0        0
..................................................................


WIND (MPH)
  HIGHEST WIND SPEED    37   HIGHEST WIND DIRECTION    SW (240)
  HIGHEST GUST SPEED    48   HIGHEST GUST DIRECTION     W (250)
  AVERAGE WIND SPEED    18.0


SKY COVER
  POSSIBLE SUNSHINE  MM
  AVERAGE SKY COVER 0.6


WEATHER CONDITIONS
 THE FOLLOWING WEATHER WAS RECORDED YESTERDAY.
  HEAVY RAIN
  LIGHT RAIN
  LIGHT SNOW
  FOG


RELATIVE HUMIDITY (PERCENT)
 HIGHEST    83           200 AM
 LOWEST     64          1100 PM
 AVERAGE    74

..........................................................


THE PALMDALE AIRPORT CA CLIMATE NORMALS FOR TODAY
                         NORMAL    RECORD    YEAR
 MAXIMUM TEMPERATURE (F)   59        81      1948
 MINIMUM TEMPERATURE (F)   32        20      1973


SUNRISE AND SUNSET
JANUARY 24 2017.......SUNRISE   655 AM PST   SUNSET   514 PM PST
JANUARY 25 2017.......SUNRISE   655 AM PST   SUNSET   515 PM PST


-  INDICATES NEGATIVE NUMBERS.
R  INDICATES RECORD WAS SET OR TIED.
MM INDICATES DATA IS MISSING.
T  INDICATES TRACE AMOUNT.




$$
