000
CDUS46 KLOX 030856
CLIPMD


CLIMATE REPORT
NATIONAL WEATHER SERVICE LOS ANGELES/OXNARD CA
1256 AM PST TUE MAR 3 2015


...................................

...THE PALMDALE AIRPORT CA CLIMATE SUMMARY FOR MARCH 2 2015...

CLIMATE NORMAL PERIOD 1981 TO 2010
CLIMATE RECORD PERIOD 1931 TO 2015


WEATHER ITEM   OBSERVED TIME   RECORD YEAR NORMAL DEPARTURE LAST
                VALUE   (LST)  VALUE       VALUE  FROM      YEAR
                                                  NORMAL
..................................................................
TEMPERATURE (F)
 YESTERDAY
  MAXIMUM         55    152 PM  80    1999  64     -9       56
  MINIMUM         36    601 AM  20    1939  38     -2       39
  AVERAGE         46                        51     -5       48

PRECIPITATION (IN)
  YESTERDAY        T             1.73 1983   0.07  -0.07     0.00
  MONTH TO DATE    0.03                      0.15  -0.12     0.48
  SINCE OCT 1      3.71                      5.89  -2.18     3.81
  SINCE JAN 1      1.14                      3.44  -2.30     1.87

SNOWFALL (IN)
  YESTERDAY       MM             T    1966  MM               0.0
  MONTH TO DATE   MM                        MM               0.0
  SINCE MAR 1     MM                        MM               0.0
  SINCE JUL 1      0.0                      MM               0.0
  SNOW DEPTH       0

DEGREE DAYS
 HEATING
  YESTERDAY       19                        14      5       17
  MONTH TO DATE   37                        28      9       33
  SINCE MAR 1     37                        28      9       33
  SINCE JUL 1   1692                      2273   -581     1931

 COOLING
  YESTERDAY        0                         0      0        0
  MONTH TO DATE    0                         0      0        0
  SINCE MAR 1      0                         0      0        0
  SINCE JAN 1      0                         0      0        1
..................................................................


WIND (MPH)
  HIGHEST WIND SPEED    24   HIGHEST WIND DIRECTION     W (260)
  HIGHEST GUST SPEED    29   HIGHEST GUST DIRECTION     W (260)
  AVERAGE WIND SPEED    10.1


SKY COVER
  POSSIBLE SUNSHINE  MM
  AVERAGE SKY COVER 0.4


WEATHER CONDITIONS
 THE FOLLOWING WEATHER WAS RECORDED YESTERDAY.
  LIGHT RAIN


RELATIVE HUMIDITY (PERCENT)
 HIGHEST    92           400 AM
 LOWEST     45           200 PM
 AVERAGE    69

..........................................................


THE PALMDALE AIRPORT CA CLIMATE NORMALS FOR TODAY
                         NORMAL    RECORD    YEAR
 MAXIMUM TEMPERATURE (F)   65        81      1994
 MINIMUM TEMPERATURE (F)   38        16      1971


SUNRISE AND SUNSET
MARCH  3 2015.........SUNRISE   619 AM PST   SUNSET   550 PM PST
MARCH  4 2015.........SUNRISE   618 AM PST   SUNSET   551 PM PST


-  INDICATES NEGATIVE NUMBERS.
R  INDICATES RECORD WAS SET OR TIED.
MM INDICATES DATA IS MISSING.
T  INDICATES TRACE AMOUNT.




$$
