000
CDUS46 KLOX 220906
CLIPMD


CLIMATE REPORT
NATIONAL WEATHER SERVICE LOS ANGELES/OXNARD CA
206 AM PDT MON MAY 22 2017


...................................

...THE PALMDALE AIRPORT CA CLIMATE SUMMARY FOR MAY 21 2017...

CLIMATE NORMAL PERIOD 1981 TO 2010
CLIMATE RECORD PERIOD 1931 TO 2017


WEATHER ITEM   OBSERVED TIME   RECORD YEAR NORMAL DEPARTURE LAST
                VALUE   (LST)  VALUE       VALUE  FROM      YEAR
                                                  NORMAL
..................................................................
TEMPERATURE (F)
 YESTERDAY
  MAXIMUM         93    158 PM 100    2000  85      8       67
  MINIMUM         59    510 AM  39    1975  54      5       47
  AVERAGE         76                        69      7       57

PRECIPITATION (IN)
  YESTERDAY        0.00          0.12 1947   0.00   0.00     0.00
  MONTH TO DATE    0.02                      0.21  -0.19      T
  SINCE OCT 1      5.93                      7.64  -1.71     4.28
  SINCE JAN 1      4.14                      5.19  -1.05     2.47

SNOWFALL (IN)
  YESTERDAY        0.0          MM      MM  MM               0.0
  MONTH TO DATE    0.0                      MM               0.0
  SINCE MAR 1      0.0                      MM               0.0
  SINCE JUL 1      0.0                      MM                T
  SNOW DEPTH       0

DEGREE DAYS
 HEATING
  YESTERDAY        0                         2     -2        8
  MONTH TO DATE   58                        56      2       42
  SINCE MAR 1    411                       661   -250      425
  SINCE JUL 1   2320                      2906   -586     2586

 COOLING
  YESTERDAY       11                         6      5        0
  MONTH TO DATE   78                        79     -1       72
  SINCE MAR 1     92                       102    -10       92
  SINCE JAN 1     92                       102    -10       92
..................................................................


WIND (MPH)
  HIGHEST WIND SPEED    26   HIGHEST WIND DIRECTION    SW (230)
  HIGHEST GUST SPEED    34   HIGHEST GUST DIRECTION    SW (230)
  AVERAGE WIND SPEED    13.1


SKY COVER
  POSSIBLE SUNSHINE  MM
  AVERAGE SKY COVER 0.0


WEATHER CONDITIONS
 THE FOLLOWING WEATHER WAS RECORDED YESTERDAY.
  NO SIGNIFICANT WEATHER WAS OBSERVED.


RELATIVE HUMIDITY (PERCENT)
 HIGHEST    40           400 AM
 LOWEST     10           200 PM
 AVERAGE    25

..........................................................


THE PALMDALE AIRPORT CA CLIMATE NORMALS FOR TODAY
                         NORMAL    RECORD    YEAR
 MAXIMUM TEMPERATURE (F)   85       103      2000
 MINIMUM TEMPERATURE (F)   54        38      1933


SUNRISE AND SUNSET
MAY 22 2017...........SUNRISE   545 AM PDT   SUNSET   754 PM PDT
MAY 23 2017...........SUNRISE   544 AM PDT   SUNSET   754 PM PDT


-  INDICATES NEGATIVE NUMBERS.
R  INDICATES RECORD WAS SET OR TIED.
MM INDICATES DATA IS MISSING.
T  INDICATES TRACE AMOUNT.




$$
