000
CDUS46 KLOX 291104
CLIPMD


CLIMATE REPORT
NATIONAL WEATHER SERVICE LOS ANGELES/OXNARD CA
404 AM PDT FRI AUG 29 2014


...................................

...THE PALMDALE AIRPORT CA CLIMATE SUMMARY FOR AUGUST 28 2014...

CLIMATE NORMAL PERIOD 1981 TO 2010
CLIMATE RECORD PERIOD 1931 TO 2014


WEATHER ITEM   OBSERVED TIME   RECORD YEAR NORMAL DEPARTURE LAST
                VALUE   (LST)  VALUE       VALUE  FROM      YEAR
                                                  NORMAL
..................................................................
TEMPERATURE (F)
 YESTERDAY
  MAXIMUM        101    206 PM 107    2008  96      5       98
  MINIMUM         66    521 AM  48    1945  63      3       68
  AVERAGE         84                        79      5       83

PRECIPITATION (IN)
  YESTERDAY        0.00          0.03 2000   0.00   0.00     0.00
  MONTH TO DATE    0.04                      0.12  -0.08     0.04
  SINCE JUL 1      0.04                      0.22  -0.18     0.13
  SINCE JAN 1      3.09                      5.54  -2.45     0.99

SNOWFALL (IN)
  YESTERDAY        0.0          MM      MM  MM               0.0
  MONTH TO DATE    0.0                      MM               0.0
  SINCE JUN 1      0.0                      MM               0.0
  SINCE JUL 1      0.0                      MM               0.0
  SNOW DEPTH       0

DEGREE DAYS
 HEATING
  YESTERDAY        0                         0      0        0
  MONTH TO DATE    0                         0      0        0
  SINCE JUN 1      0                         7     -7        0
  SINCE JUL 1      0                         0      0        0

 COOLING
  YESTERDAY       19                        14      5       18
  MONTH TO DATE  434                       463    -29      439
  SINCE JUN 1   1440                      1271    169     1473
  SINCE JAN 1   1659                      1441    218     1704
..................................................................


WIND (MPH)
  HIGHEST WIND SPEED    24   HIGHEST WIND DIRECTION    SW (230)
  HIGHEST GUST SPEED    27   HIGHEST GUST DIRECTION    SW (240)
  AVERAGE WIND SPEED     8.5


SKY COVER
  POSSIBLE SUNSHINE  MM
  AVERAGE SKY COVER 0.0


WEATHER CONDITIONS
 THE FOLLOWING WEATHER WAS RECORDED YESTERDAY.
  NO SIGNIFICANT WEATHER WAS OBSERVED.


RELATIVE HUMIDITY (PERCENT)
 HIGHEST    40           500 AM
 LOWEST     10           100 PM
 AVERAGE    25

..........................................................


THE PALMDALE AIRPORT CA CLIMATE NORMALS FOR TODAY
                         NORMAL    RECORD    YEAR
 MAXIMUM TEMPERATURE (F)   96       108      1998
 MINIMUM TEMPERATURE (F)   63        49      1947


SUNRISE AND SUNSET
AUGUST 29 2014........SUNRISE   623 AM PDT   SUNSET   723 PM PDT
AUGUST 30 2014........SUNRISE   624 AM PDT   SUNSET   721 PM PDT


-  INDICATES NEGATIVE NUMBERS.
R  INDICATES RECORD WAS SET OR TIED.
MM INDICATES DATA IS MISSING.
T  INDICATES TRACE AMOUNT.




$$
