000
CDUS46 KLOX 310903
CLIPMD


CLIMATE REPORT
NATIONAL WEATHER SERVICE LOS ANGELES/OXNARD CA
203 AM PDT THU JUL 31 2014


...................................

...THE PALMDALE AIRPORT CA CLIMATE SUMMARY FOR JULY 30 2014...

CLIMATE NORMAL PERIOD 1981 TO 2010
CLIMATE RECORD PERIOD 1931 TO 2014


WEATHER ITEM   OBSERVED TIME   RECORD YEAR NORMAL DEPARTURE LAST
                VALUE   (LST)  VALUE       VALUE  FROM      YEAR
                                                  NORMAL
..................................................................
TEMPERATURE (F)
 YESTERDAY
  MAXIMUM        102    148 PM 110    1995  99      3       96
  MINIMUM         73    525 AM  55    1975  67      6       68
  AVERAGE         88                        83      5       82

PRECIPITATION (IN)
  YESTERDAY        0.00          0.20 1965   0.01  -0.01     0.00
  MONTH TO DATE    T                         0.10  -0.10     0.09
  SINCE JUL 1      T                         0.10  -0.10     0.09
  SINCE JAN 1      3.05                      5.42  -2.37     0.95

SNOWFALL (IN)
  YESTERDAY        0.0           0.0  1973  MM               0.0
  MONTH TO DATE    0.0                      MM               0.0
  SINCE JUN 1      0.0                      MM               0.0
  SINCE JUL 1      0.0                      MM               0.0
  SNOW DEPTH       0

DEGREE DAYS
 HEATING
  YESTERDAY        0                         0      0        0
  MONTH TO DATE    0                         0      0        0
  SINCE JUN 1      0                         7     -7        0
  SINCE JUL 1      0                         0      0        0

 COOLING
  YESTERDAY       23                        18      5       17
  MONTH TO DATE  578                       486     92      596
  SINCE JUN 1    982                       792    190     1019
  SINCE JAN 1   1201                       962    239     1250
..................................................................


WIND (MPH)
  HIGHEST WIND SPEED    22   HIGHEST WIND DIRECTION     W (280)
  HIGHEST GUST SPEED    29   HIGHEST GUST DIRECTION    SW (240)
  AVERAGE WIND SPEED     9.4


SKY COVER
  POSSIBLE SUNSHINE  MM
  AVERAGE SKY COVER 0.0


WEATHER CONDITIONS
 THE FOLLOWING WEATHER WAS RECORDED YESTERDAY.
  NO SIGNIFICANT WEATHER WAS OBSERVED.


RELATIVE HUMIDITY (PERCENT)
 HIGHEST    38           500 AM
 LOWEST     15           100 PM
 AVERAGE    27

..........................................................


THE PALMDALE AIRPORT CA CLIMATE NORMALS FOR TODAY
                         NORMAL    RECORD    YEAR
 MAXIMUM TEMPERATURE (F)   99       109      1938
 MINIMUM TEMPERATURE (F)   67        49      1979


SUNRISE AND SUNSET
JULY 31 2014..........SUNRISE   602 AM PDT   SUNSET   755 PM PDT
AUGUST  1 2014........SUNRISE   603 AM PDT   SUNSET   754 PM PDT


-  INDICATES NEGATIVE NUMBERS.
R  INDICATES RECORD WAS SET OR TIED.
MM INDICATES DATA IS MISSING.
T  INDICATES TRACE AMOUNT.




$$
