000
CDUS44 KMOB 302249
CLIPNS


CLIMATE REPORT
NATIONAL WEATHER SERVICE MOBILE AL
545 PM CDT TUE JUN 30 2015


...................................

...THE PENSACOLA CLIMATE SUMMARY FOR JUNE 30 2015...
VALID TODAY AS OF 0500 PM LOCAL TIME.

CLIMATE NORMAL PERIOD 1981 TO 2010
CLIMATE RECORD PERIOD 1879 TO 2015


WEATHER ITEM   OBSERVED TIME   RECORD YEAR NORMAL DEPARTURE LAST
                VALUE   (LST)  VALUE       VALUE  FROM      YEAR
                                                  NORMAL
..................................................................
TEMPERATURE (F)
 TODAY
  MAXIMUM         92    112 PM 101    1894  90      2       92
  MINIMUM         75    211 PM  64    1923  74      1       78
  AVERAGE         84                        82      2       85

PRECIPITATION (IN)
  TODAY            T             5.26 2003   0.24  -0.24     0.00
  MONTH TO DATE    4.10                      6.60  -2.50     3.26
  SINCE MAR 1     21.59                     20.91   0.68    48.41
  SINCE JAN 1     32.00                     30.60   1.40    59.74

DEGREE DAYS
 COOLING
  TODAY           19                        17      2       20
  MONTH TO DATE  483                       465     18      479
  SINCE JUN 1    483                       465     18      479
  SINCE JAN 1   1136                       913    223      930
..................................................................


WIND (MPH)
  HIGHEST WIND SPEED    43   HIGHEST WIND DIRECTION    NW (330)
  HIGHEST GUST SPEED    52   HIGHEST GUST DIRECTION    NW (330)
  AVERAGE WIND SPEED    11.2


SKY COVER
  POSSIBLE SUNSHINE  MM
  AVERAGE SKY COVER 0.2


WEATHER CONDITIONS
 THE FOLLOWING WEATHER WAS RECORDED TODAY.
  THUNDERSTORM
  LIGHT RAIN


RELATIVE HUMIDITY (PERCENT)
 HIGHEST    91           500 AM
 LOWEST     49           100 PM
 AVERAGE    70

..........................................................


THE PENSACOLA CLIMATE NORMALS FOR TOMORROW
                         NORMAL    RECORD    YEAR
 MAXIMUM TEMPERATURE (F)   90        98      1952
 MINIMUM TEMPERATURE (F)   74        66      1948


SUNRISE AND SUNSET
JUNE 30 2015..........SUNRISE   550 AM CDT   SUNSET   755 PM CDT
JULY  1 2015..........SUNRISE   550 AM CDT   SUNSET   755 PM CDT


-  INDICATES NEGATIVE NUMBERS.
R  INDICATES RECORD WAS SET OR TIED.
MM INDICATES DATA IS MISSING.
T  INDICATES TRACE AMOUNT.




$$
