000
CDUS44 KMOB 120628
CLIPNS


CLIMATE REPORT
NATIONAL WEATHER SERVICE MOBILE AL
128 AM CDT SAT JUL 12 2014


...................................

...THE PENSACOLA CLIMATE SUMMARY FOR JULY 11 2014...

CLIMATE NORMAL PERIOD 1981 TO 2010
CLIMATE RECORD PERIOD 1879 TO 2014


WEATHER ITEM   OBSERVED TIME   RECORD YEAR NORMAL DEPARTURE LAST
                VALUE   (LST)  VALUE       VALUE  FROM      YEAR
                                                  NORMAL
..................................................................
TEMPERATURE (F)
 YESTERDAY
  MAXIMUM         88    313 PM 100    1980  90     -2       82
  MINIMUM         72    246 AM  67    1963  75     -3       74
  AVERAGE         80                        82     -2       78

PRECIPITATION (IN)
  YESTERDAY        0.01          2.37 1940   0.24  -0.23     0.48
  MONTH TO DATE    0.73                      2.60  -1.87    10.88
  SINCE MAR 1     49.14                     23.51  25.63    27.00
  SINCE JAN 1     60.47                     33.20  27.27    41.27

DEGREE DAYS
 COOLING
  YESTERDAY       15                        17     -2       13
  MONTH TO DATE  196                       187      9      161
  SINCE JUN 1    675                       652     23      675
  SINCE JAN 1   1126                      1100     26     1117
..................................................................


WIND (MPH)
  HIGHEST WIND SPEED    21   HIGHEST WIND DIRECTION     N (340)
  HIGHEST GUST SPEED    26   HIGHEST GUST DIRECTION     N (350)
  AVERAGE WIND SPEED     5.0


SKY COVER
  POSSIBLE SUNSHINE  MM
  AVERAGE SKY COVER 0.2


WEATHER CONDITIONS
 THE FOLLOWING WEATHER WAS RECORDED YESTERDAY.
  THUNDERSTORM
  RAIN
  LIGHT RAIN


RELATIVE HUMIDITY (PERCENT)
 HIGHEST   100           100 AM
 LOWEST     61          1100 AM
 AVERAGE    81

..........................................................


THE PENSACOLA CLIMATE NORMALS FOR TODAY
                         NORMAL    RECORD    YEAR
 MAXIMUM TEMPERATURE (F)   90       103      1980
                                             1901
 MINIMUM TEMPERATURE (F)   75        68      1900


SUNRISE AND SUNSET
JULY 12 2014..........SUNRISE   555 AM CDT   SUNSET   753 PM CDT
JULY 13 2014..........SUNRISE   556 AM CDT   SUNSET   753 PM CDT


-  INDICATES NEGATIVE NUMBERS.
R  INDICATES RECORD WAS SET OR TIED.
MM INDICATES DATA IS MISSING.
T  INDICATES TRACE AMOUNT.




$$
