000
CDUS41 KALY 200628
CLIPOU


CLIMATE REPORT
NATIONAL WEATHER SERVICE ALBANY NY
227 AM EDT SUN AUG 20 2017


...................................

...THE POUGHKEEPSIE NY CLIMATE SUMMARY FOR AUGUST 19 2017...

CLIMATE NORMAL PERIOD 1981 TO 2010
CLIMATE RECORD PERIOD 1949 TO 2017


WEATHER ITEM   OBSERVED TIME   RECORD YEAR NORMAL DEPARTURE LAST
                VALUE   (LST)  VALUE       VALUE  FROM      YEAR
                                                  NORMAL
..................................................................
TEMPERATURE (F)
 YESTERDAY
  MAXIMUM         85    400 PM  94    2003  82      3       88
  MINIMUM         69   1159 PM  44    1953  60      9       68
  AVERAGE         77                        71      6       78

PRECIPITATION (IN)
  YESTERDAY        0.00          4.00 1955   0.14  -0.14     0.00
  MONTH TO DATE    4.33                      2.73   1.60     1.49
  SINCE JUN 1     11.31                     11.81  -0.50     9.45
  SINCE JAN 1     27.87                     29.31  -1.44    21.61

DEGREE DAYS
 HEATING
  YESTERDAY        0                         0      0        0
  MONTH TO DATE    3                         0      3        0
  SINCE JUN 1     56                        54      2        8
  SINCE JUL 1      6                         5      1        0

 COOLING
  YESTERDAY       12                         6      6       13
  MONTH TO DATE  122                       138    -16      245
  SINCE JUN 1    492                       505    -13      780
  SINCE JAN 1    540                       541     -1      861
..................................................................


WIND (MPH)
  HIGHEST WIND SPEED    14   HIGHEST WIND DIRECTION    SW (240)
  HIGHEST GUST SPEED    18   HIGHEST GUST DIRECTION    SW (240)
  AVERAGE WIND SPEED     2.9


SKY COVER
  AVERAGE SKY COVER 0.4



RELATIVE HUMIDITY (PERCENT)
 HIGHEST    97           500 AM
 LOWEST     44           200 PM
 AVERAGE    71

..........................................................


THE POUGHKEEPSIE NY CLIMATE NORMALS FOR TODAY
                         NORMAL    RECORD    YEAR
 MAXIMUM TEMPERATURE (F)   82        95      1983
                                             1955
 MINIMUM TEMPERATURE (F)   59        41      1949


SUNRISE AND SUNSET
AUGUST 20 2017........SUNRISE   609 AM EDT   SUNSET   747 PM EDT
AUGUST 21 2017........SUNRISE   610 AM EDT   SUNSET   746 PM EDT


-  INDICATES NEGATIVE NUMBERS.
R  INDICATES RECORD WAS SET OR TIED.
MM INDICATES DATA IS MISSING.
T  INDICATES TRACE AMOUNT.




RECORDS FOR KPOU DATE BACK TO 1949...
HOWEVER...DATA IS MISSING FROM JANUARY 1993 - JULY 2000.
$$
