476
CDUS41 KALY 140622
CLIPOU


CLIMATE REPORT
NATIONAL WEATHER SERVICE ALBANY NY
122 AM EST SUN FEB 14 2016


...................................

...THE POUGHKEEPSIE NY CLIMATE SUMMARY FOR FEBRUARY 13 2016...

CLIMATE NORMAL PERIOD 1981 TO 2010
CLIMATE RECORD PERIOD 1949 TO 2016


WEATHER ITEM   OBSERVED TIME   RECORD YEAR NORMAL DEPARTURE LAST
                VALUE   (LST)  VALUE       VALUE  FROM      YEAR
                                                  NORMAL
..................................................................
TEMPERATURE (F)
 YESTERDAY
  MAXIMUM         22    809 AM  60    1951  39    -17       20
  MINIMUM          1   1153 PM -19    1967  17    -16       -3
  AVERAGE         12                        28    -16        9

PRECIPITATION (IN)
  YESTERDAY        T             2.64 2008   0.09  -0.09     0.00
  MONTH TO DATE    0.68                      1.21  -0.53     1.00
  SINCE DEC 1      5.79                      7.82  -2.03     6.94
  SINCE JAN 1      1.89                      4.29  -2.40     3.94

DEGREE DAYS
 HEATING
  YESTERDAY       53                        37     16       56
  MONTH TO DATE  416                       492    -76      596
  SINCE DEC 1   2080                      2766   -686     2756
  SINCE JUL 1   3068                      4044   -976     3907

 COOLING
  YESTERDAY        0                         0      0        0
  MONTH TO DATE    0                         0      0        0
  SINCE DEC 1      0                         0      0        0
  SINCE JAN 1      0                         0      0        0
..................................................................


WIND (MPH)
  HIGHEST WIND SPEED    28   HIGHEST WIND DIRECTION     W (280)
  HIGHEST GUST SPEED    38   HIGHEST GUST DIRECTION    NW (300)
  AVERAGE WIND SPEED    14.2


SKY COVER
  AVERAGE SKY COVER 0.6



RELATIVE HUMIDITY (PERCENT)
 HIGHEST    73           400 AM
 LOWEST     25          1200 PM
 AVERAGE    49

..........................................................


THE POUGHKEEPSIE NY CLIMATE NORMALS FOR TODAY
                         NORMAL    RECORD    YEAR
 MAXIMUM TEMPERATURE (F)   39        56      2011
 MINIMUM TEMPERATURE (F)   18       -14      1979


SUNRISE AND SUNSET
FEBRUARY 14 2016......SUNRISE   653 AM EST   SUNSET   527 PM EST
FEBRUARY 15 2016......SUNRISE   652 AM EST   SUNSET   528 PM EST


-  INDICATES NEGATIVE NUMBERS.
R  INDICATES RECORD WAS SET OR TIED.
MM INDICATES DATA IS MISSING.
T  INDICATES TRACE AMOUNT.




RECORDS FOR KPOU DATE BACK TO 1949...
HOWEVER...DATA IS MISSING FROM JANUARY 1993 - JULY 2000.
$$
