000
CDUS41 KALY 240623
CLIPOU


CLIMATE REPORT
NATIONAL WEATHER SERVICE ALBANY NY
222 AM EDT TUE MAY 24 2016


...................................

...THE POUGHKEEPSIE NY CLIMATE SUMMARY FOR MAY 23 2016...

CLIMATE NORMAL PERIOD 1981 TO 2010
CLIMATE RECORD PERIOD 1949 TO 2016


WEATHER ITEM   OBSERVED TIME   RECORD YEAR NORMAL DEPARTURE LAST
                VALUE   (LST)  VALUE       VALUE  FROM      YEAR
                                                  NORMAL
..................................................................
TEMPERATURE (F)
 YESTERDAY
  MAXIMUM         82    339 PM  94    1964  73      9       69
  MINIMUM         48    457 AM  34    1963  49     -1       40
  AVERAGE         65                        61      4       55

PRECIPITATION (IN)
  YESTERDAY        T             2.10 1983   0.16  -0.16     0.00
  MONTH TO DATE    2.54                      3.13  -0.59     1.05
  SINCE MAR 1      5.81                     10.48  -4.67     5.45
  SINCE JAN 1     11.49                     16.22  -4.73     9.75

DEGREE DAYS
 HEATING
  YESTERDAY        0                         5     -5       10
  MONTH TO DATE  184                       187     -3       90
  SINCE MAR 1   1237                      1555   -318     1556
  SINCE JUL 1   4769                      6126  -1357     6241

 COOLING
  YESTERDAY        0                         1     -1        0
  MONTH TO DATE    0                        17    -17       62
  SINCE MAR 1      4                        22    -18       62
  SINCE JAN 1      4                        22    -18       62
..................................................................


WIND (MPH)
  HIGHEST WIND SPEED    22   HIGHEST WIND DIRECTION     N (10)
  HIGHEST GUST SPEED    26   HIGHEST GUST DIRECTION     N (10)
  AVERAGE WIND SPEED     5.2


SKY COVER
  AVERAGE SKY COVER 0.2



RELATIVE HUMIDITY (PERCENT)
 HIGHEST    93           400 AM
 LOWEST     30           300 PM
 AVERAGE    62

..........................................................


THE POUGHKEEPSIE NY CLIMATE NORMALS FOR TODAY
                         NORMAL    RECORD    YEAR
 MAXIMUM TEMPERATURE (F)   74        92      1975
 MINIMUM TEMPERATURE (F)   49        27      1963


SUNRISE AND SUNSET
MAY 24 2016...........SUNRISE   528 AM EDT   SUNSET   817 PM EDT
MAY 25 2016...........SUNRISE   527 AM EDT   SUNSET   818 PM EDT


-  INDICATES NEGATIVE NUMBERS.
R  INDICATES RECORD WAS SET OR TIED.
MM INDICATES DATA IS MISSING.
T  INDICATES TRACE AMOUNT.




RECORDS FOR KPOU DATE BACK TO 1949...
HOWEVER...DATA IS MISSING FROM JANUARY 1993 - JULY 2000.
$$
