000
CDUS46 KLOX 220915
CLIPRB


CLIMATE REPORT
NATIONAL WEATHER SERVICE LOS ANGELES/OXNARD CA
215 AM PDT WED MAR 22 2017


...................................

...THE PASO ROBLES AIRPORT CA CLIMATE SUMMARY FOR MARCH 21 2017...

CLIMATE NORMAL PERIOD 1981 TO 2010
CLIMATE RECORD PERIOD 1948 TO 2017


WEATHER ITEM   OBSERVED TIME   RECORD YEAR NORMAL DEPARTURE LAST
                VALUE   (LST)  VALUE       VALUE  FROM      YEAR
                                                  NORMAL
..................................................................
TEMPERATURE (F)
 YESTERDAY
  MAXIMUM         64    222 PM  84    1990  67     -3       67
  MINIMUM         43   1159 PM  28    1955  40      3       50
  AVERAGE         54                        54      0       59

PRECIPITATION (IN)
  YESTERDAY        0.05          0.65 1958   0.07  -0.02      T
  MONTH TO DATE    0.20                      1.92  -1.72     2.03
  SINCE OCT 1     14.68                     10.92   3.76     7.90
  SINCE JAN 1     11.00                      7.26   3.74     5.84

SNOWFALL (IN)
  YESTERDAY       MM
  MONTH TO DATE    0.0
  SINCE MAR 1      0.0
  SINCE JUL 1      0.0

DEGREE DAYS
 HEATING
  YESTERDAY       11                        11      0        6
  MONTH TO DATE  191                       257    -66      173
  SINCE MAR 1    191                       257    -66      173
  SINCE JUL 1   1992                      2350   -358     1960

 COOLING
  YESTERDAY        0                         0      0        0
  MONTH TO DATE    0                         0      0        0
  SINCE MAR 1      0                         0      0        0
  SINCE JAN 1      0                         0      0        0
..................................................................


WIND (MPH)
  HIGHEST WIND SPEED    20   HIGHEST WIND DIRECTION     S (180)
  HIGHEST GUST SPEED    24   HIGHEST GUST DIRECTION     S (190)
  AVERAGE WIND SPEED     8.5


SKY COVER
  POSSIBLE SUNSHINE  MM
  AVERAGE SKY COVER 0.7


WEATHER CONDITIONS
 THE FOLLOWING WEATHER WAS RECORDED YESTERDAY.
  LIGHT RAIN
  FOG


RELATIVE HUMIDITY (PERCENT)
 HIGHEST   100          1100 PM
 LOWEST     77           600 PM
 AVERAGE    89

..........................................................


THE PASO ROBLES AIRPORT CA CLIMATE NORMALS FOR TODAY
                         NORMAL    RECORD    YEAR
 MAXIMUM TEMPERATURE (F)   67        82      1977
 MINIMUM TEMPERATURE (F)   40        28      1964


SUNRISE AND SUNSET
MARCH 22 2017.........SUNRISE   703 AM PDT   SUNSET   716 PM PDT
MARCH 23 2017.........SUNRISE   701 AM PDT   SUNSET   717 PM PDT


-  INDICATES NEGATIVE NUMBERS.
R  INDICATES RECORD WAS SET OR TIED.
MM INDICATES DATA IS MISSING.
T  INDICATES TRACE AMOUNT.




$$
