000
CDUS46 KLOX 290902
CLIPRB


CLIMATE REPORT
NATIONAL WEATHER SERVICE LOS ANGELES/OXNARD CA
201 AM PDT SUN MAY 29 2016


...................................

...THE PASO ROBLES AIRPORT CA CLIMATE SUMMARY FOR MAY 28 2016...

CLIMATE NORMAL PERIOD 1981 TO 2010
CLIMATE RECORD PERIOD 1948 TO 2016


WEATHER ITEM   OBSERVED TIME   RECORD YEAR NORMAL DEPARTURE LAST
                VALUE   (LST)  VALUE       VALUE  FROM      YEAR
                                                  NORMAL
..................................................................
TEMPERATURE (F)
 YESTERDAY
  MAXIMUM         89   1220 PM 101    2000  83      6       93
                                      1973
  MINIMUM         50    514 AM  39    2008  48      2       50
  AVERAGE         70                        66      4       72

PRECIPITATION (IN)
  YESTERDAY        0.00          0.17 1998   0.00   0.00     0.00
  MONTH TO DATE    T                         0.25  -0.25     0.15
  SINCE OCT 1      8.06                     12.42  -4.36     8.63
  SINCE JAN 1      6.00                      8.76  -2.76     2.91

SNOWFALL (IN)
  YESTERDAY        0.0
  MONTH TO DATE    0.0
  SINCE MAR 1      0.0
  SINCE JUL 1      0.0

DEGREE DAYS
 HEATING
  YESTERDAY        0                         2     -2        0
  MONTH TO DATE   69                       102    -33      115
  SINCE MAR 1    471                       721   -250      443
  SINCE JUL 1   2258                      2814   -556     1803

 COOLING
  YESTERDAY        5                         3      2        7
  MONTH TO DATE   39                        50    -11       18
  SINCE MAR 1     44                        59    -15       58
  SINCE JAN 1     44                        59    -15       58
..................................................................


WIND (MPH)
  HIGHEST WIND SPEED    26   HIGHEST WIND DIRECTION     S (200)
  HIGHEST GUST SPEED    33   HIGHEST GUST DIRECTION    SW (210)
  AVERAGE WIND SPEED     8.1


SKY COVER
  POSSIBLE SUNSHINE  MM
  AVERAGE SKY COVER 0.0


WEATHER CONDITIONS
 THE FOLLOWING WEATHER WAS RECORDED YESTERDAY.
  NO SIGNIFICANT WEATHER WAS OBSERVED.


RELATIVE HUMIDITY (PERCENT)
 HIGHEST    83          1100 PM
 LOWEST     20          1200 PM
 AVERAGE    52

..........................................................


THE PASO ROBLES AIRPORT CA CLIMATE NORMALS FOR TODAY
                         NORMAL    RECORD    YEAR
 MAXIMUM TEMPERATURE (F)   84       102      1984
 MINIMUM TEMPERATURE (F)   48        40      2010
                                             1980


SUNRISE AND SUNSET
MAY 29 2016...........SUNRISE   549 AM PDT   SUNSET   811 PM PDT
MAY 30 2016...........SUNRISE   549 AM PDT   SUNSET   812 PM PDT


-  INDICATES NEGATIVE NUMBERS.
R  INDICATES RECORD WAS SET OR TIED.
MM INDICATES DATA IS MISSING.
T  INDICATES TRACE AMOUNT.




$$
