000
CDUS46 KLOX 010913
CLIPRB


CLIMATE REPORT
NATIONAL WEATHER SERVICE LOS ANGELES/OXNARD CA
212 AM PDT SUN MAY 1 2016


...................................

...THE PASO ROBLES AIRPORT CA CLIMATE SUMMARY FOR APRIL 30 2016...

CLIMATE NORMAL PERIOD 1981 TO 2010
CLIMATE RECORD PERIOD 1948 TO 2016


WEATHER ITEM   OBSERVED TIME   RECORD YEAR NORMAL DEPARTURE LAST
                VALUE   (LST)  VALUE       VALUE  FROM      YEAR
                                                  NORMAL
..................................................................
TEMPERATURE (F)
 YESTERDAY
  MAXIMUM         78    526 PM  97    1996  77      1       93
  MINIMUM         47    559 AM  31    1972  43      4       48
  AVERAGE         63                        60      3       71

PRECIPITATION (IN)
  YESTERDAY        0.00          0.44 1955   0.01  -0.01     0.00
  MONTH TO DATE    0.16                      0.68  -0.52     0.43
  SINCE OCT 1      8.06                     12.17  -4.11     8.48
  SINCE JAN 1      6.00                      8.51  -2.51     2.76

SNOWFALL (IN)
  YESTERDAY        0.0
  MONTH TO DATE    0.0
  SINCE MAR 1      0.0
  SINCE JUL 1      0.0

DEGREE DAYS
 HEATING
  YESTERDAY        2                         6     -4        0
  MONTH TO DATE  123                       253   -130      166
  SINCE MAR 1    402                       619   -217      328
  SINCE JUL 1   2189                      2712   -523     1688

 COOLING
  YESTERDAY        0                         1     -1        6
  MONTH TO DATE    5                         9     -4       19
  SINCE MAR 1      5                         9     -4       40
  SINCE JAN 1      5                         9     -4       40
..................................................................


WIND (MPH)
  HIGHEST WIND SPEED    17   HIGHEST WIND DIRECTION    NW (310)
  HIGHEST GUST SPEED    23   HIGHEST GUST DIRECTION     N (350)
  AVERAGE WIND SPEED     7.6


SKY COVER
  POSSIBLE SUNSHINE  MM
  AVERAGE SKY COVER 0.1


WEATHER CONDITIONS
 THE FOLLOWING WEATHER WAS RECORDED YESTERDAY.
  NO SIGNIFICANT WEATHER WAS OBSERVED.


RELATIVE HUMIDITY (PERCENT)
 HIGHEST    93           400 AM
 LOWEST     20           200 PM
 AVERAGE    57

..........................................................


THE PASO ROBLES AIRPORT CA CLIMATE NORMALS FOR TODAY
                         NORMAL    RECORD    YEAR
 MAXIMUM TEMPERATURE (F)   77        99      1996
 MINIMUM TEMPERATURE (F)   44        34      2011
                                             2008


SUNRISE AND SUNSET
MAY  1 2016...........SUNRISE   610 AM PDT   SUNSET   750 PM PDT
MAY  2 2016...........SUNRISE   609 AM PDT   SUNSET   751 PM PDT


-  INDICATES NEGATIVE NUMBERS.
R  INDICATES RECORD WAS SET OR TIED.
MM INDICATES DATA IS MISSING.
T  INDICATES TRACE AMOUNT.




$$
