000
CDUS46 KLOX 200916
CLIPRB


CLIMATE REPORT
NATIONAL WEATHER SERVICE LOS ANGELES/OXNARD CA
108 AM PST FRI JAN 20 2017


...................................

...THE PASO ROBLES AIRPORT CA CLIMATE SUMMARY FOR JANUARY 19 2017...

CLIMATE NORMAL PERIOD 1981 TO 2010
CLIMATE RECORD PERIOD 1948 TO 2017


WEATHER ITEM   OBSERVED TIME   RECORD YEAR NORMAL DEPARTURE LAST
                VALUE   (LST)  VALUE       VALUE  FROM      YEAR
                                                  NORMAL
..................................................................
TEMPERATURE (F)
 YESTERDAY
  MAXIMUM         58    251 PM  78    1994  60     -2       64
  MINIMUM         44    554 AM  19    2012  35      9       48
  AVERAGE         51                        47      4       56

PRECIPITATION (IN)
  YESTERDAY        0.06          3.09 1969   0.09  -0.03     0.77
  MONTH TO DATE    4.48                      1.70   2.78     2.65
  SINCE OCT 1      8.16                      5.36   2.80     4.71
  SINCE JAN 1      4.48                      1.70   2.78     2.65

SNOWFALL (IN)
  YESTERDAY       MM
  MONTH TO DATE    0.0
  SINCE DEC 1      0.0
  SINCE JUL 1      0.0

DEGREE DAYS
 HEATING
  YESTERDAY       14                        18     -4        9
  MONTH TO DATE  305                       347    -42      272
  SINCE DEC 1    834                       922    -88      876
  SINCE JUL 1   1218                      1471   -253     1312

 COOLING
  YESTERDAY        0                         0      0        0
  MONTH TO DATE    0                         0      0        0
  SINCE DEC 1      0                         0      0        0
  SINCE JAN 1      0                         0      0        0
..................................................................


WIND (MPH)
  HIGHEST WIND SPEED    23   HIGHEST WIND DIRECTION     S (180)
  HIGHEST GUST SPEED    31   HIGHEST GUST DIRECTION     S (190)
  AVERAGE WIND SPEED     7.2


SKY COVER
  POSSIBLE SUNSHINE  MM
  AVERAGE SKY COVER 0.6


WEATHER CONDITIONS
 THE FOLLOWING WEATHER WAS RECORDED YESTERDAY.
  HEAVY RAIN
  LIGHT RAIN
  FOG


RELATIVE HUMIDITY (PERCENT)
 HIGHEST   100           500 AM
 LOWEST     62           300 PM
 AVERAGE    81

..........................................................


THE PASO ROBLES AIRPORT CA CLIMATE NORMALS FOR TODAY
                         NORMAL    RECORD    YEAR
 MAXIMUM TEMPERATURE (F)   60        78      2014
 MINIMUM TEMPERATURE (F)   35        19      1963


SUNRISE AND SUNSET
JANUARY 20 2017.......SUNRISE   710 AM PST   SUNSET   518 PM PST
JANUARY 21 2017.......SUNRISE   709 AM PST   SUNSET   519 PM PST


-  INDICATES NEGATIVE NUMBERS.
R  INDICATES RECORD WAS SET OR TIED.
MM INDICATES DATA IS MISSING.
T  INDICATES TRACE AMOUNT.




$$
