000
CDUS46 KLOX 260915
CLIPRB


CLIMATE REPORT
NATIONAL WEATHER SERVICE LOS ANGELES/OXNARD CA
215 AM PDT FRI MAY 26 2017


...................................

...THE PASO ROBLES AIRPORT CA CLIMATE SUMMARY FOR MAY 25 2017...

CLIMATE NORMAL PERIOD 1981 TO 2010
CLIMATE RECORD PERIOD 1948 TO 2017


WEATHER ITEM   OBSERVED TIME   RECORD YEAR NORMAL DEPARTURE LAST
                VALUE   (LST)  VALUE       VALUE  FROM      YEAR
                                                  NORMAL
..................................................................
TEMPERATURE (F)
 YESTERDAY
  MAXIMUM         62    309 PM 100    1951  83    -21       75
  MINIMUM         53    608 AM  33    1980  47      6       51
  AVERAGE         58                        65     -7       63

PRECIPITATION (IN)
  YESTERDAY        0.00          0.01 2008   0.01  -0.01     0.00
  MONTH TO DATE    0.18                      0.24  -0.06      T
  SINCE OCT 1     16.14                     12.41   3.73     8.06
  SINCE JAN 1     12.46                      8.75   3.71     6.00

SNOWFALL (IN)
  YESTERDAY        0.0
  MONTH TO DATE    0.0
  SINCE MAR 1      0.0
  SINCE JUL 1      0.0

DEGREE DAYS
 HEATING
  YESTERDAY        7                         2      5        2
  MONTH TO DATE   68                        96    -28       69
  SINCE MAR 1    519                       715   -196      471
  SINCE JUL 1   2320                      2808   -488     2258

 COOLING
  YESTERDAY        0                         3     -3        0
  MONTH TO DATE   71                        41     30       28
  SINCE MAR 1     72                        50     22       33
  SINCE JAN 1     72                        50     22       33
..................................................................


WIND (MPH)
  HIGHEST WIND SPEED    18   HIGHEST WIND DIRECTION    SW (240)
  HIGHEST GUST SPEED    22   HIGHEST GUST DIRECTION    SW (240)
  AVERAGE WIND SPEED     9.7


SKY COVER
  POSSIBLE SUNSHINE  MM
  AVERAGE SKY COVER 1.0


WEATHER CONDITIONS
 THE FOLLOWING WEATHER WAS RECORDED YESTERDAY.
  NO SIGNIFICANT WEATHER WAS OBSERVED.


RELATIVE HUMIDITY (PERCENT)
 HIGHEST    86           800 PM
 LOWEST     65           300 PM
 AVERAGE    76

..........................................................


THE PASO ROBLES AIRPORT CA CLIMATE NORMALS FOR TODAY
                         NORMAL    RECORD    YEAR
 MAXIMUM TEMPERATURE (F)   83       103      1974
 MINIMUM TEMPERATURE (F)   48        36      1980


SUNRISE AND SUNSET
MAY 26 2017...........SUNRISE   550 AM PDT   SUNSET   809 PM PDT
MAY 27 2017...........SUNRISE   550 AM PDT   SUNSET   810 PM PDT


-  INDICATES NEGATIVE NUMBERS.
R  INDICATES RECORD WAS SET OR TIED.
MM INDICATES DATA IS MISSING.
T  INDICATES TRACE AMOUNT.




$$
