000
CDUS46 KLOX 230111
CLIPRB


CLIMATE REPORT
NATIONAL WEATHER SERVICE LOS ANGELES/OXNARD CA
611 PM PDT TUE APR 22 2014


...................................

...THE PASO ROBLES AIRPORT CA CLIMATE SUMMARY FOR APRIL 22 2014...
VALID TODAY AS OF 0600 PM LOCAL TIME.

CLIMATE NORMAL PERIOD 1981 TO 2010
CLIMATE RECORD PERIOD 1948 TO 2014


WEATHER ITEM   OBSERVED TIME   RECORD YEAR NORMAL DEPARTURE LAST
                VALUE   (LST)  VALUE       VALUE  FROM      YEAR
                                                  NORMAL
..................................................................
TEMPERATURE (F)
 TODAY
  MAXIMUM         72    339 PM  95    1949  74     -2       91
  MINIMUM         45    533 AM  28    1970  42      3       46
  AVERAGE         59                        58      1       69

PRECIPITATION (IN)
  TODAY            0.00          0.30 1980   0.01  -0.01     0.00
  MONTH TO DATE    0.32                      0.55  -0.23     0.01
  SINCE JUL 1      4.90                     12.37  -7.47     4.62
  SINCE JAN 1      4.44                      8.38  -3.94     1.41

SNOWFALL (IN)
  TODAY            0.0
  MONTH TO DATE    0.0
  SINCE MAR 1      0.0
  SINCE JUL 1      0.0

DEGREE DAYS
 HEATING
  TODAY            6                         7     -1        0
  MONTH TO DATE  103                       202    -99       86
  SINCE MAR 1    333                       568   -235      326
  SINCE JUL 1   2038                      2661   -623     2335

 COOLING
  TODAY            0                         0      0        4
  MONTH TO DATE    8                         0      8        8
  SINCE MAR 1      8                         0      8        8
  SINCE JAN 1      8                         0      8        8
..................................................................


WIND (MPH)
  HIGHEST WIND SPEED    25   HIGHEST WIND DIRECTION    NW (320)
  HIGHEST GUST SPEED    33   HIGHEST GUST DIRECTION    NW (310)
  AVERAGE WIND SPEED    12.7


SKY COVER
  POSSIBLE SUNSHINE  MM
  AVERAGE SKY COVER 0.2


WEATHER CONDITIONS
 THE FOLLOWING WEATHER WAS RECORDED TODAY.
  NO SIGNIFICANT WEATHER WAS OBSERVED.


RELATIVE HUMIDITY (PERCENT)
 HIGHEST    76           400 AM
 LOWEST     20           400 PM
 AVERAGE    48

..........................................................


THE PASO ROBLES AIRPORT CA CLIMATE NORMALS FOR TOMORROW
                         NORMAL    RECORD    YEAR
 MAXIMUM TEMPERATURE (F)   75        90      1996
 MINIMUM TEMPERATURE (F)   42        31      1970


SUNRISE AND SUNSET
APRIL 22 2014.........SUNRISE   621 AM PDT   SUNSET   742 PM PDT
APRIL 23 2014.........SUNRISE   620 AM PDT   SUNSET   743 PM PDT


-  INDICATES NEGATIVE NUMBERS.
R  INDICATES RECORD WAS SET OR TIED.
MM INDICATES DATA IS MISSING.
T  INDICATES TRACE AMOUNT.




$$
