000
CDUS46 KLOX 250856
CLIPRB


CLIMATE REPORT
NATIONAL WEATHER SERVICE LOS ANGELES/OXNARD CA
1256 AM PST SUN FEB 25 2018


...................................

...THE PASO ROBLES AIRPORT CA CLIMATE SUMMARY FOR FEBRUARY 24 2018...

CLIMATE NORMAL PERIOD 1981 TO 2010
CLIMATE RECORD PERIOD 1948 TO 2018


WEATHER ITEM   OBSERVED TIME   RECORD YEAR NORMAL DEPARTURE LAST
                VALUE   (LST)  VALUE       VALUE  FROM      YEAR
                                                  NORMAL
..................................................................
TEMPERATURE (F)
 YESTERDAY
  MAXIMUM         62    306 PM  81    1991  63     -1       57
  MINIMUM         20R   653 AM  23    1953  39    -19       29
  AVERAGE         41                        51    -10       43

PRECIPITATION (IN)
  YESTERDAY        0.00          2.84 1969   0.10  -0.10     0.00
  MONTH TO DATE    T                         2.20  -2.20     3.84
  SINCE OCT 1      2.30                      8.61  -6.31    14.43
  SINCE JAN 1      2.03                      4.95  -2.92    10.75

SNOWFALL (IN)
  YESTERDAY        0.0
  MONTH TO DATE    0.0
  SINCE DEC 1      0.0
  SINCE JUL 1      0.0

DEGREE DAYS
 HEATING
  YESTERDAY       24                        14     10       22
  MONTH TO DATE  334                       364    -30      289
  SINCE DEC 1   1237                      1491   -254     1340
  SINCE JUL 1   1614                      2040   -426     1724

 COOLING
  YESTERDAY        0                         0      0        0
  MONTH TO DATE    0                         0      0        0
  SINCE DEC 1      0                         0      0        0
  SINCE JAN 1      0                         0      0        0
..................................................................


WIND (MPH)
  HIGHEST WIND SPEED    21   HIGHEST WIND DIRECTION     N (340)
  HIGHEST GUST SPEED    27   HIGHEST GUST DIRECTION    NW (330)
  AVERAGE WIND SPEED     6.6


SKY COVER
  POSSIBLE SUNSHINE  MM
  AVERAGE SKY COVER 0.0


WEATHER CONDITIONS
 THE FOLLOWING WEATHER WAS RECORDED YESTERDAY.
  NO SIGNIFICANT WEATHER WAS OBSERVED.


RELATIVE HUMIDITY (PERCENT)
 HIGHEST    83          1000 PM
 LOWEST     14           100 PM
 AVERAGE    49

..........................................................


THE PASO ROBLES AIRPORT CA CLIMATE NORMALS FOR TODAY
                         NORMAL    RECORD    YEAR
 MAXIMUM TEMPERATURE (F)   64        83      1991
 MINIMUM TEMPERATURE (F)   39        25      1953


SUNRISE AND SUNSET
FEBRUARY 25 2018......SUNRISE   637 AM PST   SUNSET   554 PM PST
FEBRUARY 26 2018......SUNRISE   636 AM PST   SUNSET   555 PM PST


-  INDICATES NEGATIVE NUMBERS.
R  INDICATES RECORD WAS SET OR TIED.
MM INDICATES DATA IS MISSING.
T  INDICATES TRACE AMOUNT.




$$
