000
CDUS46 KPDT 200836
CLIPSC

CLIMATE REPORT
NATIONAL WEATHER SERVICE PENDLETON OR
135 AM PDT SAT SEP 20 2014


...................................

...THE PASCO WA CLIMATE SUMMARY FOR SEPTEMBER 19 2014...

CLIMATE NORMAL PERIOD 1981 TO 2010
CLIMATE RECORD PERIOD 1948 TO 2014


WEATHER ITEM   OBSERVED TIME   RECORD YEAR NORMAL DEPARTURE LAST
                VALUE   (LST)  VALUE       VALUE  FROM      YEAR
                                                  NORMAL
..................................................................
TEMPERATURE (F)
 YESTERDAY
  MAXIMUM         85    508 PM  90    1991  79      6       81
  MINIMUM         56   1159 PM  37    2004  45     11       40
  AVERAGE         71                        62      9       61

PRECIPITATION (IN)
  YESTERDAY        0.00          0.49 2010   0.02  -0.02     0.00
  MONTH TO DATE    T                         0.21  -0.21     0.70
  SINCE OCT 1      3.64                      8.64  -5.00     7.38
  SINCE JAN 1      3.06                      5.69  -2.63     4.02

SNOWFALL (IN)
  YESTERDAY        0.0
  SNOW DEPTH       0

DEGREE DAYS
 HEATING
  YESTERDAY        0                         4     -4        4
  MONTH TO DATE   33                        36     -3       12
  SINCE SEP 1     33                        36     -3       12
  SINCE JUL 1     33                        48    -15       12

 COOLING
  YESTERDAY        6                         1      5        0
  MONTH TO DATE   33                        44    -11      130
  SINCE SEP 1     33                        44    -11      130
  SINCE JAN 1    951                       701    250      992
..................................................................


WIND (MPH)
  RESULTANT WIND SPEED   5   RESULTANT WIND DIRECTION   S (200)
  HIGHEST WIND SPEED    15   HIGHEST WIND DIRECTION     S (200)
  HIGHEST GUST SPEED    17   HIGHEST GUST DIRECTION    SW (230)


SKY COVER
  POSSIBLE SUNSHINE  MM
  AVERAGE SKY COVER 0.0


WEATHER CONDITIONS
 THE FOLLOWING WEATHER WAS RECORDED YESTERDAY.
  NO SIGNIFICANT WEATHER WAS OBSERVED.


RELATIVE HUMIDITY (PERCENT)
 HIGHEST    84
 LOWEST     29
 AVERAGE    57

..........................................................


THE PASCO WA CLIMATE NORMALS FOR TODAY
                         NORMAL    RECORD    YEAR
 MAXIMUM TEMPERATURE (F)   79        89      1999
 MINIMUM TEMPERATURE (F)   45        37      2007


SUNRISE AND SUNSET
SEPTEMBER 20 2014.....SUNRISE   641 AM PDT   SUNSET   658 PM PDT
SEPTEMBER 21 2014.....SUNRISE   642 AM PDT   SUNSET   656 PM PDT


-  INDICATES NEGATIVE NUMBERS.
R  INDICATES RECORD WAS SET OR TIED.
MM INDICATES DATA IS MISSING.
T  INDICATES TRACE AMOUNT.




$$
