000
CDUS46 KPDT 300843
CLIPSC

CLIMATE REPORT
NATIONAL WEATHER SERVICE PENDLETON OR
143 AM PDT SUN AUG 30 2015


...................................

...THE PASCO WA CLIMATE SUMMARY FOR AUGUST 29 2015...

CLIMATE NORMAL PERIOD 1981 TO 2010
CLIMATE RECORD PERIOD 1948 TO 2015


WEATHER ITEM   OBSERVED TIME   RECORD YEAR NORMAL DEPARTURE LAST
                VALUE   (LST)  VALUE       VALUE  FROM      YEAR
                                                  NORMAL
..................................................................
TEMPERATURE (F)
 YESTERDAY
  MAXIMUM         85    245 PM 103    1998  87     -2       91
  MINIMUM         59   1136 PM  45    2010  52      7       57
  AVERAGE         72                        70      2       74

PRECIPITATION (IN)
  YESTERDAY        0.00          0.05 1951   0.02  -0.02     0.00
  MONTH TO DATE    0.03                      0.25  -0.22     0.47
  SINCE OCT 1      5.60                      8.41  -2.81     3.64
  SINCE JAN 1      3.23                      5.46  -2.23     3.06

SNOWFALL (IN)
  YESTERDAY        0.0
  SNOW DEPTH       0

DEGREE DAYS
 HEATING
  YESTERDAY        0                         1     -1        0
  MONTH TO DATE    0                         4     -4        0
  SINCE JUN 1      1                        41    -40       18
  SINCE JUL 1      0                         9     -9        0

 COOLING
  YESTERDAY        7                         5      2        9
  MONTH TO DATE  270                       237     33      331
  SINCE JUN 1    981                       614    367      878
  SINCE JAN 1   1063                       647    416      912
..................................................................


WIND (MPH)
  RESULTANT WIND SPEED   8   RESULTANT WIND DIRECTION   W (260)
  HIGHEST WIND SPEED    32   HIGHEST WIND DIRECTION     W (270)
  HIGHEST GUST SPEED    39   HIGHEST GUST DIRECTION     W (270)


SKY COVER
  POSSIBLE SUNSHINE  MM
  AVERAGE SKY COVER 0.2


WEATHER CONDITIONS
 THE FOLLOWING WEATHER WAS RECORDED YESTERDAY.
  HAZE
  SANDSTORM


RELATIVE HUMIDITY (PERCENT)
 HIGHEST    78
 LOWEST     22
 AVERAGE    50

..........................................................


THE PASCO WA CLIMATE NORMALS FOR TODAY
                         NORMAL    RECORD    YEAR
 MAXIMUM TEMPERATURE (F)   87        99      2007
 MINIMUM TEMPERATURE (F)   52        45      2012


SUNRISE AND SUNSET
AUGUST 30 2015........SUNRISE   614 AM PDT   SUNSET   739 PM PDT
AUGUST 31 2015........SUNRISE   615 AM PDT   SUNSET   737 PM PDT


-  INDICATES NEGATIVE NUMBERS.
R  INDICATES RECORD WAS SET OR TIED.
MM INDICATES DATA IS MISSING.
T  INDICATES TRACE AMOUNT.


$$
