000
CDUS46 KPDT 010828
CLIPSC

CLIMATE REPORT
NATIONAL WEATHER SERVICE PENDLETON OR
128 AM PDT SAT NOV 1 2014


...................................

...THE PASCO WA CLIMATE SUMMARY FOR OCTOBER 31 2014...

CLIMATE NORMAL PERIOD 1981 TO 2010
CLIMATE RECORD PERIOD 1948 TO 2014


WEATHER ITEM   OBSERVED TIME   RECORD YEAR NORMAL DEPARTURE LAST
                VALUE   (LST)  VALUE       VALUE  FROM      YEAR
                                                  NORMAL
..................................................................
TEMPERATURE (F)
 YESTERDAY
  MAXIMUM         58    107 PM  69    2013  58      0       69
                                      2009
  MINIMUM         49    725 AM   9    2002  35     14       37
  AVERAGE         54                        47      7       53

PRECIPITATION (IN)
  YESTERDAY        T             0.70 1973   0.02  -0.02      T
  MONTH TO DATE    0.71                      0.65   0.06     0.04
  SINCE OCT 1      0.71                      0.65   0.06     0.04
  SINCE JAN 1      3.82                      6.53  -2.71     4.35

SNOWFALL (IN)
  YESTERDAY        0.0
  SNOW DEPTH       0

DEGREE DAYS
 HEATING
  YESTERDAY       11                        18     -7       12
  MONTH TO DATE  239                       406   -167      485
  SINCE SEP 1    281                       506   -225      553
  SINCE JUL 1    281                       518   -237      553

 COOLING
  YESTERDAY        0                         0      0        0
  MONTH TO DATE   11                         1     10        0
  SINCE SEP 1     73                        53     20      133
  SINCE JAN 1    991                       710    281      995
..................................................................


WIND (MPH)
  RESULTANT WIND SPEED   2   RESULTANT WIND DIRECTION  SW (210)
  HIGHEST WIND SPEED    22   HIGHEST WIND DIRECTION     S (200)
  HIGHEST GUST SPEED    25   HIGHEST GUST DIRECTION     S (190)


SKY COVER
  POSSIBLE SUNSHINE  MM
  AVERAGE SKY COVER 0.6


WEATHER CONDITIONS
 THE FOLLOWING WEATHER WAS RECORDED YESTERDAY.
  LIGHT RAIN
  FOG


RELATIVE HUMIDITY (PERCENT)
 HIGHEST   100
 LOWEST     71
 AVERAGE    86

..........................................................


THE PASCO WA CLIMATE NORMALS FOR TODAY
                         NORMAL    RECORD    YEAR
 MAXIMUM TEMPERATURE (F)   58        68      2010
 MINIMUM TEMPERATURE (F)   35        11      2002


SUNRISE AND SUNSET
NOVEMBER  1 2014......SUNRISE   738 AM PDT   SUNSET   542 PM PDT
NOVEMBER  2 2014......SUNRISE   639 AM PST   SUNSET   440 PM PST


-  INDICATES NEGATIVE NUMBERS.
R  INDICATES RECORD WAS SET OR TIED.
MM INDICATES DATA IS MISSING.
T  INDICATES TRACE AMOUNT.




$$
