000
CDUS46 KPDT 270855 RRA
CLIPSC

CLIMATE REPORT
NATIONAL WEATHER SERVICE PENDLETON OR

143 AM PDT WED JUL 27 2016


...................................

...THE PASCO WA CLIMATE SUMMARY FOR JULY 26 2016...

CLIMATE NORMAL PERIOD 1981 TO 2010
CLIMATE RECORD PERIOD 1948 TO 2016


WEATHER ITEM   OBSERVED TIME   RECORD YEAR NORMAL DEPARTURE LAST
                VALUE   (LST)  VALUE       VALUE  FROM      YEAR
                                                  NORMAL
..................................................................
TEMPERATURE (F)
 YESTERDAY
  MAXIMUM        100    436 PM 109    1998  93      7       82
  MINIMUM         67    212 AM  49    1999  57     10       56
  AVERAGE         84                        75      9       69

PRECIPITATION (IN)
  YESTERDAY        0.00          0.24 1955   0.00   0.00     0.00
  MONTH TO DATE    0.33                      0.26   0.07      T
  SINCE OCT 1      8.10                      8.14  -0.04     5.57
  SINCE JAN 1      5.34                      5.19   0.15     3.20

SNOWFALL (IN)
  YESTERDAY        0.0
  SNOW DEPTH       0

DEGREE DAYS
 HEATING
  YESTERDAY        0                         0      0        0
  MONTH TO DATE    0                         1     -1        0
  SINCE JUN 1     30                        33     -3        1
  SINCE JUL 1      0                         1     -1        0

 COOLING
  YESTERDAY       19                        10      9        4
  MONTH TO DATE  199                       217    -18      353
  SINCE JUN 1    375                       326     49      669
  SINCE JAN 1    408                       359     49      751
..................................................................


WIND (MPH)
  RESULTANT WIND SPEED   1   RESULTANT WIND DIRECTION   S (190)
  HIGHEST WIND SPEED    16   HIGHEST WIND DIRECTION    NW (310)
  HIGHEST GUST SPEED    21   HIGHEST GUST DIRECTION    NW (310)


SKY COVER
  POSSIBLE SUNSHINE  MM
  AVERAGE SKY COVER 0.0


WEATHER CONDITIONS
 THE FOLLOWING WEATHER WAS RECORDED YESTERDAY.
  HAZE


RELATIVE HUMIDITY (PERCENT)
 HIGHEST    68
 LOWEST     21
 AVERAGE    45

..........................................................


THE PASCO WA CLIMATE NORMALS FOR TODAY
                         NORMAL    RECORD    YEAR
 MAXIMUM TEMPERATURE (F)   93       111      1998
 MINIMUM TEMPERATURE (F)   57        51      2015
                                             2014


SUNRISE AND SUNSET
JULY 27 2016..........SUNRISE   533 AM PDT   SUNSET   832 PM PDT
JULY 28 2016..........SUNRISE   534 AM PDT   SUNSET   831 PM PDT


-  INDICATES NEGATIVE NUMBERS.
R  INDICATES RECORD WAS SET OR TIED.
MM INDICATES DATA IS MISSING.
T  INDICATES TRACE AMOUNT.




$$
