000
CDUS46 KPDT 200829
CLIPSC

CLIMATE REPORT
NATIONAL WEATHER SERVICE PENDLETON OR
1227 AM PST MON NOV 20 2017


...................................

...THE PASCO WA CLIMATE SUMMARY FOR NOVEMBER 19 2017...

CLIMATE NORMAL PERIOD 1981 TO 2010
CLIMATE RECORD PERIOD 1948 TO 2017


WEATHER ITEM   OBSERVED TIME   RECORD YEAR NORMAL DEPARTURE LAST
                VALUE   (LST)  VALUE       VALUE  FROM      YEAR
                                                  NORMAL
..................................................................
TEMPERATURE (F)
 YESTERDAY
  MAXIMUM         52    320 PM  66    2012  48      4       49
  MINIMUM         29    611 AM  13    1929  32     -3       34
  AVERAGE         41                        40      1       42

PRECIPITATION (IN)
  YESTERDAY        T             1.33 1996   0.04  -0.04     0.03
  MONTH TO DATE    0.72                      0.64   0.08     0.42
  SINCE OCT 1      1.39                      1.29   0.10     3.00
  SINCE JAN 1      7.74                      7.17   0.57     8.62

SNOWFALL (IN)
  YESTERDAY        0.0
  SNOW DEPTH       0

DEGREE DAYS
 HEATING
  YESTERDAY       24                        25     -1       23
  MONTH TO DATE  422                       413      9      300
  SINCE SEP 1    923                       919      4      708
  SINCE JUL 1    923                       931     -8      708

 COOLING
  YESTERDAY        0                         0      0        0
  MONTH TO DATE    0                         0      0        0
  SINCE SEP 1    103                        53     50       27
  SINCE JAN 1    981                       710    271      778
..................................................................


WIND (MPH)
  RESULTANT WIND SPEED   5   RESULTANT WIND DIRECTION   S (190)
  HIGHEST WIND SPEED    21   HIGHEST WIND DIRECTION    SW (220)
  HIGHEST GUST SPEED    29   HIGHEST GUST DIRECTION     S (200)


SKY COVER
  POSSIBLE SUNSHINE  MM
  AVERAGE SKY COVER 0.1


WEATHER CONDITIONS
 THE FOLLOWING WEATHER WAS RECORDED YESTERDAY.
  LIGHT RAIN


RELATIVE HUMIDITY (PERCENT)
 HIGHEST    92
 LOWEST     35
 AVERAGE    64

..........................................................


THE PASCO WA CLIMATE NORMALS FOR TODAY
                         NORMAL    RECORD    YEAR
 MAXIMUM TEMPERATURE (F)   48        70      1960
 MINIMUM TEMPERATURE (F)   32         9      1929


SUNRISE AND SUNSET
NOVEMBER 20 2017......SUNRISE   705 AM PST   SUNSET   419 PM PST
NOVEMBER 21 2017......SUNRISE   706 AM PST   SUNSET   418 PM PST


-  INDICATES NEGATIVE NUMBERS.
R  INDICATES RECORD WAS SET OR TIED.
MM INDICATES DATA IS MISSING.
T  INDICATES TRACE AMOUNT.




$$
