000
CDUS46 KPDT 220845
CLIPSC

CLIMATE REPORT
NATIONAL WEATHER SERVICE PENDLETON OR
143 AM PDT WED OCT 22 2014


...................................

...THE PASCO WA CLIMATE SUMMARY FOR OCTOBER 21 2014...

CLIMATE NORMAL PERIOD 1981 TO 2010
CLIMATE RECORD PERIOD 1948 TO 2014


WEATHER ITEM   OBSERVED TIME   RECORD YEAR NORMAL DEPARTURE LAST
                VALUE   (LST)  VALUE       VALUE  FROM      YEAR
                                                  NORMAL
..................................................................
TEMPERATURE (F)
 YESTERDAY
  MAXIMUM         67    309 PM  88    2003  63      4       70
  MINIMUM         46   1157 PM  25    1996  37      9       34
  AVERAGE         57                        50      7       52

PRECIPITATION (IN)
  YESTERDAY        0.00          0.64 1954   0.02  -0.02     0.00
  MONTH TO DATE    0.44                      0.45  -0.01     0.03
  SINCE OCT 1      0.44                      0.45  -0.01     0.03
  SINCE JAN 1      3.55                      6.33  -2.78     4.34

SNOWFALL (IN)
  YESTERDAY        0.0
  SNOW DEPTH       0

DEGREE DAYS
 HEATING
  YESTERDAY        8                        15     -7       13
  MONTH TO DATE  117                       238   -121      302
  SINCE SEP 1    159                       337   -178      370
  SINCE JUL 1    159                       349   -190      370

 COOLING
  YESTERDAY        0                         0      0        0
  MONTH TO DATE   11                         0     11        0
  SINCE SEP 1     73                        52     21      133
  SINCE JAN 1    991                       709    282      995
..................................................................


WIND (MPH)
  RESULTANT WIND SPEED   9   RESULTANT WIND DIRECTION  SW (220)
  HIGHEST WIND SPEED    25   HIGHEST WIND DIRECTION    SW (220)
  HIGHEST GUST SPEED    31   HIGHEST GUST DIRECTION    SW (240)


SKY COVER
  POSSIBLE SUNSHINE  MM
  AVERAGE SKY COVER 0.1


WEATHER CONDITIONS
THE FOLLOWING WEATHER WAS RECORDED YESTERDAY.
  NO SIGNIFICANT WEATHER WAS OBSERVED.


RELATIVE HUMIDITY (PERCENT)
 HIGHEST    93
 LOWEST     48
 AVERAGE    71

..........................................................


THE PASCO WA CLIMATE NORMALS FOR TODAY
                         NORMAL    RECORD    YEAR
 MAXIMUM TEMPERATURE (F)   63        81      2003
 MINIMUM TEMPERATURE (F)   37        25      2008


SUNRISE AND SUNSET
OCTOBER 22 2014.......SUNRISE   723 AM PDT   SUNSET   558 PM PDT
OCTOBER 23 2014.......SUNRISE   725 AM PDT   SUNSET   556 PM PDT


-  INDICATES NEGATIVE NUMBERS.
R  INDICATES RECORD WAS SET OR TIED.
MM INDICATES DATA IS MISSING.
T  INDICATES TRACE AMOUNT.




$$
