000
CDUS46 KPDT 070027
CLIPSC

CLIMATE REPORT
NATIONAL WEATHER SERVICE PENDLETON OR
426 PM PST FRI MAR 6 2015


...................................

...THE PASCO WA CLIMATE SUMMARY FOR MARCH 6 2015...
VALID TODAY AS OF 0400 PM LOCAL TIME.

CLIMATE NORMAL PERIOD 1981 TO 2010
CLIMATE RECORD PERIOD 1948 TO 2015


WEATHER ITEM   OBSERVED TIME   RECORD YEAR NORMAL DEPARTURE LAST
                VALUE   (LST)  VALUE       VALUE  FROM      YEAR
                                                  NORMAL
..................................................................
TEMPERATURE (F)
 TODAY
  MAXIMUM         64    359 PM  70    2005  56      8       62
  MINIMUM         25    449 AM  20    2008  31     -6       44
  AVERAGE         45                        43      2       53

PRECIPITATION (IN)
  TODAY            0.00          0.23 1957   0.02  -0.02      T
  MONTH TO DATE    0.00                      0.15  -0.15     0.26
  SINCE OCT 1      3.60                      5.18  -1.58     1.82
  SINCE JAN 1      1.23                      2.23  -1.00     1.24

SNOWFALL (IN)
  TODAY            0.0
  SNOW DEPTH       0

DEGREE DAYS
 HEATING
  TODAY           20                        22     -2       12
  MONTH TO DATE  160                       135     25      145
  SINCE MAR 1    160                       135     25      145
  SINCE JUL 1   3616                      4018   -402     4374

 COOLING
  TODAY            0                         0      0        0
  MONTH TO DATE    0                         0      0        0
  SINCE MAR 1      0                         0      0        0
  SINCE JAN 1      0                         0      0        0
..................................................................


WIND (MPH)
  RESULTANT WIND SPEED   2   RESULTANT WIND DIRECTION   N (350)
  HIGHEST WIND SPEED     7   HIGHEST WIND DIRECTION     N (350)
  HIGHEST GUST SPEED     7   HIGHEST GUST DIRECTION     N (340)


SKY COVER
  POSSIBLE SUNSHINE  MM
  AVERAGE SKY COVER 0.0


WEATHER CONDITIONS
 THE FOLLOWING WEATHER WAS RECORDED TODAY.
  NO SIGNIFICANT WEATHER WAS OBSERVED.


RELATIVE HUMIDITY (PERCENT)
 HIGHEST    92
 LOWEST     34
 AVERAGE    63

..........................................................


THE PASCO WA CLIMATE NORMALS FOR TOMORROW
                         NORMAL    RECORD    YEAR
 MAXIMUM TEMPERATURE (F)   56        75      2005
 MINIMUM TEMPERATURE (F)   31        18      2012


SUNRISE AND SUNSET
MARCH  6 2015.........SUNRISE   627 AM PST   SUNSET   550 PM PST
MARCH  7 2015.........SUNRISE   625 AM PST   SUNSET   551 PM PST


-  INDICATES NEGATIVE NUMBERS.
R  INDICATES RECORD WAS SET OR TIED.
MM INDICATES DATA IS MISSING.
T  INDICATES TRACE AMOUNT.




$$
