791
CDUS46 KPDT 100056 RRA
CLIPSC

CLIMATE REPORT
NATIONAL WEATHER SERVICE PENDLETON OR
427 PM PST TUE FEB 9 2016


...................................

...THE PASCO WA CLIMATE SUMMARY FOR FEBRUARY 9 2016...
VALID TODAY AS OF 0400 PM LOCAL TIME.

CLIMATE NORMAL PERIOD 1981 TO 2010
CLIMATE RECORD PERIOD 1948 TO 2016


WEATHER ITEM   OBSERVED TIME   RECORD YEAR NORMAL DEPARTURE LAST
                VALUE   (LST)  VALUE       VALUE  FROM      YEAR
                                                  NORMAL
..................................................................
TEMPERATURE (F)
 TODAY
  MAXIMUM         53    326 PM  57    1996  47      6       55
  MINIMUM         24    709 AM   6    1989  29     -5       37
  AVERAGE         39                        38      1       46

PRECIPITATION (IN)
  TODAY            0.00          0.20 2007   0.03  -0.03     0.12
  MONTH TO DATE    0.04                      0.30  -0.26     0.52
  SINCE OCT 1      3.99                      4.47  -0.48     3.58
  SINCE JAN 1      1.23                      1.52  -0.29     1.21

SNOWFALL (IN)
  TODAY            0.0
  SNOW DEPTH       0

DEGREE DAYS
 HEATING
  TODAY           26                        27     -1       19
  MONTH TO DATE  244                       249     -5      186
  SINCE DEC 1   2043                      2171   -128     1968
  SINCE JUL 1   3145                      3400   -255     3033

 COOLING
  TODAY            0                         0      0        0
  MONTH TO DATE    0                         0      0        0
  SINCE DEC 1      0                         0      0        0
  SINCE JAN 1      0                         0      0        0
..................................................................


WIND (MPH)
  RESULTANT WIND SPEED   1   RESULTANT WIND DIRECTION   N (340)
  HIGHEST WIND SPEED     8   HIGHEST WIND DIRECTION     W (290)
  HIGHEST GUST SPEED    10   HIGHEST GUST DIRECTION    NW (320)


SKY COVER
  POSSIBLE SUNSHINE  MM
  AVERAGE SKY COVER 0.0


WEATHER CONDITIONS
 THE FOLLOWING WEATHER WAS RECORDED TODAY.
  NO SIGNIFICANT WEATHER WAS OBSERVED.


RELATIVE HUMIDITY (PERCENT)
 HIGHEST    92
 LOWEST     52
 AVERAGE    72

..........................................................


THE PASCO WA CLIMATE NORMALS FOR TOMORROW
                         NORMAL    RECORD    YEAR
 MAXIMUM TEMPERATURE (F)   47        61      2015
 MINIMUM TEMPERATURE (F)   29        18      2001


SUNRISE AND SUNSET
FEBRUARY  9 2016......SUNRISE   709 AM PST   SUNSET   513 PM PST
FEBRUARY 10 2016......SUNRISE   708 AM PST   SUNSET   514 PM PST


-  INDICATES NEGATIVE NUMBERS.
R  INDICATES RECORD WAS SET OR TIED.
MM INDICATES DATA IS MISSING.
T  INDICATES TRACE AMOUNT.




$$
