000
CDUS46 KPDT 210853 RRA
CLIPSC

CLIMATE REPORT
NATIONAL WEATHER SERVICE PENDLETON OR
1253 AM PST SUN JAN 21 2018


...................................

...THE PASCO WA CLIMATE SUMMARY FOR JANUARY 20 2018...

CLIMATE NORMAL PERIOD 1981 TO 2010
CLIMATE RECORD PERIOD 1948 TO 2018


WEATHER ITEM   OBSERVED TIME   RECORD YEAR NORMAL DEPARTURE LAST
                VALUE   (LST)  VALUE       VALUE  FROM      YEAR
                                                  NORMAL
..................................................................
TEMPERATURE (F)
 YESTERDAY
  MAXIMUM         51    218 PM  66    1968  42      9       37
  MINIMUM         32   1159 PM -24    1930  29      3       20
  AVERAGE         42                        36      6       29

PRECIPITATION (IN)
  YESTERDAY        0.00          0.73 1919   0.03  -0.03     0.00
  MONTH TO DATE    0.86                      0.89  -0.03     0.87
  SINCE OCT 1      3.58                      3.84  -0.26     4.64
  SINCE JAN 1      0.86                      0.89  -0.03     0.87

SNOWFALL (IN)
  YESTERDAY        0.0
  SNOW DEPTH       0

DEGREE DAYS
 HEATING
  YESTERDAY       23                        29     -6       36
  MONTH TO DATE  561                       619    -58      964
  SINCE DEC 1   1580                      1606    -26     2105
  SINCE JUL 1   2748                      2835    -87     3051

 COOLING
  YESTERDAY        0                         0      0        0
  MONTH TO DATE    0                         0      0        0
  SINCE DEC 1      0                         0      0        0
  SINCE JAN 1      0                         0      0        0
..................................................................


WIND (MPH)
  RESULTANT WIND SPEED  10   RESULTANT WIND DIRECTION  SW (210)
  HIGHEST WIND SPEED    22   HIGHEST WIND DIRECTION    SW (230)
  HIGHEST GUST SPEED    27   HIGHEST GUST DIRECTION    SW (240)


SKY COVER
  POSSIBLE SUNSHINE  MM
  AVERAGE SKY COVER 0.3


WEATHER CONDITIONS
 THE FOLLOWING WEATHER WAS RECORDED YESTERDAY.
  NO SIGNIFICANT WEATHER WAS OBSERVED.


RELATIVE HUMIDITY (PERCENT)
 HIGHEST    82
 LOWEST     56
 AVERAGE    69

..........................................................


THE PASCO WA CLIMATE NORMALS FOR TODAY
                         NORMAL    RECORD    YEAR
 MAXIMUM TEMPERATURE (F)   43        63      1968
 MINIMUM TEMPERATURE (F)   29       -27      1930


SUNRISE AND SUNSET
JANUARY 21 2018.......SUNRISE   731 AM PST   SUNSET   445 PM PST
JANUARY 22 2018.......SUNRISE   730 AM PST   SUNSET   447 PM PST


-  INDICATES NEGATIVE NUMBERS.
R  INDICATES RECORD WAS SET OR TIED.
MM INDICATES DATA IS MISSING.
T  INDICATES TRACE AMOUNT.

$$
