000
CDUS46 KPDT 210830
CLIPSC

CLIMATE REPORT
NATIONAL WEATHER SERVICE PENDLETON OR
1228 AM PST SUN DEC 21 2014


...................................

...THE PASCO WA CLIMATE SUMMARY FOR DECEMBER 20 2014...

CLIMATE NORMAL PERIOD 1981 TO 2010
CLIMATE RECORD PERIOD 1948 TO 2014


WEATHER ITEM   OBSERVED TIME   RECORD YEAR NORMAL DEPARTURE LAST
                VALUE   (LST)  VALUE       VALUE  FROM      YEAR
                                                  NORMAL
..................................................................
TEMPERATURE (F)
 YESTERDAY
  MAXIMUM         56   1121 PM  64    1994  39     17       41
  MINIMUM         36   1211 AM   0    1990  26     10       23
  AVERAGE         46                        32     14       32

PRECIPITATION (IN)
  YESTERDAY        0.17          0.42 1952   0.04   0.13     0.07
  MONTH TO DATE    0.69                      0.68   0.01     0.12
  SINCE OCT 1      1.91                      2.42  -0.51     0.56
  SINCE JAN 1      5.02                      8.30  -3.28     4.87

SNOWFALL (IN)
  YESTERDAY       MM
  SNOW DEPTH       0

DEGREE DAYS
 HEATING
  YESTERDAY       19                        33    -14       33
  MONTH TO DATE  567                       627    -60      776
  SINCE DEC 1    567                       627    -60      776
  SINCE JUL 1   1632                      1856   -224     2126

 COOLING
  YESTERDAY        0                         0      0        0
  MONTH TO DATE    0                         0      0        0
  SINCE DEC 1      0                         0      0        0
  SINCE JAN 1    991                       710    281      995
..................................................................


WIND (MPH)
  RESULTANT WIND SPEED   3   RESULTANT WIND DIRECTION   S (200)
  HIGHEST WIND SPEED    31   HIGHEST WIND DIRECTION    SW (220)
  HIGHEST GUST SPEED    38   HIGHEST GUST DIRECTION    SW (220)


SKY COVER
  POSSIBLE SUNSHINE  MM
  AVERAGE SKY COVER 0.9


WEATHER CONDITIONS
THE FOLLOWING WEATHER WAS RECORDED YESTERDAY.
  LIGHT RAIN
  FOG


RELATIVE HUMIDITY (PERCENT)
 HIGHEST   100
 LOWEST     83
 AVERAGE    92

..........................................................


THE PASCO WA CLIMATE NORMALS FOR TODAY
                         NORMAL    RECORD    YEAR
 MAXIMUM TEMPERATURE (F)   39        57      1994
 MINIMUM TEMPERATURE (F)   25         0      1998


SUNRISE AND SUNSET
DECEMBER 21 2014......SUNRISE   736 AM PST   SUNSET   413 PM PST
DECEMBER 22 2014......SUNRISE   737 AM PST   SUNSET   413 PM PST


-  INDICATES NEGATIVE NUMBERS.
R  INDICATES RECORD WAS SET OR TIED.
MM INDICATES DATA IS MISSING.
T  INDICATES TRACE AMOUNT.




$$
