000
CDUS46 KPDT 200836
CLIPSC

CLIMATE REPORT
NATIONAL WEATHER SERVICE PENDLETON OR
126 AM PDT WED AUG 20 2014


...................................

...THE PASCO WA CLIMATE SUMMARY FOR AUGUST 19 2014...

CLIMATE NORMAL PERIOD 1981 TO 2010
CLIMATE RECORD PERIOD 1948 TO 2014


WEATHER ITEM   OBSERVED TIME   RECORD YEAR NORMAL DEPARTURE LAST
                VALUE   (LST)  VALUE       VALUE  FROM      YEAR
                                                  NORMAL
..................................................................
TEMPERATURE (F)
 YESTERDAY
  MAXIMUM         97    357 PM 106    1991  90      7       93
  MINIMUM         60    441 AM  46    2005  55      5       57
  AVERAGE         79                        72      7       75

PRECIPITATION (IN)
  YESTERDAY        0.00          0.07 2007   0.01  -0.01     0.00
  MONTH TO DATE    0.47                      0.14   0.33     0.09
  SINCE OCT 1      3.64                      8.30  -4.66     6.39
  SINCE JAN 1      3.06                      5.35  -2.29     3.03

SNOWFALL (IN)
  YESTERDAY        0.0
  SNOW DEPTH       0

DEGREE DAYS
 HEATING
  YESTERDAY        0                         0      0        0
  MONTH TO DATE    0                         0      0        0
  SINCE JUN 1     18                        37    -19       19
  SINCE JUL 1      0                         5     -5        0

 COOLING
  YESTERDAY       14                         7      7       10
  MONTH TO DATE  254                       174     80      211
  SINCE JUN 1    801                       551    250      706
  SINCE JAN 1    835                       584    251      752
..................................................................


WIND (MPH)
  RESULTANT WIND SPEED   4   RESULTANT WIND DIRECTION   W (290)
  HIGHEST WIND SPEED    23   HIGHEST WIND DIRECTION    NW (320)
  HIGHEST GUST SPEED    32   HIGHEST GUST DIRECTION    NW (320)


SKY COVER
  POSSIBLE SUNSHINE  MM
  AVERAGE SKY COVER 0.1


WEATHER CONDITIONS
 THE FOLLOWING WEATHER WAS RECORDED YESTERDAY.
  NO SIGNIFICANT WEATHER WAS OBSERVED.


RELATIVE HUMIDITY (PERCENT)
 HIGHEST    90
 LOWEST     20
 AVERAGE    55

..........................................................


THE PASCO WA CLIMATE NORMALS FOR TODAY
                         NORMAL    RECORD    YEAR
 MAXIMUM TEMPERATURE (F)   89       102      1991
 MINIMUM TEMPERATURE (F)   55        47      2000


SUNRISE AND SUNSET
AUGUST 20 2014........SUNRISE   602 AM PDT   SUNSET   757 PM PDT
AUGUST 21 2014........SUNRISE   603 AM PDT   SUNSET   755 PM PDT


-  INDICATES NEGATIVE NUMBERS.
R  INDICATES RECORD WAS SET OR TIED.
MM INDICATES DATA IS MISSING.
T  INDICATES TRACE AMOUNT.




$$
