000
CDUS41 KALY 240623
CLIPSF


CLIMATE REPORT
NATIONAL WEATHER SERVICE ALBANY NY
222 AM EDT FRI MAR 24 2017


...................................

...THE PITTSFIELD MA CLIMATE SUMMARY FOR MARCH 23 2017...

CLIMATE NORMAL PERIOD 1981 TO 2010
CLIMATE RECORD PERIOD 9999 TO 9999


WEATHER ITEM   OBSERVED TIME   NORMAL DEPARTURE LAST
                VALUE   (LST)  VALUE  FROM      YEAR
                                      NORMAL
......................................................
TEMPERATURE (F)
 YESTERDAY
  MAXIMUM         31    507 PM  45    -14       60
  MINIMUM         10    627 AM  24    -14       39
  AVERAGE         21            34    -13       50

PRECIPITATION (IN)
  YESTERDAY        0.00          0.13  -0.13     0.00
  MONTH TO DATE    1.05          2.27  -1.22     1.58
  SINCE MAR 1      1.05          2.27  -1.22     1.58
  SINCE JAN 1      6.63          7.87  -1.24     6.95

DEGREE DAYS
 HEATING
  YESTERDAY       44            31     13       15
  MONTH TO DATE  892           795     97      618
  SINCE MAR 1    892           795     97      618
  SINCE JUL 1   5594          6175   -581     4985

 COOLING
  YESTERDAY        0             0      0        0
  MONTH TO DATE    0             0      0        0
  SINCE MAR 1      0             0      0        0
  SINCE JAN 1      0             0      0        0
......................................................


WIND (MPH)
  HIGHEST WIND SPEED    20   HIGHEST WIND DIRECTION     W (290)
  HIGHEST GUST SPEED    27   HIGHEST GUST DIRECTION     W (290)
  AVERAGE WIND SPEED     7.5


SKY COVER
  AVERAGE SKY COVER 0.0



RELATIVE HUMIDITY (PERCENT)
 HIGHEST    56
 LOWEST     27
 AVERAGE    42

..........................................................


THE PITTSFIELD MA CLIMATE NORMALS FOR TODAY
                         NORMAL
 MAXIMUM TEMPERATURE (F)   45
 MINIMUM TEMPERATURE (F)   24


SUNRISE AND SUNSET
MARCH 24 2017.........SUNRISE   649 AM EDT   SUNSET   710 PM EDT
MARCH 25 2017.........SUNRISE   647 AM EDT   SUNSET   711 PM EDT


-  INDICATES NEGATIVE NUMBERS.
R  INDICATES RECORD WAS SET OR TIED.
MM INDICATES DATA IS MISSING.
T  INDICATES TRACE AMOUNT.




$$
