000
CDUS46 KSGX 300016
CLIPSP


CLIMATE REPORT
NATIONAL WEATHER SERVICE SAN DIEGO, CA
515 PM PDT THU SEP 29 2016


...................................

...THE PALM SPRINGS INTL AIRPORT CA CLIMATE SUMMARY FOR SEPTEMBER 29 2016...
VALID TODAY AS OF 0500 PM LOCAL TIME.

CLIMATE NORMAL PERIOD 1981 TO 2010
CLIMATE RECORD PERIOD 1893 TO 2016


WEATHER ITEM   OBSERVED TIME   RECORD YEAR NORMAL DEPARTURE LAST
                VALUE   (LST)  VALUE       VALUE  FROM      YEAR
                                                  NORMAL
..................................................................
TEMPERATURE (F)
 TODAY
  MAXIMUM         97    103 PM 113    1980  95      2      105
  MINIMUM         72    400 AM  50    1955  68      4       73
                                      1951
  AVERAGE         85                        82      3       89

PRECIPITATION (IN)
  TODAY            0.00          0.20 1911   0.01  -0.01     0.00
  MONTH TO DATE    0.92                      0.36   0.56     0.14
  SINCE OCT 1      3.55                      5.74  -2.19     2.77
  SINCE JAN 1      3.36                      3.89  -0.53     1.90

DEGREE DAYS
 HEATING
  TODAY            0                         0      0        0
  MONTH TO DATE    0                         0      0        0
  SINCE SEP 1      0                         0      0        0
  SINCE JUL 1      0                         0      0        0

 COOLING
  TODAY           20                        17      3       24
  MONTH TO DATE  560                       626    -66      716
  SINCE SEP 1    560                       626    -66      716
  SINCE JAN 1   4215                      3710    505     4328
..................................................................


WIND (MPH)
  RESULTANT WIND SPEED   3   RESULTANT WIND DIRECTION  NE (50)
  HIGHEST WIND SPEED    14   HIGHEST WIND DIRECTION    SE (120)
  HIGHEST GUST SPEED    19   HIGHEST GUST DIRECTION     E (100)
  AVERAGE WIND SPEED     6.5


SKY COVER
  POSSIBLE SUNSHINE  MM
  AVERAGE SKY COVER 0.1


WEATHER CONDITIONS
 THE FOLLOWING WEATHER WAS RECORDED TODAY.
  NO SIGNIFICANT WEATHER WAS OBSERVED.


RELATIVE HUMIDITY (PERCENT)
 HIGHEST    53           400 AM
 LOWEST     21           300 PM
 AVERAGE    37

..........................................................


THE PALM SPRINGS INTL AIRPORT CA CLIMATE NORMALS FOR TOMORROW
                         NORMAL    RECORD    YEAR
 MAXIMUM TEMPERATURE (F)   95       112      1980
 MINIMUM TEMPERATURE (F)   68        46      1930


SUNRISE AND SUNSET
SEPTEMBER 29 2016.....SUNRISE   639 AM PDT   SUNSET   632 PM PDT
SEPTEMBER 30 2016.....SUNRISE   640 AM PDT   SUNSET   631 PM PDT


-  INDICATES NEGATIVE NUMBERS.
R  INDICATES RECORD WAS SET OR TIED.
MM INDICATES DATA IS MISSING.
T  INDICATES TRACE AMOUNT.




$$
