183
CDUS46 KSGX 191150
CLIPSP


CLIMATE REPORT
NATIONAL WEATHER SERVICE SAN DIEGO, CA
450 AM PDT SAT AUG 19 2017


...................................

...THE PALM SPRINGS INTL AIRPORT CA CLIMATE SUMMARY FOR AUGUST 18 2017...

CLIMATE NORMAL PERIOD 1981 TO 2010
CLIMATE RECORD PERIOD 1893 TO 2017


WEATHER ITEM   OBSERVED TIME   RECORD YEAR NORMAL DEPARTURE LAST
                VALUE   (LST)  VALUE       VALUE  FROM      YEAR
                                                  NORMAL
..................................................................
TEMPERATURE (F)
 YESTERDAY
  MAXIMUM        108    326 PM 117    1946 106      2      107
  MINIMUM         76    504 AM  60    1956  78     -2       84
                                      1930
  AVERAGE         92                        92      0       96

PRECIPITATION (IN)
  YESTERDAY        0.00          1.84 1945   0.01  -0.01     0.00
  MONTH TO DATE    0.71                      0.20   0.51     0.00
  SINCE OCT 1      7.76                      5.24   2.52     2.63
  SINCE JAN 1      5.97                      3.39   2.58     2.44

DEGREE DAYS
 HEATING
  YESTERDAY        0                         0      0        0
  MONTH TO DATE    0                         0      0        0
  SINCE JUN 1      0                         0      0        0
  SINCE JUL 1      0                         0      0        0

 COOLING
  YESTERDAY       27                        27      0       31
  MONTH TO DATE  523                       491     32      546
  SINCE JUN 1   2337                      1984    353     2295
  SINCE JAN 1   3460                      2743    717     3292
..................................................................


WIND (MPH)
  RESULTANT WIND SPEED   1   RESULTANT WIND DIRECTION  NE (30)
  HIGHEST WIND SPEED    20   HIGHEST WIND DIRECTION    NW (320)
  HIGHEST GUST SPEED    23   HIGHEST GUST DIRECTION    NW (320)
  AVERAGE WIND SPEED     6.0


SKY COVER
  POSSIBLE SUNSHINE  MM
  AVERAGE SKY COVER 0.0


WEATHER CONDITIONS
 THE FOLLOWING WEATHER WAS RECORDED YESTERDAY.
  NO SIGNIFICANT WEATHER WAS OBSERVED.


RELATIVE HUMIDITY (PERCENT)
 HIGHEST    45           500 AM
 LOWEST      9           200 PM
 AVERAGE    27

..........................................................


THE PALM SPRINGS INTL AIRPORT CA CLIMATE NORMALS FOR TODAY
                         NORMAL    RECORD    YEAR
 MAXIMUM TEMPERATURE (F)  106       115      1932
                                             1928
 MINIMUM TEMPERATURE (F)   78        61      1956


SUNRISE AND SUNSET
AUGUST 19 2017........SUNRISE   611 AM PDT   SUNSET   728 PM PDT
AUGUST 20 2017........SUNRISE   612 AM PDT   SUNSET   726 PM PDT


-  INDICATES NEGATIVE NUMBERS.
R  INDICATES RECORD WAS SET OR TIED.
MM INDICATES DATA IS MISSING.
T  INDICATES TRACE AMOUNT.




$$
