000
CDUS46 KSGX 061419
CLIPSP


CLIMATE REPORT
NATIONAL WEATHER SERVICE SAN DIEGO, CA
619 AM PST FRI MAR 6 2015


...................................

...THE PALM SPRINGS INTL AIRPORT CA CLIMATE SUMMARY FOR MARCH 5 2015...

CLIMATE NORMAL PERIOD 1981 TO 2010
CLIMATE RECORD PERIOD 1893 TO 2015


WEATHER ITEM   OBSERVED TIME   RECORD YEAR NORMAL DEPARTURE LAST
                VALUE   (LST)  VALUE       VALUE  FROM      YEAR
                                                  NORMAL
..................................................................
TEMPERATURE (F)
 YESTERDAY
  MAXIMUM         77    416 PM 100    1972  76      1       86
  MINIMUM         52    601 AM  30    1964  51      1       57
  AVERAGE         65                        64      1       72

PRECIPITATION (IN)
  YESTERDAY        0.00          0.67 1941   0.05  -0.05     0.00
  MONTH TO DATE    0.83                      0.24   0.59     0.28
  SINCE OCT 1      2.09                      4.12  -2.03     0.88
  SINCE JAN 1      1.22                      2.27  -1.05     0.70

SNOWFALL (IN)
  YESTERDAY        0.0
  MONTH TO DATE    0.0
  SINCE JAN 1      0.0
  SINCE JUL 1      0.0
  SNOW DEPTH       0

DEGREE DAYS
 HEATING
  YESTERDAY        0                         3     -3        0
  MONTH TO DATE   29                        15     14       12
  SINCE MAR 1     29                        15     14       12
  SINCE JUL 1    400                       793   -393      423

 COOLING
  YESTERDAY        0                         2     -2        7
  MONTH TO DATE    0                         8     -8       10
  SINCE MAR 1      0                         8     -8       10
  SINCE JAN 1    120                        35     85      118
..................................................................


WIND (MPH)
  RESULTANT WIND SPEED   2   RESULTANT WIND DIRECTION   W (270)
  HIGHEST WIND SPEED    10   HIGHEST WIND DIRECTION    NW (300)
  HIGHEST GUST SPEED    14   HIGHEST GUST DIRECTION    SE (140)
  AVERAGE WIND SPEED     4.6


SKY COVER
  POSSIBLE SUNSHINE  MM
  AVERAGE SKY COVER 0.0


WEATHER CONDITIONS
 THE FOLLOWING WEATHER WAS RECORDED YESTERDAY.
  NO SIGNIFICANT WEATHER WAS OBSERVED.


RELATIVE HUMIDITY (PERCENT)
 HIGHEST    35           600 AM
 LOWEST      8           400 PM
 AVERAGE    22

..........................................................


THE PALM SPRINGS INTL AIRPORT CA CLIMATE NORMALS FOR TODAY
                         NORMAL    RECORD    YEAR
 MAXIMUM TEMPERATURE (F)   77        99      1972
 MINIMUM TEMPERATURE (F)   51        30      1952


SUNRISE AND SUNSET
MARCH  6 2015.........SUNRISE   608 AM PST   SUNSET   547 PM PST
MARCH  7 2015.........SUNRISE   607 AM PST   SUNSET   547 PM PST


-  INDICATES NEGATIVE NUMBERS.
R  INDICATES RECORD WAS SET OR TIED.
MM INDICATES DATA IS MISSING.
T  INDICATES TRACE AMOUNT.




$$
