419
CDUS46 KSGX 211238
CLIPSP


CLIMATE REPORT
NATIONAL WEATHER SERVICE SAN DIEGO, CA
437 AM PST WED FEB 21 2018


...................................

...THE PALM SPRINGS INTL AIRPORT CA CLIMATE SUMMARY FOR FEBRUARY 20 2018...

CLIMATE NORMAL PERIOD 1981 TO 2010
CLIMATE RECORD PERIOD 1893 TO 2018


WEATHER ITEM   OBSERVED TIME   RECORD YEAR NORMAL DEPARTURE LAST
                VALUE   (LST)  VALUE       VALUE  FROM      YEAR
                                                  NORMAL
..................................................................
TEMPERATURE (F)
 YESTERDAY
  MAXIMUM         62    324 PM  92    1965  73    -11       70
  MINIMUM         38    641 AM  30    1955  49    -11       52
                                      1942
  AVERAGE         50                        61    -11       61

PRECIPITATION (IN)
  YESTERDAY        0.00          0.54 1993   0.05  -0.05     0.00
  MONTH TO DATE    0.00                      0.70  -0.70     0.48
  SINCE OCT 1      1.45                      3.55  -2.10     5.80
  SINCE JAN 1      1.45                      1.70  -0.25     4.01

DEGREE DAYS
 HEATING
  YESTERDAY       15                         5     10        4
  MONTH TO DATE   45                       120    -75       39
  SINCE DEC 1    209                       651   -442      551
  SINCE JUL 1    209                       747   -538      612

 COOLING
  YESTERDAY        0                         1     -1        0
  MONTH TO DATE   64                        19     45       44
  SINCE DEC 1    142                        31    111       45
  SINCE JAN 1    113                        27     86       44
..................................................................


WIND (MPH)
  RESULTANT WIND SPEED   2   RESULTANT WIND DIRECTION   N (350)
  HIGHEST WIND SPEED    15   HIGHEST WIND DIRECTION     N (340)
  HIGHEST GUST SPEED    18   HIGHEST GUST DIRECTION     N (340)
  AVERAGE WIND SPEED     4.7


SKY COVER
  POSSIBLE SUNSHINE  MM
  AVERAGE SKY COVER 0.0


WEATHER CONDITIONS
 THE FOLLOWING WEATHER WAS RECORDED YESTERDAY.
  NO SIGNIFICANT WEATHER WAS OBSERVED.


RELATIVE HUMIDITY (PERCENT)
 HIGHEST    49           100 AM
 LOWEST      9           200 PM
 AVERAGE    29

..........................................................


THE PALM SPRINGS INTL AIRPORT CA CLIMATE NORMALS FOR TODAY
                         NORMAL    RECORD    YEAR
 MAXIMUM TEMPERATURE (F)   74        93      1977
 MINIMUM TEMPERATURE (F)   49        24      1953


SUNRISE AND SUNSET
FEBRUARY 21 2018......SUNRISE   624 AM PST   SUNSET   536 PM PST
FEBRUARY 22 2018......SUNRISE   623 AM PST   SUNSET   537 PM PST


-  INDICATES NEGATIVE NUMBERS.
R  INDICATES RECORD WAS SET OR TIED.
MM INDICATES DATA IS MISSING.
T  INDICATES TRACE AMOUNT.




$$
