187
CDUS46 KSGX 081523
CLIPSP


CLIMATE REPORT
NATIONAL WEATHER SERVICE SAN DIEGO, CA
723 AM PST THU DEC 8 2016


...................................

...THE PALM SPRINGS INTL AIRPORT CA CLIMATE SUMMARY FOR DECEMBER 7 2016...

CLIMATE NORMAL PERIOD 1981 TO 2010
CLIMATE RECORD PERIOD 1893 TO 2016


WEATHER ITEM   OBSERVED TIME   RECORD YEAR NORMAL DEPARTURE LAST
                VALUE   (LST)  VALUE       VALUE  FROM      YEAR
                                                  NORMAL
..................................................................
TEMPERATURE (F)
 YESTERDAY
  MAXIMUM         68    324 PM  93    1938  68      0       78
  MINIMUM         50   1159 PM  30    1953  45      5       49
  AVERAGE         59                        56      3       64

PRECIPITATION (IN)
  YESTERDAY        0.00          1.12 2009   0.02  -0.02     0.00
  MONTH TO DATE    T                         0.11  -0.11     0.00
  SINCE OCT 1      0.29                      1.08  -0.79     0.15
  SINCE JAN 1      3.65                      4.97  -1.32     2.05

DEGREE DAYS
 HEATING
  YESTERDAY        6                         9     -3        1
  MONTH TO DATE   39                        56    -17       44
  SINCE DEC 1     39                        56    -17       44
  SINCE JUL 1    100                       152    -52      151

 COOLING
  YESTERDAY        0                         0      0        0
  MONTH TO DATE    0                         0      0        0
  SINCE DEC 1      0                         0      0        0
  SINCE JAN 1   4808                      4137    671     4896
..................................................................


WIND (MPH)
  RESULTANT WIND SPEED   6   RESULTANT WIND DIRECTION  NW (300)
  HIGHEST WIND SPEED    23   HIGHEST WIND DIRECTION    NW (330)
  HIGHEST GUST SPEED    27   HIGHEST GUST DIRECTION    NW (330)
  AVERAGE WIND SPEED     6.9


SKY COVER
  POSSIBLE SUNSHINE  MM
  AVERAGE SKY COVER 0.0


WEATHER CONDITIONS
 THE FOLLOWING WEATHER WAS RECORDED YESTERDAY.
  NO SIGNIFICANT WEATHER WAS OBSERVED.


RELATIVE HUMIDITY (PERCENT)
 HIGHEST    59          1200 AM
 LOWEST     15           100 PM
 AVERAGE    37

..........................................................


THE PALM SPRINGS INTL AIRPORT CA CLIMATE NORMALS FOR TODAY
                         NORMAL    RECORD    YEAR
 MAXIMUM TEMPERATURE (F)   68        89      1938
 MINIMUM TEMPERATURE (F)   45        29      1978


SUNRISE AND SUNSET
DECEMBER  8 2016......SUNRISE   639 AM PST   SUNSET   437 PM PST
DECEMBER  9 2016......SUNRISE   640 AM PST   SUNSET   437 PM PST


-  INDICATES NEGATIVE NUMBERS.
R  INDICATES RECORD WAS SET OR TIED.
MM INDICATES DATA IS MISSING.
T  INDICATES TRACE AMOUNT.




$$
