108
CDUS46 KSGX 230018
CLIPSP


CLIMATE REPORT
NATIONAL WEATHER SERVICE SAN DIEGO, CA
518 PM PDT WED MAR 22 2017


...................................

...THE PALM SPRINGS INTL AIRPORT CA CLIMATE SUMMARY FOR MARCH 22 2017...
VALID TODAY AS OF 0500 PM LOCAL TIME.

CLIMATE NORMAL PERIOD 1981 TO 2010
CLIMATE RECORD PERIOD 1893 TO 2017


WEATHER ITEM   OBSERVED TIME   RECORD YEAR NORMAL DEPARTURE LAST
                VALUE   (LST)  VALUE       VALUE  FROM      YEAR
                                                  NORMAL
..................................................................
TEMPERATURE (F)
 TODAY
  MAXIMUM         80   1214 PM  96    2004  80      0       79
                                      1931
  MINIMUM         61    620 AM  34    1924  54      7       57
  AVERAGE         71                        67      4       68

PRECIPITATION (IN)
  TODAY            0.00          1.70 1954   0.01  -0.01     0.00
  MONTH TO DATE    0.00                      0.56  -0.56     0.02
  SINCE OCT 1      6.97                      4.44   2.53     2.47
  SINCE JAN 1      5.18                      2.59   2.59     2.28

DEGREE DAYS
 HEATING
  TODAY            0                         2     -2        0
  MONTH TO DATE   19                        60    -41       16
  SINCE MAR 1     19                        60    -41       16
  SINCE JUL 1    679                       838   -159      726

 COOLING
  TODAY            6                         3      3        3
  MONTH TO DATE  190                        55    135      152
  SINCE MAR 1    190                        55    135      152
  SINCE JAN 1    235                        82    153      302
..................................................................


WIND (MPH)
  RESULTANT WIND SPEED   3   RESULTANT WIND DIRECTION  NW (300)
  HIGHEST WIND SPEED    29   HIGHEST WIND DIRECTION    NW (330)
  HIGHEST GUST SPEED    36   HIGHEST GUST DIRECTION    NW (310)
  AVERAGE WIND SPEED     6.3


SKY COVER
  POSSIBLE SUNSHINE  MM
  AVERAGE SKY COVER 0.1


WEATHER CONDITIONS
 THE FOLLOWING WEATHER WAS RECORDED TODAY.
  NO SIGNIFICANT WEATHER WAS OBSERVED.


RELATIVE HUMIDITY (PERCENT)
 HIGHEST    72           400 AM
 LOWEST     26           100 PM
 AVERAGE    49

..........................................................


THE PALM SPRINGS INTL AIRPORT CA CLIMATE NORMALS FOR TOMORROW
                         NORMAL    RECORD    YEAR
 MAXIMUM TEMPERATURE (F)   80        98      1956
 MINIMUM TEMPERATURE (F)   54        36      1935


SUNRISE AND SUNSET
MARCH 22 2017.........SUNRISE   647 AM PDT   SUNSET   659 PM PDT
MARCH 23 2017.........SUNRISE   645 AM PDT   SUNSET   700 PM PDT


-  INDICATES NEGATIVE NUMBERS.
R  INDICATES RECORD WAS SET OR TIED.
MM INDICATES DATA IS MISSING.
T  INDICATES TRACE AMOUNT.




$$
