000
CDUS46 KSGX 300016
CLIPSP


CLIMATE REPORT
NATIONAL WEATHER SERVICE SAN DIEGO, CA
516 PM PDT SAT APR 29 2017


...................................

...THE PALM SPRINGS INTL AIRPORT CA CLIMATE SUMMARY FOR APRIL 29 2017...
VALID TODAY AS OF 0500 PM LOCAL TIME.

CLIMATE NORMAL PERIOD 1981 TO 2010
CLIMATE RECORD PERIOD 1893 TO 2017


WEATHER ITEM   OBSERVED TIME   RECORD YEAR NORMAL DEPARTURE LAST
                VALUE   (LST)  VALUE       VALUE  FROM      YEAR
                                                  NORMAL
..................................................................
TEMPERATURE (F)
 TODAY
  MAXIMUM         89    314 PM 106    2013  88      1       86
                                      1959
  MINIMUM         62    522 AM  39    1970  61      1       59
  AVERAGE         76                        74      2       73

PRECIPITATION (IN)
  TODAY            0.00          0.60 1942   0.01  -0.01     0.00
  MONTH TO DATE    0.00                      0.11  -0.11     0.14
  SINCE OCT 1      6.97                      4.60   2.37     2.61
  SINCE JAN 1      5.18                      2.75   2.43     2.42

DEGREE DAYS
 HEATING
  TODAY            0                         0      0        0
  MONTH TO DATE    0                        17    -17        0
  SINCE MAR 1     19                        90    -71       28
  SINCE JUL 1    679                       868   -189      738

 COOLING
  TODAY           11                        10      1        8
  MONTH TO DATE  336                       190    146      276
  SINCE MAR 1    582                       283    299      463
  SINCE JAN 1    627                       310    317      613
..................................................................


WIND (MPH)
  RESULTANT WIND SPEED   8   RESULTANT WIND DIRECTION   N (340)
  HIGHEST WIND SPEED    21   HIGHEST WIND DIRECTION     N (360)
  HIGHEST GUST SPEED    26   HIGHEST GUST DIRECTION     N (340)
  AVERAGE WIND SPEED    11.0


SKY COVER
  POSSIBLE SUNSHINE  MM
  AVERAGE SKY COVER 0.0


WEATHER CONDITIONS
 THE FOLLOWING WEATHER WAS RECORDED TODAY.
  NO SIGNIFICANT WEATHER WAS OBSERVED.


RELATIVE HUMIDITY (PERCENT)
 HIGHEST    14           600 AM
 LOWEST      5           400 PM
 AVERAGE    10

..........................................................


THE PALM SPRINGS INTL AIRPORT CA CLIMATE NORMALS FOR TOMORROW
                         NORMAL    RECORD    YEAR
 MAXIMUM TEMPERATURE (F)   89       106      1996
 MINIMUM TEMPERATURE (F)   61        40      1942


SUNRISE AND SUNSET
APRIL 29 2017.........SUNRISE   559 AM PDT   SUNSET   728 PM PDT
APRIL 30 2017.........SUNRISE   558 AM PDT   SUNSET   729 PM PDT


-  INDICATES NEGATIVE NUMBERS.
R  INDICATES RECORD WAS SET OR TIED.
MM INDICATES DATA IS MISSING.
T  INDICATES TRACE AMOUNT.




$$
