000
CDUS46 KSGX 201422
CLIPSP


CLIMATE REPORT
NATIONAL WEATHER SERVICE SAN DIEGO, CA
722 AM PDT WED AUG 20 2014


...................................

...THE PALM SPRINGS INTL AIRPORT CA CLIMATE SUMMARY FOR AUGUST 19 2014...

CLIMATE NORMAL PERIOD 1981 TO 2010
CLIMATE RECORD PERIOD 1893 TO 2014


WEATHER ITEM   OBSERVED TIME   RECORD YEAR NORMAL DEPARTURE LAST
                VALUE   (LST)  VALUE       VALUE  FROM      YEAR
                                                  NORMAL
..................................................................
TEMPERATURE (F)
 YESTERDAY
  MAXIMUM        104    230 PM 115    1932 106     -2      106
                                      1928
  MINIMUM         80    610 AM  61    1956  78      2       86
  AVERAGE         92                        92      0       96

PRECIPITATION (IN)
  YESTERDAY        0.00          0.22 1983   0.01  -0.01     0.00
  MONTH TO DATE    0.88                      0.21   0.67     0.00
  SINCE JUL 1      1.15                      0.46   0.69     0.94
  SINCE JAN 1      1.90                      3.40  -1.50     1.91

SNOWFALL (IN)
  YESTERDAY        0.0
  MONTH TO DATE    0.0
  SINCE JAN 1      0.0
  SINCE JUL 1      0.0
  SNOW DEPTH       0

DEGREE DAYS
 HEATING
  YESTERDAY        0                         0      0        0
  MONTH TO DATE    0                         0      0        0
  SINCE JUN 1      0                         0      0        0
  SINCE JUL 1      0                         0      0        0

 COOLING
  YESTERDAY       27                        27      0       31
  MONTH TO DATE  506                       518    -12      502
  SINCE JUN 1   2168                      2011    157     2137
  SINCE JAN 1   3278                      2770    508     3179
..................................................................


WIND (MPH)
  RESULTANT WIND SPEED  10   RESULTANT WIND DIRECTION  NW (320)
  HIGHEST WIND SPEED    29   HIGHEST WIND DIRECTION     N (340)
  HIGHEST GUST SPEED    35   HIGHEST GUST DIRECTION     N (350)
  AVERAGE WIND SPEED    10.1


SKY COVER
  POSSIBLE SUNSHINE  MM
  AVERAGE SKY COVER 0.1


WEATHER CONDITIONS
 THE FOLLOWING WEATHER WAS RECORDED YESTERDAY.
  NO SIGNIFICANT WEATHER WAS OBSERVED.


RELATIVE HUMIDITY (PERCENT)
 HIGHEST    44           900 AM
 LOWEST     11           300 PM
 AVERAGE    28

..........................................................


THE PALM SPRINGS INTL AIRPORT CA CLIMATE NORMALS FOR TODAY
                         NORMAL    RECORD    YEAR
 MAXIMUM TEMPERATURE (F)  106       117      1969
 MINIMUM TEMPERATURE (F)   78        57      1959


SUNRISE AND SUNSET
AUGUST 20 2014........SUNRISE   611 AM PDT   SUNSET   727 PM PDT
AUGUST 21 2014........SUNRISE   612 AM PDT   SUNSET   725 PM PDT


-  INDICATES NEGATIVE NUMBERS.
R  INDICATES RECORD WAS SET OR TIED.
MM INDICATES DATA IS MISSING.
T  INDICATES TRACE AMOUNT.




$$
