000
CDUS45 KPUB 311026
CLIPUB


CLIMATE REPORT
NATIONAL WEATHER SERVICE PUEBLO
425 AM MDT TUE MAY 31 2016


...................................

...THE PUEBLO CO CLIMATE SUMMARY FOR MAY 30 2016...

CLIMATE NORMAL PERIOD 1981 TO 2010
CLIMATE RECORD PERIOD 1888 TO 2016


WEATHER ITEM   OBSERVED TIME   RECORD YEAR NORMAL DEPARTURE LAST
                VALUE   (LST)  VALUE       VALUE  FROM      YEAR
                                                  NORMAL
..................................................................
TEMPERATURE (F)
 YESTERDAY
  MAXIMUM         85    242 PM 102    2000  81      4       69
  MINIMUM         48    454 AM  39    1986  48      0       49
  AVERAGE         67                        65      2       59

PRECIPITATION (IN)
  YESTERDAY        T             1.38 1894   0.04  -0.04     0.07
  MONTH TO DATE    1.75                      1.46   0.29     5.55
  SINCE MAR 1      5.30                      3.79   1.51     7.54
  SINCE JAN 1      6.16                      4.44   1.72     8.92

SNOWFALL (IN)
  YESTERDAY        0.0           0.0  2001   0.0    0.0      0.0
  MONTH TO DATE    T                         0.5   -0.5       T
  SINCE MAR 1      7.2                      10.0   -2.8      1.7
  SINCE JUL 1     31.4                      31.8   -0.4     42.8
  SNOW DEPTH       0

DEGREE DAYS
 HEATING
  YESTERDAY        0                         3     -3        6
  MONTH TO DATE  148                       171    -23      244
  SINCE MAR 1   1112                      1308   -196     1232
  SINCE JUL 1   4621                      5611   -990     5254

 COOLING
  YESTERDAY        2                         2      0        0
  MONTH TO DATE   30                        28      2        2
  SINCE MAR 1     30                        30      0        2
  SINCE JAN 1     30                        30      0        2
..................................................................


WIND (MPH)
  HIGHEST WIND SPEED    32   HIGHEST WIND DIRECTION    NE (30)
  HIGHEST GUST SPEED    40   HIGHEST GUST DIRECTION     N (340)
  AVERAGE WIND SPEED     7.7


SKY COVER
  POSSIBLE SUNSHINE  MM
  AVERAGE SKY COVER 0.0


WEATHER CONDITIONS
 THE FOLLOWING WEATHER WAS RECORDED YESTERDAY.
  THUNDERSTORM
  LIGHT RAIN


RELATIVE HUMIDITY (PERCENT)
 HIGHEST    86           500 AM
 LOWEST     20           300 PM
 AVERAGE    53

..........................................................


THE PUEBLO CO CLIMATE NORMALS FOR TODAY
                         NORMAL    RECORD    YEAR
 MAXIMUM TEMPERATURE (F)   81       102      2002
 MINIMUM TEMPERATURE (F)   49        32      2004


SUNRISE AND SUNSET
MAY 31 2016...........SUNRISE   537 AM MDT   SUNSET   815 PM MDT
JUNE  1 2016..........SUNRISE   536 AM MDT   SUNSET   816 PM MDT


-  INDICATES NEGATIVE NUMBERS.
R  INDICATES RECORD WAS SET OR TIED.
MM INDICATES DATA IS MISSING.
T  INDICATES TRACE AMOUNT.




$$
