370
CDUS45 KPUB 221036
CLIPUB


CLIMATE REPORT
NATIONAL WEATHER SERVICE PUEBLO
436 AM MDT SUN OCT 22 2017


...................................

...THE PUEBLO CO CLIMATE SUMMARY FOR OCTOBER 21 2017...

CLIMATE NORMAL PERIOD 1981 TO 2010
CLIMATE RECORD PERIOD 1888 TO 2017


WEATHER ITEM   OBSERVED TIME   RECORD YEAR NORMAL DEPARTURE LAST
                VALUE   (LST)  VALUE       VALUE  FROM      YEAR
                                                  NORMAL
..................................................................
TEMPERATURE (F)
 YESTERDAY
  MAXIMUM         69   1237 AM  89    2003  68      1       84
  MINIMUM         30   1138 PM  17    1996  32     -2       28
  AVERAGE         50                        50      0       56

PRECIPITATION (IN)
  YESTERDAY        0.00          1.28 2009   0.02  -0.02     0.00
  MONTH TO DATE    0.20                      0.51  -0.31      T
  SINCE SEP 1      1.40                      1.28   0.12     0.05
  SINCE JAN 1     15.66                     11.51   4.15    10.37

SNOWFALL (IN)
  YESTERDAY        0.0           3.0  1906   0.0    0.0      0.0
  MONTH TO DATE    0.0                       0.6   -0.6      0.0
  SINCE SEP 1      0.0                       0.9   -0.9      0.0
  SINCE JUL 1      0.0                       0.9   -0.9       T
  SNOW DEPTH       0

DEGREE DAYS
 HEATING
  YESTERDAY       15                        15      0        9
  MONTH TO DATE  190                       241    -51      148
  SINCE SEP 1    277                       334    -57      168
  SINCE JUL 1    277                       339    -62      168

 COOLING
  YESTERDAY        0                         0      0        0
  MONTH TO DATE    0                         0      0       18
  SINCE SEP 1    146                        83     63      190
  SINCE JAN 1   1027                       894    133     1355
..................................................................


WIND (MPH)
  HIGHEST WIND SPEED    45   HIGHEST WIND DIRECTION     W (290)
  HIGHEST GUST SPEED    59   HIGHEST GUST DIRECTION     W (290)
  AVERAGE WIND SPEED    10.9


SKY COVER
  POSSIBLE SUNSHINE  MM
  AVERAGE SKY COVER 0.1


WEATHER CONDITIONS
 THE FOLLOWING WEATHER WAS RECORDED YESTERDAY.
  NO SIGNIFICANT WEATHER WAS OBSERVED.


RELATIVE HUMIDITY (PERCENT)
 HIGHEST    56           700 AM
 LOWEST     16           400 PM
 AVERAGE    36

..........................................................


THE PUEBLO CO CLIMATE NORMALS FOR TODAY
                         NORMAL    RECORD    YEAR
 MAXIMUM TEMPERATURE (F)   67        88      2016
 MINIMUM TEMPERATURE (F)   32        10      1996


SUNRISE AND SUNSET
OCTOBER 22 2017.......SUNRISE   714 AM MDT   SUNSET   610 PM MDT
OCTOBER 23 2017.......SUNRISE   715 AM MDT   SUNSET   609 PM MDT


-  INDICATES NEGATIVE NUMBERS.
R  INDICATES RECORD WAS SET OR TIED.
MM INDICATES DATA IS MISSING.
T  INDICATES TRACE AMOUNT.




$$
