000
CDUS45 KPUB 241030
CLIPUB


CLIMATE REPORT
NATIONAL WEATHER SERVICE PUEBLO
430 AM MDT THU JUL 24 2014


...................................

...THE PUEBLO CO CLIMATE SUMMARY FOR JULY 23 2014...

CLIMATE NORMAL PERIOD 1981 TO 2010
CLIMATE RECORD PERIOD 1888 TO 2014


WEATHER ITEM   OBSERVED TIME   RECORD YEAR NORMAL DEPARTURE LAST
                VALUE   (LST)  VALUE       VALUE  FROM      YEAR
                                                  NORMAL
..................................................................
TEMPERATURE (F)
 YESTERDAY
  MAXIMUM         96    329 PM 105    2005  93      3      102
                                      1987
  MINIMUM         62    501 AM  52    1995  59      3       63
  AVERAGE         79                        76      3       83

PRECIPITATION (IN)
  YESTERDAY        0.00          1.91 1895   0.08  -0.08     0.00
  MONTH TO DATE    2.10                      1.46   0.64     1.57
  SINCE JUN 1      2.96                      2.82   0.14     1.84
  SINCE JAN 1      7.16                      7.31  -0.15     3.77

SNOWFALL (IN)
  YESTERDAY        0.0           0.0  2002   0.0    0.0      0.0
                                      2001
  MONTH TO DATE    0.0                       0.0    0.0      0.0
  SINCE JUN 1      T                         0.0    0.0       T
  SINCE JUL 1      0.0                       0.0    0.0      0.0
  SNOW DEPTH       0

DEGREE DAYS
 HEATING
  YESTERDAY        0                         0      0        0
  MONTH TO DATE    0                         0      0        0
  SINCE JUN 1      3                        25    -22       17
  SINCE JUL 1      0                         0      0        0

 COOLING
  YESTERDAY       14                        11      3       18
  MONTH TO DATE  244                       248     -4      282
  SINCE JUN 1    484                       423     61      585
  SINCE JAN 1    536                       457     79      658
..................................................................


WIND (MPH)
  HIGHEST WIND SPEED    21   HIGHEST WIND DIRECTION     E (110)
  HIGHEST GUST SPEED    26   HIGHEST GUST DIRECTION    SE (130)
  AVERAGE WIND SPEED     8.3


SKY COVER
  POSSIBLE SUNSHINE  MM
  AVERAGE SKY COVER 0.0


WEATHER CONDITIONS
 THE FOLLOWING WEATHER WAS RECORDED YESTERDAY.
  NO SIGNIFICANT WEATHER WAS OBSERVED.


RELATIVE HUMIDITY (PERCENT)
 HIGHEST    72           500 AM
 LOWEST     19           300 PM
 AVERAGE    46

..........................................................


THE PUEBLO CO CLIMATE NORMALS FOR TODAY
                         NORMAL    RECORD    YEAR
 MAXIMUM TEMPERATURE (F)   93       108      2003
 MINIMUM TEMPERATURE (F)   60        49      1995


SUNRISE AND SUNSET
JULY 24 2014..........SUNRISE   554 AM MDT   SUNSET   815 PM MDT
JULY 25 2014..........SUNRISE   555 AM MDT   SUNSET   814 PM MDT


-  INDICATES NEGATIVE NUMBERS.
R  INDICATES RECORD WAS SET OR TIED.
MM INDICATES DATA IS MISSING.
T  INDICATES TRACE AMOUNT.




$$
