000
CDUS45 KPUB 291040
CLIPUB


CLIMATE REPORT
NATIONAL WEATHER SERVICE PUEBLO
438 AM MDT THU JUN 29 2017


...................................

...THE PUEBLO CO CLIMATE SUMMARY FOR JUNE 28 2017...

CLIMATE NORMAL PERIOD 1981 TO 2010
CLIMATE RECORD PERIOD 1888 TO 2017


WEATHER ITEM   OBSERVED TIME   RECORD YEAR NORMAL DEPARTURE LAST
                VALUE   (LST)  VALUE       VALUE  FROM      YEAR
                                                  NORMAL
..................................................................
TEMPERATURE (F)
 YESTERDAY
  MAXIMUM         95    408 PM 106    1990  92      3       96
  MINIMUM         62    358 AM  44    1985  56      6       65
  AVERAGE         79                        74      5       81

PRECIPITATION (IN)
  YESTERDAY        0.00          0.54 1995   0.05  -0.05     0.00
  MONTH TO DATE    1.57                      1.26   0.31     0.67
  SINCE JUN 1      1.57                      1.26   0.31     0.67
  SINCE JAN 1     10.63                      5.75   4.88     7.84

SNOWFALL (IN)
  YESTERDAY        0.0           0.0  2002   0.0    0.0      0.0
                                      2001
  MONTH TO DATE    0.0                       0.0    0.0       T
  SINCE JUN 1      0.0                       0.0    0.0       T
  SINCE JUL 1     28.2                      31.8   -3.6     31.4
  SNOW DEPTH       0

DEGREE DAYS
 HEATING
  YESTERDAY        0                         0      0        0
  MONTH TO DATE    5                        22    -17        1
  SINCE JUN 1      5                        22    -17        1
  SINCE JUL 1   4543                      5635  -1092     4624

 COOLING
  YESTERDAY       14                         9      5       16
  MONTH TO DATE  217                       157     60      315
  SINCE JUN 1    217                       157     60      315
  SINCE JAN 1    227                       191     36      345
..................................................................


WIND (MPH)
  HIGHEST WIND SPEED    23   HIGHEST WIND DIRECTION    NE (40)
  HIGHEST GUST SPEED    29   HIGHEST GUST DIRECTION    SE (140)
  AVERAGE WIND SPEED    10.9


SKY COVER
  POSSIBLE SUNSHINE  MM
  AVERAGE SKY COVER 0.0


WEATHER CONDITIONS
 THE FOLLOWING WEATHER WAS RECORDED YESTERDAY.
  NO SIGNIFICANT WEATHER WAS OBSERVED.


RELATIVE HUMIDITY (PERCENT)
 HIGHEST    40           400 AM
 LOWEST     13           400 PM
 AVERAGE    27

..........................................................


THE PUEBLO CO CLIMATE NORMALS FOR TODAY
                         NORMAL    RECORD    YEAR
 MAXIMUM TEMPERATURE (F)   92       108      1990
 MINIMUM TEMPERATURE (F)   56        45      1945


SUNRISE AND SUNSET
JUNE 29 2017..........SUNRISE   538 AM MDT   SUNSET   826 PM MDT
JUNE 30 2017..........SUNRISE   538 AM MDT   SUNSET   825 PM MDT


-  INDICATES NEGATIVE NUMBERS.
R  INDICATES RECORD WAS SET OR TIED.
MM INDICATES DATA IS MISSING.
T  INDICATES TRACE AMOUNT.




$$
