000
CDUS45 KPUB 210028
CLIPUB


CLIMATE REPORT
NATIONAL WEATHER SERVICE PUEBLO
528 PM MST TUE FEB 20 2018


...................................

...THE PUEBLO CO CLIMATE SUMMARY FOR FEBRUARY 20 2018...
VALID TODAY AS OF 0500 PM LOCAL TIME.

CLIMATE NORMAL PERIOD 1981 TO 2010
CLIMATE RECORD PERIOD 1888 TO 2018


WEATHER ITEM   OBSERVED TIME   RECORD YEAR NORMAL DEPARTURE LAST
                VALUE   (LST)  VALUE       VALUE  FROM      YEAR
                                                  NORMAL
..................................................................
TEMPERATURE (F)
 TODAY
  MAXIMUM         24    402 PM  81    1981  52    -28       68
  MINIMUM          8    759 AM  -6    1889  19    -11       31
  AVERAGE         16                        35    -19       50

PRECIPITATION (IN)
  TODAY            T             0.42 1913   0.01  -0.01      T
  MONTH TO DATE    0.55                      0.19   0.36     0.17
  SINCE DEC 1      0.79                      0.92  -0.13     1.68
  SINCE JAN 1      0.78                      0.54   0.24     0.92

SNOWFALL (IN)
  TODAY            0.1          10.5  1913   0.1    0.0      0.0
  MONTH TO DATE   10.3                       2.8    7.5      0.0
  SINCE DEC 1     12.1                      14.8   -2.7     14.2
  SINCE JUL 1     13.5                      20.8   -7.3     14.2
  SNOW DEPTH       T

DEGREE DAYS
 HEATING
  TODAY           49                        30     19       15
  MONTH TO DATE  601                       643    -42      416
  SINCE DEC 1   2535                      2794   -259     2500
  SINCE JUL 1   3556                      4075   -519     3282

 COOLING
  TODAY            0                         0      0        0
  MONTH TO DATE    0                         0      0        0
  SINCE DEC 1      0                         0      0        0
  SINCE JAN 1      0                         0      0        0
..................................................................


WIND (MPH)
  HIGHEST WIND SPEED    15   HIGHEST WIND DIRECTION    SE (150)
  HIGHEST GUST SPEED    18   HIGHEST GUST DIRECTION    SE (120)
  AVERAGE WIND SPEED     7.7


SKY COVER
  POSSIBLE SUNSHINE  MM
  AVERAGE SKY COVER 0.7


WEATHER CONDITIONS
 THE FOLLOWING WEATHER WAS RECORDED TODAY.
  LIGHT SNOW
  FOG
  HAZE


RELATIVE HUMIDITY (PERCENT)
 HIGHEST    84           200 AM
 LOWEST     65           400 PM
 AVERAGE    75

..........................................................


THE PUEBLO CO CLIMATE NORMALS FOR TOMORROW
                         NORMAL    RECORD    YEAR
 MAXIMUM TEMPERATURE (F)   52        77      2017
 MINIMUM TEMPERATURE (F)   19        -5      1911


SUNRISE AND SUNSET
FEBRUARY 20 2018......SUNRISE   642 AM MST   SUNSET   542 PM MST
FEBRUARY 21 2018......SUNRISE   641 AM MST   SUNSET   543 PM MST


-  INDICATES NEGATIVE NUMBERS.
R  INDICATES RECORD WAS SET OR TIED.
MM INDICATES DATA IS MISSING.
T  INDICATES TRACE AMOUNT.




$$
