000
CDUS45 KPUB 240026
CLIPUB


CLIMATE REPORT
NATIONAL WEATHER SERVICE PUEBLO
626 PM MDT SAT MAY 23 2015


...................................

...THE PUEBLO CO CLIMATE SUMMARY FOR MAY 23 2015...
VALID TODAY AS OF 0500 PM LOCAL TIME.

CLIMATE NORMAL PERIOD 1981 TO 2010
CLIMATE RECORD PERIOD 1888 TO 2015


WEATHER ITEM   OBSERVED TIME   RECORD YEAR NORMAL DEPARTURE LAST
                VALUE   (LST)  VALUE       VALUE  FROM      YEAR
                                                  NORMAL
..................................................................
TEMPERATURE (F)
 TODAY
  MAXIMUM         66    440 PM 100    2000  79    -13       76
  MINIMUM         48    522 AM  32    1893  46      2       49
  AVERAGE         57                        63     -6       63

PRECIPITATION (IN)
  TODAY            0.02          1.00 1936   0.05  -0.03     0.00
  MONTH TO DATE    4.81                      1.12   3.69     0.25
  SINCE MAR 1      6.80                      3.45   3.35     3.07
  SINCE JAN 1      8.18                      4.10   4.08     3.80

SNOWFALL (IN)
  TODAY           MM             0.0  2002   0.0   MM        0.0
                                      2001
  MONTH TO DATE    T                         0.5   -0.5       T
  SINCE MAR 1      1.7                      10.0   -8.3     10.7
  SINCE JUL 1     42.8                      31.8   11.0     29.3
  SNOW DEPTH       0

DEGREE DAYS
 HEATING
  TODAY            8                         4      4        2
  MONTH TO DATE  207                       149     58      153
  SINCE MAR 1   1195                      1286    -91     1205
  SINCE JUL 1   5217                      5589   -372     5410

 COOLING
  TODAY            0                         1     -1        0
  MONTH TO DATE    1                        14    -13       19
  SINCE MAR 1      1                        16    -15       21
  SINCE JAN 1      1                        16    -15       21
..................................................................


WIND (MPH)
  HIGHEST WIND SPEED    20   HIGHEST WIND DIRECTION     N (360)
  HIGHEST GUST SPEED    25   HIGHEST GUST DIRECTION     N (360)
  AVERAGE WIND SPEED     7.1


SKY COVER
  POSSIBLE SUNSHINE  MM
  AVERAGE SKY COVER 0.5


WEATHER CONDITIONS
 THE FOLLOWING WEATHER WAS RECORDED TODAY.
  THUNDERSTORM
  LIGHT RAIN
  FOG


RELATIVE HUMIDITY (PERCENT)
 HIGHEST    93           300 AM
 LOWEST     52           400 PM
 AVERAGE    73

..........................................................


THE PUEBLO CO CLIMATE NORMALS FOR TOMORROW
                         NORMAL    RECORD    YEAR
 MAXIMUM TEMPERATURE (F)   79        97      1984
 MINIMUM TEMPERATURE (F)   47        36      2008
                                             2007
                                             2002


SUNRISE AND SUNSET
MAY 23 2015...........SUNRISE   541 AM MDT   SUNSET   809 PM MDT
MAY 24 2015...........SUNRISE   541 AM MDT   SUNSET   810 PM MDT


-  INDICATES NEGATIVE NUMBERS.
R  INDICATES RECORD WAS SET OR TIED.
MM INDICATES DATA IS MISSING.
T  INDICATES TRACE AMOUNT.




$$
