000
CDUS45 KPUB 251204
CLIPUB


CLIMATE REPORT
NATIONAL WEATHER SERVICE PUEBLO
500 AM MST SAT FEB 25 2017


...................................

...THE PUEBLO CO CLIMATE SUMMARY FOR FEBRUARY 24 2017...

CLIMATE NORMAL PERIOD 1981 TO 2010
CLIMATE RECORD PERIOD 1888 TO 2017


WEATHER ITEM   OBSERVED TIME   RECORD YEAR NORMAL DEPARTURE LAST
                VALUE   (LST)  VALUE       VALUE  FROM      YEAR
                                                  NORMAL
..................................................................
TEMPERATURE (F)
 YESTERDAY
  MAXIMUM         36    340 PM  79    1986  53    -17       61
  MINIMUM         13    629 AM -17    1894  20     -7       16
  AVERAGE         25                        36    -11       39

PRECIPITATION (IN)
  YESTERDAY        0.00          0.33 1912   0.01  -0.01     0.00
  MONTH TO DATE    0.17                      0.24  -0.07     0.33
  SINCE DEC 1      1.68                      0.97   0.71     1.26
  SINCE JAN 1      0.92                      0.59   0.33     0.86

SNOWFALL (IN)
  YESTERDAY        0.0           5.2  1912   0.1   -0.1      0.0
  MONTH TO DATE    0.0                       3.3   -3.3      5.8
  SINCE DEC 1     14.2                      15.3   -1.1     17.8
  SINCE JUL 1     14.2                      21.3   -7.1     24.2
  SNOW DEPTH       0

DEGREE DAYS
 HEATING
  YESTERDAY       40                        29     11       26
  MONTH TO DATE  503                       760   -257      604
  SINCE DEC 1   2587                      2911   -324     2535
  SINCE JUL 1   3369                      4192   -823     3409

 COOLING
  YESTERDAY        0                         0      0        0
  MONTH TO DATE    0                         0      0        0
  SINCE DEC 1      0                         0      0        0
  SINCE JAN 1      0                         0      0        0
..................................................................


WIND (MPH)
  HIGHEST WIND SPEED    12   HIGHEST WIND DIRECTION    NE (50)
  HIGHEST GUST SPEED    12   HIGHEST GUST DIRECTION     S (170)
  AVERAGE WIND SPEED     5.2


SKY COVER
  POSSIBLE SUNSHINE  MM
  AVERAGE SKY COVER 0.4


WEATHER CONDITIONS
 THE FOLLOWING WEATHER WAS RECORDED YESTERDAY.
  NO SIGNIFICANT WEATHER WAS OBSERVED.


RELATIVE HUMIDITY (PERCENT)
 HIGHEST    73           600 AM
 LOWEST     32           300 PM
 AVERAGE    53

..........................................................


THE PUEBLO CO CLIMATE NORMALS FOR TODAY
                         NORMAL    RECORD    YEAR
 MAXIMUM TEMPERATURE (F)   53        80      1986
 MINIMUM TEMPERATURE (F)   20        -7      1960


SUNRISE AND SUNSET
FEBRUARY 25 2017......SUNRISE   635 AM MST   SUNSET   547 PM MST
FEBRUARY 26 2017......SUNRISE   634 AM MST   SUNSET   549 PM MST


-  INDICATES NEGATIVE NUMBERS.
R  INDICATES RECORD WAS SET OR TIED.
MM INDICATES DATA IS MISSING.
T  INDICATES TRACE AMOUNT.




$$
