000
CDUS45 KPUB 301044
CLIPUB


CLIMATE REPORT
NATIONAL WEATHER SERVICE PUEBLO
444 AM MDT TUE SEP 30 2014


...................................

...THE PUEBLO CO CLIMATE SUMMARY FOR SEPTEMBER 29 2014...

CLIMATE NORMAL PERIOD 1981 TO 2010
CLIMATE RECORD PERIOD 1888 TO 2014


WEATHER ITEM   OBSERVED TIME   RECORD YEAR NORMAL DEPARTURE LAST
                VALUE   (LST)  VALUE       VALUE  FROM      YEAR
                                                  NORMAL
..................................................................
TEMPERATURE (F)
 YESTERDAY
  MAXIMUM         80   1222 PM  94    2010  76      4       83
                                      1933
  MINIMUM         50   1139 PM  21    1999  41      9       37
  AVERAGE         65                        59      6       60

PRECIPITATION (IN)
  YESTERDAY        0.27          1.14 1959   0.02   0.25     0.00
  MONTH TO DATE    0.62                      0.75  -0.13     1.27
  SINCE SEP 1      0.62                      0.75  -0.13     1.27
  SINCE JAN 1     10.22                     10.98  -0.76     9.07

SNOWFALL (IN)
  YESTERDAY        0.0           9.5  1959   0.0    0.0      0.0
  MONTH TO DATE    0.0                       0.3   -0.3      0.0
  SINCE SEP 1      0.0                       0.3   -0.3      0.0
  SINCE JUL 1      T                         0.3   -0.3       T
  SNOW DEPTH       0

DEGREE DAYS
 HEATING
  YESTERDAY        0                         7     -7        5
  MONTH TO DATE   46                        88    -42       25
  SINCE SEP 1     46                        88    -42       25
  SINCE JUL 1     47                        93    -46       25

 COOLING
  YESTERDAY        0                         1     -1        0
  MONTH TO DATE  127                        82     45      162
  SINCE SEP 1    127                        82     45      162
  SINCE JAN 1   1002                       893    109     1222
..................................................................


WIND (MPH)
  HIGHEST WIND SPEED    39   HIGHEST WIND DIRECTION     W (270)
  HIGHEST GUST SPEED    46   HIGHEST GUST DIRECTION     W (270)
  AVERAGE WIND SPEED     7.7


SKY COVER
  POSSIBLE SUNSHINE  MM
  AVERAGE SKY COVER 0.1


WEATHER CONDITIONS
 THE FOLLOWING WEATHER WAS RECORDED YESTERDAY.
  THUNDERSTORM
  HEAVY RAIN
  RAIN
  LIGHT RAIN


RELATIVE HUMIDITY (PERCENT)
 HIGHEST    77           300 AM
 LOWEST     39          1200 PM
 AVERAGE    58

..........................................................


THE PUEBLO CO CLIMATE NORMALS FOR TODAY
                         NORMAL    RECORD    YEAR
 MAXIMUM TEMPERATURE (F)   76        92      1989
 MINIMUM TEMPERATURE (F)   41        27      1984


SUNRISE AND SUNSET
SEPTEMBER 30 2014.....SUNRISE   653 AM MDT   SUNSET   642 PM MDT
OCTOBER  1 2014.......SUNRISE   654 AM MDT   SUNSET   641 PM MDT


-  INDICATES NEGATIVE NUMBERS.
R  INDICATES RECORD WAS SET OR TIED.
MM INDICATES DATA IS MISSING.
T  INDICATES TRACE AMOUNT.




$$
