000
CDUS45 KPUB 231035
CLIPUB


CLIMATE REPORT
NATIONAL WEATHER SERVICE PUEBLO
433 AM MDT WED APR 23 2014


...................................

...THE PUEBLO CO CLIMATE SUMMARY FOR APRIL 22 2014...

CLIMATE NORMAL PERIOD 1981 TO 2010
CLIMATE RECORD PERIOD 1888 TO 2014


WEATHER ITEM   OBSERVED TIME   RECORD YEAR NORMAL DEPARTURE LAST
                VALUE   (LST)  VALUE       VALUE  FROM      YEAR
                                                  NORMAL
..................................................................
TEMPERATURE (F)
 YESTERDAY
  MAXIMUM         79    110 PM  88    1965  69     10       73
  MINIMUM         42    550 AM  22    1982  36      6       28
  AVERAGE         61                        52      9       51

PRECIPITATION (IN)
  YESTERDAY        0.10          1.44 2004   0.05   0.05     0.01
  MONTH TO DATE    1.19                      0.96   0.23     0.18
  SINCE MAR 1      1.95                      1.89   0.06     0.39
  SINCE JAN 1      2.68                      2.54   0.14     1.08

SNOWFALL (IN)
  YESTERDAY        0.0           4.2  1909   0.2   -0.2      0.2
  MONTH TO DATE    8.3                       3.1    5.2      1.8
  SINCE MAR 1     10.7                       8.8    1.9      7.5
  SINCE JUL 1     29.3                      30.6   -1.3     22.2
  SNOW DEPTH       0

DEGREE DAYS
 HEATING
  YESTERDAY        4                        13     -9       14
  MONTH TO DATE  290                       347    -57      437
  SINCE MAR 1    962                      1049    -87     1172
  SINCE JUL 1   5167                      5352   -185     5409

 COOLING
  YESTERDAY        0                         0      0        0
  MONTH TO DATE    2                         0      2        0
  SINCE MAR 1      2                         0      2        0
  SINCE JAN 1      2                         0      2        0
..................................................................


WIND (MPH)
  HIGHEST WIND SPEED    33   HIGHEST WIND DIRECTION    SW (210)
  HIGHEST GUST SPEED    42   HIGHEST GUST DIRECTION    SW (210)
  AVERAGE WIND SPEED     7.5


SKY COVER
  POSSIBLE SUNSHINE  MM
  AVERAGE SKY COVER 0.0


WEATHER CONDITIONS
 THE FOLLOWING WEATHER WAS RECORDED YESTERDAY.
  THUNDERSTORM
  LIGHT RAIN


RELATIVE HUMIDITY (PERCENT)
 HIGHEST    82           600 AM
 LOWEST     19           100 PM
 AVERAGE    51

..........................................................


THE PUEBLO CO CLIMATE NORMALS FOR TODAY
                         NORMAL    RECORD    YEAR
 MAXIMUM TEMPERATURE (F)   70        90      1989
 MINIMUM TEMPERATURE (F)   36        20      2013


SUNRISE AND SUNSET
APRIL 23 2014.........SUNRISE   611 AM MDT   SUNSET   742 PM MDT
APRIL 24 2014.........SUNRISE   610 AM MDT   SUNSET   743 PM MDT


-  INDICATES NEGATIVE NUMBERS.
R  INDICATES RECORD WAS SET OR TIED.
MM INDICATES DATA IS MISSING.
T  INDICATES TRACE AMOUNT.




$$
