000
CDUS45 KPUB 021146
CLIPUB


CLIMATE REPORT
NATIONAL WEATHER SERVICE PUEBLO
445 AM MST MON MAR 2 2015


...................................

...THE PUEBLO CO CLIMATE SUMMARY FOR MARCH 1 2015...

CLIMATE NORMAL PERIOD 1981 TO 2010
CLIMATE RECORD PERIOD 1888 TO 2015


WEATHER ITEM   OBSERVED TIME   RECORD YEAR NORMAL DEPARTURE LAST
                VALUE   (LST)  VALUE       VALUE  FROM      YEAR
                                                  NORMAL
..................................................................
TEMPERATURE (F)
 YESTERDAY
  MAXIMUM         28    152 PM  79    2008  55    -27       30
  MINIMUM          9    652 AM -13    1922  21    -12       11
  AVERAGE         19                        38    -19       21

PRECIPITATION (IN)
  YESTERDAY        T             0.80 1993   0.02  -0.02      T
  MONTH TO DATE    T                         0.02  -0.02      T
  SINCE MAR 1      T                         0.02  -0.02      T
  SINCE JAN 1      1.38                      0.67   0.71     0.73

SNOWFALL (IN)
  YESTERDAY        T             6.1  1948   0.1   -0.1      0.3
  MONTH TO DATE    T                         0.1   -0.1      0.3
  SINCE MAR 1      T                         0.1   -0.1      0.3
  SINCE JUL 1     41.1                      21.9   19.2     18.9
  SNOW DEPTH       2

DEGREE DAYS
 HEATING
  YESTERDAY       46                        27     19       44
  MONTH TO DATE   46                        27     19       44
  SINCE MAR 1     46                        27     19       44
  SINCE JUL 1   4068                      4330   -262     4249

 COOLING
  YESTERDAY        0                         0      0        0
  MONTH TO DATE    0                         0      0        0
  SINCE MAR 1      0                         0      0        0
  SINCE JAN 1      0                         0      0        0
..................................................................


WIND (MPH)
  HIGHEST WIND SPEED     9   HIGHEST WIND DIRECTION     S (180)
  HIGHEST GUST SPEED    11   HIGHEST GUST DIRECTION     S (180)
  AVERAGE WIND SPEED     3.6


SKY COVER
  POSSIBLE SUNSHINE  MM
  AVERAGE SKY COVER 0.5


WEATHER CONDITIONS
 THE FOLLOWING WEATHER WAS RECORDED YESTERDAY.
  LIGHT SNOW
  FOG
  HAZE


RELATIVE HUMIDITY (PERCENT)
 HIGHEST    92           100 AM
 LOWEST     68          1200 PM
 AVERAGE    80

..........................................................


THE PUEBLO CO CLIMATE NORMALS FOR TODAY
                         NORMAL    RECORD    YEAR
 MAXIMUM TEMPERATURE (F)   55        80      2009
 MINIMUM TEMPERATURE (F)   22        -8      1943


SUNRISE AND SUNSET
MARCH  2 2015.........SUNRISE   629 AM MST   SUNSET   552 PM MST
MARCH  3 2015.........SUNRISE   627 AM MST   SUNSET   553 PM MST


-  INDICATES NEGATIVE NUMBERS.
R  INDICATES RECORD WAS SET OR TIED.
MM INDICATES DATA IS MISSING.
T  INDICATES TRACE AMOUNT.




$$
