915
CDUS45 KPUB 031134
CLIPUB


CLIMATE REPORT
NATIONAL WEATHER SERVICE PUEBLO
434 AM MST SAT DEC 3 2016


...................................

...THE PUEBLO CO CLIMATE SUMMARY FOR DECEMBER 2 2016...

CLIMATE NORMAL PERIOD 1981 TO 2010
CLIMATE RECORD PERIOD 1888 TO 2016


WEATHER ITEM   OBSERVED TIME   RECORD YEAR NORMAL DEPARTURE LAST
                VALUE   (LST)  VALUE       VALUE  FROM      YEAR
                                                  NORMAL
..................................................................
TEMPERATURE (F)
 YESTERDAY
  MAXIMUM         35    258 PM  72    2003  48    -13       50
                                      1995
                                      1926
  MINIMUM         15    717 AM  -8    1929  16     -1       20
  AVERAGE         25                        32     -7       35

PRECIPITATION (IN)
  YESTERDAY        0.00          0.68 1921   0.01  -0.01     0.00
  MONTH TO DATE    0.00                      0.03  -0.03     0.00
  SINCE DEC 1      0.00                      0.03  -0.03     0.00
  SINCE JAN 1     11.15                     12.22  -1.07    16.26

SNOWFALL (IN)
  YESTERDAY        0.0           6.8  1921   0.2   -0.2      0.0
  MONTH TO DATE    0.0                       0.4   -0.4      0.0
  SINCE DEC 1      0.0                       0.4   -0.4      0.0
  SINCE JUL 1      T                         6.4   -6.4      6.4
  SNOW DEPTH       0

DEGREE DAYS
 HEATING
  YESTERDAY       40                        33      7       30
  MONTH TO DATE   77                        65     12       58
  SINCE DEC 1     77                        65     12       58
  SINCE JUL 1    859                      1346   -487      932

 COOLING
  YESTERDAY        0                         0      0        0
  MONTH TO DATE    0                         0      0        0
  SINCE DEC 1      0                         0      0        0
  SINCE JAN 1   1358                       897    461     1273
..................................................................


WIND (MPH)
  HIGHEST WIND SPEED     9   HIGHEST WIND DIRECTION    SE (120)
  HIGHEST GUST SPEED    11   HIGHEST GUST DIRECTION    SE (140)
  AVERAGE WIND SPEED     2.1


SKY COVER
  POSSIBLE SUNSHINE  MM
  AVERAGE SKY COVER 0.6


WEATHER CONDITIONS
 THE FOLLOWING WEATHER WAS RECORDED YESTERDAY.
  NO SIGNIFICANT WEATHER WAS OBSERVED.


RELATIVE HUMIDITY (PERCENT)
 HIGHEST    74           800 AM
 LOWEST     41           100 PM
 AVERAGE    58

..........................................................


THE PUEBLO CO CLIMATE NORMALS FOR TODAY
                         NORMAL    RECORD    YEAR
 MAXIMUM TEMPERATURE (F)   48        75      2010
 MINIMUM TEMPERATURE (F)   16        -2      2006


SUNRISE AND SUNSET
DECEMBER  3 2016......SUNRISE   658 AM MST   SUNSET   438 PM MST
DECEMBER  4 2016......SUNRISE   659 AM MST   SUNSET   438 PM MST


-  INDICATES NEGATIVE NUMBERS.
R  INDICATES RECORD WAS SET OR TIED.
MM INDICATES DATA IS MISSING.
T  INDICATES TRACE AMOUNT.




$$
