000
CDUS46 KOTX 210823
CLIPUW


CLIMATE REPORT
NATIONAL WEATHER SERVICE SPOKANE, WA
1223 AM PST TUE NOV 21 2017


...................................

...THE PULLMAN-MOSCOW  AIRPORT CLIMATE SUMMARY FOR NOVEMBER 20 2017...

CLIMATE NORMAL PERIOD 1981 TO 2010
CLIMATE RECORD PERIOD 9999 TO 9999


WEATHER ITEM   OBSERVED TIME   RECORD YEAR NORMAL DEPARTURE LAST
                VALUE   (LST)  VALUE       VALUE  FROM      YEAR
                                                  NORMAL
..................................................................
TEMPERATURE (F)
 YESTERDAY
  MAXIMUM         49    258 PM  61    1932  41      8       49
  MINIMUM         37   1118 PM  10    1985  30      7       39
                                      1977
  AVERAGE         43                        36      7       44

PRECIPITATION (IN)
  YESTERDAY        0.82                      0.08   0.74     0.30
  MONTH TO DATE    2.05                      1.53   0.52     1.16
  SINCE OCT 1      4.53                      2.87   1.66     6.17
  SINCE JAN 1     20.14                     14.56   5.58    18.49

SNOWFALL (IN)
  YESTERDAY       MM

DEGREE DAYS
 HEATING
  YESTERDAY       22                        30     -8       21
  MONTH TO DATE  514                       525    -11      320
  SINCE SEP 1   1234                      1298    -64      988
  SINCE JUL 1   1257                      1431   -174     1090

 COOLING
  YESTERDAY        0                         0      0        0
  MONTH TO DATE    0                         0      0        0
  SINCE SEP 1     83                        23     60        6
  SINCE JAN 1    517                       213    304      203
..................................................................


WIND (MPH)
  HIGHEST WIND SPEED    24   HIGHEST WIND DIRECTION     W (250)
  HIGHEST GUST SPEED    32   HIGHEST GUST DIRECTION     W (250)
  AVERAGE WIND SPEED    12.1


SKY COVER
  POSSIBLE SUNSHINE  MM
  AVERAGE SKY COVER 0.8


WEATHER CONDITIONS
 THE FOLLOWING WEATHER WAS RECORDED YESTERDAY.
  HEAVY RAIN
  RAIN
  LIGHT RAIN
  FOG


RELATIVE HUMIDITY (PERCENT)
 HIGHEST    92           400 AM
 LOWEST     42          1200 AM
 AVERAGE    67

..........................................................


THE PULLMAN-MOSCOW  AIRPORT CLIMATE NORMALS FOR TODAY
                         NORMAL    RECORD    YEAR
 MAXIMUM TEMPERATURE (F)   41        62      1917
 MINIMUM TEMPERATURE (F)   30         7      2003


SUNRISE AND SUNSET
NOVEMBER 21 2017......SUNRISE   700 AM PST   SUNSET   408 PM PST
NOVEMBER 22 2017......SUNRISE   701 AM PST   SUNSET   408 PM PST


-  INDICATES NEGATIVE NUMBERS.
R  INDICATES RECORD WAS SET OR TIED.
MM INDICATES DATA IS MISSING.
T  INDICATES TRACE AMOUNT.




$$
