000
CDUS46 KOTX 240823
CLIPUW


CLIMATE REPORT
NATIONAL WEATHER SERVICE SPOKANE, WA
123 AM PDT SAT SEP 24 2016


...................................

...THE PULLMAN-MOSCOW  AIRPORT CLIMATE SUMMARY FOR SEPTEMBER 23 2016...

CLIMATE NORMAL PERIOD 1981 TO 2010
CLIMATE RECORD PERIOD 9999 TO 9999


WEATHER ITEM   OBSERVED TIME   RECORD YEAR NORMAL DEPARTURE LAST
                VALUE   (LST)  VALUE       VALUE  FROM      YEAR
                                                  NORMAL
..................................................................
TEMPERATURE (F)
 YESTERDAY
  MAXIMUM         65   1137 AM  93    2009  70     -5       72
                                      2001
  MINIMUM         47    631 AM  29    1985  41      6       34
  AVERAGE         56                        56      0       53

PRECIPITATION (IN)
  YESTERDAY        0.02                      0.03  -0.01     0.00
  MONTH TO DATE    0.33                      0.56  -0.23     0.69
  SINCE OCT 1     20.28                     16.67   3.61    17.47
  SINCE JAN 1     12.29                     11.47   0.82    10.62

SNOWFALL (IN)
  YESTERDAY       MM

DEGREE DAYS
 HEATING
  YESTERDAY        9                        10     -1       12
  MONTH TO DATE  192                       151     41      166
  SINCE SEP 1    192                       151     41      166
  SINCE JUL 1    294                       284     10      223

 COOLING
  YESTERDAY        0                         0      0        0
  MONTH TO DATE    0                        21    -21        8
  SINCE SEP 1      0                        21    -21        8
  SINCE JAN 1    197                       211    -14      416
..................................................................


WIND (MPH)
  HIGHEST WIND SPEED    22   HIGHEST WIND DIRECTION     W (260)
  HIGHEST GUST SPEED    28   HIGHEST GUST DIRECTION     W (280)
  AVERAGE WIND SPEED     8.5


SKY COVER
  POSSIBLE SUNSHINE  MM
  AVERAGE SKY COVER 0.9


WEATHER CONDITIONS
 THE FOLLOWING WEATHER WAS RECORDED YESTERDAY.
  LIGHT RAIN


RELATIVE HUMIDITY (PERCENT)
 HIGHEST    83           900 PM
 LOWEST     36          1200 PM
 AVERAGE    60

..........................................................


THE PULLMAN-MOSCOW  AIRPORT CLIMATE NORMALS FOR TODAY
                         NORMAL    RECORD    YEAR
 MAXIMUM TEMPERATURE (F)   70        95      2011
 MINIMUM TEMPERATURE (F)   41        26      1981


SUNRISE AND SUNSET
SEPTEMBER 24 2016.....SUNRISE   639 AM PDT   SUNSET   641 PM PDT
SEPTEMBER 25 2016.....SUNRISE   640 AM PDT   SUNSET   639 PM PDT


-  INDICATES NEGATIVE NUMBERS.
R  INDICATES RECORD WAS SET OR TIED.
MM INDICATES DATA IS MISSING.
T  INDICATES TRACE AMOUNT.




$$
