646
CDUS46 KOTX 300821
CLIPUW


CLIMATE REPORT
NATIONAL WEATHER SERVICE SPOKANE, WA
121 AM PDT SAT JUL 30 2016


...................................

...THE PULLMAN-MOSCOW  AIRPORT CLIMATE SUMMARY FOR JULY 29 2016...

CLIMATE NORMAL PERIOD 1981 TO 2010
CLIMATE RECORD PERIOD 9999 TO 9999


WEATHER ITEM   OBSERVED TIME   RECORD YEAR NORMAL DEPARTURE LAST
                VALUE   (LST)  VALUE       VALUE  FROM      YEAR
                                                  NORMAL
..................................................................
TEMPERATURE (F)
 YESTERDAY
  MAXIMUM         96    314 PM 100    1996  84     12       87
  MINIMUM         57    457 AM  35    1954  51      6       47
  AVERAGE         77                        68      9       67

PRECIPITATION (IN)
  YESTERDAY        0.00                      0.02  -0.02     0.00
  MONTH TO DATE    0.75                      0.65   0.10     0.54
  SINCE OCT 1     19.71                     15.44   4.27    16.63
  SINCE JAN 1     11.72                     10.24   1.48     9.78

SNOWFALL (IN)
  YESTERDAY       MM

DEGREE DAYS
 HEATING
  YESTERDAY        0                         1     -1        0
  MONTH TO DATE   65                        60      5       19
  SINCE JUN 1    233                       266    -33       98
  SINCE JUL 1     65                        60      5       19

 COOLING
  YESTERDAY       12                         4      8        2
  MONTH TO DATE   49                        74    -25      149
  SINCE JUN 1     92                        87      5      242
  SINCE JAN 1     93                        92      1      254
..................................................................


WIND (MPH)
  HIGHEST WIND SPEED    12   HIGHEST WIND DIRECTION    SW (230)
  HIGHEST GUST SPEED    15   HIGHEST GUST DIRECTION    SW (240)
  AVERAGE WIND SPEED     1.9


SKY COVER
  POSSIBLE SUNSHINE  MM
  AVERAGE SKY COVER 0.0


WEATHER CONDITIONS
 THE FOLLOWING WEATHER WAS RECORDED YESTERDAY.
  NO SIGNIFICANT WEATHER WAS OBSERVED.


RELATIVE HUMIDITY (PERCENT)
 HIGHEST    72           300 AM
 LOWEST     17           400 PM
 AVERAGE    45

..........................................................


THE PULLMAN-MOSCOW  AIRPORT CLIMATE NORMALS FOR TODAY
                         NORMAL    RECORD    YEAR
 MAXIMUM TEMPERATURE (F)   84        98      2003
                                             1998
 MINIMUM TEMPERATURE (F)   51        39      1986


SUNRISE AND SUNSET
JULY 30 2016..........SUNRISE   527 AM PDT   SUNSET   822 PM PDT
JULY 31 2016..........SUNRISE   528 AM PDT   SUNSET   821 PM PDT


-  INDICATES NEGATIVE NUMBERS.
R  INDICATES RECORD WAS SET OR TIED.
MM INDICATES DATA IS MISSING.
T  INDICATES TRACE AMOUNT.




$$
