000
CDUS46 KOTX 100828
CLIPUW


CLIMATE REPORT
NATIONAL WEATHER SERVICE SPOKANE, WA
128 AM PDT THU JUL 10 2014


...................................

...THE PULLMAN-MOSCOW  AIRPORT CLIMATE SUMMARY FOR JULY 9 2014...

CLIMATE NORMAL PERIOD 1981 TO 2010
CLIMATE RECORD PERIOD 9999 TO 9999


WEATHER ITEM   OBSERVED TIME   RECORD YEAR NORMAL DEPARTURE LAST
                VALUE   (LST)  VALUE       VALUE  FROM      YEAR
                                                  NORMAL
..................................................................
TEMPERATURE (F)
 YESTERDAY
  MAXIMUM         91    428 PM  95    1985  80     11       87
  MINIMUM         53   1159 PM  37    1944  49      4       48
  AVERAGE         72                        64      8       68

PRECIPITATION (IN)
  YESTERDAY        0.00          0.71 1997   0.03  -0.03     0.00
  MONTH TO DATE    T                         0.28  -0.28     0.01
  SINCE OCT 1     13.95                     15.07  -1.12    15.86
  SINCE JAN 1     10.61                      9.87   0.74     8.32

SNOWFALL (IN)
  YESTERDAY       MM            MM      MM  MM     MM       MM
  MONTH TO DATE   MM                        MM     MM       MM
  SINCE JUN 1     MM                        MM     MM       MM
  SINCE JUL 1     MM                        MM     MM       MM
  SNOW DEPTH      MM

DEGREE DAYS
 HEATING
  YESTERDAY        0                         3     -3        0
  MONTH TO DATE    0                        31    -31        5
  SINCE JUN 1    204                       237    -33      195
  SINCE JUL 1      0                        31    -31        5

 COOLING
  YESTERDAY        7                         2      5        3
  MONTH TO DATE   42                        16     26       41
  SINCE JUN 1     43                        29     14       74
  SINCE JAN 1     44                        34     10       86
..................................................................


WIND (MPH)
  HIGHEST WIND SPEED    14   HIGHEST WIND DIRECTION     W (250)
  HIGHEST GUST SPEED    20   HIGHEST GUST DIRECTION    SW (220)
  AVERAGE WIND SPEED     3.5


SKY COVER
  POSSIBLE SUNSHINE  MM
  AVERAGE SKY COVER 0.0


WEATHER CONDITIONS
 THE FOLLOWING WEATHER WAS RECORDED YESTERDAY.
  NO SIGNIFICANT WEATHER WAS OBSERVED.


RELATIVE HUMIDITY (PERCENT)
 HIGHEST    80           500 AM
 LOWEST     16           500 PM
 AVERAGE    48

..........................................................


THE PULLMAN-MOSCOW  AIRPORT CLIMATE NORMALS FOR TODAY
                         NORMAL    RECORD    YEAR
 MAXIMUM TEMPERATURE (F)   81        99      1985
 MINIMUM TEMPERATURE (F)   49        38      1972


SUNRISE AND SUNSET
JULY 10 2014..........SUNRISE   505 AM PDT   SUNSET   842 PM PDT
JULY 11 2014..........SUNRISE   506 AM PDT   SUNSET   841 PM PDT


-  INDICATES NEGATIVE NUMBERS.
R  INDICATES RECORD WAS SET OR TIED.
MM INDICATES DATA IS MISSING.
T  INDICATES TRACE AMOUNT.




$$
