000
CDUS46 KOTX 260828
CLIPUW


CLIMATE REPORT
NATIONAL WEATHER SERVICE SPOKANE, WA
128 AM PDT TUE SEP 26 2017


...................................

...THE PULLMAN-MOSCOW  AIRPORT CLIMATE SUMMARY FOR SEPTEMBER 25 2017...

CLIMATE NORMAL PERIOD 1981 TO 2010
CLIMATE RECORD PERIOD 9999 TO 9999


WEATHER ITEM   OBSERVED TIME   RECORD YEAR NORMAL DEPARTURE LAST
                VALUE   (LST)  VALUE       VALUE  FROM      YEAR
                                                  NORMAL
..................................................................
TEMPERATURE (F)
 YESTERDAY
  MAXIMUM         68    335 PM  92    1994  70     -2       74
  MINIMUM         50    555 AM  25    1908  41      9       43
  AVERAGE         59                        55      4       59

PRECIPITATION (IN)
  YESTERDAY        0.00                      0.02  -0.02     0.00
  MONTH TO DATE    0.68                      0.61   0.07     0.33
  SINCE OCT 1     24.02                     16.72   7.30    20.28
  SINCE JAN 1     15.61                     11.52   4.09    12.29

SNOWFALL (IN)
  YESTERDAY       MM

DEGREE DAYS
 HEATING
  YESTERDAY        6                        10     -4        6
  MONTH TO DATE  167                       171     -4      211
  SINCE SEP 1    167                       171     -4      211
  SINCE JUL 1    190                       304   -114      313

 COOLING
  YESTERDAY        0                         0      0        0
  MONTH TO DATE   81                        21     60        0
  SINCE SEP 1     81                        21     60        0
  SINCE JAN 1    515                       211    304      197
..................................................................


WIND (MPH)
  HIGHEST WIND SPEED    10   HIGHEST WIND DIRECTION     E (100)
  HIGHEST GUST SPEED    13   HIGHEST GUST DIRECTION     E (110)
  AVERAGE WIND SPEED     4.6


SKY COVER
  POSSIBLE SUNSHINE  MM
  AVERAGE SKY COVER 0.7


WEATHER CONDITIONS
 THE FOLLOWING WEATHER WAS RECORDED YESTERDAY.
  NO SIGNIFICANT WEATHER WAS OBSERVED.


RELATIVE HUMIDITY (PERCENT)
 HIGHEST    74           600 AM
 LOWEST     40           300 PM
 AVERAGE    57

..........................................................


THE PULLMAN-MOSCOW  AIRPORT CLIMATE NORMALS FOR TODAY
                         NORMAL    RECORD    YEAR
 MAXIMUM TEMPERATURE (F)   69        90      1963
 MINIMUM TEMPERATURE (F)   40        26      1900


SUNRISE AND SUNSET
SEPTEMBER 26 2017.....SUNRISE   641 AM PDT   SUNSET   637 PM PDT
SEPTEMBER 27 2017.....SUNRISE   642 AM PDT   SUNSET   635 PM PDT


-  INDICATES NEGATIVE NUMBERS.
R  INDICATES RECORD WAS SET OR TIED.
MM INDICATES DATA IS MISSING.
T  INDICATES TRACE AMOUNT.




$$
