000
CDUS46 KOTX 260821
CLIPUW


CLIMATE REPORT
NATIONAL WEATHER SERVICE SPOKANE, WA
121 AM PDT WED JUL 26 2017


...................................

...THE PULLMAN-MOSCOW  AIRPORT CLIMATE SUMMARY FOR JULY 25 2017...

CLIMATE NORMAL PERIOD 1981 TO 2010
CLIMATE RECORD PERIOD 9999 TO 9999


WEATHER ITEM   OBSERVED TIME   RECORD YEAR NORMAL DEPARTURE LAST
                VALUE   (LST)  VALUE       VALUE  FROM      YEAR
                                                  NORMAL
..................................................................
TEMPERATURE (F)
 YESTERDAY
  MAXIMUM         90    444 PM 100    1994  84      6       91
                                      1933
                                      1928
  MINIMUM         49    443 AM  38    1954  51     -2       50
                                      1915
  AVERAGE         70                        67      3       71

PRECIPITATION (IN)
  YESTERDAY        0.00                      0.03  -0.03     0.00
  MONTH TO DATE    0.02                      0.58  -0.56     0.75
  SINCE OCT 1     23.27                     15.37   7.90    19.71
  SINCE JAN 1     14.86                     10.17   4.69    11.72

SNOWFALL (IN)
  YESTERDAY       MM

DEGREE DAYS
 HEATING
  YESTERDAY        0                         1     -1        0
  MONTH TO DATE    6                        56    -50       65
  SINCE JUN 1    140                       262   -122      233
  SINCE JUL 1      6                        56    -50       65

 COOLING
  YESTERDAY        5                         3      2        6
  MONTH TO DATE  132                        58     74       16
  SINCE JUN 1    186                        71    115       59
  SINCE JAN 1    206                        76    130       60
..................................................................


WIND (MPH)
  HIGHEST WIND SPEED    12   HIGHEST WIND DIRECTION     W (290)
  HIGHEST GUST SPEED    15   HIGHEST GUST DIRECTION     N (20)
  AVERAGE WIND SPEED     2.6


SKY COVER
  POSSIBLE SUNSHINE  MM
  AVERAGE SKY COVER 0.0


WEATHER CONDITIONS
 THE FOLLOWING WEATHER WAS RECORDED YESTERDAY.
  HAZE


RELATIVE HUMIDITY (PERCENT)
 HIGHEST    63           300 AM
 LOWEST     15           300 PM
 AVERAGE    39

..........................................................


THE PULLMAN-MOSCOW  AIRPORT CLIMATE NORMALS FOR TODAY
                         NORMAL    RECORD    YEAR
 MAXIMUM TEMPERATURE (F)   84       103      1928
 MINIMUM TEMPERATURE (F)   51        36      1966


SUNRISE AND SUNSET
JULY 26 2017..........SUNRISE   522 AM PDT   SUNSET   827 PM PDT
JULY 27 2017..........SUNRISE   523 AM PDT   SUNSET   826 PM PDT


-  INDICATES NEGATIVE NUMBERS.
R  INDICATES RECORD WAS SET OR TIED.
MM INDICATES DATA IS MISSING.
T  INDICATES TRACE AMOUNT.




$$
