000
CDUS46 KOTX 220824
CLIPUW


CLIMATE REPORT
NATIONAL WEATHER SERVICE SPOKANE, WA
120 AM PDT TUE JUL 22 2014


...................................

...THE PULLMAN-MOSCOW  AIRPORT CLIMATE SUMMARY FOR JULY 21 2014...

CLIMATE NORMAL PERIOD 1981 TO 2010
CLIMATE RECORD PERIOD 9999 TO 9999


WEATHER ITEM   OBSERVED TIME   RECORD YEAR NORMAL DEPARTURE LAST
                VALUE   (LST)  VALUE       VALUE  FROM      YEAR
                                                  NORMAL
..................................................................
TEMPERATURE (F)
 YESTERDAY
  MAXIMUM         78    441 PM 100    2006  83     -5       89
  MINIMUM         54    604 AM  36    1966  50      4       45
  AVERAGE         66                        67     -1       67

PRECIPITATION (IN)
  YESTERDAY        0.00        0.33   1983  0.02  -0.02     0.00
  MONTH TO DATE    0.01                     0.50  -0.49     0.12
  SINCE OCT 1     13.96                    15.29  -1.33    15.97
  SINCE JAN 1     10.62                    10.09   0.53     8.43

SNOWFALL (IN)
  YESTERDAY       MM            MM     MM    MM     MM       MM
  MONTH TO DATE   MM                         MM     MM       MM
  SINCE JUN 1     MM                         MM     MM       MM
  SINCE JUL 1     MM                         MM     MM       MM
  SNOW DEPTH      MM

DEGREE DAYS
 HEATING
  YESTERDAY        0                         1     -1        0
  MONTH TO DATE    0                        52    -52       21
  SINCE JUN 1    204                       258    -54      211
  SINCE JUL 1      0                        52    -52       21

 COOLING
  YESTERDAY        1                         3     -2        2
  MONTH TO DATE  127                        46     81       71
  SINCE JUN 1    128                        59     69      104
  SINCE JAN 1    129                        64     65      116
..................................................................


WIND (MPH)
  HIGHEST WIND SPEED    23   HIGHEST WIND DIRECTION     W (250)
  HIGHEST GUST SPEED    29   HIGHEST GUST DIRECTION     W (250)
  AVERAGE WIND SPEED     6.1


SKY COVER
  POSSIBLE SUNSHINE  MM
  AVERAGE SKY COVER 0.0


WEATHER CONDITIONS
 THE FOLLOWING WEATHER WAS RECORDED YESTERDAY.
  NO SIGNIFICANT WEATHER WAS OBSERVED.


RELATIVE HUMIDITY (PERCENT)
 HIGHEST    66           500 AM
 LOWEST     20           500 PM
 AVERAGE    43

..........................................................


THE PULLMAN-MOSCOW  AIRPORT CLIMATE NORMALS FOR TODAY
                         NORMAL    RECORD    YEAR
 MAXIMUM TEMPERATURE (F)   84       100      2006
                                             1994
 MINIMUM TEMPERATURE (F)   50        37      1984


SUNRISE AND SUNSET
JULY 22 2014..........SUNRISE   517 AM PDT   SUNSET   832 PM PDT
JULY 23 2014..........SUNRISE   518 AM PDT   SUNSET   831 PM PDT


-  INDICATES NEGATIVE NUMBERS.
R  INDICATES RECORD WAS SET OR TIED.
MM INDICATES DATA IS MISSING.
T  INDICATES TRACE AMOUNT.

$$
