378
CDUS46 KOTX 220829
CLIPUW


CLIMATE REPORT
NATIONAL WEATHER SERVICE SPOKANE, WA
1229 AM PST THU FEB 22 2018


...................................

...THE PULLMAN-MOSCOW  AIRPORT CLIMATE SUMMARY FOR FEBRUARY 21 2018...

CLIMATE NORMAL PERIOD 1981 TO 2010
CLIMATE RECORD PERIOD 9999 TO 9999


WEATHER ITEM   OBSERVED TIME   RECORD YEAR NORMAL DEPARTURE LAST
                VALUE   (LST)  VALUE       VALUE  FROM      YEAR
                                                  NORMAL
..................................................................
TEMPERATURE (F)
 YESTERDAY
  MAXIMUM         23    341 PM  62    1995  43    -20       41
  MINIMUM          3    509 AM  -4    1910  28    -25       31
  AVERAGE         13                        36    -23       36

PRECIPITATION (IN)
  YESTERDAY        T                         0.05  -0.05     0.63
  MONTH TO DATE    1.76                      1.16   0.60     2.89
  SINCE OCT 1     12.81                      8.18   4.63    12.80
  SINCE JAN 1      3.95                      2.98   0.97     4.39

SNOWFALL (IN)
  YESTERDAY       MM

DEGREE DAYS
 HEATING
  YESTERDAY       52                        29     23       29
  MONTH TO DATE  656                       646     10      623
  SINCE DEC 1   2626                      2761   -135     3177
  SINCE JUL 1   4109                      4505   -396     4525

 COOLING
  YESTERDAY        0                         0      0        0
  MONTH TO DATE    0                         0      0        0
  SINCE DEC 1      0                         0      0        0
  SINCE JAN 1      0                         0      0        0
..................................................................


WIND (MPH)
  HIGHEST WIND SPEED    10   HIGHEST WIND DIRECTION    NE (30)
  HIGHEST GUST SPEED    12   HIGHEST GUST DIRECTION     E (80)
  AVERAGE WIND SPEED     3.8


SKY COVER
  POSSIBLE SUNSHINE  MM
  AVERAGE SKY COVER 0.3


WEATHER CONDITIONS
 THE FOLLOWING WEATHER WAS RECORDED YESTERDAY.
  LIGHT SNOW
  FOG


RELATIVE HUMIDITY (PERCENT)
 HIGHEST    92           200 AM
 LOWEST     80           400 AM
 AVERAGE    86

..........................................................


THE PULLMAN-MOSCOW  AIRPORT CLIMATE NORMALS FOR TODAY
                         NORMAL    RECORD    YEAR
 MAXIMUM TEMPERATURE (F)   44        61      1958
 MINIMUM TEMPERATURE (F)   28         7      1975


SUNRISE AND SUNSET
FEBRUARY 22 2018......SUNRISE   640 AM PST   SUNSET   524 PM PST
FEBRUARY 23 2018......SUNRISE   639 AM PST   SUNSET   526 PM PST


-  INDICATES NEGATIVE NUMBERS.
R  INDICATES RECORD WAS SET OR TIED.
MM INDICATES DATA IS MISSING.
T  INDICATES TRACE AMOUNT.




$$
