000
CDUS46 KOTX 010824
CLIPUW


CLIMATE REPORT
NATIONAL WEATHER SERVICE SPOKANE, WA
121 AM PDT SAT AUG 1 2015


...................................

...THE PULLMAN-MOSCOW  AIRPORT CLIMATE SUMMARY FOR JULY 31 2015...

CLIMATE NORMAL PERIOD 1981 TO 2010
CLIMATE RECORD PERIOD 9999 TO 9999


WEATHER ITEM   OBSERVED TIME   RECORD YEAR NORMAL DEPARTURE LAST
                VALUE   (LST)  VALUE       VALUE  FROM      YEAR
                                                  NORMAL
..................................................................
TEMPERATURE (F)
 YESTERDAY
  MAXIMUM        100R   122 PM  99    1949  84     16       97
  MINIMUM         52    144 AM  32    1945  51      1       53
  AVERAGE         76                        68      8       75

PRECIPITATION (IN)
  YESTERDAY        0.00          0.10 1990   0.02  -0.02     0.00
  MONTH TO DATE    0.54                      0.69  -0.15     0.33
  SINCE OCT 1     16.63                     15.48   1.15    14.28
  SINCE JAN 1      9.78                     10.28  -0.50    10.94

SNOWFALL (IN)
  YESTERDAY       MM

DEGREE DAYS
 HEATING
  YESTERDAY        0                         1     -1        0
  MONTH TO DATE   19                        62    -43       10
  SINCE JUN 1     98                       270   -172      214
  SINCE JUL 1     19                        64    -45       10

 COOLING
  YESTERDAY       11                         4      7       10
  MONTH TO DATE  169                        82     87      189
  SINCE JUN 1    262                        95    167      190
  SINCE JAN 1    274                       100    174      191
..................................................................


WIND (MPH)
  HIGHEST WIND SPEED    15   HIGHEST WIND DIRECTION     W (280)
  HIGHEST GUST SPEED    21   HIGHEST GUST DIRECTION     W (260)
  AVERAGE WIND SPEED     4.4


SKY COVER
  POSSIBLE SUNSHINE  MM
  AVERAGE SKY COVER 0.0


WEATHER CONDITIONS
 THE FOLLOWING WEATHER WAS RECORDED YESTERDAY.
  HAZE


RELATIVE HUMIDITY (PERCENT)
 HIGHEST    43           300 AM
 LOWEST      8           200 PM
 AVERAGE    26

..........................................................


THE PULLMAN-MOSCOW  AIRPORT CLIMATE NORMALS FOR TODAY
                         NORMAL    RECORD    YEAR
 MAXIMUM TEMPERATURE (F)   84        99      2009
 MINIMUM TEMPERATURE (F)   51        35      1945


SUNRISE AND SUNSET
AUGUST  1 2015........SUNRISE   528 AM PDT   SUNSET   820 PM PDT
AUGUST  2 2015........SUNRISE   530 AM PDT   SUNSET   819 PM PDT


-  INDICATES NEGATIVE NUMBERS.
R  INDICATES RECORD WAS SET OR TIED.
MM INDICATES DATA IS MISSING.
T  INDICATES TRACE AMOUNT.




$$
