000
CDUS46 KOTX 250837
CLIPUW


CLIMATE REPORT
NATIONAL WEATHER SERVICE SPOKANE, WA
1236 AM PST TUE NOV 25 2014


...................................

...THE PULLMAN-MOSCOW  AIRPORT CLIMATE SUMMARY FOR NOVEMBER 24 2014...

CLIMATE NORMAL PERIOD 1981 TO 2010
CLIMATE RECORD PERIOD 9999 TO 9999


WEATHER ITEM   OBSERVED TIME   RECORD YEAR NORMAL DEPARTURE LAST
                VALUE   (LST)  VALUE       VALUE  FROM      YEAR
                                                  NORMAL
..................................................................
TEMPERATURE (F)
 YESTERDAY
  MAXIMUM         42    730 PM  56    1959  40      2       41
  MINIMUM         31    537 AM -10    2010  29      2       18
  AVERAGE         37                        34      3       30

PRECIPITATION (IN)
  YESTERDAY        0.09          1.40 1964   0.08   0.01     0.00
  MONTH TO DATE    1.44                      1.84  -0.40     1.77
  SINCE OCT 1      2.46                      3.18  -0.72     1.92
  SINCE JAN 1     14.34                     14.87  -0.53    13.46

SNOWFALL (IN)
  YESTERDAY       MM

DEGREE DAYS
 HEATING
  YESTERDAY       28                        31     -3       35
  MONTH TO DATE  688                       647     41      663
  SINCE SEP 1   1152                      1420   -268     1460
  SINCE JUL 1   1177                      1553   -376     1500

 COOLING
  YESTERDAY        0                         0      0        0
  MONTH TO DATE    0                         0      0        0
  SINCE SEP 1     19                        23     -4       72
  SINCE JAN 1    346                       213    133      334
..................................................................


WIND (MPH)
  HIGHEST WIND SPEED    22   HIGHEST WIND DIRECTION    SW (230)
  HIGHEST GUST SPEED    27   HIGHEST GUST DIRECTION    SW (230)
  AVERAGE WIND SPEED    10.3


SKY COVER
  POSSIBLE SUNSHINE  MM
  AVERAGE SKY COVER 0.5


WEATHER CONDITIONS
 THE FOLLOWING WEATHER WAS RECORDED YESTERDAY.
  LIGHT RAIN
  FOG


RELATIVE HUMIDITY (PERCENT)
 HIGHEST    92           900 PM
 LOWEST     65           700 PM
 AVERAGE    79

..........................................................


THE PULLMAN-MOSCOW  AIRPORT CLIMATE NORMALS FOR TODAY
                         NORMAL    RECORD    YEAR
 MAXIMUM TEMPERATURE (F)   39        55      1995
 MINIMUM TEMPERATURE (F)   29        -5      1993


SUNRISE AND SUNSET
NOVEMBER 25 2014......SUNRISE   705 AM PST   SUNSET   406 PM PST
NOVEMBER 26 2014......SUNRISE   706 AM PST   SUNSET   405 PM PST


-  INDICATES NEGATIVE NUMBERS.
R  INDICATES RECORD WAS SET OR TIED.
MM INDICATES DATA IS MISSING.
T  INDICATES TRACE AMOUNT.




$$
