000
CDUS46 KOTX 270836
CLIPUW


CLIMATE REPORT
NATIONAL WEATHER SERVICE SPOKANE, WA
136 AM PDT SAT MAY 27 2017


...................................

...THE PULLMAN-MOSCOW  AIRPORT CLIMATE SUMMARY FOR MAY 26 2017...

CLIMATE NORMAL PERIOD 1981 TO 2010
CLIMATE RECORD PERIOD 9999 TO 9999


WEATHER ITEM   OBSERVED TIME   RECORD YEAR NORMAL DEPARTURE LAST
                VALUE   (LST)  VALUE       VALUE  FROM      YEAR
                                                  NORMAL
..................................................................
TEMPERATURE (F)
 YESTERDAY
  MAXIMUM         70    423 PM  91    1936  67      3       62
  MINIMUM         40    427 AM  33    1967  44     -4       47
  AVERAGE         55                        55      0       55

PRECIPITATION (IN)
  YESTERDAY        0.00                      0.05  -0.05     0.00
  MONTH TO DATE    1.98                      1.36   0.62     0.72
  SINCE OCT 1     22.24                     13.51   8.73    18.02
  SINCE JAN 1     13.83                      8.31   5.52    10.03

SNOWFALL (IN)
  YESTERDAY       MM

DEGREE DAYS
 HEATING
  YESTERDAY       10                        10      0       10
  MONTH TO DATE  322                       324     -2      232
  SINCE MAR 1   1585                      1648    -63     1296
  SINCE JUL 1   6362                      6351     11     5394

 COOLING
  YESTERDAY        0                         0      0        0
  MONTH TO DATE    6                         0      6        1
  SINCE MAR 1      6                         0      6        1
  SINCE JAN 1      6                         0      6        1
..................................................................


WIND (MPH)
  HIGHEST WIND SPEED    16   HIGHEST WIND DIRECTION     W (280)
  HIGHEST GUST SPEED    22   HIGHEST GUST DIRECTION     W (280)
  AVERAGE WIND SPEED     4.8


SKY COVER
  POSSIBLE SUNSHINE  MM
  AVERAGE SKY COVER 0.0


WEATHER CONDITIONS
 THE FOLLOWING WEATHER WAS RECORDED YESTERDAY.
  NO SIGNIFICANT WEATHER WAS OBSERVED.


RELATIVE HUMIDITY (PERCENT)
 HIGHEST    86           300 AM
 LOWEST     36           500 PM
 AVERAGE    61

..........................................................


THE PULLMAN-MOSCOW  AIRPORT CLIMATE NORMALS FOR TODAY
                         NORMAL    RECORD    YEAR
 MAXIMUM TEMPERATURE (F)   67        90      1934
 MINIMUM TEMPERATURE (F)   44        31      1973


SUNRISE AND SUNSET
MAY 27 2017...........SUNRISE   502 AM PDT   SUNSET   830 PM PDT
MAY 28 2017...........SUNRISE   501 AM PDT   SUNSET   831 PM PDT


-  INDICATES NEGATIVE NUMBERS.
R  INDICATES RECORD WAS SET OR TIED.
MM INDICATES DATA IS MISSING.
T  INDICATES TRACE AMOUNT.




$$
