000
CDUS41 KBOX 200538
CLIPVD


CLIMATE REPORT
NATIONAL WEATHER SERVICE TAUNTON MA
1238 AM EST MON FEB 20 2017


...................................

...THE PROVIDENCE RI CLIMATE SUMMARY FOR FEBRUARY 19 2017...

CLIMATE NORMAL PERIOD 1981 TO 2010
CLIMATE RECORD PERIOD 1904 TO 2017


WEATHER ITEM   OBSERVED TIME   RECORD YEAR NORMAL DEPARTURE LAST
                VALUE   (LST)  VALUE       VALUE  FROM      YEAR
                                                  NORMAL
..................................................................
TEMPERATURE (F)
 YESTERDAY
  MAXIMUM         62    328 PM  64    1997  41     21       37
  MINIMUM         37    141 AM   2    1923  24     13       19
  AVERAGE         50                        33     17       28

PRECIPITATION (IN)
  YESTERDAY        0.00          1.95 1972   0.12  -0.12      T
  MONTH TO DATE    2.07                      2.15  -0.08     3.63
  SINCE DEC 1     10.17                     10.23  -0.06    11.46
  SINCE JAN 1      7.03                      6.01   1.02     6.66

SNOWFALL (IN)
  YESTERDAY        0.0           6.1  1964   0.3   -0.3       T
  MONTH TO DATE   16.8                       5.9   10.9     11.5
  SINCE DEC 1     38.2                      23.6   14.6     19.4
  SINCE JUL 1     38.2                      25.1   13.1     19.4
  SNOW DEPTH       3

DEGREE DAYS
 HEATING
  YESTERDAY       15                        32    -17       37
  MONTH TO DATE  634                       643     -9      670
  SINCE DEC 1   2491                      2705   -214     2263
  SINCE JUL 1   3378                      3780   -402     3144

 COOLING
  YESTERDAY        0                         0      0        0
  MONTH TO DATE    0                         0      0        0
  SINCE DEC 1      0                         0      0        0
  SINCE JAN 1      0                         0      0        0
..................................................................


WIND (MPH)
  RESULTANT WIND SPEED   8   RESULTANT WIND DIRECTION   W (270)
  HIGHEST WIND SPEED    22   HIGHEST WIND DIRECTION     W (290)
  HIGHEST GUST SPEED    29   HIGHEST GUST DIRECTION     W (280)
  AVERAGE WIND SPEED    10.3


SKY COVER
  POSSIBLE SUNSHINE  MM
  AVERAGE SKY COVER 0.4


WEATHER CONDITIONS
 THE FOLLOWING WEATHER WAS RECORDED YESTERDAY.
  NO SIGNIFICANT WEATHER WAS OBSERVED.


RELATIVE HUMIDITY (PERCENT)
 HIGHEST    82           100 AM
 LOWEST     28           500 PM
 AVERAGE    55

..........................................................


THE PROVIDENCE RI CLIMATE NORMALS FOR TODAY
                         NORMAL    RECORD    YEAR
 MAXIMUM TEMPERATURE (F)   41        69      1930
 MINIMUM TEMPERATURE (F)   24        -1      1950


SUNRISE AND SUNSET
FEBRUARY 20 2017......SUNRISE   634 AM EST   SUNSET   526 PM EST
FEBRUARY 21 2017......SUNRISE   632 AM EST   SUNSET   527 PM EST


-  INDICATES NEGATIVE NUMBERS.
R  INDICATES RECORD WAS SET OR TIED.
MM INDICATES DATA IS MISSING.
T  INDICATES TRACE AMOUNT.




$$
