000
CDUS41 KBOX 292120
CLIPVD


CLIMATE REPORT
NATIONAL WEATHER SERVICE TAUNTON MA
520 PM EDT FRI AUG 29 2014


...................................

...THE PROVIDENCE RI CLIMATE SUMMARY FOR AUGUST 29 2014...
VALID AS OF 0500 PM LOCAL TIME.

CLIMATE NORMAL PERIOD 1981 TO 2010
CLIMATE RECORD PERIOD 1904 TO 2014


WEATHER ITEM   OBSERVED TIME   RECORD YEAR NORMAL DEPARTURE LAST
                VALUE   (LST)  VALUE       VALUE  FROM      YEAR
                                                  NORMAL
..................................................................
TEMPERATURE (F)
 TODAY
  MAXIMUM         77    227 PM  95    1953  80     -3       70
                                      1945
  MINIMUM         58    543 AM  44    1986  61     -3       61
  AVERAGE         68                        70     -2       66

PRECIPITATION (IN)
  TODAY            0.00          1.88 1959   0.10  -0.10      T
  MONTH TO DATE    2.48                      3.38  -0.90     3.87
  SINCE JUN 1      8.43                     10.31  -1.88    16.21
  SINCE JAN 1     31.23                     30.38   0.85    30.81

SNOWFALL (IN)
  TODAY            0.0           0.0  2013   0.0    0.0      0.0
  MONTH TO DATE    0.0                       0.0    0.0      0.0
  SINCE JUN 1      0.0                       0.0    0.0      0.0
  SINCE JUL 1      0.0                       0.0    0.0      0.0
  SNOW DEPTH       0

DEGREE DAYS
 HEATING
  TODAY            0                         0      0        0
  MONTH TO DATE    0                         0      0        0
  SINCE JUN 1     13                        46    -33       24
  SINCE JUL 1      0                         3     -3        0

 COOLING
  TODAY            3                         6     -3        1
  MONTH TO DATE  168                       221    -53      177
  SINCE JUN 1    560                       619    -59      763
  SINCE JAN 1    571                       645    -74      807
..................................................................


WIND (MPH)
  HIGHEST WIND SPEED    14   HIGHEST WIND DIRECTION    SE (150)
  HIGHEST GUST SPEED    16   HIGHEST GUST DIRECTION    SE (150)
  AVERAGE WIND SPEED     7.0


SKY COVER
  POSSIBLE SUNSHINE  MM
  AVERAGE SKY COVER 0.3


WEATHER CONDITIONS
 THE FOLLOWING WEATHER WAS RECORDED TODAY.
  NO SIGNIFICANT WEATHER WAS OBSERVED.


RELATIVE HUMIDITY (PERCENT)
 HIGHEST    72           500 AM
 LOWEST     43          1200 PM
 AVERAGE    58

..........................................................


THE PROVIDENCE RI CLIMATE NORMALS FOR TOMORROW
                         NORMAL    RECORD    YEAR
 MAXIMUM TEMPERATURE (F)   79        95      1953
 MINIMUM TEMPERATURE (F)   61        45      1986
                                             1965


SUNRISE AND SUNSET
AUGUST 29 2014........SUNRISE   608 AM EDT   SUNSET   724 PM EDT
AUGUST 30 2014........SUNRISE   609 AM EDT   SUNSET   722 PM EDT


-  INDICATES NEGATIVE NUMBERS.
R  INDICATES RECORD WAS SET OR TIED.
MM INDICATES DATA IS MISSING.
T  INDICATES TRACE AMOUNT.




$$
