000
CDUS43 KLOT 060650
CLIPWK


CLIMATE REPORT
NATIONAL WEATHER SERVICE CHICAGO IL
150 AM CDT MON JUL 6 2015


...................................

...THE CHICAGO EXECUTIVE CLIMATE SUMMARY FOR JULY 5 2015...

CLIMATE NORMAL PERIOD 1981 TO 2010
CLIMATE RECORD PERIOD 1996 TO 2015


WEATHER ITEM   OBSERVED TIME   RECORD YEAR NORMAL DEPARTURE LAST
                VALUE   (LST)  VALUE       VALUE  FROM      YEAR
                                                  NORMAL
..................................................................
TEMPERATURE (F)
 YESTERDAY
  MAXIMUM         84    209 PM 103    2012  83      1       79
  MINIMUM         59    440 AM  51    1997  63     -4       59
  AVERAGE         72                        73     -1       69

PRECIPITATION (IN)
  YESTERDAY        0.00          0.57 2012   0.07  -0.07     0.00
  MONTH TO DATE    0.00                      0.34  -0.34     0.20
  SINCE JUN 1      6.10                      4.05   2.05     7.93
  SINCE JAN 1     14.23                     15.54  -1.31    17.13

DEGREE DAYS
 HEATING
  YESTERDAY        0                         0      0        0
  MONTH TO DATE   12                         0     12        1
  SINCE JUN 1     68                        52     16       21
  SINCE JUL 1     12                         0     12        1

 COOLING
  YESTERDAY        7                         8     -1        4
  MONTH TO DATE   11                        40    -29       17
  SINCE JUN 1    122                       194    -72      195
  SINCE JAN 1    173                       236    -63      253
..................................................................


WIND (MPH)
  RESULTANT WIND SPEED   3   RESULTANT WIND DIRECTION   S (170)
  HIGHEST WIND SPEED    15   HIGHEST WIND DIRECTION     S (190)
  HIGHEST GUST SPEED    20   HIGHEST GUST DIRECTION     S (180)
  AVERAGE WIND SPEED     4.3



WEATHER CONDITIONS
 THE FOLLOWING WEATHER WAS RECORDED YESTERDAY.
  FOG
  HAZE


..........................................................


THE CHICAGO EXECUTIVE CLIMATE NORMALS FOR TODAY
                         NORMAL    RECORD    YEAR
 MAXIMUM TEMPERATURE (F)   83       104      2012
 MINIMUM TEMPERATURE (F)   63        54      2001


SUNRISE AND SUNSET
JULY  6 2015..........SUNRISE   522 AM CDT   SUNSET   830 PM CDT
JULY  7 2015..........SUNRISE   523 AM CDT   SUNSET   830 PM CDT


-  INDICATES NEGATIVE NUMBERS.
R  INDICATES RECORD WAS SET OR TIED.
MM INDICATES DATA IS MISSING.
T  INDICATES TRACE AMOUNT.




$$
