000
CDUS43 KLOT 270638
CLIPWK


CLIMATE REPORT
NATIONAL WEATHER SERVICE CHICAGO IL
137 AM CDT WED MAY 27 2015


...................................

...THE CHICAGO EXECUTIVE CLIMATE SUMMARY FOR MAY 26 2015...

CLIMATE NORMAL PERIOD 1981 TO 2010
CLIMATE RECORD PERIOD 1996 TO 2015


WEATHER ITEM   OBSERVED TIME   RECORD YEAR NORMAL DEPARTURE LAST
                VALUE   (LST)  VALUE       VALUE  FROM      YEAR
                                                  NORMAL
..................................................................
TEMPERATURE (F)
 YESTERDAY
  MAXIMUM         75    326 PM  88    2014  72      3       88
  MINIMUM         67   1159 PM  40    2002  51     16       62
                                      2001
  AVERAGE         71                        62      9       75

PRECIPITATION (IN)
  YESTERDAY        0.53          1.22 2009   0.10   0.43     0.14
  MONTH TO DATE    3.34                      3.17   0.17     3.37
  SINCE MAR 1      6.81                      8.39  -1.58     6.80
  SINCE JAN 1      7.50                     10.97  -3.47     8.93

DEGREE DAYS
 HEATING
  YESTERDAY        0                         5     -5        0
  MONTH TO DATE  189                       223    -34      205
  SINCE MAR 1   1607                      1598      9     1760
  SINCE JUL 1   6735                      6336    399     7119

 COOLING
  YESTERDAY        6                         2      4       10
  MONTH TO DATE   41                        27     14       46
  SINCE MAR 1     41                        31     10       46
  SINCE JAN 1     41                        31     10       46
..................................................................


WIND (MPH)
  RESULTANT WIND SPEED  11   RESULTANT WIND DIRECTION   S (190)
  HIGHEST WIND SPEED    22   HIGHEST WIND DIRECTION    SW (210)
  HIGHEST GUST SPEED    29   HIGHEST GUST DIRECTION    SW (220)
  AVERAGE WIND SPEED    12.3



WEATHER CONDITIONS
 THE FOLLOWING WEATHER WAS RECORDED YESTERDAY.
  HEAVY RAIN
  RAIN
  LIGHT RAIN
  FOG
  HAZE


..........................................................


THE CHICAGO EXECUTIVE CLIMATE NORMALS FOR TODAY
                         NORMAL    RECORD    YEAR
 MAXIMUM TEMPERATURE (F)   73        95      2012
 MINIMUM TEMPERATURE (F)   51        42      2008


SUNRISE AND SUNSET
MAY 27 2015...........SUNRISE   521 AM CDT   SUNSET   817 PM CDT
MAY 28 2015...........SUNRISE   521 AM CDT   SUNSET   818 PM CDT


-  INDICATES NEGATIVE NUMBERS.
R  INDICATES RECORD WAS SET OR TIED.
MM INDICATES DATA IS MISSING.
T  INDICATES TRACE AMOUNT.




$$
